The Swift Package Index logo.Swift Package Index

Build Information

Failed to build FeedbackKit, reference 1.0.0 (57cca5), with Swift 6.4 for macOS (Xcode) using Xcode 27.0 on 23 Sep 2026 14:24:50 UTC.

Build Command

No build command. This typically means the build failed at an early stage where we determine the build command.

Build Log

========================================
RunAll
========================================
Builder version: 5.1.0
Interrupt handler set up.
========================================
Checkout
========================================
Clone URL: https://github.com/anansadiya94/FeedbackKit.git
Reference: 1.0.0
Initialized empty Git repository in /Users/admin/builder/spi-builder-workspace/.git/
From https://github.com/anansadiya94/FeedbackKit
 * tag               1.0.0      -> FETCH_HEAD
HEAD is now at 57cca55 Merge branch 'main' of https://github.com/anansadiya94/FeedbackKit
Cloned https://github.com/anansadiya94/FeedbackKit.git
Revision (git rev-parse @):
57cca55e597f840d24079eba09c0685bac76c47f
SUCCESS checkout https://github.com/anansadiya94/FeedbackKit.git at 1.0.0
========================================
Build
========================================
Selected platform:         macosXcodebuild
Swift version:             6.4
Building package at path:  $PWD
https://github.com/anansadiya94/FeedbackKit.git
Command line invocation:
    /Applications/Xcode-27.0.0-Release.Candidate.app/Contents/Developer/usr/bin/xcodebuild -IDEClonedSourcePackagesDirPathOverride=/Users/admin/builder/spi-builder-workspace/.dependencies -resolvePackageDependencies
Resolve Package Graph
Fetching from https://github.com/pointfreeco/swift-dependencies
Fetching from https://github.com/pointfreeco/swift-composable-architecture
Fetching from https://github.com/pointfreeco/combine-schedulers
Fetching from https://github.com/pointfreeco/swift-issue-reporting
Fetching from https://github.com/pointfreeco/swift-concurrency-extras
Fetching from https://github.com/swiftlang/swift-syntax
Fetching from https://github.com/pointfreeco/swift-clocks
Fetching from https://github.com/pointfreeco/swift-case-paths
Fetching from https://github.com/pointfreeco/swift-navigation
Fetching from https://github.com/apple/swift-collections
Fetching from https://github.com/pointfreeco/swift-sharing
Fetching from https://github.com/pointfreeco/swift-custom-dump
Fetching from https://github.com/pointfreeco/swift-identified-collections
Fetching from https://github.com/pointfreeco/swift-perception
Creating working copy of package ‘swift-perception’
Checking out 2.0.12 of package ‘swift-perception’
Creating working copy of package ‘swift-sharing’
Checking out 2.10.1 of package ‘swift-sharing’
Creating working copy of package ‘swift-navigation’
Checking out 2.11.2 of package ‘swift-navigation’
Creating working copy of package ‘swift-case-paths’
Checking out 1.10.0 of package ‘swift-case-paths’
Creating working copy of package ‘swift-collections’
Checking out 1.7.0 of package ‘swift-collections’
Creating working copy of package ‘swift-identified-collections’
Checking out 1.1.1 of package ‘swift-identified-collections’
Creating working copy of package ‘swift-custom-dump’
Checking out 1.7.3 of package ‘swift-custom-dump’
Creating working copy of package ‘swift-dependencies’
Checking out 1.17.1 of package ‘swift-dependencies’
Creating working copy of package ‘swift-composable-architecture’
Checking out 1.26.2 of package ‘swift-composable-architecture’
Creating working copy of package ‘swift-syntax’
Checking out 604.0.0 of package ‘swift-syntax’
Creating working copy of package ‘swift-clocks’
Checking out 1.1.1 of package ‘swift-clocks’
Creating working copy of package ‘combine-schedulers’
Checking out 1.2.2 of package ‘combine-schedulers’
Creating working copy of package ‘swift-issue-reporting’
Checking out 2.1.1 of package ‘swift-issue-reporting’
Creating working copy of package ‘swift-concurrency-extras’
Checking out 1.4.1 of package ‘swift-concurrency-extras’
Source files for target FeedbackKitCoreTests should be located under 'Tests/FeedbackKitCoreTests', or a custom sources path can be set with the 'path' property in Package.swiftResolve Package Graph
Source files for target FeedbackKitCoreTests should be located under 'Tests/FeedbackKitCoreTests', or a custom sources path can be set with the 'path' property in Package.swift
Resolved source packages:
  spi-builder-workspace: (null)
2026-09-23 10:24:48.849 xcodebuild[529:3041] Writing error result bundle to /var/folders/xq/y_g06wb113726d38xsyx71_h0000gn/T/ResultBundle_2026-23-09_10-24-0048.xcresult
xcodebuild: error: Could not resolve package dependencies:
  Source files for target FeedbackKitCoreTests should be located under 'Tests/FeedbackKitCoreTests', or a custom sources path can be set with the 'path' property in Package.swift
Command line invocation:
    /Applications/Xcode-27.0.0-Release.Candidate.app/Contents/Developer/usr/bin/xcodebuild -IDEClonedSourcePackagesDirPathOverride=/Users/admin/builder/spi-builder-workspace/.dependencies -resolvePackageDependencies
Resolve Package Graph
Source files for target FeedbackKitCoreTests should be located under 'Tests/FeedbackKitCoreTests', or a custom sources path can be set with the 'path' property in Package.swift
Resolved source packages:
  spi-builder-workspace: (null)
2026-09-23 10:24:50.182 xcodebuild[1150:6245] Writing error result bundle to /var/folders/xq/y_g06wb113726d38xsyx71_h0000gn/T/ResultBundle_2026-23-09_10-24-0050.xcresult
xcodebuild: error: Could not resolve package dependencies:
  Source files for target FeedbackKitCoreTests should be located under 'Tests/FeedbackKitCoreTests', or a custom sources path can be set with the 'path' property in Package.swift
BUILD FAILURE 6.4 macosXcodebuild