The Swift Package Index logo.Swift Package Index

Build Information

Failed to build SimpleDownloader, reference master (9206df), with Swift 6.4 for iOS using Xcode 27.0 on 16 Sep 2026 04:22:16 UTC.

Build Command

env DEVELOPER_DIR=/Applications/Xcode-27.0.0-Release.Candidate.app xcrun xcodebuild -IDEClonedSourcePackagesDirPathOverride=$PWD/.dependencies -skipMacroValidation -skipPackagePluginValidation -derivedDataPath $PWD/.derivedData build -scheme SimpleDownloader-Package -destination generic/platform=iOS

Build Log

========================================
RunAll
========================================
Builder version: 5.1.0
Interrupt handler set up.
========================================
Checkout
========================================
Clone URL: https://github.com/t-ae/simpledownloader.git
Reference: master
Initialized empty Git repository in /Users/admin/builder/spi-builder-workspace/.git/
From https://github.com/t-ae/simpledownloader
 * branch            master     -> FETCH_HEAD
 * [new branch]      master     -> origin/master
HEAD is now at 9206dfb Update for swift4.2
Cloned https://github.com/t-ae/simpledownloader.git
Revision (git rev-parse @):
9206dfb63469bc596e51824c264e29676e8a536a
SUCCESS checkout https://github.com/t-ae/simpledownloader.git at master
========================================
Build
========================================
Selected platform:         iOS
Swift version:             6.4
Building package at path:  $PWD
https://github.com/t-ae/simpledownloader.git
Command line invocation:
    /Applications/Xcode-27.0.0-Release.Candidate.app/Contents/Developer/usr/bin/xcodebuild -IDEClonedSourcePackagesDirPathOverride=/Users/admin/builder/spi-builder-workspace/.dependencies -resolvePackageDependencies
resolved source packages:
{
  "dependencies" : [
  ],
  "manifest_display_name" : "SimpleDownloader",
  "name" : "SimpleDownloader",
  "path" : "/Users/admin/builder/spi-builder-workspace",
  "platforms" : [
  ],
  "products" : [
    {
      "name" : "SimpleDownloader",
      "targets" : [
        "SimpleDownloader"
      ],
      "type" : {
        "library" : [
          "automatic"
        ]
      }
    }
  ],
  "targets" : [
    {
      "c99name" : "SimpleDownloaderTests",
      "module_type" : "SwiftTarget",
      "name" : "SimpleDownloaderTests",
      "path" : "Tests/SimpleDownloaderTests",
      "sources" : [
        "SimpleDownloaderTests.swift",
        "SimpleRequesterTests.swift"
      ],
      "target_dependencies" : [
        "SimpleDownloader"
      ],
      "type" : "test"
    },
    {
      "c99name" : "SimpleDownloader",
      "module_type" : "SwiftTarget",
      "name" : "SimpleDownloader",
      "path" : "Sources",
      "product_memberships" : [
        "SimpleDownloader"
      ],
      "sources" : [
        "SimpleDownloader.swift",
        "SimpleRequester.swift",
        "URLSessionWrapper.swift"
      ],
      "type" : "library"
    }
  ],
  "tools_version" : "4.0"
}
{
  "project" : {
    "configurations" : [
      "Debug",
      "Release"
    ],
    "name" : "SimpleDownloader",
    "schemes" : [
      "SimpleDownloader-Package",
      "SimpleDownloaderPackageDescription",
      "SimpleDownloaderPackageTests"
    ],
    "targets" : [
      "SimpleDownloaderPackageDescription",
      "SimpleDownloaderTests",
      "SimpleDownloader",
      "SimpleDownloaderPackageTests"
    ]
  }
}
Running build ...
env DEVELOPER_DIR=/Applications/Xcode-27.0.0-Release.Candidate.app xcrun xcodebuild -IDEClonedSourcePackagesDirPathOverride=$PWD/.dependencies -skipMacroValidation -skipPackagePluginValidation -derivedDataPath $PWD/.derivedData build -scheme SimpleDownloader-Package -destination generic/platform=iOS
Command line invocation:
    /Applications/Xcode-27.0.0-Release.Candidate.app/Contents/Developer/usr/bin/xcodebuild -IDEClonedSourcePackagesDirPathOverride=/Users/admin/builder/spi-builder-workspace/.dependencies -skipMacroValidation -skipPackagePluginValidation -derivedDataPath /Users/admin/builder/spi-builder-workspace/.derivedData build -scheme SimpleDownloader-Package -destination generic/platform=iOS
ComputePackagePrebuildTargetDependencyGraph
Prepare packages
CreateBuildRequest
SendProjectDescription
CreateBuildOperation
ComputeTargetDependencyGraph
note: Building targets in dependency order
note: Target dependency graph (1 target)
    Target 'SimpleDownloader' in project 'SimpleDownloader' (no dependencies)
GatherProvisioningInputs
CreateBuildDescription
ExecuteExternalTool /Applications/Xcode-27.0.0-Release.Candidate.app/Contents/Developer/Toolchains/XcodeDefault.xctoolchain/usr/bin/clang -v -E -dM -isysroot /Applications/Xcode-27.0.0-Release.Candidate.app/Contents/Developer/Platforms/iPhoneOS.platform/Developer/SDKs/iPhoneOS27.0.sdk -x c -c /dev/null
ExecuteExternalTool /Applications/Xcode-27.0.0-Release.Candidate.app/Contents/Developer/Toolchains/XcodeDefault.xctoolchain/usr/bin/swiftc --version
ExecuteExternalTool /Applications/Xcode-27.0.0-Release.Candidate.app/Contents/Developer/Toolchains/XcodeDefault.xctoolchain/usr/bin/ld -version_details
Build description signature: ef0af05f926eba791b5da4119a825255
Build description path: /Users/admin/builder/spi-builder-workspace/.derivedData/Build/Intermediates.noindex/XCBuildData/ef0af05f926eba791b5da4119a825255.xcbuilddata
/Users/admin/builder/spi-builder-workspace/SimpleDownloader.xcodeproj: error: The iOS deployment target 'IPHONEOS_DEPLOYMENT_TARGET' is set to 8.0, but the range of supported deployment target versions is 15.0 to 27.0.x. (in target 'SimpleDownloader' from project 'SimpleDownloader')
** BUILD FAILED **
The following build commands failed:
	Building project SimpleDownloader with scheme SimpleDownloader-Package
(1 failure)
Command line invocation:
    /Applications/Xcode-27.0.0-Release.Candidate.app/Contents/Developer/usr/bin/xcodebuild -IDEClonedSourcePackagesDirPathOverride=/Users/admin/builder/spi-builder-workspace/.dependencies -resolvePackageDependencies
resolved source packages:
{
  "dependencies" : [
  ],
  "manifest_display_name" : "SimpleDownloader",
  "name" : "SimpleDownloader",
  "path" : "/Users/admin/builder/spi-builder-workspace",
  "platforms" : [
  ],
  "products" : [
    {
      "name" : "SimpleDownloader",
      "targets" : [
        "SimpleDownloader"
      ],
      "type" : {
        "library" : [
          "automatic"
        ]
      }
    }
  ],
  "targets" : [
    {
      "c99name" : "SimpleDownloaderTests",
      "module_type" : "SwiftTarget",
      "name" : "SimpleDownloaderTests",
      "path" : "Tests/SimpleDownloaderTests",
      "sources" : [
        "SimpleDownloaderTests.swift",
        "SimpleRequesterTests.swift"
      ],
      "target_dependencies" : [
        "SimpleDownloader"
      ],
      "type" : "test"
    },
    {
      "c99name" : "SimpleDownloader",
      "module_type" : "SwiftTarget",
      "name" : "SimpleDownloader",
      "path" : "Sources",
      "product_memberships" : [
        "SimpleDownloader"
      ],
      "sources" : [
        "SimpleDownloader.swift",
        "SimpleRequester.swift",
        "URLSessionWrapper.swift"
      ],
      "type" : "library"
    }
  ],
  "tools_version" : "4.0"
}
{
  "project" : {
    "configurations" : [
      "Debug",
      "Release"
    ],
    "name" : "SimpleDownloader",
    "schemes" : [
      "SimpleDownloader-Package",
      "SimpleDownloaderPackageDescription",
      "SimpleDownloaderPackageTests"
    ],
    "targets" : [
      "SimpleDownloaderPackageDescription",
      "SimpleDownloaderTests",
      "SimpleDownloader",
      "SimpleDownloaderPackageTests"
    ]
  }
}
Running build ...
env DEVELOPER_DIR=/Applications/Xcode-27.0.0-Release.Candidate.app xcrun xcodebuild -IDEClonedSourcePackagesDirPathOverride=$PWD/.dependencies -skipMacroValidation -skipPackagePluginValidation -derivedDataPath $PWD/.derivedData build -scheme SimpleDownloader-Package -destination generic/platform=iOS
Command line invocation:
    /Applications/Xcode-27.0.0-Release.Candidate.app/Contents/Developer/usr/bin/xcodebuild -IDEClonedSourcePackagesDirPathOverride=/Users/admin/builder/spi-builder-workspace/.dependencies -skipMacroValidation -skipPackagePluginValidation -derivedDataPath /Users/admin/builder/spi-builder-workspace/.derivedData build -scheme SimpleDownloader-Package -destination generic/platform=iOS
ComputePackagePrebuildTargetDependencyGraph
Prepare packages
CreateBuildRequest
SendProjectDescription
CreateBuildOperation
ComputeTargetDependencyGraph
note: Building targets in dependency order
note: Target dependency graph (1 target)
    Target 'SimpleDownloader' in project 'SimpleDownloader' (no dependencies)
GatherProvisioningInputs
CreateBuildDescription
/Users/admin/builder/spi-builder-workspace/SimpleDownloader.xcodeproj: error: The iOS deployment target 'IPHONEOS_DEPLOYMENT_TARGET' is set to 8.0, but the range of supported deployment target versions is 15.0 to 27.0.x. (in target 'SimpleDownloader' from project 'SimpleDownloader')
** BUILD FAILED **
The following build commands failed:
	Building project SimpleDownloader with scheme SimpleDownloader-Package
(1 failure)
BUILD FAILURE 6.4 iOS