Build Information
Failed to build SectionKit, reference 2.5.11 (42efb8), with Swift 6.4 for watchOS using Xcode 27.0 on 31 Oct 2026 10:39:40 UTC.
Build Command
No build command. This typically means the build failed at an early stage where we determine the build command.Build Log
========================================
RunAll
========================================
Builder version: 5.1.4
Interrupt handler set up.
========================================
Checkout
========================================
Clone URL: https://github.com/linhay/SectionKit.git
Reference: 2.5.11
Initialized empty Git repository in /Users/admin/builder/spi-builder-workspace/.git/
From https://github.com/linhay/SectionKit
* tag 2.5.11 -> FETCH_HEAD
HEAD is now at 42efb8d Release SectionUI 2.5.11 [skip-release]
Cloned https://github.com/linhay/SectionKit.git
Revision (git rev-parse @):
42efb8d69412c91bf1e80ad1c8c669a498e76d42
SUCCESS checkout https://github.com/linhay/SectionKit.git at 2.5.11
========================================
Build
========================================
Selected platform: watchOS
Swift version: 6.4
Building package at path: $PWD
https://github.com/linhay/SectionKit.git
Command line invocation:
/Applications/Xcode-27.0.0.app/Contents/Developer/usr/bin/xcodebuild -IDEClonedSourcePackagesDirPathOverride=/Users/admin/builder/spi-builder-workspace/.dependencies -resolvePackageDependencies
Resolve Package Graph
the package at '/Users/admin/builder/SectionKit' cannot be accessed (/Users/admin/builder/SectionKit doesn't exist in file system)
2026-10-31 06:39:38.822 xcodebuild[526:3019] Writing error result bundle to /var/folders/xq/y_g06wb113726d38xsyx71_h0000gn/T/ResultBundle_2026-31-10_06-39-0038.xcresult
xcodebuild: error: Could not resolve package dependencies:
the package at '/Users/admin/builder/SectionKit' cannot be accessed (/Users/admin/builder/SectionKit doesn't exist in file system)
Command line invocation:
/Applications/Xcode-27.0.0.app/Contents/Developer/usr/bin/xcodebuild -IDEClonedSourcePackagesDirPathOverride=/Users/admin/builder/spi-builder-workspace/.dependencies -resolvePackageDependencies
Resolve Package Graph
the package at '/Users/admin/builder/SectionKit' cannot be accessed (/Users/admin/builder/SectionKit doesn't exist in file system)
2026-10-31 06:39:40.670 xcodebuild[578:3440] Writing error result bundle to /var/folders/xq/y_g06wb113726d38xsyx71_h0000gn/T/ResultBundle_2026-31-10_06-39-0040.xcresult
xcodebuild: error: Could not resolve package dependencies:
the package at '/Users/admin/builder/SectionKit' cannot be accessed (/Users/admin/builder/SectionKit doesn't exist in file system)
BUILD FAILURE 6.4 watchOS