Build Information
Failed to build SwiftText, reference main (15e176), with Swift 6.4 for watchOS using Xcode 27.0 on 5 Oct 2026 08:34:16 UTC.
Build Command
env DEVELOPER_DIR=/Applications/Xcode-27.0.0-Release.Candidate.app xcrun xcodebuild -IDEClonedSourcePackagesDirPathOverride=$PWD/.dependencies -skipMacroValidation -skipPackagePluginValidation -derivedDataPath $PWD/.derivedData build -scheme SwiftText-Package -destination generic/platform=watchOSBuild Log
"Generated/IWA/TSTStylePropertyArchiving.gen.swift",
"Generated/IWA/TSWPArchives.gen.swift",
"Generated/PagesTableTemplate.swift",
"IWAObjectGraph.swift",
"IWAPackage.swift",
"IWATypeBinder.swift",
"MarkdownToPages.swift",
"PagesBodyBuilder.swift",
"PagesBoxLayout.swift",
"PagesDocument.swift",
"PagesFile.swift",
"PagesFootnoteBuilder.swift",
"PagesImageBuilder.swift",
"PagesImageCatalog.swift",
"PagesLegacyParser.swift",
"PagesMarkdownAST.swift",
"PagesParser.swift",
"PagesSynthesizer.swift",
"PagesTableBuilder.swift",
"PagesTableStyle.swift",
"PagesTemplate.swift",
"PagesWriter.swift",
"StoredZipWriter.swift"
],
"target_dependencies" : [
"SwiftTextIWA",
"SwiftTextMarkdown",
"SwiftTextCore"
],
"type" : "library"
},
{
"c99name" : "SwiftTextPDFWriterTests",
"module_type" : "SwiftTarget",
"name" : "SwiftTextPDFWriterTests",
"path" : "Tests/SwiftTextPDFWriterTests",
"sources" : [
"PDFWriterTests.swift"
],
"target_dependencies" : [
"SwiftTextPDFWriter"
],
"type" : "test"
},
{
"c99name" : "SwiftTextPDFWriter",
"module_type" : "SwiftTarget",
"name" : "SwiftTextPDFWriter",
"path" : "Sources/SwiftTextPDFWriter",
"product_memberships" : [
"SwiftTextPDFWriter",
"SwiftTextRender",
"swifttext"
],
"sources" : [
"Deflate.swift",
"PDF.swift",
"PDFObjects.swift",
"PDFStream.swift",
"PDFValue.swift"
],
"type" : "library"
},
{
"c99name" : "SwiftTextPDF",
"module_type" : "SwiftTarget",
"name" : "SwiftTextPDF",
"path" : "Sources/SwiftTextPDF",
"product_memberships" : [
"SwiftTextPDF",
"swifttext"
],
"sources" : [
"PDFDocument+Text.swift",
"PDFPage+DocumentBlocks.swift",
"PDFPage+DocumentSemantics.swift",
"PDFPage+OCR.swift"
],
"target_dependencies" : [
"SwiftTextOCR"
],
"type" : "library"
},
{
"c99name" : "SwiftTextOpenTypeTests",
"module_type" : "SwiftTarget",
"name" : "SwiftTextOpenTypeTests",
"path" : "Tests/SwiftTextOpenTypeTests",
"sources" : [
"CFFSubsetTests.swift",
"OpenTypeTests.swift"
],
"target_dependencies" : [
"SwiftTextOpenType"
],
"type" : "test"
},
{
"c99name" : "SwiftTextOpenType",
"module_type" : "SwiftTarget",
"name" : "SwiftTextOpenType",
"path" : "Sources/SwiftTextOpenType",
"product_memberships" : [
"SwiftTextOpenType",
"SwiftTextRender",
"swifttext"
],
"sources" : [
"CFFSubset.swift",
"Cmap.swift",
"FontBytes.swift",
"OpenTypeFont.swift",
"TrueTypeSubset.swift"
],
"type" : "library"
},
{
"c99name" : "SwiftTextOCRTests",
"module_type" : "SwiftTarget",
"name" : "SwiftTextOCRTests",
"path" : "Tests/SwiftTextOCRTests",
"product_dependencies" : [
"Markdown"
],
"sources" : [
"FragmentSeparatorTests.swift",
"ListMarkerTests.swift",
"SwiftTextOCRTests.swift",
"TextLineSemanticComposerStyleTests.swift",
"TypographyMarkdownTests.swift"
],
"target_dependencies" : [
"SwiftTextOCR",
"SwiftTextPDF"
],
"type" : "test"
},
{
"c99name" : "SwiftTextOCR",
"module_type" : "SwiftTarget",
"name" : "SwiftTextOCR",
"path" : "Sources/SwiftTextOCR",
"product_memberships" : [
"SwiftText",
"SwiftTextOCR",
"SwiftTextPDF",
"swifttext"
],
"sources" : [
"CGImage+OCR.swift",
"DocumentBlock.swift",
"DocumentBlockExtraction.swift",
"DocumentBlockMarkdown.swift",
"DocumentBlockTranscript.swift",
"DocumentImage.swift",
"DocumentSemantics.swift",
"DocumentTypography.swift",
"ListMarker.swift",
"OCRError.swift",
"StyleRunMarkup.swift",
"TextColumns.swift",
"TextLine.swift",
"TextLineSemanticComposer.swift",
"TextStyle.swift",
"UIImage+OCR.swift"
],
"target_dependencies" : [
"SwiftTextMarkdown"
],
"type" : "library"
},
{
"c99name" : "SwiftTextNumbersTests",
"module_type" : "SwiftTarget",
"name" : "SwiftTextNumbersTests",
"path" : "Tests/SwiftTextNumbersTests",
"resources" : [
{
"path" : "/Users/admin/builder/spi-builder-workspace/Tests/SwiftTextNumbersTests/Resources/LegacySample.numbers",
"rule" : {
"process" : {
}
}
},
{
"path" : "/Users/admin/builder/spi-builder-workspace/Tests/SwiftTextNumbersTests/Resources/MultiTile.numbers",
"rule" : {
"process" : {
}
}
},
{
"path" : "/Users/admin/builder/spi-builder-workspace/Tests/SwiftTextNumbersTests/Resources/Sample.numbers",
"rule" : {
"process" : {
}
}
}
],
"sources" : [
"NumbersFileTests.swift"
],
"target_dependencies" : [
"SwiftTextNumbers",
"SwiftTextIWA"
],
"type" : "test"
},
{
"c99name" : "SwiftTextNumbers",
"module_type" : "SwiftTarget",
"name" : "SwiftTextNumbers",
"path" : "Sources/SwiftTextNumbers",
"product_memberships" : [
"SwiftTextNumbers",
"swifttext"
],
"sources" : [
"NumbersDocument.swift",
"NumbersFile.swift",
"NumbersParser.swift"
],
"target_dependencies" : [
"SwiftTextIWA"
],
"type" : "library"
},
{
"c99name" : "SwiftTextMarkdownTests",
"module_type" : "SwiftTarget",
"name" : "SwiftTextMarkdownTests",
"path" : "Tests/SwiftTextMarkdownTests",
"sources" : [
"MarkdownAlertBlockTests.swift",
"MarkdownAlertColorsTests.swift",
"MarkdownFootnoteRendererTests.swift",
"SwiftMarkdownHTMLRendererTests.swift"
],
"target_dependencies" : [
"SwiftTextMarkdown"
],
"type" : "test"
},
{
"c99name" : "SwiftTextMarkdown",
"module_type" : "SwiftTarget",
"name" : "SwiftTextMarkdown",
"path" : "Sources/SwiftTextMarkdown",
"product_dependencies" : [
"Markdown"
],
"product_memberships" : [
"SwiftText",
"SwiftTextDOCX",
"SwiftTextEPUB",
"SwiftTextPages",
"SwiftTextRender",
"SwiftTextHTML",
"SwiftTextMarkdown",
"SwiftTextAttributedString",
"SwiftTextOCR",
"SwiftTextPDF",
"swifttext"
],
"sources" : [
"MarkdownAlertBlock.swift",
"MarkdownAlertColors.swift",
"MarkdownFootnoteParsing.swift",
"MarkdownFootnoteRenderer.swift",
"PlainTextExtraction.swift",
"SwiftMarkdownHTMLRenderer.swift"
],
"type" : "library"
},
{
"c99name" : "SwiftTextKeynoteTests",
"module_type" : "SwiftTarget",
"name" : "SwiftTextKeynoteTests",
"path" : "Tests/SwiftTextKeynoteTests",
"resources" : [
{
"path" : "/Users/admin/builder/spi-builder-workspace/Tests/SwiftTextKeynoteTests/Resources/Sample.key",
"rule" : {
"process" : {
}
}
}
],
"sources" : [
"KeynoteFileTests.swift"
],
"target_dependencies" : [
"SwiftTextKeynote",
"SwiftTextIWA"
],
"type" : "test"
},
{
"c99name" : "SwiftTextKeynote",
"module_type" : "SwiftTarget",
"name" : "SwiftTextKeynote",
"path" : "Sources/SwiftTextKeynote",
"product_memberships" : [
"SwiftTextKeynote",
"swifttext"
],
"sources" : [
"KeynoteDocument.swift",
"KeynoteFile.swift",
"KeynoteParser.swift"
],
"target_dependencies" : [
"SwiftTextIWA"
],
"type" : "library"
},
{
"c99name" : "SwiftTextIWA",
"module_type" : "SwiftTarget",
"name" : "SwiftTextIWA",
"path" : "Sources/SwiftTextIWA",
"product_dependencies" : [
"Archive"
],
"product_memberships" : [
"SwiftText",
"SwiftTextPages",
"SwiftTextIWA",
"SwiftTextNumbers",
"SwiftTextKeynote",
"swifttext"
],
"sources" : [
"IWAArchive.swift",
"IWAContainer.swift",
"IWALegacyTableReader.swift",
"IWAReferenceScanner.swift",
"Protobuf.swift",
"Snappy.swift",
"TSTTableReader.swift"
],
"type" : "library"
},
{
"c99name" : "SwiftTextHTMLTests",
"module_type" : "SwiftTarget",
"name" : "SwiftTextHTMLTests",
"path" : "Tests/SwiftTextHTMLTests",
"resources" : [
{
"path" : "/Users/admin/builder/spi-builder-workspace/Tests/SwiftTextHTMLTests/Resources/wordpress-blog-post.html",
"rule" : {
"process" : {
}
}
}
],
"sources" : [
"DomStyleContentTests.swift",
"HTMLAlertTests.swift",
"HTMLBlockquoteConversionTests.swift",
"HTMLCoreElementConversionTests.swift",
"HTMLDeepWrapperTests.swift",
"HTMLDocumentTests.swift",
"HTMLFootnoteConversionTests.swift",
"HTMLListConversionTests.swift",
"HTMLMalformedTrailingContentTests.swift",
"HTMLParserEventStreamTests.swift",
"HTMLRoundTripTests.swift",
"HTMLTableConversionTests.swift",
"ImageAltTextTests.swift",
"MainContentExtractionTests.swift",
"MarkdownGFMExtensionsTests.swift",
"MarkdownToHTMLParityTests.swift",
"MarkdownToHTMLTests.swift",
"TextWhitespaceTests.swift",
"WebKitPaginatedPDFTests.swift"
],
"target_dependencies" : [
"SwiftTextHTML",
"SwiftTextMarkdown",
"SwiftTextCore"
],
"type" : "test"
},
{
"c99name" : "SwiftTextHTML",
"module_type" : "SwiftTarget",
"name" : "SwiftTextHTML",
"path" : "Sources/SwiftTextHTML",
"product_dependencies" : [
"HTMLParser",
"Markdown"
],
"product_memberships" : [
"SwiftText",
"SwiftTextRender",
"SwiftTextHTML",
"swifttext"
],
"sources" : [
"DOMElement.swift",
"DOMFootnoteIndex.swift",
"DOMMarkupConverter.swift",
"DOMNode.swift",
"DOMRawText.swift",
"DOMText.swift",
"DomBuilder.swift",
"Exports.swift",
"HTMLDocument+WebKit.swift",
"HTMLDocument.swift",
"HTMLToMarkdown.swift",
"MainContentExtractor.swift",
"MarkdownToHTML.swift",
"String+Charset.swift",
"String+Markdown.swift",
"WebKitBrowser.swift"
],
"target_dependencies" : [
"SwiftTextMarkdown"
],
"type" : "library"
},
{
"c99name" : "SwiftTextEPUBTests",
"module_type" : "SwiftTarget",
"name" : "SwiftTextEPUBTests",
"path" : "Tests/SwiftTextEPUBTests",
"sources" : [
"EpubTestSupport.swift",
"EpubTests.swift"
],
"target_dependencies" : [
"SwiftTextEPUB",
"SwiftTextMarkdown"
],
"type" : "test"
},
{
"c99name" : "SwiftTextEPUB",
"module_type" : "SwiftTarget",
"name" : "SwiftTextEPUB",
"path" : "Sources/SwiftTextEPUB",
"product_dependencies" : [
"Markdown"
],
"product_memberships" : [
"SwiftTextEPUB",
"swifttext"
],
"sources" : [
"ChapterSplitter.swift",
"CoverImage.swift",
"DefaultStylesheet.swift",
"EpubArchiveWriter.swift",
"EpubMetadata.swift",
"EpubPackage.swift",
"MarkdownToEpub.swift",
"XMLEscaping.swift"
],
"target_dependencies" : [
"SwiftTextMarkdown",
"SwiftTextZip",
"SwiftTextCore"
],
"type" : "library"
},
{
"c99name" : "SwiftTextDOCXTests",
"module_type" : "SwiftTarget",
"name" : "SwiftTextDOCXTests",
"path" : "Tests/SwiftTextDOCXTests",
"product_dependencies" : [
"Archive"
],
"resources" : [
{
"path" : "/Users/admin/builder/spi-builder-workspace/Tests/SwiftTextDOCXTests/Resources/Styles.docx",
"rule" : {
"process" : {
}
}
}
],
"sources" : [
"DocxAlertTests.swift",
"DocxArchiveTestSupport.swift",
"DocxFootnoteTests.swift",
"DocxFootnoteWriterTests.swift",
"DocxImageTests.swift",
"DocxParsingTests.swift",
"DocxQuoteCodeTests.swift",
"DocxStrikethroughTests.swift",
"DocxWriterTests.swift"
],
"target_dependencies" : [
"SwiftTextDOCX",
"SwiftTextZip"
],
"type" : "test"
},
{
"c99name" : "SwiftTextDOCX",
"module_type" : "SwiftTarget",
"name" : "SwiftTextDOCX",
"path" : "Sources/SwiftTextDOCX",
"product_dependencies" : [
"Archive"
],
"product_memberships" : [
"SwiftText",
"SwiftTextDOCX",
"swifttext"
],
"sources" : [
"DocxBoxLayout.swift",
"DocxDocument.swift",
"DocxFile.swift",
"DocxParser.swift",
"DocxWriter+Callouts.swift",
"DocxWriter.swift",
"MarkdownDocxBuilder.swift",
"MarkdownToDocx.swift",
"ZipUtilities.swift"
],
"target_dependencies" : [
"SwiftTextMarkdown",
"SwiftTextZip",
"SwiftTextCore"
],
"type" : "library"
},
{
"c99name" : "SwiftTextCoreTests",
"module_type" : "SwiftTarget",
"name" : "SwiftTextCoreTests",
"path" : "Tests/SwiftTextCoreTests",
"sources" : [
"ImageDimensionsTests.swift",
"UnicodeAbuseSanitizerTests.swift"
],
"target_dependencies" : [
"SwiftTextCore"
],
"type" : "test"
},
{
"c99name" : "SwiftTextCore",
"module_type" : "SwiftTarget",
"name" : "SwiftTextCore",
"path" : "Sources/SwiftTextCore",
"product_memberships" : [
"SwiftText",
"SwiftTextCore",
"SwiftTextDOCX",
"SwiftTextEPUB",
"SwiftTextPages",
"swifttext"
],
"sources" : [
"ImageDimensions.swift",
"UnicodeAbuseSanitizer.swift"
],
"type" : "library"
},
{
"c99name" : "SwiftTextCSSTests",
"module_type" : "SwiftTarget",
"name" : "SwiftTextCSSTests",
"path" : "Tests/SwiftTextCSSTests",
"sources" : [
"CSSColorTests.swift",
"CSSTests.swift",
"CascadeTests.swift",
"SelectorTests.swift"
],
"target_dependencies" : [
"SwiftTextCSS"
],
"type" : "test"
},
{
"c99name" : "SwiftTextCSS",
"module_type" : "SwiftTarget",
"name" : "SwiftTextCSS",
"path" : "Sources/SwiftTextCSS",
"product_memberships" : [
"SwiftTextCSS",
"SwiftTextRender",
"swifttext"
],
"sources" : [
"CSSColor.swift",
"CSSParser.swift",
"ComponentValue.swift",
"ComputedStyle.swift",
"Selector.swift",
"SelectorParser.swift",
"StyleResolver.swift",
"Tokenizer.swift",
"UserAgentStylesheet.swift"
],
"type" : "library"
},
{
"c99name" : "SwiftTextCLI",
"module_type" : "SwiftTarget",
"name" : "SwiftTextCLI",
"path" : "Sources/SwiftTextCLI",
"product_dependencies" : [
"ArgumentParser"
],
"product_memberships" : [
"swifttext"
],
"sources" : [
"OverlayRenderer.swift",
"PDFCommand.swift",
"RenderCommand.swift",
"SwiftTextCLI.swift"
],
"target_dependencies" : [
"SwiftTextHTML",
"SwiftTextDOCX",
"SwiftTextEPUB",
"SwiftTextMarkdown",
"SwiftTextPages",
"SwiftTextNumbers",
"SwiftTextKeynote",
"SwiftTextRender",
"SwiftTextOCR",
"SwiftTextPDF",
"VersionGeneratorPlugin"
],
"type" : "executable"
},
{
"c99name" : "SwiftTextAttributedStringTests",
"module_type" : "SwiftTarget",
"name" : "SwiftTextAttributedStringTests",
"path" : "Tests/SwiftTextAttributedStringTests",
"sources" : [
"MarkdownAttributedStringRendererTests.swift",
"NativeIntentBridgeTests.swift"
],
"target_dependencies" : [
"SwiftTextAttributedString"
],
"type" : "test"
},
{
"c99name" : "SwiftTextAttributedString",
"module_type" : "SwiftTarget",
"name" : "SwiftTextAttributedString",
"path" : "Sources/SwiftTextAttributedString",
"product_dependencies" : [
"Markdown"
],
"product_memberships" : [
"SwiftText",
"SwiftTextAttributedString"
],
"sources" : [
"MarkdownAttributedStringRenderer.swift",
"MarkdownAttributes.swift"
],
"target_dependencies" : [
"SwiftTextMarkdown"
],
"type" : "library"
},
{
"c99name" : "SwiftText",
"module_type" : "SwiftTarget",
"name" : "SwiftText",
"path" : "Sources/SwiftText",
"product_memberships" : [
"SwiftText"
],
"sources" : [
"SwiftText.swift"
],
"target_dependencies" : [
"SwiftTextDOCX",
"SwiftTextPages",
"SwiftTextAttributedString",
"SwiftTextHTML",
"SwiftTextOCR"
],
"type" : "library"
}
],
"tools_version" : "6.3"
}
{
"workspace" : {
"name" : "SwiftText",
"schemes" : [
"swifttext",
"SwiftText",
"SwiftText-Package",
"SwiftTextAttributedString",
"SwiftTextCore",
"SwiftTextCSS",
"SwiftTextDOCX",
"SwiftTextEPUB",
"SwiftTextHTML",
"SwiftTextIWA",
"SwiftTextKeynote",
"SwiftTextMarkdown",
"SwiftTextNumbers",
"SwiftTextOCR",
"SwiftTextOpenType",
"SwiftTextPages",
"SwiftTextPDF",
"SwiftTextPDFWriter",
"SwiftTextRender"
]
}
}
2026-10-05 04:34:07.808 xcodebuild[1296:7166] [MT] IDERunDestination: Supported platforms for the buildables in the current scheme is empty.
2026-10-05 04:34:07.911 xcodebuild[1296:7166] [MT] IDERunDestination: Supported platforms for the buildables in the current scheme is empty.
Running build ...
env DEVELOPER_DIR=/Applications/Xcode-27.0.0-Release.Candidate.app xcrun xcodebuild -IDEClonedSourcePackagesDirPathOverride=$PWD/.dependencies -skipMacroValidation -skipPackagePluginValidation -derivedDataPath $PWD/.derivedData build -scheme SwiftText-Package -destination generic/platform=watchOS
Command line invocation:
/Applications/Xcode-27.0.0.app/Contents/Developer/usr/bin/xcodebuild -IDEClonedSourcePackagesDirPathOverride=/Users/admin/builder/spi-builder-workspace/.dependencies -skipMacroValidation -skipPackagePluginValidation -derivedDataPath /Users/admin/builder/spi-builder-workspace/.derivedData build -scheme SwiftText-Package -destination generic/platform=watchOS
Resolve Package Graph
failed to retrieve search paths with pkg-config; maybe pkg-config is not installedyou may be able to install liblzma using your system-packager:
brew install xz
you may be able to install libzstd using your system-packager:
brew install zstd
Resolved source packages:
SwiftText: /Users/admin/builder/spi-builder-workspace
swift-argument-parser: https://github.com/apple/swift-argument-parser @ 1.8.2
Archive: https://github.com/marcprux/swift-archive.git @ 3.8.9
XMLKit: https://github.com/Cocoanetics/XMLKit.git @ 1.0.1
swift-markdown: https://github.com/swiftlang/swift-markdown.git @ 0.9.0
cmark-gfm: https://github.com/swiftlang/swift-cmark.git @ 0.9.0
ComputePackagePrebuildTargetDependencyGraph
Prepare packages
Compile plug-in “VersionGeneratorPlugin” in package “spi-builder-workspace”
[debug]: Compiling plugin to executable at /Users/admin/builder/spi-builder-workspace/.derivedData/Build/Products/PluginExecutables/VersionGeneratorPlugin
[debug]: Using compiler /Applications/Xcode-27.0.0.app/Contents/Developer/Toolchains/XcodeDefault.xctoolchain/usr/bin/swiftc
[debug]: Plugin compilation output directory '/Users/admin/builder/spi-builder-workspace/.derivedData/Build/Products/PluginExecutables'
[debug]: Computed hash of plugin compilation inputs: 8def46541d7412bbc786f34e38624c3bee0c33f41b5285f4382bd0d5c75ff980
Process build tool plug-in results
CreateBuildRequest
SendProjectDescription
CreateBuildOperation
ComputeTargetDependencyGraph
note: Building targets in dependency order
note: Target dependency graph (51 targets)
Target 'SwiftTextAttributedString-product' in project 'SwiftText'
➜ Explicit dependency on target 'SwiftTextAttributedString' in project 'SwiftText'
➜ Explicit dependency on target 'SwiftTextMarkdown' in project 'SwiftText'
➜ Explicit dependency on target 'Markdown-product' in project 'swift-markdown'
Target 'SwiftTextAttributedString' in project 'SwiftText'
➜ Explicit dependency on target 'SwiftTextMarkdown' in project 'SwiftText'
➜ Explicit dependency on target 'Markdown-product' in project 'swift-markdown'
Target 'SwiftTextMarkdown-product' in project 'SwiftText'
➜ Explicit dependency on target 'SwiftTextMarkdown' in project 'SwiftText'
➜ Explicit dependency on target 'Markdown-product' in project 'swift-markdown'
Target 'SwiftTextRender-product' in project 'SwiftText'
➜ Explicit dependency on target 'SwiftTextRender' in project 'SwiftText'
➜ Explicit dependency on target 'SwiftTextMarkdown' in project 'SwiftText'
➜ Explicit dependency on target 'SwiftTextHTML' in project 'SwiftText'
➜ Explicit dependency on target 'SwiftTextCSS' in project 'SwiftText'
➜ Explicit dependency on target 'SwiftTextOpenType' in project 'SwiftText'
➜ Explicit dependency on target 'SwiftTextPDFWriter' in project 'SwiftText'
➜ Explicit dependency on target 'Markdown-product' in project 'swift-markdown'
➜ Explicit dependency on target 'HTMLParser-product' in project 'XMLKit'
Target 'SwiftTextCSS-product' in project 'SwiftText'
➜ Explicit dependency on target 'SwiftTextCSS' in project 'SwiftText'
Target 'SwiftTextOpenType-product' in project 'SwiftText'
➜ Explicit dependency on target 'SwiftTextOpenType' in project 'SwiftText'
Target 'SwiftTextPDFWriter-product' in project 'SwiftText'
➜ Explicit dependency on target 'SwiftTextPDFWriter' in project 'SwiftText'
Target 'SwiftTextKeynote-product' in project 'SwiftText'
➜ Explicit dependency on target 'SwiftTextKeynote' in project 'SwiftText'
➜ Explicit dependency on target 'SwiftTextIWA' in project 'SwiftText'
➜ Explicit dependency on target 'Archive-product' in project 'Archive'
Target 'SwiftTextNumbers-product' in project 'SwiftText'
➜ Explicit dependency on target 'SwiftTextNumbers' in project 'SwiftText'
➜ Explicit dependency on target 'SwiftTextIWA' in project 'SwiftText'
➜ Explicit dependency on target 'Archive-product' in project 'Archive'
Target 'SwiftTextIWA-product' in project 'SwiftText'
➜ Explicit dependency on target 'SwiftTextIWA' in project 'SwiftText'
➜ Explicit dependency on target 'Archive-product' in project 'Archive'
Target 'SwiftTextPages-product' in project 'SwiftText'
➜ Explicit dependency on target 'SwiftTextPages' in project 'SwiftText'
➜ Explicit dependency on target 'SwiftTextIWA' in project 'SwiftText'
➜ Explicit dependency on target 'SwiftTextMarkdown' in project 'SwiftText'
➜ Explicit dependency on target 'SwiftTextCore' in project 'SwiftText'
➜ Explicit dependency on target 'Archive-product' in project 'Archive'
➜ Explicit dependency on target 'Markdown-product' in project 'swift-markdown'
Target 'SwiftTextEPUB-product' in project 'SwiftText'
➜ Explicit dependency on target 'SwiftTextEPUB' in project 'SwiftText'
➜ Explicit dependency on target 'SwiftTextMarkdown' in project 'SwiftText'
➜ Explicit dependency on target 'SwiftTextZip' in project 'SwiftText'
➜ Explicit dependency on target 'SwiftTextCore' in project 'SwiftText'
➜ Explicit dependency on target 'Markdown-product' in project 'swift-markdown'
➜ Explicit dependency on target 'Archive-product' in project 'Archive'
Target 'SwiftTextCore-product' in project 'SwiftText'
➜ Explicit dependency on target 'SwiftTextCore' in project 'SwiftText'
Target 'SwiftTextHTML-product' in project 'SwiftText'
➜ Explicit dependency on target 'SwiftTextHTML' in project 'SwiftText'
➜ Explicit dependency on target 'SwiftTextMarkdown' in project 'SwiftText'
➜ Explicit dependency on target 'Markdown-product' in project 'swift-markdown'
➜ Explicit dependency on target 'HTMLParser-product' in project 'XMLKit'
Target 'SwiftTextDOCX-product' in project 'SwiftText'
➜ Explicit dependency on target 'SwiftTextDOCX' in project 'SwiftText'
➜ Explicit dependency on target 'SwiftTextMarkdown' in project 'SwiftText'
➜ Explicit dependency on target 'SwiftTextZip' in project 'SwiftText'
➜ Explicit dependency on target 'SwiftTextCore' in project 'SwiftText'
➜ Explicit dependency on target 'Markdown-product' in project 'swift-markdown'
➜ Explicit dependency on target 'Archive-product' in project 'Archive'
Target 'SwiftTextOCR-product' in project 'SwiftText'
➜ Explicit dependency on target 'SwiftTextOCR' in project 'SwiftText'
➜ Explicit dependency on target 'SwiftTextMarkdown' in project 'SwiftText'
➜ Explicit dependency on target 'Markdown-product' in project 'swift-markdown'
Target 'swifttext-product' in project 'SwiftText'
➜ Explicit dependency on target 'SwiftTextMarkdown' in project 'SwiftText'
➜ Explicit dependency on target 'SwiftTextHTML' in project 'SwiftText'
➜ Explicit dependency on target 'SwiftTextZip' in project 'SwiftText'
➜ Explicit dependency on target 'SwiftTextCore' in project 'SwiftText'
➜ Explicit dependency on target 'SwiftTextDOCX' in project 'SwiftText'
➜ Explicit dependency on target 'SwiftTextEPUB' in project 'SwiftText'
➜ Explicit dependency on target 'SwiftTextIWA' in project 'SwiftText'
➜ Explicit dependency on target 'SwiftTextPages' in project 'SwiftText'
➜ Explicit dependency on target 'SwiftTextNumbers' in project 'SwiftText'
➜ Explicit dependency on target 'SwiftTextKeynote' in project 'SwiftText'
➜ Explicit dependency on target 'SwiftTextCSS' in project 'SwiftText'
➜ Explicit dependency on target 'SwiftTextOpenType' in project 'SwiftText'
➜ Explicit dependency on target 'SwiftTextPDFWriter' in project 'SwiftText'
➜ Explicit dependency on target 'SwiftTextRender' in project 'SwiftText'
➜ Explicit dependency on target 'SwiftTextOCR' in project 'SwiftText'
➜ Explicit dependency on target 'SwiftTextPDF' in project 'SwiftText'
➜ Explicit dependency on target 'VersionGeneratorPlugin' in project 'SwiftText'
➜ Explicit dependency on target 'Markdown-product' in project 'swift-markdown'
➜ Explicit dependency on target 'HTMLParser-product' in project 'XMLKit'
➜ Explicit dependency on target 'Archive-product' in project 'Archive'
➜ Explicit dependency on target 'ArgumentParser-product' in project 'swift-argument-parser'
Target 'ArgumentParser-product' in project 'swift-argument-parser'
➜ Explicit dependency on target 'ArgumentParser' in project 'swift-argument-parser'
➜ Explicit dependency on target 'ArgumentParserToolInfo' in project 'swift-argument-parser'
Target 'ArgumentParser' in project 'swift-argument-parser'
➜ Explicit dependency on target 'ArgumentParserToolInfo' in project 'swift-argument-parser'
Target 'ArgumentParserToolInfo' in project 'swift-argument-parser' (no dependencies)
Target 'VersionGeneratorPlugin' in project 'SwiftText' (no dependencies)
Target 'SwiftTextRender' in project 'SwiftText'
➜ Explicit dependency on target 'SwiftTextMarkdown' in project 'SwiftText'
➜ Explicit dependency on target 'SwiftTextHTML' in project 'SwiftText'
➜ Explicit dependency on target 'SwiftTextCSS' in project 'SwiftText'
➜ Explicit dependency on target 'SwiftTextOpenType' in project 'SwiftText'
➜ Explicit dependency on target 'SwiftTextPDFWriter' in project 'SwiftText'
➜ Explicit dependency on target 'Markdown-product' in project 'swift-markdown'
➜ Explicit dependency on target 'HTMLParser-product' in project 'XMLKit'
Target 'SwiftTextPDFWriter' in project 'SwiftText' (no dependencies)
Target 'SwiftTextOpenType' in project 'SwiftText' (no dependencies)
Target 'SwiftTextCSS' in project 'SwiftText' (no dependencies)
Target 'SwiftTextKeynote' in project 'SwiftText'
➜ Explicit dependency on target 'SwiftTextIWA' in project 'SwiftText'
➜ Explicit dependency on target 'Archive-product' in project 'Archive'
Target 'SwiftTextNumbers' in project 'SwiftText'
➜ Explicit dependency on target 'SwiftTextIWA' in project 'SwiftText'
➜ Explicit dependency on target 'Archive-product' in project 'Archive'
Target 'SwiftTextPages' in project 'SwiftText'
➜ Explicit dependency on target 'SwiftTextIWA' in project 'SwiftText'
➜ Explicit dependency on target 'SwiftTextMarkdown' in project 'SwiftText'
➜ Explicit dependency on target 'SwiftTextCore' in project 'SwiftText'
➜ Explicit dependency on target 'Archive-product' in project 'Archive'
➜ Explicit dependency on target 'Markdown-product' in project 'swift-markdown'
Target 'SwiftTextIWA' in project 'SwiftText'
➜ Explicit dependency on target 'Archive-product' in project 'Archive'
Target 'SwiftTextEPUB' in project 'SwiftText'
➜ Explicit dependency on target 'SwiftTextMarkdown' in project 'SwiftText'
➜ Explicit dependency on target 'SwiftTextZip' in project 'SwiftText'
➜ Explicit dependency on target 'SwiftTextCore' in project 'SwiftText'
➜ Explicit dependency on target 'Markdown-product' in project 'swift-markdown'
➜ Explicit dependency on target 'Archive-product' in project 'Archive'
Target 'SwiftTextDOCX' in project 'SwiftText'
➜ Explicit dependency on target 'SwiftTextMarkdown' in project 'SwiftText'
➜ Explicit dependency on target 'SwiftTextZip' in project 'SwiftText'
➜ Explicit dependency on target 'SwiftTextCore' in project 'SwiftText'
➜ Explicit dependency on target 'Markdown-product' in project 'swift-markdown'
➜ Explicit dependency on target 'Archive-product' in project 'Archive'
Target 'SwiftTextCore' in project 'SwiftText' (no dependencies)
Target 'SwiftTextZip' in project 'SwiftText'
➜ Explicit dependency on target 'Archive-product' in project 'Archive'
Target 'Archive-product' in project 'Archive'
➜ Explicit dependency on target 'Archive' in project 'Archive'
➜ Explicit dependency on target 'CArchive' in project 'Archive'
Target 'Archive' in project 'Archive'
➜ Explicit dependency on target 'CArchive' in project 'Archive'
Target 'CArchive' in project 'Archive' (no dependencies)
Target 'SwiftTextHTML' in project 'SwiftText'
➜ Explicit dependency on target 'SwiftTextMarkdown' in project 'SwiftText'
➜ Explicit dependency on target 'Markdown-product' in project 'swift-markdown'
➜ Explicit dependency on target 'HTMLParser-product' in project 'XMLKit'
Target 'HTMLParser-product' in project 'XMLKit'
➜ Explicit dependency on target 'HTMLParser' in project 'XMLKit'
➜ Explicit dependency on target 'CHTMLParser' in project 'XMLKit'
Target 'HTMLParser' in project 'XMLKit'
➜ Explicit dependency on target 'CHTMLParser' in project 'XMLKit'
Target 'CHTMLParser' in project 'XMLKit' (no dependencies)
Target 'SwiftTextPDF-product' in project 'SwiftText'
➜ Explicit dependency on target 'SwiftTextPDF' in project 'SwiftText'
➜ Explicit dependency on target 'SwiftTextMarkdown' in project 'SwiftText'
➜ Explicit dependency on target 'SwiftTextOCR' in project 'SwiftText'
➜ Explicit dependency on target 'Markdown-product' in project 'swift-markdown'
Target 'SwiftTextPDF' in project 'SwiftText'
➜ Explicit dependency on target 'SwiftTextMarkdown' in project 'SwiftText'
➜ Explicit dependency on target 'SwiftTextOCR' in project 'SwiftText'
➜ Explicit dependency on target 'Markdown-product' in project 'swift-markdown'
Target 'SwiftTextOCR' in project 'SwiftText'
➜ Explicit dependency on target 'SwiftTextMarkdown' in project 'SwiftText'
➜ Explicit dependency on target 'Markdown-product' in project 'swift-markdown'
Target 'SwiftTextMarkdown' in project 'SwiftText'
➜ Explicit dependency on target 'Markdown-product' in project 'swift-markdown'
Target 'Markdown-product' in project 'swift-markdown'
➜ Explicit dependency on target 'Markdown' in project 'swift-markdown'
➜ Explicit dependency on target 'CAtomic' in project 'swift-markdown'
➜ Explicit dependency on target 'cmark-gfm-product' in project 'cmark-gfm'
➜ Explicit dependency on target 'cmark-gfm-extensions-product' in project 'cmark-gfm'
Target 'Markdown' in project 'swift-markdown'
➜ Explicit dependency on target 'CAtomic' in project 'swift-markdown'
➜ Explicit dependency on target 'cmark-gfm-product' in project 'cmark-gfm'
➜ Explicit dependency on target 'cmark-gfm-extensions-product' in project 'cmark-gfm'
Target 'cmark-gfm-extensions-product' in project 'cmark-gfm'
➜ Explicit dependency on target 'cmark-gfm-extensions' in project 'cmark-gfm'
➜ Explicit dependency on target 'cmark-gfm' in project 'cmark-gfm'
Target 'cmark-gfm-extensions' in project 'cmark-gfm'
➜ Explicit dependency on target 'cmark-gfm' in project 'cmark-gfm'
Target 'cmark-gfm-product' in project 'cmark-gfm'
➜ Explicit dependency on target 'cmark-gfm' in project 'cmark-gfm'
Target 'cmark-gfm' in project 'cmark-gfm' (no dependencies)
Target 'CAtomic' in project 'swift-markdown' (no dependencies)
GatherProvisioningInputs
CreateBuildDescription
ClangStatCache /Applications/Xcode-27.0.0.app/Contents/Developer/Toolchains/XcodeDefault.xctoolchain/usr/bin/clang-stat-cache /Applications/Xcode-27.0.0.app/Contents/Developer/Platforms/WatchOS.platform/Developer/SDKs/WatchOS27.0.sdk /Users/admin/builder/spi-builder-workspace/.derivedData/SDKStatCaches.noindex/watchos27.0-24R360-e829b21a6f8c9b70876ba0858053c044b9db9bc9c079ee3c7b5f3373b13d10bc.sdkstatcache
cd /Users/admin/builder/spi-builder-workspace/.swiftpm/xcode
/Applications/Xcode-27.0.0.app/Contents/Developer/Toolchains/XcodeDefault.xctoolchain/usr/bin/clang-stat-cache /Applications/Xcode-27.0.0.app/Contents/Developer/Platforms/WatchOS.platform/Developer/SDKs/WatchOS27.0.sdk -o /Users/admin/builder/spi-builder-workspace/.derivedData/SDKStatCaches.noindex/watchos27.0-24R360-e829b21a6f8c9b70876ba0858053c044b9db9bc9c079ee3c7b5f3373b13d10bc.sdkstatcache
ScanDependencies /Users/admin/builder/spi-builder-workspace/.derivedData/Build/Intermediates.noindex/XMLKit.build/Debug-watchos/CHTMLParser-t.build/Objects-normal/arm64_32/HTMLParserBridge.o /Users/admin/builder/spi-builder-workspace/.dependencies/checkouts/XMLKit/Sources/CHTMLParser/HTMLParserBridge.c normal arm64_32 c com.apple.compilers.llvm.clang.1_0.compiler (in target 'CHTMLParser' from project 'XMLKit')
cd /Users/admin/builder/spi-builder-workspace/.swiftpm/xcode
Using response file: /Users/admin/builder/spi-builder-workspace/.derivedData/Build/Intermediates.noindex/XMLKit.build/Debug-watchos/CHTMLParser-t.build/Objects-normal/arm64_32/7187679823f38a2a940e0043cdf9d637-common-args.resp
builtin-ScanDependencies -o /Users/admin/builder/spi-builder-workspace/.derivedData/Build/Intermediates.noindex/XMLKit.build/Debug-watchos/CHTMLParser-t.build/Objects-normal/arm64_32/HTMLParserBridge.o.scan -- /Applications/Xcode-27.0.0.app/Contents/Developer/Toolchains/XcodeDefault.xctoolchain/usr/bin/clang -x c -ivfsstatcache /Users/admin/builder/spi-builder-workspace/.derivedData/SDKStatCaches.noindex/watchos27.0-24R360-e829b21a6f8c9b70876ba0858053c044b9db9bc9c079ee3c7b5f3373b13d10bc.sdkstatcache -target arm64_32-apple-watchos9.0 -fmessage-length\=0 -fdiagnostics-show-note-include-stack -fmacro-backtrace-limit\=0 -fno-color-diagnostics -fmodules-prune-interval\=86400 -fmodules-prune-after\=345600 -fbuild-session-file\=/Users/admin/builder/spi-builder-workspace/.derivedData/ModuleCache.noindex/Session.modulevalidation -fmodules-validate-once-per-build-session -Wnon-modular-include-in-framework-module -Werror\=non-modular-include-in-framework-module -Wno-trigraphs -Wno-missing-field-initializers -Wno-missing-prototypes -Wno-return-type -Wno-missing-braces -Wparentheses -Wswitch -Wno-unused-function -Wno-unused-label -Wno-unused-parameter -Wno-unused-variable -Wunused-value -Wno-empty-body -Wno-uninitialized -Wno-unknown-pragmas -w -Wno-shadow -Wno-four-char-constants -Wno-conversion -Wno-constant-conversion -Wno-int-conversion -Wno-bool-conversion -Wno-enum-conversion -Wno-float-conversion -Wno-non-literal-null-conversion -Wno-objc-literal-conversion -Wno-shorten-64-to-32 -Wpointer-sign -Wno-newline-eof -Wno-implicit-fallthrough -isysroot /Applications/Xcode-27.0.0.app/Contents/Developer/Platforms/WatchOS.platform/Developer/SDKs/WatchOS27.0.sdk -fstrict-aliasing -Wdeprecated-declarations -Wno-sign-conversion -Wno-infinite-recursion -Wno-comma -Wno-block-capture-autoreleasing -Wno-strict-prototypes -Wno-semicolon-before-method-body -index-store-path /Users/admin/builder/spi-builder-workspace/.derivedData/Index.noindex/DataStore @/Users/admin/builder/spi-builder-workspace/.derivedData/Build/Intermediates.noindex/XMLKit.build/Debug-watchos/CHTMLParser-t.build/Objects-normal/arm64_32/7187679823f38a2a940e0043cdf9d637-common-args.resp -MMD -MT dependencies -MF /Users/admin/builder/spi-builder-workspace/.derivedData/Build/Intermediates.noindex/XMLKit.build/Debug-watchos/CHTMLParser-t.build/Objects-normal/arm64_32/HTMLParserBridge.d --serialize-diagnostics /Users/admin/builder/spi-builder-workspace/.derivedData/Build/Intermediates.noindex/XMLKit.build/Debug-watchos/CHTMLParser-t.build/Objects-normal/arm64_32/HTMLParserBridge.dia -c /Users/admin/builder/spi-builder-workspace/.dependencies/checkouts/XMLKit/Sources/CHTMLParser/HTMLParserBridge.c -o /Users/admin/builder/spi-builder-workspace/.derivedData/Build/Intermediates.noindex/XMLKit.build/Debug-watchos/CHTMLParser-t.build/Objects-normal/arm64_32/HTMLParserBridge.o -index-unit-output-path /XMLKit.build/Debug-watchos/CHTMLParser-t.build/Objects-normal/arm64_32/HTMLParserBridge.o
ScanDependencies /Users/admin/builder/spi-builder-workspace/.derivedData/Build/Intermediates.noindex/XMLKit.build/Debug-watchos/CHTMLParser-t.build/Objects-normal/arm64/HTMLParserBridge.o /Users/admin/builder/spi-builder-workspace/.dependencies/checkouts/XMLKit/Sources/CHTMLParser/HTMLParserBridge.c normal arm64 c com.apple.compilers.llvm.clang.1_0.compiler (in target 'CHTMLParser' from project 'XMLKit')
cd /Users/admin/builder/spi-builder-workspace/.swiftpm/xcode
Using response file: /Users/admin/builder/spi-builder-workspace/.derivedData/Build/Intermediates.noindex/XMLKit.build/Debug-watchos/CHTMLParser-t.build/Objects-normal/arm64/7187679823f38a2a940e0043cdf9d637-common-args.resp
builtin-ScanDependencies -o /Users/admin/builder/spi-builder-workspace/.derivedData/Build/Intermediates.noindex/XMLKit.build/Debug-watchos/CHTMLParser-t.build/Objects-normal/arm64/HTMLParserBridge.o.scan -- /Applications/Xcode-27.0.0.app/Contents/Developer/Toolchains/XcodeDefault.xctoolchain/usr/bin/clang -x c -ivfsstatcache /Users/admin/builder/spi-builder-workspace/.derivedData/SDKStatCaches.noindex/watchos27.0-24R360-e829b21a6f8c9b70876ba0858053c044b9db9bc9c079ee3c7b5f3373b13d10bc.sdkstatcache -target arm64-apple-watchos9.0 -fmessage-length\=0 -fdiagnostics-show-note-include-stack -fmacro-backtrace-limit\=0 -fno-color-diagnostics -fmodules-prune-interval\=86400 -fmodules-prune-after\=345600 -fbuild-session-file\=/Users/admin/builder/spi-builder-workspace/.derivedData/ModuleCache.noindex/Session.modulevalidation -fmodules-validate-once-per-build-session -Wnon-modular-include-in-framework-module -Werror\=non-modular-include-in-framework-module -Wno-trigraphs -Wno-missing-field-initializers -Wno-missing-prototypes -Wno-return-type -Wno-missing-braces -Wparentheses -Wswitch -Wno-unused-function -Wno-unused-label -Wno-unused-parameter -Wno-unused-variable -Wunused-value -Wno-empty-body -Wno-uninitialized -Wno-unknown-pragmas -w -Wno-shadow -Wno-four-char-constants -Wno-conversion -Wno-constant-conversion -Wno-int-conversion -Wno-bool-conversion -Wno-enum-conversion -Wno-float-conversion -Wno-non-literal-null-conversion -Wno-objc-literal-conversion -Wshorten-64-to-32 -Wpointer-sign -Wno-newline-eof -Wno-implicit-fallthrough -isysroot /Applications/Xcode-27.0.0.app/Contents/Developer/Platforms/WatchOS.platform/Developer/SDKs/WatchOS27.0.sdk -fstrict-aliasing -Wdeprecated-declarations -Wno-sign-conversion -Wno-infinite-recursion -Wno-comma -Wno-block-capture-autoreleasing -Wno-strict-prototypes -Wno-semicolon-before-method-body -index-store-path /Users/admin/builder/spi-builder-workspace/.derivedData/Index.noindex/DataStore @/Users/admin/builder/spi-builder-workspace/.derivedData/Build/Intermediates.noindex/XMLKit.build/Debug-watchos/CHTMLParser-t.build/Objects-normal/arm64/7187679823f38a2a940e0043cdf9d637-common-args.resp -MMD -MT dependencies -MF /Users/admin/builder/spi-builder-workspace/.derivedData/Build/Intermediates.noindex/XMLKit.build/Debug-watchos/CHTMLParser-t.build/Objects-normal/arm64/HTMLParserBridge.d --serialize-diagnostics /Users/admin/builder/spi-builder-workspace/.derivedData/Build/Intermediates.noindex/XMLKit.build/Debug-watchos/CHTMLParser-t.build/Objects-normal/arm64/HTMLParserBridge.dia -c /Users/admin/builder/spi-builder-workspace/.dependencies/checkouts/XMLKit/Sources/CHTMLParser/HTMLParserBridge.c -o /Users/admin/builder/spi-builder-workspace/.derivedData/Build/Intermediates.noindex/XMLKit.build/Debug-watchos/CHTMLParser-t.build/Objects-normal/arm64/HTMLParserBridge.o -index-unit-output-path /XMLKit.build/Debug-watchos/CHTMLParser-t.build/Objects-normal/arm64/HTMLParserBridge.o
ScanDependencies /Users/admin/builder/spi-builder-workspace/.derivedData/Build/Intermediates.noindex/swift-markdown.build/Debug-watchos/CAtomic-t.build/Objects-normal/arm64_32/CAtomic.o /Users/admin/builder/spi-builder-workspace/.dependencies/checkouts/swift-markdown/Sources/CAtomic/CAtomic.c normal arm64_32 c com.apple.compilers.llvm.clang.1_0.compiler (in target 'CAtomic' from project 'swift-markdown')
cd /Users/admin/builder/spi-builder-workspace/.swiftpm/xcode
Using response file: /Users/admin/builder/spi-builder-workspace/.derivedData/Build/Intermediates.noindex/swift-markdown.build/Debug-watchos/CAtomic-t.build/Objects-normal/arm64_32/7187679823f38a2a940e0043cdf9d637-common-args.resp
builtin-ScanDependencies -o /Users/admin/builder/spi-builder-workspace/.derivedData/Build/Intermediates.noindex/swift-markdown.build/Debug-watchos/CAtomic-t.build/Objects-normal/arm64_32/CAtomic.o.scan -- /Applications/Xcode-27.0.0.app/Contents/Developer/Toolchains/XcodeDefault.xctoolchain/usr/bin/clang -x c -ivfsstatcache /Users/admin/builder/spi-builder-workspace/.derivedData/SDKStatCaches.noindex/watchos27.0-24R360-e829b21a6f8c9b70876ba0858053c044b9db9bc9c079ee3c7b5f3373b13d10bc.sdkstatcache -target arm64_32-apple-watchos9.0 -fmessage-length\=0 -fdiagnostics-show-note-include-stack -fmacro-backtrace-limit\=0 -fno-color-diagnostics -fmodules-prune-interval\=86400 -fmodules-prune-after\=345600 -fbuild-session-file\=/Users/admin/builder/spi-builder-workspace/.derivedData/ModuleCache.noindex/Session.modulevalidation -fmodules-validate-once-per-build-session -Wnon-modular-include-in-framework-module -Werror\=non-modular-include-in-framework-module -Wno-trigraphs -Wno-missing-field-initializers -Wno-missing-prototypes -Wno-return-type -Wno-missing-braces -Wparentheses -Wswitch -Wno-unused-function -Wno-unused-label -Wno-unused-parameter -Wno-unused-variable -Wunused-value -Wno-empty-body -Wno-uninitialized -Wno-unknown-pragmas -w -Wno-shadow -Wno-four-char-constants -Wno-conversion -Wno-constant-conversion -Wno-int-conversion -Wno-bool-conversion -Wno-enum-conversion -Wno-float-conversion -Wno-non-literal-null-conversion -Wno-objc-literal-conversion -Wno-shorten-64-to-32 -Wpointer-sign -Wno-newline-eof -Wno-implicit-fallthrough -isysroot /Applications/Xcode-27.0.0.app/Contents/Developer/Platforms/WatchOS.platform/Developer/SDKs/WatchOS27.0.sdk -fstrict-aliasing -Wdeprecated-declarations -Wno-sign-conversion -Wno-infinite-recursion -Wno-comma -Wno-block-capture-autoreleasing -Wno-strict-prototypes -Wno-semicolon-before-method-body -index-store-path /Users/admin/builder/spi-builder-workspace/.derivedData/Index.noindex/DataStore @/Users/admin/builder/spi-builder-workspace/.derivedData/Build/Intermediates.noindex/swift-markdown.build/Debug-watchos/CAtomic-t.build/Objects-normal/arm64_32/7187679823f38a2a940e0043cdf9d637-common-args.resp -MMD -MT dependencies -MF /Users/admin/builder/spi-builder-workspace/.derivedData/Build/Intermediates.noindex/swift-markdown.build/Debug-watchos/CAtomic-t.build/Objects-normal/arm64_32/CAtomic.d --serialize-diagnostics /Users/admin/builder/spi-builder-workspace/.derivedData/Build/Intermediates.noindex/swift-markdown.build/Debug-watchos/CAtomic-t.build/Objects-normal/arm64_32/CAtomic.dia -c /Users/admin/builder/spi-builder-workspace/.dependencies/checkouts/swift-markdown/Sources/CAtomic/CAtomic.c -o /Users/admin/builder/spi-builder-workspace/.derivedData/Build/Intermediates.noindex/swift-markdown.build/Debug-watchos/CAtomic-t.build/Objects-normal/arm64_32/CAtomic.o -index-unit-output-path /swift-markdown.build/Debug-watchos/CAtomic-t.build/Objects-normal/arm64_32/CAtomic.o
ScanDependencies /Users/admin/builder/spi-builder-workspace/.derivedData/Build/Intermediates.noindex/swift-markdown.build/Debug-watchos/CAtomic-t.build/Objects-normal/arm64/CAtomic.o /Users/admin/builder/spi-builder-workspace/.dependencies/checkouts/swift-markdown/Sources/CAtomic/CAtomic.c normal arm64 c com.apple.compilers.llvm.clang.1_0.compiler (in target 'CAtomic' from project 'swift-markdown')
cd /Users/admin/builder/spi-builder-workspace/.swiftpm/xcode
Using response file: /Users/admin/builder/spi-builder-workspace/.derivedData/Build/Intermediates.noindex/swift-markdown.build/Debug-watchos/CAtomic-t.build/Objects-normal/arm64/7187679823f38a2a940e0043cdf9d637-common-args.resp
builtin-ScanDependencies -o /Users/admin/builder/spi-builder-workspace/.derivedData/Build/Intermediates.noindex/swift-markdown.build/Debug-watchos/CAtomic-t.build/Objects-normal/arm64/CAtomic.o.scan -- /Applications/Xcode-27.0.0.app/Contents/Developer/Toolchains/XcodeDefault.xctoolchain/usr/bin/clang -x c -ivfsstatcache /Users/admin/builder/spi-builder-workspace/.derivedData/SDKStatCaches.noindex/watchos27.0-24R360-e829b21a6f8c9b70876ba0858053c044b9db9bc9c079ee3c7b5f3373b13d10bc.sdkstatcache -target arm64-apple-watchos9.0 -fmessage-length\=0 -fdiagnostics-show-note-include-stack -fmacro-backtrace-limit\=0 -fno-color-diagnostics -fmodules-prune-interval\=86400 -fmodules-prune-after\=345600 -fbuild-session-file\=/Users/admin/builder/spi-builder-workspace/.derivedData/ModuleCache.noindex/Session.modulevalidation -fmodules-validate-once-per-build-session -Wnon-modular-include-in-framework-module -Werror\=non-modular-include-in-framework-module -Wno-trigraphs -Wno-missing-field-initializers -Wno-missing-prototypes -Wno-return-type -Wno-missing-braces -Wparentheses -Wswitch -Wno-unused-function -Wno-unused-label -Wno-unused-parameter -Wno-unused-variable -Wunused-value -Wno-empty-body -Wno-uninitialized -Wno-unknown-pragmas -w -Wno-shadow -Wno-four-char-constants -Wno-conversion -Wno-constant-conversion -Wno-int-conversion -Wno-bool-conversion -Wno-enum-conversion -Wno-float-conversion -Wno-non-literal-null-conversion -Wno-objc-literal-conversion -Wshorten-64-to-32 -Wpointer-sign -Wno-newline-eof -Wno-implicit-fallthrough -isysroot /Applications/Xcode-27.0.0.app/Contents/Developer/Platforms/WatchOS.platform/Developer/SDKs/WatchOS27.0.sdk -fstrict-aliasing -Wdeprecated-declarations -Wno-sign-conversion -Wno-infinite-recursion -Wno-comma -Wno-block-capture-autoreleasing -Wno-strict-prototypes -Wno-semicolon-before-method-body -index-store-path /Users/admin/builder/spi-builder-workspace/.derivedData/Index.noindex/DataStore @/Users/admin/builder/spi-builder-workspace/.derivedData/Build/Intermediates.noindex/swift-markdown.build/Debug-watchos/CAtomic-t.build/Objects-normal/arm64/7187679823f38a2a940e0043cdf9d637-common-args.resp -MMD -MT dependencies -MF /Users/admin/builder/spi-builder-workspace/.derivedData/Build/Intermediates.noindex/swift-markdown.build/Debug-watchos/CAtomic-t.build/Objects-normal/arm64/CAtomic.d --serialize-diagnostics /Users/admin/builder/spi-builder-workspace/.derivedData/Build/Intermediates.noindex/swift-markdown.build/Debug-watchos/CAtomic-t.build/Objects-normal/arm64/CAtomic.dia -c /Users/admin/builder/spi-builder-workspace/.dependencies/checkouts/swift-markdown/Sources/CAtomic/CAtomic.c -o /Users/admin/builder/spi-builder-workspace/.derivedData/Build/Intermediates.noindex/swift-markdown.build/Debug-watchos/CAtomic-t.build/Objects-normal/arm64/CAtomic.o -index-unit-output-path /swift-markdown.build/Debug-watchos/CAtomic-t.build/Objects-normal/arm64/CAtomic.o
ScanDependencies /Users/admin/builder/spi-builder-workspace/.derivedData/Build/Intermediates.noindex/Archive.build/Debug-watchos/CArchive-t.build/Objects-normal/arm64_32/xxhash.o /Users/admin/builder/spi-builder-workspace/.dependencies/checkouts/swift-archive/libarchive/xxhash.c normal arm64_32 c com.apple.compilers.llvm.clang.1_0.compiler (in target 'CArchive' from project 'Archive')
cd /Users/admin/builder/spi-builder-workspace/.swiftpm/xcode
Using response file: /Users/admin/builder/spi-builder-workspace/.derivedData/Build/Intermediates.noindex/Archive.build/Debug-watchos/CArchive-t.build/Objects-normal/arm64_32/7187679823f38a2a940e0043cdf9d637-common-args.resp
builtin-ScanDependencies -o /Users/admin/builder/spi-builder-workspace/.derivedData/Build/Intermediates.noindex/Archive.build/Debug-watchos/CArchive-t.build/Objects-normal/arm64_32/xxhash.o.scan -- /Applications/Xcode-27.0.0.app/Contents/Developer/Toolchains/XcodeDefault.xctoolchain/usr/bin/clang -x c -ivfsstatcache /Users/admin/builder/spi-builder-workspace/.derivedData/SDKStatCaches.noindex/watchos27.0-24R360-e829b21a6f8c9b70876ba0858053c044b9db9bc9c079ee3c7b5f3373b13d10bc.sdkstatcache -target arm64_32-apple-watchos10.0 -fmessage-length\=0 -fdiagnostics-show-note-include-stack -fmacro-backtrace-limit\=0 -fno-color-diagnostics -fmodules-prune-interval\=86400 -fmodules-prune-after\=345600 -fbuild-session-file\=/Users/admin/builder/spi-builder-workspace/.derivedData/ModuleCache.noindex/Session.modulevalidation -fmodules-validate-once-per-build-session -Wnon-modular-include-in-framework-module -Werror\=non-modular-include-in-framework-module -Wno-trigraphs -Wno-missing-field-initializers -Wno-missing-prototypes -Wno-return-type -Wno-missing-braces -Wparentheses -Wswitch -Wno-unused-function -Wno-unused-label -Wno-unused-parameter -Wno-unused-variable -Wunused-value -Wno-empty-body -Wno-uninitialized -Wno-unknown-pragmas -w -Wno-shadow -Wno-four-char-constants -Wno-conversion -Wno-constant-conversion -Wno-int-conversion -Wno-bool-conversion -Wno-enum-conversion -Wno-float-conversion -Wno-non-literal-null-conversion -Wno-objc-literal-conversion -Wno-shorten-64-to-32 -Wpointer-sign -Wno-newline-eof -Wno-implicit-fallthrough -isysroot /Applications/Xcode-27.0.0.app/Contents/Developer/Platforms/WatchOS.platform/Developer/SDKs/WatchOS27.0.sdk -fstrict-aliasing -Wdeprecated-declarations -Wno-sign-conversion -Wno-infinite-recursion -Wno-comma -Wno-block-capture-autoreleasing -Wno-strict-prototypes -Wno-semicolon-before-method-body -index-store-path /Users/admin/builder/spi-builder-workspace/.derivedData/Index.noindex/DataStore @/Users/admin/builder/spi-builder-workspace/.derivedData/Build/Intermediates.noindex/Archive.build/Debug-watchos/CArchive-t.build/Objects-normal/arm64_32/7187679823f38a2a940e0043cdf9d637-common-args.resp -MMD -MT dependencies -MF /Users/admin/builder/spi-builder-workspace/.derivedData/Build/Intermediates.noindex/Archive.build/Debug-watchos/CArchive-t.build/Objects-normal/arm64_32/xxhash.d --serialize-diagnostics /Users/admin/builder/spi-builder-workspace/.derivedData/Build/Intermediates.noindex/Archive.build/Debug-watchos/CArchive-t.build/Objects-normal/arm64_32/xxhash.dia -c /Users/admin/builder/spi-builder-workspace/.dependencies/checkouts/swift-archive/libarchive/xxhash.c -o /Users/admin/builder/spi-builder-workspace/.derivedData/Build/Intermediates.noindex/Archive.build/Debug-watchos/CArchive-t.build/Objects-normal/arm64_32/xxhash.o -index-unit-output-path /Archive.build/Debug-watchos/CArchive-t.build/Objects-normal/arm64_32/xxhash.o
ScanDependencies /Users/admin/builder/spi-builder-workspace/.derivedData/Build/Intermediates.noindex/Archive.build/Debug-watchos/CArchive-t.build/Objects-normal/arm64_32/filter_fork_windows.o /Users/admin/builder/spi-builder-workspace/.dependencies/checkouts/swift-archive/libarchive/filter_fork_windows.c normal arm64_32 c com.apple.compilers.llvm.clang.1_0.compiler (in target 'CArchive' from project 'Archive')
cd /Users/admin/builder/spi-builder-workspace/.swiftpm/xcode
Using response file: /Users/admin/builder/spi-builder-workspace/.derivedData/Build/Intermediates.noindex/Archive.build/Debug-watchos/CArchive-t.build/Objects-normal/arm64_32/7187679823f38a2a940e0043cdf9d637-common-args.resp
builtin-ScanDependencies -o /Users/admin/builder/spi-builder-workspace/.derivedData/Build/Intermediates.noindex/Archive.build/Debug-watchos/CArchive-t.build/Objects-normal/arm64_32/filter_fork_windows.o.scan -- /Applications/Xcode-27.0.0.app/Contents/Developer/Toolchains/XcodeDefault.xctoolchain/usr/bin/clang -x c -ivfsstatcache /Users/admin/builder/spi-builder-workspace/.derivedData/SDKStatCaches.noindex/watchos27.0-24R360-e829b21a6f8c9b70876ba0858053c044b9db9bc9c079ee3c7b5f3373b13d10bc.sdkstatcache -target arm64_32-apple-watchos10.0 -fmessage-length\=0 -fdiagnostics-show-note-include-stack -fmacro-backtrace-limit\=0 -fno-color-diagnostics -fmodules-prune-interval\=86400 -fmodules-prune-after\=345600 -fbuild-session-file\=/Users/admin/builder/spi-builder-workspace/.derivedData/ModuleCache.noindex/Session.modulevalidation -fmodules-validate-once-per-build-session -Wnon-modular-include-in-framework-module -Werror\=non-modular-include-in-framework-module -Wno-trigraphs -Wno-missing-field-initializers -Wno-missing-prototypes -Wno-return-type -Wno-missing-braces -Wparentheses -Wswitch -Wno-unused-function -Wno-unused-label -Wno-unused-parameter -Wno-unused-variable -Wunused-value -Wno-empty-body -Wno-uninitialized -Wno-unknown-pragmas -w -Wno-shadow -Wno-four-char-constants -Wno-conversion -Wno-constant-conversion -Wno-int-conversion -Wno-bool-conversion -Wno-enum-conversion -Wno-float-conversion -Wno-non-literal-null-conversion -Wno-objc-literal-conversion -Wno-shorten-64-to-32 -Wpointer-sign -Wno-newline-eof -Wno-implicit-fallthrough -isysroot /Applications/Xcode-27.0.0.app/Contents/Developer/Platforms/WatchOS.platform/Developer/SDKs/WatchOS27.0.sdk -fstrict-aliasing -Wdeprecated-declarations -Wno-sign-conversion -Wno-infinite-recursion -Wno-comma -Wno-block-capture-autoreleasing -Wno-strict-prototypes -Wno-semicolon-before-method-body -index-store-path /Users/admin/builder/spi-builder-workspace/.derivedData/Index.noindex/DataStore @/Users/admin/builder/spi-builder-workspace/.derivedData/Build/Intermediates.noindex/Archive.build/Debug-watchos/CArchive-t.build/Objects-normal/arm64_32/7187679823f38a2a940e0043cdf9d637-common-args.resp -MMD -MT dependencies -MF /Users/admin/builder/spi-builder-workspace/.derivedData/Build/Intermediates.noindex/Archive.build/Debug-watchos/CArchive-t.build/Objects-normal/arm64_32/filter_fork_windows.d --serialize-diagnostics /Users/admin/builder/spi-builder-workspace/.derivedData/Build/Intermediates.noindex/Archive.build/Debug-watchos/CArchive-t.build/Objects-normal/arm64_32/filter_fork_windows.dia -c /Users/admin/builder/spi-builder-workspace/.dependencies/checkouts/swift-archive/libarchive/filter_fork_windows.c -o /Users/admin/builder/spi-builder-workspace/.derivedData/Build/Intermediates.noindex/Archive.build/Debug-watchos/CArchive-t.build/Objects-normal/arm64_32/filter_fork_windows.o -index-unit-output-path /Archive.build/Debug-watchos/CArchive-t.build/Objects-normal/arm64_32/filter_fork_windows.o
ScanDependencies /Users/admin/builder/spi-builder-workspace/.derivedData/Build/Intermediates.noindex/Archive.build/Debug-watchos/CArchive-t.build/Objects-normal/arm64_32/filter_fork_posix.o /Users/admin/builder/spi-builder-workspace/.dependencies/checkouts/swift-archive/libarchive/filter_fork_posix.c normal arm64_32 c com.apple.compilers.llvm.clang.1_0.compiler (in target 'CArchive' from project 'Archive')
cd /Users/admin/builder/spi-builder-workspace/.swiftpm/xcode
Using response file: /Users/admin/builder/spi-builder-workspace/.derivedData/Build/Intermediates.noindex/Archive.build/Debug-watchos/CArchive-t.build/Objects-normal/arm64_32/7187679823f38a2a940e0043cdf9d637-common-args.resp
builtin-ScanDependencies -o /Users/admin/builder/spi-builder-workspace/.derivedData/Build/Intermediates.noindex/Archive.build/Debug-watchos/CArchive-t.build/Objects-normal/arm64_32/filter_fork_posix.o.scan -- /Applications/Xcode-27.0.0.app/Contents/Developer/Toolchains/XcodeDefault.xctoolchain/usr/bin/clang -x c -ivfsstatcache /Users/admin/builder/spi-builder-workspace/.derivedData/SDKStatCaches.noindex/watchos27.0-24R360-e829b21a6f8c9b70876ba0858053c044b9db9bc9c079ee3c7b5f3373b13d10bc.sdkstatcache -target arm64_32-apple-watchos10.0 -fmessage-length\=0 -fdiagnostics-show-note-include-stack -fmacro-backtrace-limit\=0 -fno-color-diagnostics -fmodules-prune-interval\=86400 -fmodules-prune-after\=345600 -fbuild-session-file\=/Users/admin/builder/spi-builder-workspace/.derivedData/ModuleCache.noindex/Session.modulevalidation -fmodules-validate-once-per-build-session -Wnon-modular-include-in-framework-module -Werror\=non-modular-include-in-framework-module -Wno-trigraphs -Wno-missing-field-initializers -Wno-missing-prototypes -Wno-return-type -Wno-missing-braces -Wparentheses -Wswitch -Wno-unused-function -Wno-unused-label -Wno-unused-parameter -Wno-unused-variable -Wunused-value -Wno-empty-body -Wno-uninitialized -Wno-unknown-pragmas -w -Wno-shadow -Wno-four-char-constants -Wno-conversion -Wno-constant-conversion -Wno-int-conversion -Wno-bool-conversion -Wno-enum-conversion -Wno-float-conversion -Wno-non-literal-null-conversion -Wno-objc-literal-conversion -Wno-shorten-64-to-32 -Wpointer-sign -Wno-newline-eof -Wno-implicit-fallthrough -isysroot /Applications/Xcode-27.0.0.app/Contents/Developer/Platforms/WatchOS.platform/Developer/SDKs/WatchOS27.0.sdk -fstrict-aliasing -Wdeprecated-declarations -Wno-sign-conversion -Wno-infinite-recursion -Wno-comma -Wno-block-capture-autoreleasing -Wno-strict-prototypes -Wno-semicolon-before-method-body -index-store-path /Users/admin/builder/spi-builder-workspace/.derivedData/Index.noindex/DataStore @/Users/admin/builder/spi-builder-workspace/.derivedData/Build/Intermediates.noindex/Archive.build/Debug-watchos/CArchive-t.build/Objects-normal/arm64_32/7187679823f38a2a940e0043cdf9d637-common-args.resp -MMD -MT dependencies -MF /Users/admin/builder/spi-builder-workspace/.derivedData/Build/Intermediates.noindex/Archive.build/Debug-watchos/CArchive-t.build/Objects-normal/arm64_32/filter_fork_posix.d --serialize-diagnostics /Users/admin/builder/spi-builder-workspace/.derivedData/Build/Intermediates.noindex/Archive.build/Debug-watchos/CArchive-t.build/Objects-normal/arm64_32/filter_fork_posix.dia -c /Users/admin/builder/spi-builder-workspace/.dependencies/checkouts/swift-archive/libarchive/filter_fork_posix.c -o /Users/admin/builder/spi-builder-workspace/.derivedData/Build/Intermediates.noindex/Archive.build/Debug-watchos/CArchive-t.build/Objects-normal/arm64_32/filter_fork_posix.o -index-unit-output-path /Archive.build/Debug-watchos/CArchive-t.build/Objects-normal/arm64_32/filter_fork_posix.o
ScanDependencies /Users/admin/builder/spi-builder-workspace/.derivedData/Build/Intermediates.noindex/Archive.build/Debug-watchos/CArchive-t.build/Objects-normal/arm64_32/archive_write_set_passphrase.o /Users/admin/builder/spi-builder-workspace/.dependencies/checkouts/swift-archive/libarchive/archive_write_set_passphrase.c normal arm64_32 c com.apple.compilers.llvm.clang.1_0.compiler (in target 'CArchive' from project 'Archive')
cd /Users/admin/builder/spi-builder-workspace/.swiftpm/xcode
Using response file: /Users/admin/builder/spi-builder-workspace/.derivedData/Build/Intermediates.noindex/Archive.build/Debug-watchos/CArchive-t.build/Objects-normal/arm64_32/7187679823f38a2a940e0043cdf9d637-common-args.resp
builtin-ScanDependencies -o /Users/admin/builder/spi-builder-workspace/.derivedData/Build/Intermediates.noindex/Archive.build/Debug-watchos/CArchive-t.build/Objects-normal/arm64_32/archive_write_set_passphrase.o.scan -- /Applications/Xcode-27.0.0.app/Contents/Developer/Toolchains/XcodeDefault.xctoolchain/usr/bin/clang -x c -ivfsstatcache /Users/admin/builder/spi-builder-workspace/.derivedData/SDKStatCaches.noindex/watchos27.0-24R360-e829b21a6f8c9b70876ba0858053c044b9db9bc9c079ee3c7b5f3373b13d10bc.sdkstatcache -target arm64_32-apple-watchos10.0 -fmessage-length\=0 -fdiagnostics-show-note-include-stack -fmacro-backtrace-limit\=0 -fno-color-diagnostics -fmodules-prune-interval\=86400 -fmodules-prune-after\=345600 -fbuild-session-file\=/Users/admin/builder/spi-builder-workspace/.derivedData/ModuleCache.noindex/Session.modulevalidation -fmodules-validate-once-per-build-session -Wnon-modular-include-in-framework-module -Werror\=non-modular-include-in-framework-module -Wno-trigraphs -Wno-missing-field-initializers -Wno-missing-prototypes -Wno-return-type -Wno-missing-braces -Wparentheses -Wswitch -Wno-unused-function -Wno-unused-label -Wno-unused-parameter -Wno-unused-variable -Wunused-value -Wno-empty-body -Wno-uninitialized -Wno-unknown-pragmas -w -Wno-shadow -Wno-four-char-constants -Wno-conversion -Wno-constant-conversion -Wno-int-conversion -Wno-bool-conversion -Wno-enum-conversion -Wno-float-conversion -Wno-non-literal-null-conversion -Wno-objc-literal-conversion -Wno-shorten-64-to-32 -Wpointer-sign -Wno-newline-eof -Wno-implicit-fallthrough -isysroot /Applications/Xcode-27.0.0.app/Contents/Developer/Platforms/WatchOS.platform/Developer/SDKs/WatchOS27.0.sdk -fstrict-aliasing -Wdeprecated-declarations -Wno-sign-conversion -Wno-infinite-recursion -Wno-comma -Wno-block-capture-autoreleasing -Wno-strict-prototypes -Wno-semicolon-before-method-body -index-store-path /Users/admin/builder/spi-builder-workspace/.derivedData/Index.noindex/DataStore @/Users/admin/builder/spi-builder-workspace/.derivedData/Build/Intermediates.noindex/Archive.build/Debug-watchos/CArchive-t.build/Objects-normal/arm64_32/7187679823f38a2a940e0043cdf9d637-common-args.resp -MMD -MT dependencies -MF /Users/admin/builder/spi-builder-workspace/.derivedData/Build/Intermediates.noindex/Archive.build/Debug-watchos/CArchive-t.build/Objects-normal/arm64_32/archive_write_set_passphrase.d --serialize-diagnostics /Users/admin/builder/spi-builder-workspace/.derivedData/Build/Intermediates.noindex/Archive.build/Debug-watchos/CArchive-t.build/Objects-normal/arm64_32/archive_write_set_passphrase.dia -c /Users/admin/builder/spi-builder-workspace/.dependencies/checkouts/swift-archive/libarchive/archive_write_set_passphrase.c -o /Users/admin/builder/spi-builder-workspace/.derivedData/Build/Intermediates.noindex/Archive.build/Debug-watchos/CArchive-t.build/Objects-normal/arm64_32/archive_write_set_passphrase.o -index-unit-output-path /Archive.build/Debug-watchos/CArchive-t.build/Objects-normal/arm64_32/archive_write_set_passphrase.o
ScanDependencies /Users/admin/builder/spi-builder-workspace/.derivedData/Build/Intermediates.noindex/Archive.build/Debug-watchos/CArchive-t.build/Objects-normal/arm64_32/archive_write_set_options.o /Users/admin/builder/spi-builder-workspace/.dependencies/checkouts/swift-archive/libarchive/archive_write_set_options.c normal arm64_32 c com.apple.compilers.llvm.clang.1_0.compiler (in target 'CArchive' from project 'Archive')
cd /Users/admin/builder/spi-builder-workspace/.swiftpm/xcode
Using response file: /Users/admin/builder/spi-builder-workspace/.derivedData/Build/Intermediates.noindex/Archive.build/Debug-watchos/CArchive-t.build/Objects-normal/arm64_32/7187679823f38a2a940e0043cdf9d637-common-args.resp
builtin-ScanDependencies -o /Users/admin/builder/spi-builder-workspace/.derivedData/Build/Intermediates.noindex/Archive.build/Debug-watchos/CArchive-t.build/Objects-normal/arm64_32/archive_write_set_options.o.scan -- /Applications/Xcode-27.0.0.app/Contents/Developer/Toolchains/XcodeDefault.xctoolchain/usr/bin/clang -x c -ivfsstatcache /Users/admin/builder/spi-builder-workspace/.derivedData/SDKStatCaches.noindex/watchos27.0-24R360-e829b21a6f8c9b70876ba0858053c044b9db9bc9c079ee3c7b5f3373b13d10bc.sdkstatcache -target arm64_32-apple-watchos10.0 -fmessage-length\=0 -fdiagnostics-show-note-include-stack -fmacro-backtrace-limit\=0 -fno-color-diagnostics -fmodules-prune-interval\=86400 -fmodules-prune-after\=345600 -fbuild-session-file\=/Users/admin/builder/spi-builder-workspace/.derivedData/ModuleCache.noindex/Session.modulevalidation -fmodules-validate-once-per-build-session -Wnon-modular-include-in-framework-module -Werror\=non-modular-include-in-framework-module -Wno-trigraphs -Wno-missing-field-initializers -Wno-missing-prototypes -Wno-return-type -Wno-missing-braces -Wparentheses -Wswitch -Wno-unused-function -Wno-unused-label -Wno-unused-parameter -Wno-unused-variable -Wunused-value -Wno-empty-body -Wno-uninitialized -Wno-unknown-pragmas -w -Wno-shadow -Wno-four-char-constants -Wno-conversion -Wno-constant-conversion -Wno-int-conversion -Wno-bool-conversion -Wno-enum-conversion -Wno-float-conversion -Wno-non-literal-null-conversion -Wno-objc-literal-conversion -Wno-shorten-64-to-32 -Wpointer-sign -Wno-newline-eof -Wno-implicit-fallthrough -isysroot /Applications/Xcode-27.0.0.app/Contents/Developer/Platforms/WatchOS.platform/Developer/SDKs/WatchOS27.0.sdk -fstrict-aliasing -Wdeprecated-declarations -Wno-sign-conversion -Wno-infinite-recursion -Wno-comma -Wno-block-capture-autoreleasing -Wno-strict-prototypes -Wno-semicolon-before-method-body -index-store-path /Users/admin/builder/spi-builder-workspace/.derivedData/Index.noindex/DataStore @/Users/admin/builder/spi-builder-workspace/.derivedData/Build/Intermediates.noindex/Archive.build/Debug-watchos/CArchive-t.build/Objects-normal/arm64_32/7187679823f38a2a940e0043cdf9d637-common-args.resp -MMD -MT dependencies -MF /Users/admin/builder/spi-builder-workspace/.derivedData/Build/Intermediates.noindex/Archive.build/Debug-watchos/CArchive-t.build/Objects-normal/arm64_32/archive_write_set_options.d --serialize-diagnostics /Users/admin/builder/spi-builder-workspace/.derivedData/Build/Intermediates.noindex/Archive.build/Debug-watchos/CArchive-t.build/Objects-normal/arm64_32/archive_write_set_options.dia -c /Users/admin/builder/spi-builder-workspace/.dependencies/checkouts/swift-archive/libarchive/archive_write_set_options.c -o /Users/admin/builder/spi-builder-workspace/.derivedData/Build/Intermediates.noindex/Archive.build/Debug-watchos/CArchive-t.build/Objects-normal/arm64_32/archive_write_set_options.o -index-unit-output-path /Archive.build/Debug-watchos/CArchive-t.build/Objects-normal/arm64_32/archive_write_set_options.o
ScanDependencies /Users/admin/builder/spi-builder-workspace/.derivedData/Build/Intermediates.noindex/Archive.build/Debug-watchos/CArchive-t.build/Objects-normal/arm64_32/archive_write_set_format_zip.o /Users/admin/builder/spi-builder-workspace/.dependencies/checkouts/swift-archive/libarchive/archive_write_set_format_zip.c normal arm64_32 c com.apple.compilers.llvm.clang.1_0.compiler (in target 'CArchive' from project 'Archive')
cd /Users/admin/builder/spi-builder-workspace/.swiftpm/xcode
Using response file: /Users/admin/builder/spi-builder-workspace/.derivedData/Build/Intermediates.noindex/Archive.build/Debug-watchos/CArchive-t.build/Objects-normal/arm64_32/7187679823f38a2a940e0043cdf9d637-common-args.resp
builtin-ScanDependencies -o /Users/admin/builder/spi-builder-workspace/.derivedData/Build/Intermediates.noindex/Archive.build/Debug-watchos/CArchive-t.build/Objects-normal/arm64_32/archive_write_set_format_zip.o.scan -- /Applications/Xcode-27.0.0.app/Contents/Developer/Toolchains/XcodeDefault.xctoolchain/usr/bin/clang -x c -ivfsstatcache /Users/admin/builder/spi-builder-workspace/.derivedData/SDKStatCaches.noindex/watchos27.0-24R360-e829b21a6f8c9b70876ba0858053c044b9db9bc9c079ee3c7b5f3373b13d10bc.sdkstatcache -target arm64_32-apple-watchos10.0 -fmessage-length\=0 -fdiagnostics-show-note-include-stack -fmacro-backtrace-limit\=0 -fno-color-diagnostics -fmodules-prune-interval\=86400 -fmodules-prune-after\=345600 -fbuild-session-file\=/Users/admin/builder/spi-builder-workspace/.derivedData/ModuleCache.noindex/Session.modulevalidation -fmodules-validate-once-per-build-session -Wnon-modular-include-in-framework-module -Werror\=non-modular-include-in-framework-module -Wno-trigraphs -Wno-missing-field-initializers -Wno-missing-prototypes -Wno-return-type -Wno-missing-braces -Wparentheses -Wswitch -Wno-unused-function -Wno-unused-label -Wno-unused-parameter -Wno-unused-variable -Wunused-value -Wno-empty-body -Wno-uninitialized -Wno-unknown-pragmas -w -Wno-shadow -Wno-four-char-constants -Wno-conversion -Wno-constant-conversion -Wno-int-conversion -Wno-bool-conversion -Wno-enum-conversion -Wno-float-conversion -Wno-non-literal-null-conversion -Wno-objc-literal-conversion -Wno-shorten-64-to-32 -Wpointer-sign -Wno-newline-eof -Wno-implicit-fallthrough -isysroot /Applications/Xcode-27.0.0.app/Contents/Developer/Platforms/WatchOS.platform/Developer/SDKs/WatchOS27.0.sdk -fstrict-aliasing -Wdeprecated-declarations -Wno-sign-conversion -Wno-infinite-recursion -Wno-comma -Wno-block-capture-autoreleasing -Wno-strict-prototypes -Wno-semicolon-before-method-body -index-store-path /Users/admin/builder/spi-builder-workspace/.derivedData/Index.noindex/DataStore @/Users/admin/builder/spi-builder-workspace/.derivedData/Build/Intermediates.noindex/Archive.build/Debug-watchos/CArchive-t.build/Objects-normal/arm64_32/7187679823f38a2a940e0043cdf9d637-common-args.resp -MMD -MT dependencies -MF /Users/admin/builder/spi-builder-workspace/.derivedData/Build/Intermediates.noindex/Archive.build/Debug-watchos/CArchive-t.build/Objects-normal/arm64_32/archive_write_set_format_zip.d --serialize-diagnostics /Users/admin/builder/spi-builder-workspace/.derivedData/Build/Intermediates.noindex/Archive.build/Debug-watchos/CArchive-t.build/Objects-normal/arm64_32/archive_write_set_format_zip.dia -c /Users/admin/builder/spi-builder-workspace/.dependencies/checkouts/swift-archive/libarchive/archive_write_set_format_zip.c -o /Users/admin/builder/spi-builder-workspace/.derivedData/Build/Intermediates.noindex/Archive.build/Debug-watchos/CArchive-t.build/Objects-normal/arm64_32/archive_write_set_format_zip.o -index-unit-output-path /Archive.build/Debug-watchos/CArchive-t.build/Objects-normal/arm64_32/archive_write_set_format_zip.o
SwiftDriver SwiftTextOpenType normal arm64 com.apple.xcode.tools.swift.compiler (in target 'SwiftTextOpenType' from project 'SwiftText')
cd /Users/admin/builder/spi-builder-workspace/.swiftpm/xcode
builtin-SwiftDriver -- /Applications/Xcode-27.0.0.app/Contents/Developer/Toolchains/XcodeDefault.xctoolchain/usr/bin/swiftc -parse-as-library -module-name SwiftTextOpenType -Onone @/Users/admin/builder/spi-builder-workspace/.derivedData/Build/Intermediates.noindex/SwiftText.build/Debug-watchos/SwiftTextOpenType-t.build/Objects-normal/arm64/SwiftTextOpenType.SwiftFileList -DSWIFT_PACKAGE -DDEBUG -DSWIFT_MODULE_RESOURCE_BUNDLE_UNAVAILABLE -DCLI -DDOCX -DEPUB -DHTML -DOCR -DPAGES -DXcode -plugin-path /Applications/Xcode-27.0.0.app/Contents/Developer/Toolchains/XcodeDefault.xctoolchain/usr/lib/swift/host/plugins/testing -enable-experimental-feature DebugDescriptionMacro -sdk /Applications/Xcode-27.0.0.app/Contents/Developer/Platforms/WatchOS.platform/Developer/SDKs/WatchOS27.0.sdk -target arm64-apple-watchos10.0 -g -module-cache-path /Users/admin/builder/spi-builder-workspace/.derivedData/ModuleCache.noindex -Xfrontend -serialize-debugging-options -profile-coverage-mapping -profile-generate -enable-testing -index-store-path /Users/admin/builder/spi-builder-workspace/.derivedData/Index.noindex/DataStore -Xcc -D_LIBCPP_HARDENING_MODE\=_LIBCPP_HARDENING_MODE_DEBUG -swift-version 6 -I /Users/admin/builder/spi-builder-workspace/.derivedData/Build/Products/Debug-watchos -Isystem /Applications/Xcode-27.0.0.app/Contents/Developer/Platforms/WatchOS.platform/Developer/usr/lib -F /Users/admin/builder/spi-builder-workspace/.derivedData/Build/Products/Debug-watchos -F /Applications/Xcode-27.0.0.app/Contents/Developer/Platforms/WatchOS.platform/Developer/Library/Frameworks -F /Applications/Xcode-27.0.0.app/Contents/Developer/Platforms/WatchOS.platform/Developer/SDKs/WatchOS27.0.sdk/Developer/Library/Frameworks -c -j10 -enable-batch-mode -incremental -Xcc -ivfsstatcache -Xcc /Users/admin/builder/spi-builder-workspace/.derivedData/SDKStatCaches.noindex/watchos27.0-24R360-e829b21a6f8c9b70876ba0858053c044b9db9bc9c079ee3c7b5f3373b13d10bc.sdkstatcache -output-file-map /Users/admin/builder/spi-builder-workspace/.derivedData/Build/Intermediates.noindex/SwiftText.build/Debug-watchos/SwiftTextOpenType-t.build/Objects-normal/arm64/SwiftTextOpenType-OutputFileMap.json -save-temps -no-color-diagnostics -explicit-module-build -module-cache-path /Users/admin/builder/spi-builder-workspace/.derivedData/Build/Intermediates.noindex/SwiftExplicitPrecompiledModules -clang-scanner-module-cache-path /Users/admin/builder/spi-builder-workspace/.derivedData/ModuleCache.noindex -sdk-module-cache-path /Users/admin/builder/spi-builder-workspace/.derivedData/SDKExplicitPrecompiledModules -emit-dependencies -emit-module -emit-module-path /Users/admin/builder/spi-builder-workspace/.derivedData/Build/Intermediates.noindex/SwiftText.build/Debug-watchos/SwiftTextOpenType-t.build/Objects-normal/arm64/SwiftTextOpenType.swiftmodule -serialize-diagnostics -dependency-scan-serialize-diagnostics-path /Users/admin/builder/spi-builder-workspace/.derivedData/Build/Intermediates.noindex/SwiftText.build/Debug-watchos/SwiftTextOpenType-t.build/Objects-normal/arm64/SwiftTextOpenType-dependency-scan.dia -validate-clang-modules-once -clang-build-session-file /Users/admin/builder/spi-builder-workspace/.derivedData/ModuleCache.noindex/Session.modulevalidation -Xcc -fmodules-prune-interval\=86400 -Xcc -fmodules-prune-after\=345600 -package-name spi_builder_workspace -emit-const-values -const-gather-protocols-list /Users/admin/builder/spi-builder-workspace/.derivedData/Build/Intermediates.noindex/SwiftText.build/Debug-watchos/SwiftTextOpenType-t.build/Objects-normal/arm64/SwiftTextOpenType_const_extract_protocols.json -Xcc -I/Users/admin/builder/spi-builder-workspace/.derivedData/Build/Products/Debug-watchos/include -Xcc -I/Users/admin/builder/spi-builder-workspace/.derivedData/Build/Intermediates.noindex/SwiftText.build/Debug-watchos/SwiftTextOpenType-t.build/DerivedSources-normal/arm64 -Xcc -I/Users/admin/builder/spi-builder-workspace/.derivedData/Build/Intermediates.noindex/SwiftText.build/Debug-watchos/SwiftTextOpenType-t.build/DerivedSources/arm64 -Xcc -I/Users/admin/builder/spi-builder-workspace/.derivedData/Build/Intermediates.noindex/SwiftText.build/Debug-watchos/SwiftTextOpenType-t.build/DerivedSources -Xcc -DSWIFT_PACKAGE -Xcc -DDEBUG\=1 -emit-objc-header -emit-objc-header-path /Users/admin/builder/spi-builder-workspace/.derivedData/Build/Intermediates.noindex/SwiftText.build/Debug-watchos/SwiftTextOpenType-t.build/Objects-normal/arm64/SwiftTextOpenType-Swift.h -working-directory /Users/admin/builder/spi-builder-workspace/.swiftpm/xcode -experimental-emit-module-separately -disable-cmo
SwiftDriver SwiftTextOpenType normal arm64_32 com.apple.xcode.tools.swift.compiler (in target 'SwiftTextOpenType' from project 'SwiftText')
cd /Users/admin/builder/spi-builder-workspace/.swiftpm/xcode
builtin-SwiftDriver -- /Applications/Xcode-27.0.0.app/Contents/Developer/Toolchains/XcodeDefault.xctoolchain/usr/bin/swiftc -parse-as-library -module-name SwiftTextOpenType -Onone @/Users/admin/builder/spi-builder-workspace/.derivedData/Build/Intermediates.noindex/SwiftText.build/Debug-watchos/SwiftTextOpenType-t.build/Objects-normal/arm64_32/SwiftTextOpenType.SwiftFileList -DSWIFT_PACKAGE -DDEBUG -DSWIFT_MODULE_RESOURCE_BUNDLE_UNAVAILABLE -DCLI -DDOCX -DEPUB -DHTML -DOCR -DPAGES -DXcode -plugin-path /Applications/Xcode-27.0.0.app/Contents/Developer/Toolchains/XcodeDefault.xctoolchain/usr/lib/swift/host/plugins/testing -enable-experimental-feature DebugDescriptionMacro -sdk /Applications/Xcode-27.0.0.app/Contents/Developer/Platforms/WatchOS.platform/Developer/SDKs/WatchOS27.0.sdk -target arm64_32-apple-watchos10.0 -g -module-cache-path /Users/admin/builder/spi-builder-workspace/.derivedData/ModuleCache.noindex -Xfrontend -serialize-debugging-options -profile-coverage-mapping -profile-generate -enable-testing -index-store-path /Users/admin/builder/spi-builder-workspace/.derivedData/Index.noindex/DataStore -Xcc -D_LIBCPP_HARDENING_MODE\=_LIBCPP_HARDENING_MODE_DEBUG -swift-version 6 -I /Users/admin/builder/spi-builder-workspace/.derivedData/Build/Products/Debug-watchos -Isystem /Applications/Xcode-27.0.0.app/Contents/Developer/Platforms/WatchOS.platform/Developer/usr/lib -F /Users/admin/builder/spi-builder-workspace/.derivedData/Build/Products/Debug-watchos -F /Applications/Xcode-27.0.0.app/Contents/Developer/Platforms/WatchOS.platform/Developer/Library/Frameworks -F /Applications/Xcode-27.0.0.app/Contents/Developer/Platforms/WatchOS.platform/Developer/SDKs/WatchOS27.0.sdk/Developer/Library/Frameworks -c -j10 -enable-batch-mode -incremental -Xcc -ivfsstatcache -Xcc /Users/admin/builder/spi-builder-workspace/.derivedData/SDKStatCaches.noindex/watchos27.0-24R360-e829b21a6f8c9b70876ba0858053c044b9db9bc9c079ee3c7b5f3373b13d10bc.sdkstatcache -output-file-map /Users/admin/builder/spi-builder-workspace/.derivedData/Build/Intermediates.noindex/SwiftText.build/Debug-watchos/SwiftTextOpenType-t.build/Objects-normal/arm64_32/SwiftTextOpenType-OutputFileMap.json -save-temps -no-color-diagnostics -explicit-module-build -module-cache-path /Users/admin/builder/spi-builder-workspace/.derivedData/Build/Intermediates.noindex/SwiftExplicitPrecompiledModules -clang-scanner-module-cache-path /Users/admin/builder/spi-builder-workspace/.derivedData/ModuleCache.noindex -sdk-module-cache-path /Users/admin/builder/spi-builder-workspace/.derivedData/SDKExplicitPrecompiledModules -emit-dependencies -emit-module -emit-module-path /Users/admin/builder/spi-builder-workspace/.derivedData/Build/Intermediates.noindex/SwiftText.build/Debug-watchos/SwiftTextOpenType-t.build/Objects-normal/arm64_32/SwiftTextOpenType.swiftmodule -serialize-diagnostics -dependency-scan-serialize-diagnostics-path /Users/admin/builder/spi-builder-workspace/.derivedData/Build/Intermediates.noindex/SwiftText.build/Debug-watchos/SwiftTextOpenType-t.build/Objects-normal/arm64_32/SwiftTextOpenType-dependency-scan.dia -validate-clang-modules-once -clang-build-session-file /Users/admin/builder/spi-builder-workspace/.derivedData/ModuleCache.noindex/Session.modulevalidation -Xcc -fmodules-prune-interval\=86400 -Xcc -fmodules-prune-after\=345600 -package-name spi_builder_workspace -emit-const-values -const-gather-protocols-list /Users/admin/builder/spi-builder-workspace/.derivedData/Build/Intermediates.noindex/SwiftText.build/Debug-watchos/SwiftTextOpenType-t.build/Objects-normal/arm64_32/SwiftTextOpenType_const_extract_protocols.json -Xcc -I/Users/admin/builder/spi-builder-workspace/.derivedData/Build/Products/Debug-watchos/include -Xcc -I/Users/admin/builder/spi-builder-workspace/.derivedData/Build/Intermediates.noindex/SwiftText.build/Debug-watchos/SwiftTextOpenType-t.build/DerivedSources-normal/arm64_32 -Xcc -I/Users/admin/builder/spi-builder-workspace/.derivedData/Build/Intermediates.noindex/SwiftText.build/Debug-watchos/SwiftTextOpenType-t.build/DerivedSources/arm64_32 -Xcc -I/Users/admin/builder/spi-builder-workspace/.derivedData/Build/Intermediates.noindex/SwiftText.build/Debug-watchos/SwiftTextOpenType-t.build/DerivedSources -Xcc -DSWIFT_PACKAGE -Xcc -DDEBUG\=1 -emit-objc-header -emit-objc-header-path /Users/admin/builder/spi-builder-workspace/.derivedData/Build/Intermediates.noindex/SwiftText.build/Debug-watchos/SwiftTextOpenType-t.build/Objects-normal/arm64_32/SwiftTextOpenType-Swift.h -working-directory /Users/admin/builder/spi-builder-workspace/.swiftpm/xcode -experimental-emit-module-separately -disable-cmo
SwiftDriver SwiftTextCore normal arm64 com.apple.xcode.tools.swift.compiler (in target 'SwiftTextCore' from project 'SwiftText')
cd /Users/admin/builder/spi-builder-workspace/.swiftpm/xcode
builtin-SwiftDriver -- /Applications/Xcode-27.0.0.app/Contents/Developer/Toolchains/XcodeDefault.xctoolchain/usr/bin/swiftc -parse-as-library -module-name SwiftTextCore -Onone @/Users/admin/builder/spi-builder-workspace/.derivedData/Build/Intermediates.noindex/SwiftText.build/Debug-watchos/SwiftTextCore-t.build/Objects-normal/arm64/SwiftTextCore.SwiftFileList -DSWIFT_PACKAGE -DDEBUG -DSWIFT_MODULE_RESOURCE_BUNDLE_UNAVAILABLE -DCLI -DDOCX -DEPUB -DHTML -DOCR -DPAGES -DXcode -plugin-path /Applications/Xcode-27.0.0.app/Contents/Developer/Toolchains/XcodeDefault.xctoolchain/usr/lib/swift/host/plugins/testing -enable-experimental-feature DebugDescriptionMacro -sdk /Applications/Xcode-27.0.0.app/Contents/Developer/Platforms/WatchOS.platform/Developer/SDKs/WatchOS27.0.sdk -target arm64-apple-watchos10.0 -g -module-cache-path /Users/admin/builder/spi-builder-workspace/.derivedData/ModuleCache.noindex -Xfrontend -serialize-debugging-options -profile-coverage-mapping -profile-generate -enable-testing -index-store-path /Users/admin/builder/spi-builder-workspace/.derivedData/Index.noindex/DataStore -Xcc -D_LIBCPP_HARDENING_MODE\=_LIBCPP_HARDENING_MODE_DEBUG -swift-version 6 -I /Users/admin/builder/spi-builder-workspace/.derivedData/Build/Products/Debug-watchos -Isystem /Applications/Xcode-27.0.0.app/Contents/Developer/Platforms/WatchOS.platform/Developer/usr/lib -F /Users/admin/builder/spi-builder-workspace/.derivedData/Build/Products/Debug-watchos -F /Applications/Xcode-27.0.0.app/Contents/Developer/Platforms/WatchOS.platform/Developer/Library/Frameworks -F /Applications/Xcode-27.0.0.app/Contents/Developer/Platforms/WatchOS.platform/Developer/SDKs/WatchOS27.0.sdk/Developer/Library/Frameworks -c -j10 -enable-batch-mode -incremental -Xcc -ivfsstatcache -Xcc /Users/admin/builder/spi-builder-workspace/.derivedData/SDKStatCaches.noindex/watchos27.0-24R360-e829b21a6f8c9b70876ba0858053c044b9db9bc9c079ee3c7b5f3373b13d10bc.sdkstatcache -output-file-map /Users/admin/builder/spi-builder-workspace/.derivedData/Build/Intermediates.noindex/SwiftText.build/Debug-watchos/SwiftTextCore-t.build/Objects-normal/arm64/SwiftTextCore-OutputFileMap.json -save-temps -no-color-diagnostics -explicit-module-build -module-cache-path /Users/admin/builder/spi-builder-workspace/.derivedData/Build/Intermediates.noindex/SwiftExplicitPrecompiledModules -clang-scanner-module-cache-path /Users/admin/builder/spi-builder-workspace/.derivedData/ModuleCache.noindex -sdk-module-cache-path /Users/admin/builder/spi-builder-workspace/.derivedData/SDKExplicitPrecompiledModules -emit-dependencies -emit-module -emit-module-path /Users/admin/builder/spi-builder-workspace/.derivedData/Build/Intermediates.noindex/SwiftText.build/Debug-watchos/SwiftTextCore-t.build/Objects-normal/arm64/SwiftTextCore.swiftmodule -serialize-diagnostics -dependency-scan-serialize-diagnostics-path /Users/admin/builder/spi-builder-workspace/.derivedData/Build/Intermediates.noindex/SwiftText.build/Debug-watchos/SwiftTextCore-t.build/Objects-normal/arm64/SwiftTextCore-dependency-scan.dia -validate-clang-modules-once -clang-build-session-file /Users/admin/builder/spi-builder-workspace/.derivedData/ModuleCache.noindex/Session.modulevalidation -Xcc -fmodules-prune-interval\=86400 -Xcc -fmodules-prune-after\=345600 -package-name spi_builder_workspace -emit-const-values -const-gather-protocols-list /Users/admin/builder/spi-builder-workspace/.derivedData/Build/Intermediates.noindex/SwiftText.build/Debug-watchos/SwiftTextCore-t.build/Objects-normal/arm64/SwiftTextCore_const_extract_protocols.json -Xcc -I/Users/admin/builder/spi-builder-workspace/.derivedData/Build/Products/Debug-watchos/include -Xcc -I/Users/admin/builder/spi-builder-workspace/.derivedData/Build/Intermediates.noindex/SwiftText.build/Debug-watchos/SwiftTextCore-t.build/DerivedSources-normal/arm64 -Xcc -I/Users/admin/builder/spi-builder-workspace/.derivedData/Build/Intermediates.noindex/SwiftText.build/Debug-watchos/SwiftTextCore-t.build/DerivedSources/arm64 -Xcc -I/Users/admin/builder/spi-builder-workspace/.derivedData/Build/Intermediates.noindex/SwiftText.build/Debug-watchos/SwiftTextCore-t.build/DerivedSources -Xcc -DSWIFT_PACKAGE -Xcc -DDEBUG\=1 -emit-objc-header -emit-objc-header-path /Users/admin/builder/spi-builder-workspace/.derivedData/Build/Intermediates.noindex/SwiftText.build/Debug-watchos/SwiftTextCore-t.build/Objects-normal/arm64/SwiftTextCore-Swift.h -working-directory /Users/admin/builder/spi-builder-workspace/.swiftpm/xcode -experimental-emit-module-separately -disable-cmo
SwiftDriver SwiftTextCore normal arm64_32 com.apple.xcode.tools.swift.compiler (in target 'SwiftTextCore' from project 'SwiftText')
cd /Users/admin/builder/spi-builder-workspace/.swiftpm/xcode
builtin-SwiftDriver -- /Applications/Xcode-27.0.0.app/Contents/Developer/Toolchains/XcodeDefault.xctoolchain/usr/bin/swiftc -parse-as-library -module-name SwiftTextCore -Onone @/Users/admin/builder/spi-builder-workspace/.derivedData/Build/Intermediates.noindex/SwiftText.build/Debug-watchos/SwiftTextCore-t.build/Objects-normal/arm64_32/SwiftTextCore.SwiftFileList -DSWIFT_PACKAGE -DDEBUG -DSWIFT_MODULE_RESOURCE_BUNDLE_UNAVAILABLE -DCLI -DDOCX -DEPUB -DHTML -DOCR -DPAGES -DXcode -plugin-path /Applications/Xcode-27.0.0.app/Contents/Developer/Toolchains/XcodeDefault.xctoolchain/usr/lib/swift/host/plugins/testing -enable-experimental-feature DebugDescriptionMacro -sdk /Applications/Xcode-27.0.0.app/Contents/Developer/Platforms/WatchOS.platform/Developer/SDKs/WatchOS27.0.sdk -target arm64_32-apple-watchos10.0 -g -module-cache-path /Users/admin/builder/spi-builder-workspace/.derivedData/ModuleCache.noindex -Xfrontend -serialize-debugging-options -profile-coverage-mapping -profile-generate -enable-testing -index-store-path /Users/admin/builder/spi-builder-workspace/.derivedData/Index.noindex/DataStore -Xcc -D_LIBCPP_HARDENING_MODE\=_LIBCPP_HARDENING_MODE_DEBUG -swift-version 6 -I /Users/admin/builder/spi-builder-workspace/.derivedData/Build/Products/Debug-watchos -Isystem /Applications/Xcode-27.0.0.app/Contents/Developer/Platforms/WatchOS.platform/Developer/usr/lib -F /Users/admin/builder/spi-builder-workspace/.derivedData/Build/Products/Debug-watchos -F /Applications/Xcode-27.0.0.app/Contents/Developer/Platforms/WatchOS.platform/Developer/Library/Frameworks -F /Applications/Xcode-27.0.0.app/Contents/Developer/Platforms/WatchOS.platform/Developer/SDKs/WatchOS27.0.sdk/Developer/Library/Frameworks -c -j10 -enable-batch-mode -incremental -Xcc -ivfsstatcache -Xcc /Users/admin/builder/spi-builder-workspace/.derivedData/SDKStatCaches.noindex/watchos27.0-24R360-e829b21a6f8c9b70876ba0858053c044b9db9bc9c079ee3c7b5f3373b13d10bc.sdkstatcache -output-file-map /Users/admin/builder/spi-builder-workspace/.derivedData/Build/Intermediates.noindex/SwiftText.build/Debug-watchos/SwiftTextCore-t.build/Objects-normal/arm64_32/SwiftTextCore-OutputFileMap.json -save-temps -no-color-diagnostics -explicit-module-build -module-cache-path /Users/admin/builder/spi-builder-workspace/.derivedData/Build/Intermediates.noindex/SwiftExplicitPrecompiledModules -clang-scanner-module-cache-path /Users/admin/builder/spi-builder-workspace/.derivedData/ModuleCache.noindex -sdk-module-cache-path /Users/admin/builder/spi-builder-workspace/.derivedData/SDKExplicitPrecompiledModules -emit-dependencies -emit-module -emit-module-path /Users/admin/builder/spi-builder-workspace/.derivedData/Build/Intermediates.noindex/SwiftText.build/Debug-watchos/SwiftTextCore-t.build/Objects-normal/arm64_32/SwiftTextCore.swiftmodule -serialize-diagnostics -dependency-scan-serialize-diagnostics-path /Users/admin/builder/spi-builder-workspace/.derivedData/Build/Intermediates.noindex/SwiftText.build/Debug-watchos/SwiftTextCore-t.build/Objects-normal/arm64_32/SwiftTextCore-dependency-scan.dia -validate-clang-modules-once -clang-build-session-file /Users/admin/builder/spi-builder-workspace/.derivedData/ModuleCache.noindex/Session.modulevalidation -Xcc -fmodules-prune-interval\=86400 -Xcc -fmodules-prune-after\=345600 -package-name spi_builder_workspace -emit-const-values -const-gather-protocols-list /Users/admin/builder/spi-builder-workspace/.derivedData/Build/Intermediates.noindex/SwiftText.build/Debug-watchos/SwiftTextCore-t.build/Objects-normal/arm64_32/SwiftTextCore_const_extract_protocols.json -Xcc -I/Users/admin/builder/spi-builder-workspace/.derivedData/Build/Products/Debug-watchos/include -Xcc -I/Users/admin/builder/spi-builder-workspace/.derivedData/Build/Intermediates.noindex/SwiftText.build/Debug-watchos/SwiftTextCore-t.build/DerivedSources-normal/arm64_32 -Xcc -I/Users/admin/builder/spi-builder-workspace/.derivedData/Build/Intermediates.noindex/SwiftText.build/Debug-watchos/SwiftTextCore-t.build/DerivedSources/arm64_32 -Xcc -I/Users/admin/builder/spi-builder-workspace/.derivedData/Build/Intermediates.noindex/SwiftText.build/Debug-watchos/SwiftTextCore-t.build/DerivedSources -Xcc -DSWIFT_PACKAGE -Xcc -DDEBUG\=1 -emit-objc-header -emit-objc-header-path /Users/admin/builder/spi-builder-workspace/.derivedData/Build/Intermediates.noindex/SwiftText.build/Debug-watchos/SwiftTextCore-t.build/Objects-normal/arm64_32/SwiftTextCore-Swift.h -working-directory /Users/admin/builder/spi-builder-workspace/.swiftpm/xcode -experimental-emit-module-separately -disable-cmo
SwiftDriver SwiftTextCSS normal arm64_32 com.apple.xcode.tools.swift.compiler (in target 'SwiftTextCSS' from project 'SwiftText')
cd /Users/admin/builder/spi-builder-workspace/.swiftpm/xcode
builtin-SwiftDriver -- /Applications/Xcode-27.0.0.app/Contents/Developer/Toolchains/XcodeDefault.xctoolchain/usr/bin/swiftc -parse-as-library -module-name SwiftTextCSS -Onone @/Users/admin/builder/spi-builder-workspace/.derivedData/Build/Intermediates.noindex/SwiftText.build/Debug-watchos/SwiftTextCSS-t.build/Objects-normal/arm64_32/SwiftTextCSS.SwiftFileList -DSWIFT_PACKAGE -DDEBUG -DSWIFT_MODULE_RESOURCE_BUNDLE_UNAVAILABLE -DCLI -DDOCX -DEPUB -DHTML -DOCR -DPAGES -DXcode -plugin-path /Applications/Xcode-27.0.0.app/Contents/Developer/Toolchains/XcodeDefault.xctoolchain/usr/lib/swift/host/plugins/testing -enable-experimental-feature DebugDescriptionMacro -sdk /Applications/Xcode-27.0.0.app/Contents/Developer/Platforms/WatchOS.platform/Developer/SDKs/WatchOS27.0.sdk -target arm64_32-apple-watchos10.0 -g -module-cache-path /Users/admin/builder/spi-builder-workspace/.derivedData/ModuleCache.noindex -Xfrontend -serialize-debugging-options -profile-coverage-mapping -profile-generate -enable-testing -index-store-path /Users/admin/builder/spi-builder-workspace/.derivedData/Index.noindex/DataStore -Xcc -D_LIBCPP_HARDENING_MODE\=_LIBCPP_HARDENING_MODE_DEBUG -swift-version 6 -I /Users/admin/builder/spi-builder-workspace/.derivedData/Build/Products/Debug-watchos -Isystem /Applications/Xcode-27.0.0.app/Contents/Developer/Platforms/WatchOS.platform/Developer/usr/lib -F /Users/admin/builder/spi-builder-workspace/.derivedData/Build/Products/Debug-watchos -F /Applications/Xcode-27.0.0.app/Contents/Developer/Platforms/WatchOS.platform/Developer/Library/Frameworks -F /Applications/Xcode-27.0.0.app/Contents/Developer/Platforms/WatchOS.platform/Developer/SDKs/WatchOS27.0.sdk/Developer/Library/Frameworks -c -j10 -enable-batch-mode -incremental -Xcc -ivfsstatcache -Xcc /Users/admin/builder/spi-builder-workspace/.derivedData/SDKStatCaches.noindex/watchos27.0-24R360-e829b21a6f8c9b70876ba0858053c044b9db9bc9c079ee3c7b5f3373b13d10bc.sdkstatcache -output-file-map /Users/admin/builder/spi-builder-workspace/.derivedData/Build/Intermediates.noindex/SwiftText.build/Debug-watchos/SwiftTextCSS-t.build/Objects-normal/arm64_32/SwiftTextCSS-OutputFileMap.json -save-temps -no-color-diagnostics -explicit-module-build -module-cache-path /Users/admin/builder/spi-builder-workspace/.derivedData/Build/Intermediates.noindex/SwiftExplicitPrecompiledModules -clang-scanner-module-cache-path /Users/admin/builder/spi-builder-workspace/.derivedData/ModuleCache.noindex -sdk-module-cache-path /Users/admin/builder/spi-builder-workspace/.derivedData/SDKExplicitPrecompiledModules -emit-dependencies -emit-module -emit-module-path /Users/admin/builder/spi-builder-workspace/.derivedData/Build/Intermediates.noindex/SwiftText.build/Debug-watchos/SwiftTextCSS-t.build/Objects-normal/arm64_32/SwiftTextCSS.swiftmodule -serialize-diagnostics -dependency-scan-serialize-diagnostics-path /Users/admin/builder/spi-builder-workspace/.derivedData/Build/Intermediates.noindex/SwiftText.build/Debug-watchos/SwiftTextCSS-t.build/Objects-normal/arm64_32/SwiftTextCSS-dependency-scan.dia -validate-clang-modules-once -clang-build-session-file /Users/admin/builder/spi-builder-workspace/.derivedData/ModuleCache.noindex/Session.modulevalidation -Xcc -fmodules-prune-interval\=86400 -Xcc -fmodules-prune-after\=345600 -package-name spi_builder_workspace -emit-const-values -const-gather-protocols-list /Users/admin/builder/spi-builder-workspace/.derivedData/Build/Intermediates.noindex/SwiftText.build/Debug-watchos/SwiftTextCSS-t.build/Objects-normal/arm64_32/SwiftTextCSS_const_extract_protocols.json -Xcc -I/Users/admin/builder/spi-builder-workspace/.derivedData/Build/Products/Debug-watchos/include -Xcc -I/Users/admin/builder/spi-builder-workspace/.derivedData/Build/Intermediates.noindex/SwiftText.build/Debug-watchos/SwiftTextCSS-t.build/DerivedSources-normal/arm64_32 -Xcc -I/Users/admin/builder/spi-builder-workspace/.derivedData/Build/Intermediates.noindex/SwiftText.build/Debug-watchos/SwiftTextCSS-t.build/DerivedSources/arm64_32 -Xcc -I/Users/admin/builder/spi-builder-workspace/.derivedData/Build/Intermediates.noindex/SwiftText.build/Debug-watchos/SwiftTextCSS-t.build/DerivedSources -Xcc -DSWIFT_PACKAGE -Xcc -DDEBUG\=1 -emit-objc-header -emit-objc-header-path /Users/admin/builder/spi-builder-workspace/.derivedData/Build/Intermediates.noindex/SwiftText.build/Debug-watchos/SwiftTextCSS-t.build/Objects-normal/arm64_32/SwiftTextCSS-Swift.h -working-directory /Users/admin/builder/spi-builder-workspace/.swiftpm/xcode -experimental-emit-module-separately -disable-cmo
SwiftDriver SwiftTextCSS normal arm64 com.apple.xcode.tools.swift.compiler (in target 'SwiftTextCSS' from project 'SwiftText')
cd /Users/admin/builder/spi-builder-workspace/.swiftpm/xcode
builtin-SwiftDriver -- /Applications/Xcode-27.0.0.app/Contents/Developer/Toolchains/XcodeDefault.xctoolchain/usr/bin/swiftc -parse-as-library -module-name SwiftTextCSS -Onone @/Users/admin/builder/spi-builder-workspace/.derivedData/Build/Intermediates.noindex/SwiftText.build/Debug-watchos/SwiftTextCSS-t.build/Objects-normal/arm64/SwiftTextCSS.SwiftFileList -DSWIFT_PACKAGE -DDEBUG -DSWIFT_MODULE_RESOURCE_BUNDLE_UNAVAILABLE -DCLI -DDOCX -DEPUB -DHTML -DOCR -DPAGES -DXcode -plugin-path /Applications/Xcode-27.0.0.app/Contents/Developer/Toolchains/XcodeDefault.xctoolchain/usr/lib/swift/host/plugins/testing -enable-experimental-feature DebugDescriptionMacro -sdk /Applications/Xcode-27.0.0.app/Contents/Developer/Platforms/WatchOS.platform/Developer/SDKs/WatchOS27.0.sdk -target arm64-apple-watchos10.0 -g -module-cache-path /Users/admin/builder/spi-builder-workspace/.derivedData/ModuleCache.noindex -Xfrontend -serialize-debugging-options -profile-coverage-mapping -profile-generate -enable-testing -index-store-path /Users/admin/builder/spi-builder-workspace/.derivedData/Index.noindex/DataStore -Xcc -D_LIBCPP_HARDENING_MODE\=_LIBCPP_HARDENING_MODE_DEBUG -swift-version 6 -I /Users/admin/builder/spi-builder-workspace/.derivedData/Build/Products/Debug-watchos -Isystem /Applications/Xcode-27.0.0.app/Contents/Developer/Platforms/WatchOS.platform/Developer/usr/lib -F /Users/admin/builder/spi-builder-workspace/.derivedData/Build/Products/Debug-watchos -F /Applications/Xcode-27.0.0.app/Contents/Developer/Platforms/WatchOS.platform/Developer/Library/Frameworks -F /Applications/Xcode-27.0.0.app/Contents/Developer/Platforms/WatchOS.platform/Developer/SDKs/WatchOS27.0.sdk/Developer/Library/Frameworks -c -j10 -enable-batch-mode -incremental -Xcc -ivfsstatcache -Xcc /Users/admin/builder/spi-builder-workspace/.derivedData/SDKStatCaches.noindex/watchos27.0-24R360-e829b21a6f8c9b70876ba0858053c044b9db9bc9c079ee3c7b5f3373b13d10bc.sdkstatcache -output-file-map /Users/admin/builder/spi-builder-workspace/.derivedData/Build/Intermediates.noindex/SwiftText.build/Debug-watchos/SwiftTextCSS-t.build/Objects-normal/arm64/SwiftTextCSS-OutputFileMap.json -save-temps -no-color-diagnostics -explicit-module-build -module-cache-path /Users/admin/builder/spi-builder-workspace/.derivedData/Build/Intermediates.noindex/SwiftExplicitPrecompiledModules -clang-scanner-module-cache-path /Users/admin/builder/spi-builder-workspace/.derivedData/ModuleCache.noindex -sdk-module-cache-path /Users/admin/builder/spi-builder-workspace/.derivedData/SDKExplicitPrecompiledModules -emit-dependencies -emit-module -emit-module-path /Users/admin/builder/spi-builder-workspace/.derivedData/Build/Intermediates.noindex/SwiftText.build/Debug-watchos/SwiftTextCSS-t.build/Objects-normal/arm64/SwiftTextCSS.swiftmodule -serialize-diagnostics -dependency-scan-serialize-diagnostics-path /Users/admin/builder/spi-builder-workspace/.derivedData/Build/Intermediates.noindex/SwiftText.build/Debug-watchos/SwiftTextCSS-t.build/Objects-normal/arm64/SwiftTextCSS-dependency-scan.dia -validate-clang-modules-once -clang-build-session-file /Users/admin/builder/spi-builder-workspace/.derivedData/ModuleCache.noindex/Session.modulevalidation -Xcc -fmodules-prune-interval\=86400 -Xcc -fmodules-prune-after\=345600 -package-name spi_builder_workspace -emit-const-values -const-gather-protocols-list /Users/admin/builder/spi-builder-workspace/.derivedData/Build/Intermediates.noindex/SwiftText.build/Debug-watchos/SwiftTextCSS-t.build/Objects-normal/arm64/SwiftTextCSS_const_extract_protocols.json -Xcc -I/Users/admin/builder/spi-builder-workspace/.derivedData/Build/Products/Debug-watchos/include -Xcc -I/Users/admin/builder/spi-builder-workspace/.derivedData/Build/Intermediates.noindex/SwiftText.build/Debug-watchos/SwiftTextCSS-t.build/DerivedSources-normal/arm64 -Xcc -I/Users/admin/builder/spi-builder-workspace/.derivedData/Build/Intermediates.noindex/SwiftText.build/Debug-watchos/SwiftTextCSS-t.build/DerivedSources/arm64 -Xcc -I/Users/admin/builder/spi-builder-workspace/.derivedData/Build/Intermediates.noindex/SwiftText.build/Debug-watchos/SwiftTextCSS-t.build/DerivedSources -Xcc -DSWIFT_PACKAGE -Xcc -DDEBUG\=1 -emit-objc-header -emit-objc-header-path /Users/admin/builder/spi-builder-workspace/.derivedData/Build/Intermediates.noindex/SwiftText.build/Debug-watchos/SwiftTextCSS-t.build/Objects-normal/arm64/SwiftTextCSS-Swift.h -working-directory /Users/admin/builder/spi-builder-workspace/.swiftpm/xcode -experimental-emit-module-separately -disable-cmo
SwiftDriver Markdown normal arm64 com.apple.xcode.tools.swift.compiler (in target 'Markdown' from project 'swift-markdown')
cd /Users/admin/builder/spi-builder-workspace/.swiftpm/xcode
builtin-SwiftDriver -- /Applications/Xcode-27.0.0.app/Contents/Developer/Toolchains/XcodeDefault.xctoolchain/usr/bin/swiftc -parse-as-library -module-name Markdown -Onone @/Users/admin/builder/spi-builder-workspace/.derivedData/Build/Intermediates.noindex/swift-markdown.build/Debug-watchos/Markdown-t.build/Objects-normal/arm64/Markdown.SwiftFileList -DSWIFT_PACKAGE -DDEBUG -DSWIFT_MODULE_RESOURCE_BUNDLE_UNAVAILABLE -Xcc -fmodule-map-file\=/Users/admin/builder/spi-builder-workspace/.dependencies/checkouts/swift-cmark/src/include/module.modulemap -Xcc -fmodule-map-file\=/Users/admin/builder/spi-builder-workspace/.dependencies/checkouts/swift-cmark/extensions/include/module.modulemap -Xcc -fmodule-map-file\=/Users/admin/builder/spi-builder-workspace/.dependencies/checkouts/swift-markdown/Sources/CAtomic/include/module.modulemap -DXcode -plugin-path /Applications/Xcode-27.0.0.app/Contents/Developer/Toolchains/XcodeDefault.xctoolchain/usr/lib/swift/host/plugins/testing -enable-experimental-feature DebugDescriptionMacro -sdk /Applications/Xcode-27.0.0.app/Contents/Developer/Platforms/WatchOS.platform/Developer/SDKs/WatchOS27.0.sdk -target arm64-apple-watchos9.0 -g -module-cache-path /Users/admin/builder/spi-builder-workspace/.derivedData/ModuleCache.noindex -Xfrontend -serialize-debugging-options -profile-coverage-mapping -profile-generate -enable-testing -suppress-warnings -index-store-path /Users/admin/builder/spi-builder-workspace/.derivedData/Index.noindex/DataStore -Xcc -D_LIBCPP_HARDENING_MODE\=_LIBCPP_HARDENING_MODE_DEBUG -swift-version 5 -I /Users/admin/builder/spi-builder-workspace/.derivedData/Build/Products/Debug-watchos -Isystem /Applications/Xcode-27.0.0.app/Contents/Developer/Platforms/WatchOS.platform/Developer/usr/lib -F /Users/admin/builder/spi-builder-workspace/.derivedData/Build/Products/Debug-watchos/PackageFrameworks -F /Users/admin/builder/spi-builder-workspace/.derivedData/Build/Products/Debug-watchos -F /Applications/Xcode-27.0.0.app/Contents/Developer/Platforms/WatchOS.platform/Developer/Library/Frameworks -F /Applications/Xcode-27.0.0.app/Contents/Developer/Platforms/WatchOS.platform/Developer/SDKs/WatchOS27.0.sdk/Developer/Library/Frameworks -c -j10 -enable-batch-mode -incremental -Xcc -ivfsstatcache -Xcc /Users/admin/builder/spi-builder-workspace/.derivedData/SDKStatCaches.noindex/watchos27.0-24R360-e829b21a6f8c9b70876ba0858053c044b9db9bc9c079ee3c7b5f3373b13d10bc.sdkstatcache -output-file-map /Users/admin/builder/spi-builder-workspace/.derivedData/Build/Intermediates.noindex/swift-markdown.build/Debug-watchos/Markdown-t.build/Objects-normal/arm64/Markdown-OutputFileMap.json -save-temps -no-color-diagnostics -explicit-module-build -module-cache-path /Users/admin/builder/spi-builder-workspace/.derivedData/Build/Intermediates.noindex/SwiftExplicitPrecompiledModules -clang-scanner-module-cache-path /Users/admin/builder/spi-builder-workspace/.derivedData/ModuleCache.noindex -sdk-module-cache-path /Users/admin/builder/spi-builder-workspace/.derivedData/SDKExplicitPrecompiledModules -emit-dependencies -emit-module -emit-module-path /Users/admin/builder/spi-builder-workspace/.derivedData/Build/Intermediates.noindex/swift-markdown.build/Debug-watchos/Markdown-t.build/Objects-normal/arm64/Markdown.swiftmodule -serialize-diagnostics -dependency-scan-serialize-diagnostics-path /Users/admin/builder/spi-builder-workspace/.derivedData/Build/Intermediates.noindex/swift-markdown.build/Debug-watchos/Markdown-t.build/Objects-normal/arm64/Markdown-dependency-scan.dia -user-module-version 0.9.0 -validate-clang-modules-once -clang-build-session-file /Users/admin/builder/spi-builder-workspace/.derivedData/ModuleCache.noindex/Session.modulevalidation -Xcc -fmodules-prune-interval\=86400 -Xcc -fmodules-prune-after\=345600 -package-name swift_markdown -emit-const-values -const-gather-protocols-list /Users/admin/builder/spi-builder-workspace/.derivedData/Build/Intermediates.noindex/swift-markdown.build/Debug-watchos/Markdown-t.build/Objects-normal/arm64/Markdown_const_extract_protocols.json -Xcc -I/Users/admin/builder/spi-builder-workspace/.dependencies/checkouts/swift-cmark/src/include -Xcc -I/Users/admin/builder/spi-builder-workspace/.dependencies/checkouts/swift-cmark/extensions/include -Xcc -I/Users/admin/builder/spi-builder-workspace/.dependencies/checkouts/swift-markdown/Sources/CAtomic/include -Xcc -I/Users/admin/builder/spi-builder-workspace/.derivedData/Build/Products/Debug-watchos/include -Xcc -I/Users/admin/builder/spi-builder-workspace/.derivedData/Build/Intermediates.noindex/swift-markdown.build/Debug-watchos/Markdown-t.build/DerivedSources-normal/arm64 -Xcc -I/Users/admin/builder/spi-builder-workspace/.derivedData/Build/Intermediates.noindex/swift-markdown.build/Debug-watchos/Markdown-t.build/DerivedSources/arm64 -Xcc -I/Users/admin/builder/spi-builder-workspace/.derivedData/Build/Intermediates.noindex/swift-markdown.build/Debug-watchos/Markdown-t.build/DerivedSources -Xcc -DSWIFT_PACKAGE -Xcc -DDEBUG\=1 -emit-objc-header -emit-objc-header-path /Users/admin/builder/spi-builder-workspace/.derivedData/Build/Intermediates.noindex/swift-markdown.build/Debug-watchos/Markdown-t.build/Objects-normal/arm64/Markdown-Swift.h -working-directory /Users/admin/builder/spi-builder-workspace/.swiftpm/xcode -experimental-emit-module-separately -disable-cmo
SwiftDriver Markdown normal arm64_32 com.apple.xcode.tools.swift.compiler (in target 'Markdown' from project 'swift-markdown')
cd /Users/admin/builder/spi-builder-workspace/.swiftpm/xcode
builtin-SwiftDriver -- /Applications/Xcode-27.0.0.app/Contents/Developer/Toolchains/XcodeDefault.xctoolchain/usr/bin/swiftc -parse-as-library -module-name Markdown -Onone @/Users/admin/builder/spi-builder-workspace/.derivedData/Build/Intermediates.noindex/swift-markdown.build/Debug-watchos/Markdown-t.build/Objects-normal/arm64_32/Markdown.SwiftFileList -DSWIFT_PACKAGE -DDEBUG -DSWIFT_MODULE_RESOURCE_BUNDLE_UNAVAILABLE -Xcc -fmodule-map-file\=/Users/admin/builder/spi-builder-workspace/.dependencies/checkouts/swift-cmark/src/include/module.modulemap -Xcc -fmodule-map-file\=/Users/admin/builder/spi-builder-workspace/.dependencies/checkouts/swift-cmark/extensions/include/module.modulemap -Xcc -fmodule-map-file\=/Users/admin/builder/spi-builder-workspace/.dependencies/checkouts/swift-markdown/Sources/CAtomic/include/module.modulemap -DXcode -plugin-path /Applications/Xcode-27.0.0.app/Contents/Developer/Toolchains/XcodeDefault.xctoolchain/usr/lib/swift/host/plugins/testing -enable-experimental-feature DebugDescriptionMacro -sdk /Applications/Xcode-27.0.0.app/Contents/Developer/Platforms/WatchOS.platform/Developer/SDKs/WatchOS27.0.sdk -target arm64_32-apple-watchos9.0 -g -module-cache-path /Users/admin/builder/spi-builder-workspace/.derivedData/ModuleCache.noindex -Xfrontend -serialize-debugging-options -profile-coverage-mapping -profile-generate -enable-testing -suppress-warnings -index-store-path /Users/admin/builder/spi-builder-workspace/.derivedData/Index.noindex/DataStore -Xcc -D_LIBCPP_HARDENING_MODE\=_LIBCPP_HARDENING_MODE_DEBUG -swift-version 5 -I /Users/admin/builder/spi-builder-workspace/.derivedData/Build/Products/Debug-watchos -Isystem /Applications/Xcode-27.0.0.app/Contents/Developer/Platforms/WatchOS.platform/Developer/usr/lib -F /Users/admin/builder/spi-builder-workspace/.derivedData/Build/Products/Debug-watchos/PackageFrameworks -F /Users/admin/builder/spi-builder-workspace/.derivedData/Build/Products/Debug-watchos -F /Applications/Xcode-27.0.0.app/Contents/Developer/Platforms/WatchOS.platform/Developer/Library/Frameworks -F /Applications/Xcode-27.0.0.app/Contents/Developer/Platforms/WatchOS.platform/Developer/SDKs/WatchOS27.0.sdk/Developer/Library/Frameworks -c -j10 -enable-batch-mode -incremental -Xcc -ivfsstatcache -Xcc /Users/admin/builder/spi-builder-workspace/.derivedData/SDKStatCaches.noindex/watchos27.0-24R360-e829b21a6f8c9b70876ba0858053c044b9db9bc9c079ee3c7b5f3373b13d10bc.sdkstatcache -output-file-map /Users/admin/builder/spi-builder-workspace/.derivedData/Build/Intermediates.noindex/swift-markdown.build/Debug-watchos/Markdown-t.build/Objects-normal/arm64_32/Markdown-OutputFileMap.json -save-temps -no-color-diagnostics -explicit-module-build -module-cache-path /Users/admin/builder/spi-builder-workspace/.derivedData/Build/Intermediates.noindex/SwiftExplicitPrecompiledModules -clang-scanner-module-cache-path /Users/admin/builder/spi-builder-workspace/.derivedData/ModuleCache.noindex -sdk-module-cache-path /Users/admin/builder/spi-builder-workspace/.derivedData/SDKExplicitPrecompiledModules -emit-dependencies -emit-module -emit-module-path /Users/admin/builder/spi-builder-workspace/.derivedData/Build/Intermediates.noindex/swift-markdown.build/Debug-watchos/Markdown-t.build/Objects-normal/arm64_32/Markdown.swiftmodule -serialize-diagnostics -dependency-scan-serialize-diagnostics-path /Users/admin/builder/spi-builder-workspace/.derivedData/Build/Intermediates.noindex/swift-markdown.build/Debug-watchos/Markdown-t.build/Objects-normal/arm64_32/Markdown-dependency-scan.dia -user-module-version 0.9.0 -validate-clang-modules-once -clang-build-session-file /Users/admin/builder/spi-builder-workspace/.derivedData/ModuleCache.noindex/Session.modulevalidation -Xcc -fmodules-prune-interval\=86400 -Xcc -fmodules-prune-after\=345600 -package-name swift_markdown -emit-const-values -const-gather-protocols-list /Users/admin/builder/spi-builder-workspace/.derivedData/Build/Intermediates.noindex/swift-markdown.build/Debug-watchos/Markdown-t.build/Objects-normal/arm64_32/Markdown_const_extract_protocols.json -Xcc -I/Users/admin/builder/spi-builder-workspace/.dependencies/checkouts/swift-cmark/src/include -Xcc -I/Users/admin/builder/spi-builder-workspace/.dependencies/checkouts/swift-cmark/extensions/include -Xcc -I/Users/admin/builder/spi-builder-workspace/.dependencies/checkouts/swift-markdown/Sources/CAtomic/include -Xcc -I/Users/admin/builder/spi-builder-workspace/.derivedData/Build/Products/Debug-watchos/include -Xcc -I/Users/admin/builder/spi-builder-workspace/.derivedData/Build/Intermediates.noindex/swift-markdown.build/Debug-watchos/Markdown-t.build/DerivedSources-normal/arm64_32 -Xcc -I/Users/admin/builder/spi-builder-workspace/.derivedData/Build/Intermediates.noindex/swift-markdown.build/Debug-watchos/Markdown-t.build/DerivedSources/arm64_32 -Xcc -I/Users/admin/builder/spi-builder-workspace/.derivedData/Build/Intermediates.noindex/swift-markdown.build/Debug-watchos/Markdown-t.build/DerivedSources -Xcc -DSWIFT_PACKAGE -Xcc -DDEBUG\=1 -emit-objc-header -emit-objc-header-path /Users/admin/builder/spi-builder-workspace/.derivedData/Build/Intermediates.noindex/swift-markdown.build/Debug-watchos/Markdown-t.build/Objects-normal/arm64_32/Markdown-Swift.h -working-directory /Users/admin/builder/spi-builder-workspace/.swiftpm/xcode -experimental-emit-module-separately -disable-cmo
SwiftDriver HTMLParser normal arm64 com.apple.xcode.tools.swift.compiler (in target 'HTMLParser' from project 'XMLKit')
cd /Users/admin/builder/spi-builder-workspace/.swiftpm/xcode
builtin-SwiftDriver -- /Applications/Xcode-27.0.0.app/Contents/Developer/Toolchains/XcodeDefault.xctoolchain/usr/bin/swiftc -parse-as-library -module-name HTMLParser -Onone @/Users/admin/builder/spi-builder-workspace/.derivedData/Build/Intermediates.noindex/XMLKit.build/Debug-watchos/HTMLParser-t.build/Objects-normal/arm64/HTMLParser.SwiftFileList -DSWIFT_PACKAGE -DDEBUG -DSWIFT_MODULE_RESOURCE_BUNDLE_UNAVAILABLE -Xcc -fmodule-map-file\=/Users/admin/builder/spi-builder-workspace/.dependencies/checkouts/XMLKit/Sources/CHTMLParser/include/module.modulemap -DXcode -plugin-path /Applications/Xcode-27.0.0.app/Contents/Developer/Toolchains/XcodeDefault.xctoolchain/usr/lib/swift/host/plugins/testing -enable-experimental-feature DebugDescriptionMacro -sdk /Applications/Xcode-27.0.0.app/Contents/Developer/Platforms/WatchOS.platform/Developer/SDKs/WatchOS27.0.sdk -target arm64-apple-watchos9.0 -g -module-cache-path /Users/admin/builder/spi-builder-workspace/.derivedData/ModuleCache.noindex -Xfrontend -serialize-debugging-options -profile-coverage-mapping -profile-generate -enable-testing -suppress-warnings -index-store-path /Users/admin/builder/spi-builder-workspace/.derivedData/Index.noindex/DataStore -Xcc -D_LIBCPP_HARDENING_MODE\=_LIBCPP_HARDENING_MODE_DEBUG -swift-version 6 -I /Users/admin/builder/spi-builder-workspace/.derivedData/Build/Products/Debug-watchos -Isystem /Applications/Xcode-27.0.0.app/Contents/Developer/Platforms/WatchOS.platform/Developer/usr/lib -F /Users/admin/builder/spi-builder-workspace/.derivedData/Build/Products/Debug-watchos/PackageFrameworks -F /Users/admin/builder/spi-builder-workspace/.derivedData/Build/Products/Debug-watchos -F /Applications/Xcode-27.0.0.app/Contents/Developer/Platforms/WatchOS.platform/Developer/Library/Frameworks -F /Applications/Xcode-27.0.0.app/Contents/Developer/Platforms/WatchOS.platform/Developer/SDKs/WatchOS27.0.sdk/Developer/Library/Frameworks -c -j10 -enable-batch-mode -incremental -Xcc -ivfsstatcache -Xcc /Users/admin/builder/spi-builder-workspace/.derivedData/SDKStatCaches.noindex/watchos27.0-24R360-e829b21a6f8c9b70876ba0858053c044b9db9bc9c079ee3c7b5f3373b13d10bc.sdkstatcache -output-file-map /Users/admin/builder/spi-builder-workspace/.derivedData/Build/Intermediates.noindex/XMLKit.build/Debug-watchos/HTMLParser-t.build/Objects-normal/arm64/HTMLParser-OutputFileMap.json -save-temps -no-color-diagnostics -explicit-module-build -module-cache-path /Users/admin/builder/spi-builder-workspace/.derivedData/Build/Intermediates.noindex/SwiftExplicitPrecompiledModules -clang-scanner-module-cache-path /Users/admin/builder/spi-builder-workspace/.derivedData/ModuleCache.noindex -sdk-module-cache-path /Users/admin/builder/spi-builder-workspace/.derivedData/SDKExplicitPrecompiledModules -emit-dependencies -emit-module -emit-module-path /Users/admin/builder/spi-builder-workspace/.derivedData/Build/Intermediates.noindex/XMLKit.build/Debug-watchos/HTMLParser-t.build/Objects-normal/arm64/HTMLParser.swiftmodule -serialize-diagnostics -dependency-scan-serialize-diagnostics-path /Users/admin/builder/spi-builder-workspace/.derivedData/Build/Intermediates.noindex/XMLKit.build/Debug-watchos/HTMLParser-t.build/Objects-normal/arm64/HTMLParser-dependency-scan.dia -user-module-version 1.0.1 -validate-clang-modules-once -clang-build-session-file /Users/admin/builder/spi-builder-workspace/.derivedData/ModuleCache.noindex/Session.modulevalidation -Xcc -fmodules-prune-interval\=86400 -Xcc -fmodules-prune-after\=345600 -package-name xmlkit -emit-const-values -const-gather-protocols-list /Users/admin/builder/spi-builder-workspace/.derivedData/Build/Intermediates.noindex/XMLKit.build/Debug-watchos/HTMLParser-t.build/Objects-normal/arm64/HTMLParser_const_extract_protocols.json -Xcc -I/Users/admin/builder/spi-builder-workspace/.dependencies/checkouts/XMLKit/Sources/CHTMLParser/include -Xcc -I/Users/admin/builder/spi-builder-workspace/.derivedData/Build/Products/Debug-watchos/include -Xcc -I/Users/admin/builder/spi-builder-workspace/.derivedData/Build/Intermediates.noindex/XMLKit.build/Debug-watchos/HTMLParser-t.build/DerivedSources-normal/arm64 -Xcc -I/Users/admin/builder/spi-builder-workspace/.derivedData/Build/Intermediates.noindex/XMLKit.build/Debug-watchos/HTMLParser-t.build/DerivedSources/arm64 -Xcc -I/Users/admin/builder/spi-builder-workspace/.derivedData/Build/Intermediates.noindex/XMLKit.build/Debug-watchos/HTMLParser-t.build/DerivedSources -Xcc -DSWIFT_PACKAGE -Xcc -DDEBUG\=1 -emit-objc-header -emit-objc-header-path /Users/admin/builder/spi-builder-workspace/.derivedData/Build/Intermediates.noindex/XMLKit.build/Debug-watchos/HTMLParser-t.build/Objects-normal/arm64/HTMLParser-Swift.h -working-directory /Users/admin/builder/spi-builder-workspace/.swiftpm/xcode -experimental-emit-module-separately -disable-cmo
SwiftDriver HTMLParser normal arm64_32 com.apple.xcode.tools.swift.compiler (in target 'HTMLParser' from project 'XMLKit')
cd /Users/admin/builder/spi-builder-workspace/.swiftpm/xcode
builtin-SwiftDriver -- /Applications/Xcode-27.0.0.app/Contents/Developer/Toolchains/XcodeDefault.xctoolchain/usr/bin/swiftc -parse-as-library -module-name HTMLParser -Onone @/Users/admin/builder/spi-builder-workspace/.derivedData/Build/Intermediates.noindex/XMLKit.build/Debug-watchos/HTMLParser-t.build/Objects-normal/arm64_32/HTMLParser.SwiftFileList -DSWIFT_PACKAGE -DDEBUG -DSWIFT_MODULE_RESOURCE_BUNDLE_UNAVAILABLE -Xcc -fmodule-map-file\=/Users/admin/builder/spi-builder-workspace/.dependencies/checkouts/XMLKit/Sources/CHTMLParser/include/module.modulemap -DXcode -plugin-path /Applications/Xcode-27.0.0.app/Contents/Developer/Toolchains/XcodeDefault.xctoolchain/usr/lib/swift/host/plugins/testing -enable-experimental-feature DebugDescriptionMacro -sdk /Applications/Xcode-27.0.0.app/Contents/Developer/Platforms/WatchOS.platform/Developer/SDKs/WatchOS27.0.sdk -target arm64_32-apple-watchos9.0 -g -module-cache-path /Users/admin/builder/spi-builder-workspace/.derivedData/ModuleCache.noindex -Xfrontend -serialize-debugging-options -profile-coverage-mapping -profile-generate -enable-testing -suppress-warnings -index-store-path /Users/admin/builder/spi-builder-workspace/.derivedData/Index.noindex/DataStore -Xcc -D_LIBCPP_HARDENING_MODE\=_LIBCPP_HARDENING_MODE_DEBUG -swift-version 6 -I /Users/admin/builder/spi-builder-workspace/.derivedData/Build/Products/Debug-watchos -Isystem /Applications/Xcode-27.0.0.app/Contents/Developer/Platforms/WatchOS.platform/Developer/usr/lib -F /Users/admin/builder/spi-builder-workspace/.derivedData/Build/Products/Debug-watchos/PackageFrameworks -F /Users/admin/builder/spi-builder-workspace/.derivedData/Build/Products/Debug-watchos -F /Applications/Xcode-27.0.0.app/Contents/Developer/Platforms/WatchOS.platform/Developer/Library/Frameworks -F /Applications/Xcode-27.0.0.app/Contents/Developer/Platforms/WatchOS.platform/Developer/SDKs/WatchOS27.0.sdk/Developer/Library/Frameworks -c -j10 -enable-batch-mode -incremental -Xcc -ivfsstatcache -Xcc /Users/admin/builder/spi-builder-workspace/.derivedData/SDKStatCaches.noindex/watchos27.0-24R360-e829b21a6f8c9b70876ba0858053c044b9db9bc9c079ee3c7b5f3373b13d10bc.sdkstatcache -output-file-map /Users/admin/builder/spi-builder-workspace/.derivedData/Build/Intermediates.noindex/XMLKit.build/Debug-watchos/HTMLParser-t.build/Objects-normal/arm64_32/HTMLParser-OutputFileMap.json -save-temps -no-color-diagnostics -explicit-module-build -module-cache-path /Users/admin/builder/spi-builder-workspace/.derivedData/Build/Intermediates.noindex/SwiftExplicitPrecompiledModules -clang-scanner-module-cache-path /Users/admin/builder/spi-builder-workspace/.derivedData/ModuleCache.noindex -sdk-module-cache-path /Users/admin/builder/spi-builder-workspace/.derivedData/SDKExplicitPrecompiledModules -emit-dependencies -emit-module -emit-module-path /Users/admin/builder/spi-builder-workspace/.derivedData/Build/Intermediates.noindex/XMLKit.build/Debug-watchos/HTMLParser-t.build/Objects-normal/arm64_32/HTMLParser.swiftmodule -serialize-diagnostics -dependency-scan-serialize-diagnostics-path /Users/admin/builder/spi-builder-workspace/.derivedData/Build/Intermediates.noindex/XMLKit.build/Debug-watchos/HTMLParser-t.build/Objects-normal/arm64_32/HTMLParser-dependency-scan.dia -user-module-version 1.0.1 -validate-clang-modules-once -clang-build-session-file /Users/admin/builder/spi-builder-workspace/.derivedData/ModuleCache.noindex/Session.modulevalidation -Xcc -fmodules-prune-interval\=86400 -Xcc -fmodules-prune-after\=345600 -package-name xmlkit -emit-const-values -const-gather-protocols-list /Users/admin/builder/spi-builder-workspace/.derivedData/Build/Intermediates.noindex/XMLKit.build/Debug-watchos/HTMLParser-t.build/Objects-normal/arm64_32/HTMLParser_const_extract_protocols.json -Xcc -I/Users/admin/builder/spi-builder-workspace/.dependencies/checkouts/XMLKit/Sources/CHTMLParser/include -Xcc -I/Users/admin/builder/spi-builder-workspace/.derivedData/Build/Products/Debug-watchos/include -Xcc -I/Users/admin/builder/spi-builder-workspace/.derivedData/Build/Intermediates.noindex/XMLKit.build/Debug-watchos/HTMLParser-t.build/DerivedSources-normal/arm64_32 -Xcc -I/Users/admin/builder/spi-builder-workspace/.derivedData/Build/Intermediates.noindex/XMLKit.build/Debug-watchos/HTMLParser-t.build/DerivedSources/arm64_32 -Xcc -I/Users/admin/builder/spi-builder-workspace/.derivedData/Build/Intermediates.noindex/XMLKit.build/Debug-watchos/HTMLParser-t.build/DerivedSources -Xcc -DSWIFT_PACKAGE -Xcc -DDEBUG\=1 -emit-objc-header -emit-objc-header-path /Users/admin/builder/spi-builder-workspace/.derivedData/Build/Intermediates.noindex/XMLKit.build/Debug-watchos/HTMLParser-t.build/Objects-normal/arm64_32/HTMLParser-Swift.h -working-directory /Users/admin/builder/spi-builder-workspace/.swiftpm/xcode -experimental-emit-module-separately -disable-cmo
SwiftDriver ArgumentParserToolInfo normal arm64_32 com.apple.xcode.tools.swift.compiler (in target 'ArgumentParserToolInfo' from project 'swift-argument-parser')
cd /Users/admin/builder/spi-builder-workspace/.swiftpm/xcode
builtin-SwiftDriver -- /Applications/Xcode-27.0.0.app/Contents/Developer/Toolchains/XcodeDefault.xctoolchain/usr/bin/swiftc -parse-as-library -module-name ArgumentParserToolInfo -Onone @/Users/admin/builder/spi-builder-workspace/.derivedData/Build/Intermediates.noindex/swift-argument-parser.build/Debug-watchos/ArgumentParserToolInfo-t.build/Objects-normal/arm64_32/ArgumentParserToolInfo.SwiftFileList -DSWIFT_PACKAGE -DDEBUG -DSWIFT_MODULE_RESOURCE_BUNDLE_UNAVAILABLE -DXcode -plugin-path /Applications/Xcode-27.0.0.app/Contents/Developer/Toolchains/XcodeDefault.xctoolchain/usr/lib/swift/host/plugins/testing -enable-experimental-feature DebugDescriptionMacro -sdk /Applications/Xcode-27.0.0.app/Contents/Developer/Platforms/WatchOS.platform/Developer/SDKs/WatchOS27.0.sdk -target arm64_32-apple-watchos9.0 -g -module-cache-path /Users/admin/builder/spi-builder-workspace/.derivedData/ModuleCache.noindex -Xfrontend -serialize-debugging-options -profile-coverage-mapping -profile-generate -enable-testing -suppress-warnings -index-store-path /Users/admin/builder/spi-builder-workspace/.derivedData/Index.noindex/DataStore -Xcc -D_LIBCPP_HARDENING_MODE\=_LIBCPP_HARDENING_MODE_DEBUG -swift-version 6 -I /Users/admin/builder/spi-builder-workspace/.derivedData/Build/Products/Debug-watchos -Isystem /Applications/Xcode-27.0.0.app/Contents/Developer/Platforms/WatchOS.platform/Developer/usr/lib -F /Users/admin/builder/spi-builder-workspace/.derivedData/Build/Products/Debug-watchos -F /Applications/Xcode-27.0.0.app/Contents/Developer/Platforms/WatchOS.platform/Developer/Library/Frameworks -F /Applications/Xcode-27.0.0.app/Contents/Developer/Platforms/WatchOS.platform/Developer/SDKs/WatchOS27.0.sdk/Developer/Library/Frameworks -c -j10 -enable-batch-mode -incremental -Xcc -ivfsstatcache -Xcc /Users/admin/builder/spi-builder-workspace/.derivedData/SDKStatCaches.noindex/watchos27.0-24R360-e829b21a6f8c9b70876ba0858053c044b9db9bc9c079ee3c7b5f3373b13d10bc.sdkstatcache -output-file-map /Users/admin/builder/spi-builder-workspace/.derivedData/Build/Intermediates.noindex/swift-argument-parser.build/Debug-watchos/ArgumentParserToolInfo-t.build/Objects-normal/arm64_32/ArgumentParserToolInfo-OutputFileMap.json -save-temps -no-color-diagnostics -explicit-module-build -module-cache-path /Users/admin/builder/spi-builder-workspace/.derivedData/Build/Intermediates.noindex/SwiftExplicitPrecompiledModules -clang-scanner-module-cache-path /Users/admin/builder/spi-builder-workspace/.derivedData/ModuleCache.noindex -sdk-module-cache-path /Users/admin/builder/spi-builder-workspace/.derivedData/SDKExplicitPrecompiledModules -emit-dependencies -emit-module -emit-module-path /Users/admin/builder/spi-builder-workspace/.derivedData/Build/Intermediates.noindex/swift-argument-parser.build/Debug-watchos/ArgumentParserToolInfo-t.build/Objects-normal/arm64_32/ArgumentParserToolInfo.swiftmodule -serialize-diagnostics -dependency-scan-serialize-diagnostics-path /Users/admin/builder/spi-builder-workspace/.derivedData/Build/Intermediates.noindex/swift-argument-parser.build/Debug-watchos/ArgumentParserToolInfo-t.build/Objects-normal/arm64_32/ArgumentParserToolInfo-dependency-scan.dia -user-module-version 1.8.2 -validate-clang-modules-once -clang-build-session-file /Users/admin/builder/spi-builder-workspace/.derivedData/ModuleCache.noindex/Session.modulevalidation -Xcc -fmodules-prune-interval\=86400 -Xcc -fmodules-prune-after\=345600 -package-name swift_argument_parser -emit-const-values -const-gather-protocols-list /Users/admin/builder/spi-builder-workspace/.derivedData/Build/Intermediates.noindex/swift-argument-parser.build/Debug-watchos/ArgumentParserToolInfo-t.build/Objects-normal/arm64_32/ArgumentParserToolInfo_const_extract_protocols.json -Xcc -I/Users/admin/builder/spi-builder-workspace/.derivedData/Build/Products/Debug-watchos/include -Xcc -I/Users/admin/builder/spi-builder-workspace/.derivedData/Build/Intermediates.noindex/swift-argument-parser.build/Debug-watchos/ArgumentParserToolInfo-t.build/DerivedSources-normal/arm64_32 -Xcc -I/Users/admin/builder/spi-builder-workspace/.derivedData/Build/Intermediates.noindex/swift-argument-parser.build/Debug-watchos/ArgumentParserToolInfo-t.build/DerivedSources/arm64_32 -Xcc -I/Users/admin/builder/spi-builder-workspace/.derivedData/Build/Intermediates.noindex/swift-argument-parser.build/Debug-watchos/ArgumentParserToolInfo-t.build/DerivedSources -Xcc -DSWIFT_PACKAGE -Xcc -DDEBUG\=1 -emit-objc-header -emit-objc-header-path /Users/admin/builder/spi-builder-workspace/.derivedData/Build/Intermediates.noindex/swift-argument-parser.build/Debug-watchos/ArgumentParserToolInfo-t.build/Objects-normal/arm64_32/ArgumentParserToolInfo-Swift.h -working-directory /Users/admin/builder/spi-builder-workspace/.swiftpm/xcode -experimental-emit-module-separately -disable-cmo
SwiftEmitModule normal arm64 Emitting\ module\ for\ SwiftTextCore (in target 'SwiftTextCore' from project 'SwiftText')
SwiftCompile normal arm64 (in target 'SwiftTextCore' from project 'SwiftText')
cd /Users/admin/builder/spi-builder-workspace/.swiftpm/xcode
SwiftEmitModule normal arm64_32 Emitting\ module\ for\ SwiftTextCore (in target 'SwiftTextCore' from project 'SwiftText')
SwiftCompile normal arm64_32 (in target 'SwiftTextCore' from project 'SwiftText')
cd /Users/admin/builder/spi-builder-workspace/.swiftpm/xcode
SwiftEmitModule normal arm64 Emitting\ module\ for\ SwiftTextOpenType (in target 'SwiftTextOpenType' from project 'SwiftText')
SwiftCompile normal arm64 (in target 'SwiftTextOpenType' from project 'SwiftText')
cd /Users/admin/builder/spi-builder-workspace/.swiftpm/xcode
SwiftEmitModule normal arm64_32 Emitting\ module\ for\ SwiftTextOpenType (in target 'SwiftTextOpenType' from project 'SwiftText')
SwiftCompile normal arm64_32 (in target 'SwiftTextOpenType' from project 'SwiftText')
cd /Users/admin/builder/spi-builder-workspace/.swiftpm/xcode
SwiftEmitModule normal arm64_32 Emitting\ module\ for\ ArgumentParserToolInfo (in target 'ArgumentParserToolInfo' from project 'swift-argument-parser')
SwiftCompile normal arm64_32 (in target 'ArgumentParserToolInfo' from project 'swift-argument-parser')
cd /Users/admin/builder/spi-builder-workspace/.swiftpm/xcode
SwiftEmitModule normal arm64 Emitting\ module\ for\ HTMLParser (in target 'HTMLParser' from project 'XMLKit')
SwiftCompile normal arm64 (in target 'HTMLParser' from project 'XMLKit')
cd /Users/admin/builder/spi-builder-workspace/.swiftpm/xcode
SwiftEmitModule normal arm64_32 Emitting\ module\ for\ HTMLParser (in target 'HTMLParser' from project 'XMLKit')
SwiftCompile normal arm64_32 (in target 'HTMLParser' from project 'XMLKit')
cd /Users/admin/builder/spi-builder-workspace/.swiftpm/xcode
SwiftDriver ArgumentParserToolInfo normal arm64 com.apple.xcode.tools.swift.compiler (in target 'ArgumentParserToolInfo' from project 'swift-argument-parser')
cd /Users/admin/builder/spi-builder-workspace/.swiftpm/xcode
builtin-SwiftDriver -- /Applications/Xcode-27.0.0.app/Contents/Developer/Toolchains/XcodeDefault.xctoolchain/usr/bin/swiftc -parse-as-library -module-name ArgumentParserToolInfo -Onone @/Users/admin/builder/spi-builder-workspace/.derivedData/Build/Intermediates.noindex/swift-argument-parser.build/Debug-watchos/ArgumentParserToolInfo-t.build/Objects-normal/arm64/ArgumentParserToolInfo.SwiftFileList -DSWIFT_PACKAGE -DDEBUG -DSWIFT_MODULE_RESOURCE_BUNDLE_UNAVAILABLE -DXcode -plugin-path /Applications/Xcode-27.0.0.app/Contents/Developer/Toolchains/XcodeDefault.xctoolchain/usr/lib/swift/host/plugins/testing -enable-experimental-feature DebugDescriptionMacro -sdk /Applications/Xcode-27.0.0.app/Contents/Developer/Platforms/WatchOS.platform/Developer/SDKs/WatchOS27.0.sdk -target arm64-apple-watchos9.0 -g -module-cache-path /Users/admin/builder/spi-builder-workspace/.derivedData/ModuleCache.noindex -Xfrontend -serialize-debugging-options -profile-coverage-mapping -profile-generate -enable-testing -suppress-warnings -index-store-path /Users/admin/builder/spi-builder-workspace/.derivedData/Index.noindex/DataStore -Xcc -D_LIBCPP_HARDENING_MODE\=_LIBCPP_HARDENING_MODE_DEBUG -swift-version 6 -I /Users/admin/builder/spi-builder-workspace/.derivedData/Build/Products/Debug-watchos -Isystem /Applications/Xcode-27.0.0.app/Contents/Developer/Platforms/WatchOS.platform/Developer/usr/lib -F /Users/admin/builder/spi-builder-workspace/.derivedData/Build/Products/Debug-watchos -F /Applications/Xcode-27.0.0.app/Contents/Developer/Platforms/WatchOS.platform/Developer/Library/Frameworks -F /Applications/Xcode-27.0.0.app/Contents/Developer/Platforms/WatchOS.platform/Developer/SDKs/WatchOS27.0.sdk/Developer/Library/Frameworks -c -j10 -enable-batch-mode -incremental -Xcc -ivfsstatcache -Xcc /Users/admin/builder/spi-builder-workspace/.derivedData/SDKStatCaches.noindex/watchos27.0-24R360-e829b21a6f8c9b70876ba0858053c044b9db9bc9c079ee3c7b5f3373b13d10bc.sdkstatcache -output-file-map /Users/admin/builder/spi-builder-workspace/.derivedData/Build/Intermediates.noindex/swift-argument-parser.build/Debug-watchos/ArgumentParserToolInfo-t.build/Objects-normal/arm64/ArgumentParserToolInfo-OutputFileMap.json -save-temps -no-color-diagnostics -explicit-module-build -module-cache-path /Users/admin/builder/spi-builder-workspace/.derivedData/Build/Intermediates.noindex/SwiftExplicitPrecompiledModules -clang-scanner-module-cache-path /Users/admin/builder/spi-builder-workspace/.derivedData/ModuleCache.noindex -sdk-module-cache-path /Users/admin/builder/spi-builder-workspace/.derivedData/SDKExplicitPrecompiledModules -emit-dependencies -emit-module -emit-module-path /Users/admin/builder/spi-builder-workspace/.derivedData/Build/Intermediates.noindex/swift-argument-parser.build/Debug-watchos/ArgumentParserToolInfo-t.build/Objects-normal/arm64/ArgumentParserToolInfo.swiftmodule -serialize-diagnostics -dependency-scan-serialize-diagnostics-path /Users/admin/builder/spi-builder-workspace/.derivedData/Build/Intermediates.noindex/swift-argument-parser.build/Debug-watchos/ArgumentParserToolInfo-t.build/Objects-normal/arm64/ArgumentParserToolInfo-dependency-scan.dia -user-module-version 1.8.2 -validate-clang-modules-once -clang-build-session-file /Users/admin/builder/spi-builder-workspace/.derivedData/ModuleCache.noindex/Session.modulevalidation -Xcc -fmodules-prune-interval\=86400 -Xcc -fmodules-prune-after\=345600 -package-name swift_argument_parser -emit-const-values -const-gather-protocols-list /Users/admin/builder/spi-builder-workspace/.derivedData/Build/Intermediates.noindex/swift-argument-parser.build/Debug-watchos/ArgumentParserToolInfo-t.build/Objects-normal/arm64/ArgumentParserToolInfo_const_extract_protocols.json -Xcc -I/Users/admin/builder/spi-builder-workspace/.derivedData/Build/Products/Debug-watchos/include -Xcc -I/Users/admin/builder/spi-builder-workspace/.derivedData/Build/Intermediates.noindex/swift-argument-parser.build/Debug-watchos/ArgumentParserToolInfo-t.build/DerivedSources-normal/arm64 -Xcc -I/Users/admin/builder/spi-builder-workspace/.derivedData/Build/Intermediates.noindex/swift-argument-parser.build/Debug-watchos/ArgumentParserToolInfo-t.build/DerivedSources/arm64 -Xcc -I/Users/admin/builder/spi-builder-workspace/.derivedData/Build/Intermediates.noindex/swift-argument-parser.build/Debug-watchos/ArgumentParserToolInfo-t.build/DerivedSources -Xcc -DSWIFT_PACKAGE -Xcc -DDEBUG\=1 -emit-objc-header -emit-objc-header-path /Users/admin/builder/spi-builder-workspace/.derivedData/Build/Intermediates.noindex/swift-argument-parser.build/Debug-watchos/ArgumentParserToolInfo-t.build/Objects-normal/arm64/ArgumentParserToolInfo-Swift.h -working-directory /Users/admin/builder/spi-builder-workspace/.swiftpm/xcode -experimental-emit-module-separately -disable-cmo
SwiftEmitModule normal arm64_32 Emitting\ module\ for\ SwiftTextCSS (in target 'SwiftTextCSS' from project 'SwiftText')
SwiftCompile normal arm64_32 (in target 'SwiftTextCSS' from project 'SwiftText')
cd /Users/admin/builder/spi-builder-workspace/.swiftpm/xcode
SwiftEmitModule normal arm64 Emitting\ module\ for\ SwiftTextCSS (in target 'SwiftTextCSS' from project 'SwiftText')
SwiftCompile normal arm64 (in target 'SwiftTextCSS' from project 'SwiftText')
cd /Users/admin/builder/spi-builder-workspace/.swiftpm/xcode
SwiftEmitModule normal arm64 Emitting\ module\ for\ ArgumentParserToolInfo (in target 'ArgumentParserToolInfo' from project 'swift-argument-parser')
SwiftCompile normal arm64 (in target 'ArgumentParserToolInfo' from project 'swift-argument-parser')
cd /Users/admin/builder/spi-builder-workspace/.swiftpm/xcode
SwiftDriver Archive normal arm64 com.apple.xcode.tools.swift.compiler (in target 'Archive' from project 'Archive')
cd /Users/admin/builder/spi-builder-workspace/.swiftpm/xcode
builtin-SwiftDriver -- /Applications/Xcode-27.0.0.app/Contents/Developer/Toolchains/XcodeDefault.xctoolchain/usr/bin/swiftc -parse-as-library -module-name Archive -Onone @/Users/admin/builder/spi-builder-workspace/.derivedData/Build/Intermediates.noindex/Archive.build/Debug-watchos/Archive-t.build/Objects-normal/arm64/Archive.SwiftFileList -DSWIFT_PACKAGE -DDEBUG -DSWIFT_MODULE_RESOURCE_BUNDLE_UNAVAILABLE -DGzipSupport -Xcc -fmodule-map-file\=/Users/admin/builder/spi-builder-workspace/.dependencies/checkouts/swift-archive/libarchive/module.modulemap -DXcode -plugin-path /Applications/Xcode-27.0.0.app/Contents/Developer/Toolchains/XcodeDefault.xctoolchain/usr/lib/swift/host/plugins/testing -enable-experimental-feature DebugDescriptionMacro -sdk /Applications/Xcode-27.0.0.app/Contents/Developer/Platforms/WatchOS.platform/Developer/SDKs/WatchOS27.0.sdk -target arm64-apple-watchos10.0 -g -module-cache-path /Users/admin/builder/spi-builder-workspace/.derivedData/ModuleCache.noindex -Xfrontend -serialize-debugging-options -profile-coverage-mapping -profile-generate -enable-testing -suppress-warnings -index-store-path /Users/admin/builder/spi-builder-workspace/.derivedData/Index.noindex/DataStore -Xcc -D_LIBCPP_HARDENING_MODE\=_LIBCPP_HARDENING_MODE_DEBUG -swift-version 6 -I /Users/admin/builder/spi-builder-workspace/.derivedData/Build/Products/Debug-watchos -Isystem /Applications/Xcode-27.0.0.app/Contents/Developer/Platforms/WatchOS.platform/Developer/usr/lib -F /Users/admin/builder/spi-builder-workspace/.derivedData/Build/Products/Debug-watchos/PackageFrameworks -F /Users/admin/builder/spi-builder-workspace/.derivedData/Build/Products/Debug-watchos -F /Applications/Xcode-27.0.0.app/Contents/Developer/Platforms/WatchOS.platform/Developer/Library/Frameworks -F /Applications/Xcode-27.0.0.app/Contents/Developer/Platforms/WatchOS.platform/Developer/SDKs/WatchOS27.0.sdk/Developer/Library/Frameworks -c -j10 -enable-batch-mode -incremental -Xcc -ivfsstatcache -Xcc /Users/admin/builder/spi-builder-workspace/.derivedData/SDKStatCaches.noindex/watchos27.0-24R360-e829b21a6f8c9b70876ba0858053c044b9db9bc9c079ee3c7b5f3373b13d10bc.sdkstatcache -output-file-map /Users/admin/builder/spi-builder-workspace/.derivedData/Build/Intermediates.noindex/Archive.build/Debug-watchos/Archive-t.build/Objects-normal/arm64/Archive-OutputFileMap.json -save-temps -no-color-diagnostics -explicit-module-build -module-cache-path /Users/admin/builder/spi-builder-workspace/.derivedData/Build/Intermediates.noindex/SwiftExplicitPrecompiledModules -clang-scanner-module-cache-path /Users/admin/builder/spi-builder-workspace/.derivedData/ModuleCache.noindex -sdk-module-cache-path /Users/admin/builder/spi-builder-workspace/.derivedData/SDKExplicitPrecompiledModules -emit-dependencies -emit-module -emit-module-path /Users/admin/builder/spi-builder-workspace/.derivedData/Build/Intermediates.noindex/Archive.build/Debug-watchos/Archive-t.build/Objects-normal/arm64/Archive.swiftmodule -serialize-diagnostics -dependency-scan-serialize-diagnostics-path /Users/admin/builder/spi-builder-workspace/.derivedData/Build/Intermediates.noindex/Archive.build/Debug-watchos/Archive-t.build/Objects-normal/arm64/Archive-dependency-scan.dia -user-module-version 3.8.9 -validate-clang-modules-once -clang-build-session-file /Users/admin/builder/spi-builder-workspace/.derivedData/ModuleCache.noindex/Session.modulevalidation -Xcc -fmodules-prune-interval\=86400 -Xcc -fmodules-prune-after\=345600 -package-name swift_archive -emit-const-values -const-gather-protocols-list /Users/admin/builder/spi-builder-workspace/.derivedData/Build/Intermediates.noindex/Archive.build/Debug-watchos/Archive-t.build/Objects-normal/arm64/Archive_const_extract_protocols.json -Xcc -I/Users/admin/builder/spi-builder-workspace/.dependencies/checkouts/swift-archive/libarchive -Xcc -I/Users/admin/builder/spi-builder-workspace/.derivedData/Build/Products/Debug-watchos/include -Xcc -I/Users/admin/builder/spi-builder-workspace/.derivedData/Build/Intermediates.noindex/Archive.build/Debug-watchos/Archive-t.build/DerivedSources-normal/arm64 -Xcc -I/Users/admin/builder/spi-builder-workspace/.derivedData/Build/Intermediates.noindex/Archive.build/Debug-watchos/Archive-t.build/DerivedSources/arm64 -Xcc -I/Users/admin/builder/spi-builder-workspace/.derivedData/Build/Intermediates.noindex/Archive.build/Debug-watchos/Archive-t.build/DerivedSources -Xcc -DSWIFT_PACKAGE -Xcc -DDEBUG\=1 -emit-objc-header -emit-objc-header-path /Users/admin/builder/spi-builder-workspace/.derivedData/Build/Intermediates.noindex/Archive.build/Debug-watchos/Archive-t.build/Objects-normal/arm64/Archive-Swift.h -working-directory /Users/admin/builder/spi-builder-workspace/.swiftpm/xcode -experimental-emit-module-separately -disable-cmo
SwiftEmitModule normal arm64 Emitting\ module\ for\ Markdown (in target 'Markdown' from project 'swift-markdown')
SwiftCompile normal arm64 (in target 'Markdown' from project 'swift-markdown')
cd /Users/admin/builder/spi-builder-workspace/.swiftpm/xcode
SwiftEmitModule normal arm64_32 Emitting\ module\ for\ Markdown (in target 'Markdown' from project 'swift-markdown')
SwiftCompile normal arm64_32 (in target 'Markdown' from project 'swift-markdown')
cd /Users/admin/builder/spi-builder-workspace/.swiftpm/xcode
SwiftDriver Archive normal arm64_32 com.apple.xcode.tools.swift.compiler (in target 'Archive' from project 'Archive')
cd /Users/admin/builder/spi-builder-workspace/.swiftpm/xcode
builtin-SwiftDriver -- /Applications/Xcode-27.0.0.app/Contents/Developer/Toolchains/XcodeDefault.xctoolchain/usr/bin/swiftc -parse-as-library -module-name Archive -Onone @/Users/admin/builder/spi-builder-workspace/.derivedData/Build/Intermediates.noindex/Archive.build/Debug-watchos/Archive-t.build/Objects-normal/arm64_32/Archive.SwiftFileList -DSWIFT_PACKAGE -DDEBUG -DSWIFT_MODULE_RESOURCE_BUNDLE_UNAVAILABLE -DGzipSupport -Xcc -fmodule-map-file\=/Users/admin/builder/spi-builder-workspace/.dependencies/checkouts/swift-archive/libarchive/module.modulemap -DXcode -plugin-path /Applications/Xcode-27.0.0.app/Contents/Developer/Toolchains/XcodeDefault.xctoolchain/usr/lib/swift/host/plugins/testing -enable-experimental-feature DebugDescriptionMacro -sdk /Applications/Xcode-27.0.0.app/Contents/Developer/Platforms/WatchOS.platform/Developer/SDKs/WatchOS27.0.sdk -target arm64_32-apple-watchos10.0 -g -module-cache-path /Users/admin/builder/spi-builder-workspace/.derivedData/ModuleCache.noindex -Xfrontend -serialize-debugging-options -profile-coverage-mapping -profile-generate -enable-testing -suppress-warnings -index-store-path /Users/admin/builder/spi-builder-workspace/.derivedData/Index.noindex/DataStore -Xcc -D_LIBCPP_HARDENING_MODE\=_LIBCPP_HARDENING_MODE_DEBUG -swift-version 6 -I /Users/admin/builder/spi-builder-workspace/.derivedData/Build/Products/Debug-watchos -Isystem /Applications/Xcode-27.0.0.app/Contents/Developer/Platforms/WatchOS.platform/Developer/usr/lib -F /Users/admin/builder/spi-builder-workspace/.derivedData/Build/Products/Debug-watchos/PackageFrameworks -F /Users/admin/builder/spi-builder-workspace/.derivedData/Build/Products/Debug-watchos -F /Applications/Xcode-27.0.0.app/Contents/Developer/Platforms/WatchOS.platform/Developer/Library/Frameworks -F /Applications/Xcode-27.0.0.app/Contents/Developer/Platforms/WatchOS.platform/Developer/SDKs/WatchOS27.0.sdk/Developer/Library/Frameworks -c -j10 -enable-batch-mode -incremental -Xcc -ivfsstatcache -Xcc /Users/admin/builder/spi-builder-workspace/.derivedData/SDKStatCaches.noindex/watchos27.0-24R360-e829b21a6f8c9b70876ba0858053c044b9db9bc9c079ee3c7b5f3373b13d10bc.sdkstatcache -output-file-map /Users/admin/builder/spi-builder-workspace/.derivedData/Build/Intermediates.noindex/Archive.build/Debug-watchos/Archive-t.build/Objects-normal/arm64_32/Archive-OutputFileMap.json -save-temps -no-color-diagnostics -explicit-module-build -module-cache-path /Users/admin/builder/spi-builder-workspace/.derivedData/Build/Intermediates.noindex/SwiftExplicitPrecompiledModules -clang-scanner-module-cache-path /Users/admin/builder/spi-builder-workspace/.derivedData/ModuleCache.noindex -sdk-module-cache-path /Users/admin/builder/spi-builder-workspace/.derivedData/SDKExplicitPrecompiledModules -emit-dependencies -emit-module -emit-module-path /Users/admin/builder/spi-builder-workspace/.derivedData/Build/Intermediates.noindex/Archive.build/Debug-watchos/Archive-t.build/Objects-normal/arm64_32/Archive.swiftmodule -serialize-diagnostics -dependency-scan-serialize-diagnostics-path /Users/admin/builder/spi-builder-workspace/.derivedData/Build/Intermediates.noindex/Archive.build/Debug-watchos/Archive-t.build/Objects-normal/arm64_32/Archive-dependency-scan.dia -user-module-version 3.8.9 -validate-clang-modules-once -clang-build-session-file /Users/admin/builder/spi-builder-workspace/.derivedData/ModuleCache.noindex/Session.modulevalidation -Xcc -fmodules-prune-interval\=86400 -Xcc -fmodules-prune-after\=345600 -package-name swift_archive -emit-const-values -const-gather-protocols-list /Users/admin/builder/spi-builder-workspace/.derivedData/Build/Intermediates.noindex/Archive.build/Debug-watchos/Archive-t.build/Objects-normal/arm64_32/Archive_const_extract_protocols.json -Xcc -I/Users/admin/builder/spi-builder-workspace/.dependencies/checkouts/swift-archive/libarchive -Xcc -I/Users/admin/builder/spi-builder-workspace/.derivedData/Build/Products/Debug-watchos/include -Xcc -I/Users/admin/builder/spi-builder-workspace/.derivedData/Build/Intermediates.noindex/Archive.build/Debug-watchos/Archive-t.build/DerivedSources-normal/arm64_32 -Xcc -I/Users/admin/builder/spi-builder-workspace/.derivedData/Build/Intermediates.noindex/Archive.build/Debug-watchos/Archive-t.build/DerivedSources/arm64_32 -Xcc -I/Users/admin/builder/spi-builder-workspace/.derivedData/Build/Intermediates.noindex/Archive.build/Debug-watchos/Archive-t.build/DerivedSources -Xcc -DSWIFT_PACKAGE -Xcc -DDEBUG\=1 -emit-objc-header -emit-objc-header-path /Users/admin/builder/spi-builder-workspace/.derivedData/Build/Intermediates.noindex/Archive.build/Debug-watchos/Archive-t.build/Objects-normal/arm64_32/Archive-Swift.h -working-directory /Users/admin/builder/spi-builder-workspace/.swiftpm/xcode -experimental-emit-module-separately -disable-cmo
CompileC /Users/admin/builder/spi-builder-workspace/.derivedData/Build/Intermediates.noindex/swift-markdown.build/Debug-watchos/CAtomic-t.build/Objects-normal/arm64_32/CAtomic.o /Users/admin/builder/spi-builder-workspace/.dependencies/checkouts/swift-markdown/Sources/CAtomic/CAtomic.c normal arm64_32 c com.apple.compilers.llvm.clang.1_0.compiler (in target 'CAtomic' from project 'swift-markdown')
cd /Users/admin/builder/spi-builder-workspace/.swiftpm/xcode
Using response file: /Users/admin/builder/spi-builder-workspace/.derivedData/Build/Intermediates.noindex/swift-markdown.build/Debug-watchos/CAtomic-t.build/Objects-normal/arm64_32/7187679823f38a2a940e0043cdf9d637-common-args.resp
/Applications/Xcode-27.0.0.app/Contents/Developer/Toolchains/XcodeDefault.xctoolchain/usr/bin/clang -x c -ivfsstatcache /Users/admin/builder/spi-builder-workspace/.derivedData/SDKStatCaches.noindex/watchos27.0-24R360-e829b21a6f8c9b70876ba0858053c044b9db9bc9c079ee3c7b5f3373b13d10bc.sdkstatcache -target arm64_32-apple-watchos9.0 -fmessage-length\=0 -fdiagnostics-show-note-include-stack -fmacro-backtrace-limit\=0 -fno-color-diagnostics -fmodules-prune-interval\=86400 -fmodules-prune-after\=345600 -fbuild-session-file\=/Users/admin/builder/spi-builder-workspace/.derivedData/ModuleCache.noindex/Session.modulevalidation -fmodules-validate-once-per-build-session -Wnon-modular-include-in-framework-module -Werror\=non-modular-include-in-framework-module -Wno-trigraphs -Wno-missing-field-initializers -Wno-missing-prototypes -Wno-return-type -Wno-missing-braces -Wparentheses -Wswitch -Wno-unused-function -Wno-unused-label -Wno-unused-parameter -Wno-unused-variable -Wunused-value -Wno-empty-body -Wno-uninitialized -Wno-unknown-pragmas -w -Wno-shadow -Wno-four-char-constants -Wno-conversion -Wno-constant-conversion -Wno-int-conversion -Wno-bool-conversion -Wno-enum-conversion -Wno-float-conversion -Wno-non-literal-null-conversion -Wno-objc-literal-conversion -Wno-shorten-64-to-32 -Wpointer-sign -Wno-newline-eof -Wno-implicit-fallthrough -isysroot /Applications/Xcode-27.0.0.app/Contents/Developer/Platforms/WatchOS.platform/Developer/SDKs/WatchOS27.0.sdk -fstrict-aliasing -Wdeprecated-declarations -Wno-sign-conversion -Wno-infinite-recursion -Wno-comma -Wno-block-capture-autoreleasing -Wno-strict-prototypes -Wno-semicolon-before-method-body -index-store-path /Users/admin/builder/spi-builder-workspace/.derivedData/Index.noindex/DataStore @/Users/admin/builder/spi-builder-workspace/.derivedData/Build/Intermediates.noindex/swift-markdown.build/Debug-watchos/CAtomic-t.build/Objects-normal/arm64_32/7187679823f38a2a940e0043cdf9d637-common-args.resp -MMD -MT dependencies -MF /Users/admin/builder/spi-builder-workspace/.derivedData/Build/Intermediates.noindex/swift-markdown.build/Debug-watchos/CAtomic-t.build/Objects-normal/arm64_32/CAtomic.d --serialize-diagnostics /Users/admin/builder/spi-builder-workspace/.derivedData/Build/Intermediates.noindex/swift-markdown.build/Debug-watchos/CAtomic-t.build/Objects-normal/arm64_32/CAtomic.dia -c /Users/admin/builder/spi-builder-workspace/.dependencies/checkouts/swift-markdown/Sources/CAtomic/CAtomic.c -o /Users/admin/builder/spi-builder-workspace/.derivedData/Build/Intermediates.noindex/swift-markdown.build/Debug-watchos/CAtomic-t.build/Objects-normal/arm64_32/CAtomic.o -index-unit-output-path /swift-markdown.build/Debug-watchos/CAtomic-t.build/Objects-normal/arm64_32/CAtomic.o
CompileC /Users/admin/builder/spi-builder-workspace/.derivedData/Build/Intermediates.noindex/swift-markdown.build/Debug-watchos/CAtomic-t.build/Objects-normal/arm64/CAtomic.o /Users/admin/builder/spi-builder-workspace/.dependencies/checkouts/swift-markdown/Sources/CAtomic/CAtomic.c normal arm64 c com.apple.compilers.llvm.clang.1_0.compiler (in target 'CAtomic' from project 'swift-markdown')
cd /Users/admin/builder/spi-builder-workspace/.swiftpm/xcode
Using response file: /Users/admin/builder/spi-builder-workspace/.derivedData/Build/Intermediates.noindex/swift-markdown.build/Debug-watchos/CAtomic-t.build/Objects-normal/arm64/7187679823f38a2a940e0043cdf9d637-common-args.resp
/Applications/Xcode-27.0.0.app/Contents/Developer/Toolchains/XcodeDefault.xctoolchain/usr/bin/clang -x c -ivfsstatcache /Users/admin/builder/spi-builder-workspace/.derivedData/SDKStatCaches.noindex/watchos27.0-24R360-e829b21a6f8c9b70876ba0858053c044b9db9bc9c079ee3c7b5f3373b13d10bc.sdkstatcache -target arm64-apple-watchos9.0 -fmessage-length\=0 -fdiagnostics-show-note-include-stack -fmacro-backtrace-limit\=0 -fno-color-diagnostics -fmodules-prune-interval\=86400 -fmodules-prune-after\=345600 -fbuild-session-file\=/Users/admin/builder/spi-builder-workspace/.derivedData/ModuleCache.noindex/Session.modulevalidation -fmodules-validate-once-per-build-session -Wnon-modular-include-in-framework-module -Werror\=non-modular-include-in-framework-module -Wno-trigraphs -Wno-missing-field-initializers -Wno-missing-prototypes -Wno-return-type -Wno-missing-braces -Wparentheses -Wswitch -Wno-unused-function -Wno-unused-label -Wno-unused-parameter -Wno-unused-variable -Wunused-value -Wno-empty-body -Wno-uninitialized -Wno-unknown-pragmas -w -Wno-shadow -Wno-four-char-constants -Wno-conversion -Wno-constant-conversion -Wno-int-conversion -Wno-bool-conversion -Wno-enum-conversion -Wno-float-conversion -Wno-non-literal-null-conversion -Wno-objc-literal-conversion -Wshorten-64-to-32 -Wpointer-sign -Wno-newline-eof -Wno-implicit-fallthrough -isysroot /Applications/Xcode-27.0.0.app/Contents/Developer/Platforms/WatchOS.platform/Developer/SDKs/WatchOS27.0.sdk -fstrict-aliasing -Wdeprecated-declarations -Wno-sign-conversion -Wno-infinite-recursion -Wno-comma -Wno-block-capture-autoreleasing -Wno-strict-prototypes -Wno-semicolon-before-method-body -index-store-path /Users/admin/builder/spi-builder-workspace/.derivedData/Index.noindex/DataStore @/Users/admin/builder/spi-builder-workspace/.derivedData/Build/Intermediates.noindex/swift-markdown.build/Debug-watchos/CAtomic-t.build/Objects-normal/arm64/7187679823f38a2a940e0043cdf9d637-common-args.resp -MMD -MT dependencies -MF /Users/admin/builder/spi-builder-workspace/.derivedData/Build/Intermediates.noindex/swift-markdown.build/Debug-watchos/CAtomic-t.build/Objects-normal/arm64/CAtomic.d --serialize-diagnostics /Users/admin/builder/spi-builder-workspace/.derivedData/Build/Intermediates.noindex/swift-markdown.build/Debug-watchos/CAtomic-t.build/Objects-normal/arm64/CAtomic.dia -c /Users/admin/builder/spi-builder-workspace/.dependencies/checkouts/swift-markdown/Sources/CAtomic/CAtomic.c -o /Users/admin/builder/spi-builder-workspace/.derivedData/Build/Intermediates.noindex/swift-markdown.build/Debug-watchos/CAtomic-t.build/Objects-normal/arm64/CAtomic.o -index-unit-output-path /swift-markdown.build/Debug-watchos/CAtomic-t.build/Objects-normal/arm64/CAtomic.o
SwiftEmitModule normal arm64 Emitting\ module\ for\ Archive (in target 'Archive' from project 'Archive')
SwiftCompile normal arm64 (in target 'Archive' from project 'Archive')
cd /Users/admin/builder/spi-builder-workspace/.swiftpm/xcode
Ld /Users/admin/builder/spi-builder-workspace/.derivedData/Build/Intermediates.noindex/swift-markdown.build/Debug-watchos/CAtomic-t.build/Objects-normal/arm64_32/Binary/CAtomic.o normal arm64_32 (in target 'CAtomic' from project 'swift-markdown')
cd /Users/admin/builder/spi-builder-workspace/.dependencies/checkouts/swift-markdown
/Applications/Xcode-27.0.0.app/Contents/Developer/Toolchains/XcodeDefault.xctoolchain/usr/bin/clang -Xlinker -reproducible -target arm64_32-apple-watchos9.0 -r -isysroot /Applications/Xcode-27.0.0.app/Contents/Developer/Platforms/WatchOS.platform/Developer/SDKs/WatchOS27.0.sdk -O0 -w -Xlinker -no_warn_duplicate_libraries -F/Users/admin/builder/spi-builder-workspace/.derivedData/Build/Intermediates.noindex/EagerLinkingTBDs/Debug-watchos -F/Users/admin/builder/spi-builder-workspace/.derivedData/Build/Products/Debug-watchos -iframework /Applications/Xcode-27.0.0.app/Contents/Developer/Platforms/WatchOS.platform/Developer/Library/Frameworks -iframework /Applications/Xcode-27.0.0.app/Contents/Developer/Platforms/WatchOS.platform/Developer/SDKs/WatchOS27.0.sdk/Developer/Library/Frameworks -filelist /Users/admin/builder/spi-builder-workspace/.derivedData/Build/Intermediates.noindex/swift-markdown.build/Debug-watchos/CAtomic-t.build/Objects-normal/arm64_32/CAtomic.LinkFileList -nostdlib -Xlinker -object_path_lto -Xlinker /Users/admin/builder/spi-builder-workspace/.derivedData/Build/Intermediates.noindex/swift-markdown.build/Debug-watchos/CAtomic-t.build/Objects-normal/arm64_32/CAtomic_lto.o -Xlinker -no_deduplicate -Xlinker -debug_variant -Xlinker -dependency_info -Xlinker /Users/admin/builder/spi-builder-workspace/.derivedData/Build/Intermediates.noindex/swift-markdown.build/Debug-watchos/CAtomic-t.build/Objects-normal/arm64_32/CAtomic_dependency_info.dat -o /Users/admin/builder/spi-builder-workspace/.derivedData/Build/Intermediates.noindex/swift-markdown.build/Debug-watchos/CAtomic-t.build/Objects-normal/arm64_32/Binary/CAtomic.o
Ld /Users/admin/builder/spi-builder-workspace/.derivedData/Build/Intermediates.noindex/swift-markdown.build/Debug-watchos/CAtomic-t.build/Objects-normal/arm64/Binary/CAtomic.o normal arm64 (in target 'CAtomic' from project 'swift-markdown')
cd /Users/admin/builder/spi-builder-workspace/.dependencies/checkouts/swift-markdown
/Applications/Xcode-27.0.0.app/Contents/Developer/Toolchains/XcodeDefault.xctoolchain/usr/bin/clang -Xlinker -reproducible -target arm64-apple-watchos9.0 -r -isysroot /Applications/Xcode-27.0.0.app/Contents/Developer/Platforms/WatchOS.platform/Developer/SDKs/WatchOS27.0.sdk -O0 -w -Xlinker -no_warn_duplicate_libraries -F/Users/admin/builder/spi-builder-workspace/.derivedData/Build/Intermediates.noindex/EagerLinkingTBDs/Debug-watchos -F/Users/admin/builder/spi-builder-workspace/.derivedData/Build/Products/Debug-watchos -iframework /Applications/Xcode-27.0.0.app/Contents/Developer/Platforms/WatchOS.platform/Developer/Library/Frameworks -iframework /Applications/Xcode-27.0.0.app/Contents/Developer/Platforms/WatchOS.platform/Developer/SDKs/WatchOS27.0.sdk/Developer/Library/Frameworks -filelist /Users/admin/builder/spi-builder-workspace/.derivedData/Build/Intermediates.noindex/swift-markdown.build/Debug-watchos/CAtomic-t.build/Objects-normal/arm64/CAtomic.LinkFileList -nostdlib -Xlinker -object_path_lto -Xlinker /Users/admin/builder/spi-builder-workspace/.derivedData/Build/Intermediates.noindex/swift-markdown.build/Debug-watchos/CAtomic-t.build/Objects-normal/arm64/CAtomic_lto.o -Xlinker -no_deduplicate -Xlinker -debug_variant -Xlinker -dependency_info -Xlinker /Users/admin/builder/spi-builder-workspace/.derivedData/Build/Intermediates.noindex/swift-markdown.build/Debug-watchos/CAtomic-t.build/Objects-normal/arm64/CAtomic_dependency_info.dat -o /Users/admin/builder/spi-builder-workspace/.derivedData/Build/Intermediates.noindex/swift-markdown.build/Debug-watchos/CAtomic-t.build/Objects-normal/arm64/Binary/CAtomic.o
PrecompileModule /Users/admin/builder/spi-builder-workspace/.derivedData/Build/Intermediates.noindex/ExplicitPrecompiledModules/libxml2-CH2YN20PQ6V7LMEGNYZ7LALMF.scan
cd /
builtin-precompileModule /Users/admin/builder/spi-builder-workspace/.derivedData/Build/Intermediates.noindex/ExplicitPrecompiledModules/libxml2-CH2YN20PQ6V7LMEGNYZ7LALMF.scan
PrecompileModule /Users/admin/builder/spi-builder-workspace/.derivedData/Build/Intermediates.noindex/ExplicitPrecompiledModules/_Builtin_stdarg-1NLQU87YKNDT3FTFHIL6FGQ89.scan
cd /
builtin-precompileModule /Users/admin/builder/spi-builder-workspace/.derivedData/Build/Intermediates.noindex/ExplicitPrecompiledModules/_Builtin_stdarg-1NLQU87YKNDT3FTFHIL6FGQ89.scan
PrecompileModule /Users/admin/builder/spi-builder-workspace/.derivedData/Build/Intermediates.noindex/ExplicitPrecompiledModules/_Builtin_stddef-73SEM6JHHFHB9LSRTKC0F007D.scan
cd /
builtin-precompileModule /Users/admin/builder/spi-builder-workspace/.derivedData/Build/Intermediates.noindex/ExplicitPrecompiledModules/_Builtin_stddef-73SEM6JHHFHB9LSRTKC0F007D.scan
PrecompileModule /Users/admin/builder/spi-builder-workspace/.derivedData/Build/Intermediates.noindex/ExplicitPrecompiledModules/ptrcheck-AX4TY6SD6BZE3OA8XW46OXX7D.scan
cd /
builtin-precompileModule /Users/admin/builder/spi-builder-workspace/.derivedData/Build/Intermediates.noindex/ExplicitPrecompiledModules/ptrcheck-AX4TY6SD6BZE3OA8XW46OXX7D.scan
CreateUniversalBinary /Users/admin/builder/spi-builder-workspace/.derivedData/Build/Products/Debug-watchos/CAtomic.o normal arm64\ arm64_32 (in target 'CAtomic' from project 'swift-markdown')
cd /Users/admin/builder/spi-builder-workspace/.dependencies/checkouts/swift-markdown
/Applications/Xcode-27.0.0.app/Contents/Developer/Toolchains/XcodeDefault.xctoolchain/usr/bin/lipo -create /Users/admin/builder/spi-builder-workspace/.derivedData/Build/Intermediates.noindex/swift-markdown.build/Debug-watchos/CAtomic-t.build/Objects-normal/arm64/Binary/CAtomic.o /Users/admin/builder/spi-builder-workspace/.derivedData/Build/Intermediates.noindex/swift-markdown.build/Debug-watchos/CAtomic-t.build/Objects-normal/arm64_32/Binary/CAtomic.o -output /Users/admin/builder/spi-builder-workspace/.derivedData/Build/Products/Debug-watchos/CAtomic.o
SwiftEmitModule normal arm64_32 Emitting\ module\ for\ Archive (in target 'Archive' from project 'Archive')
SwiftCompile normal arm64_32 (in target 'Archive' from project 'Archive')
cd /Users/admin/builder/spi-builder-workspace/.swiftpm/xcode
PrecompileModule /Users/admin/builder/spi-builder-workspace/.derivedData/Build/Intermediates.noindex/ExplicitPrecompiledModules/_AvailabilityInternal-198ZHFGR168KDJJV83V4WGJLC.scan
cd /
builtin-precompileModule /Users/admin/builder/spi-builder-workspace/.derivedData/Build/Intermediates.noindex/ExplicitPrecompiledModules/_AvailabilityInternal-198ZHFGR168KDJJV83V4WGJLC.scan
PrecompileModule /Users/admin/builder/spi-builder-workspace/.derivedData/Build/Intermediates.noindex/ExplicitPrecompiledModules/_Builtin_stdbool-CI9L8YDLHBK8HT87KOX2H7H75.scan
cd /
builtin-precompileModule /Users/admin/builder/spi-builder-workspace/.derivedData/Build/Intermediates.noindex/ExplicitPrecompiledModules/_Builtin_stdbool-CI9L8YDLHBK8HT87KOX2H7H75.scan
PrecompileModule /Users/admin/builder/spi-builder-workspace/.derivedData/Build/Intermediates.noindex/ExplicitPrecompiledModules/_Builtin_float-5M5Q529JEQ4YWQGSR3NJ7EERC.scan
cd /
builtin-precompileModule /Users/admin/builder/spi-builder-workspace/.derivedData/Build/Intermediates.noindex/ExplicitPrecompiledModules/_Builtin_float-5M5Q529JEQ4YWQGSR3NJ7EERC.scan
PrecompileModule /Users/admin/builder/spi-builder-workspace/.derivedData/Build/Intermediates.noindex/ExplicitPrecompiledModules/libxml2-3GK3B6MZH770J6G3C862VFU6Y.scan
cd /
builtin-precompileModule /Users/admin/builder/spi-builder-workspace/.derivedData/Build/Intermediates.noindex/ExplicitPrecompiledModules/libxml2-3GK3B6MZH770J6G3C862VFU6Y.scan
SwiftCompile normal arm64 Compiling\ FontBytes.swift /Users/admin/builder/spi-builder-workspace/Sources/SwiftTextOpenType/FontBytes.swift (in target 'SwiftTextOpenType' from project 'SwiftText')
SwiftCompile normal arm64 /Users/admin/builder/spi-builder-workspace/Sources/SwiftTextOpenType/FontBytes.swift (in target 'SwiftTextOpenType' from project 'SwiftText')
cd /Users/admin/builder/spi-builder-workspace/.swiftpm/xcode
builtin-SwiftPerFileCompile FontBytes.swift
SwiftCompile normal arm64 Compiling\ CFFSubset.swift /Users/admin/builder/spi-builder-workspace/Sources/SwiftTextOpenType/CFFSubset.swift (in target 'SwiftTextOpenType' from project 'SwiftText')
SwiftCompile normal arm64 /Users/admin/builder/spi-builder-workspace/Sources/SwiftTextOpenType/CFFSubset.swift (in target 'SwiftTextOpenType' from project 'SwiftText')
cd /Users/admin/builder/spi-builder-workspace/.swiftpm/xcode
builtin-SwiftPerFileCompile CFFSubset.swift
SwiftCompile normal arm64 Compiling\ Cmap.swift /Users/admin/builder/spi-builder-workspace/Sources/SwiftTextOpenType/Cmap.swift (in target 'SwiftTextOpenType' from project 'SwiftText')
SwiftCompile normal arm64 /Users/admin/builder/spi-builder-workspace/Sources/SwiftTextOpenType/Cmap.swift (in target 'SwiftTextOpenType' from project 'SwiftText')
cd /Users/admin/builder/spi-builder-workspace/.swiftpm/xcode
builtin-SwiftPerFileCompile Cmap.swift
CompileC /Users/admin/builder/spi-builder-workspace/.derivedData/Build/Intermediates.noindex/XMLKit.build/Debug-watchos/CHTMLParser-t.build/Objects-normal/arm64/HTMLParserBridge.o /Users/admin/builder/spi-builder-workspace/.dependencies/checkouts/XMLKit/Sources/CHTMLParser/HTMLParserBridge.c normal arm64 c com.apple.compilers.llvm.clang.1_0.compiler (in target 'CHTMLParser' from project 'XMLKit')
cd /Users/admin/builder/spi-builder-workspace/.swiftpm/xcode
Using response file: /Users/admin/builder/spi-builder-workspace/.derivedData/Build/Intermediates.noindex/XMLKit.build/Debug-watchos/CHTMLParser-t.build/Objects-normal/arm64/7187679823f38a2a940e0043cdf9d637-common-args.resp
/Applications/Xcode-27.0.0.app/Contents/Developer/Toolchains/XcodeDefault.xctoolchain/usr/bin/clang -x c -ivfsstatcache /Users/admin/builder/spi-builder-workspace/.derivedData/SDKStatCaches.noindex/watchos27.0-24R360-e829b21a6f8c9b70876ba0858053c044b9db9bc9c079ee3c7b5f3373b13d10bc.sdkstatcache -target arm64-apple-watchos9.0 -fmessage-length\=0 -fdiagnostics-show-note-include-stack -fmacro-backtrace-limit\=0 -fno-color-diagnostics -fmodules-prune-interval\=86400 -fmodules-prune-after\=345600 -fbuild-session-file\=/Users/admin/builder/spi-builder-workspace/.derivedData/ModuleCache.noindex/Session.modulevalidation -fmodules-validate-once-per-build-session -Wnon-modular-include-in-framework-module -Werror\=non-modular-include-in-framework-module -Wno-trigraphs -Wno-missing-field-initializers -Wno-missing-prototypes -Wno-return-type -Wno-missing-braces -Wparentheses -Wswitch -Wno-unused-function -Wno-unused-label -Wno-unused-parameter -Wno-unused-variable -Wunused-value -Wno-empty-body -Wno-uninitialized -Wno-unknown-pragmas -w -Wno-shadow -Wno-four-char-constants -Wno-conversion -Wno-constant-conversion -Wno-int-conversion -Wno-bool-conversion -Wno-enum-conversion -Wno-float-conversion -Wno-non-literal-null-conversion -Wno-objc-literal-conversion -Wshorten-64-to-32 -Wpointer-sign -Wno-newline-eof -Wno-implicit-fallthrough -isysroot /Applications/Xcode-27.0.0.app/Contents/Developer/Platforms/WatchOS.platform/Developer/SDKs/WatchOS27.0.sdk -fstrict-aliasing -Wdeprecated-declarations -Wno-sign-conversion -Wno-infinite-recursion -Wno-comma -Wno-block-capture-autoreleasing -Wno-strict-prototypes -Wno-semicolon-before-method-body -index-store-path /Users/admin/builder/spi-builder-workspace/.derivedData/Index.noindex/DataStore @/Users/admin/builder/spi-builder-workspace/.derivedData/Build/Intermediates.noindex/XMLKit.build/Debug-watchos/CHTMLParser-t.build/Objects-normal/arm64/7187679823f38a2a940e0043cdf9d637-common-args.resp -MMD -MT dependencies -MF /Users/admin/builder/spi-builder-workspace/.derivedData/Build/Intermediates.noindex/XMLKit.build/Debug-watchos/CHTMLParser-t.build/Objects-normal/arm64/HTMLParserBridge.d --serialize-diagnostics /Users/admin/builder/spi-builder-workspace/.derivedData/Build/Intermediates.noindex/XMLKit.build/Debug-watchos/CHTMLParser-t.build/Objects-normal/arm64/HTMLParserBridge.dia -c /Users/admin/builder/spi-builder-workspace/.dependencies/checkouts/XMLKit/Sources/CHTMLParser/HTMLParserBridge.c -o /Users/admin/builder/spi-builder-workspace/.derivedData/Build/Intermediates.noindex/XMLKit.build/Debug-watchos/CHTMLParser-t.build/Objects-normal/arm64/HTMLParserBridge.o -index-unit-output-path /XMLKit.build/Debug-watchos/CHTMLParser-t.build/Objects-normal/arm64/HTMLParserBridge.o
PrecompileModule /Users/admin/builder/spi-builder-workspace/.derivedData/Build/Intermediates.noindex/ExplicitPrecompiledModules/_DarwinFoundation1-E2CB40F4A28LBVJ48DH497BC1.scan
cd /
builtin-precompileModule /Users/admin/builder/spi-builder-workspace/.derivedData/Build/Intermediates.noindex/ExplicitPrecompiledModules/_DarwinFoundation1-E2CB40F4A28LBVJ48DH497BC1.scan
Ld /Users/admin/builder/spi-builder-workspace/.derivedData/Build/Intermediates.noindex/XMLKit.build/Debug-watchos/CHTMLParser-t.build/Objects-normal/arm64/Binary/CHTMLParser.o normal arm64 (in target 'CHTMLParser' from project 'XMLKit')
cd /Users/admin/builder/spi-builder-workspace/.dependencies/checkouts/XMLKit
/Applications/Xcode-27.0.0.app/Contents/Developer/Toolchains/XcodeDefault.xctoolchain/usr/bin/clang -Xlinker -reproducible -target arm64-apple-watchos9.0 -r -isysroot /Applications/Xcode-27.0.0.app/Contents/Developer/Platforms/WatchOS.platform/Developer/SDKs/WatchOS27.0.sdk -O0 -w -Xlinker -no_warn_duplicate_libraries -F/Users/admin/builder/spi-builder-workspace/.derivedData/Build/Intermediates.noindex/EagerLinkingTBDs/Debug-watchos -F/Users/admin/builder/spi-builder-workspace/.derivedData/Build/Products/Debug-watchos -iframework /Applications/Xcode-27.0.0.app/Contents/Developer/Platforms/WatchOS.platform/Developer/Library/Frameworks -iframework /Applications/Xcode-27.0.0.app/Contents/Developer/Platforms/WatchOS.platform/Developer/SDKs/WatchOS27.0.sdk/Developer/Library/Frameworks -filelist /Users/admin/builder/spi-builder-workspace/.derivedData/Build/Intermediates.noindex/XMLKit.build/Debug-watchos/CHTMLParser-t.build/Objects-normal/arm64/CHTMLParser.LinkFileList -nostdlib -Xlinker -object_path_lto -Xlinker /Users/admin/builder/spi-builder-workspace/.derivedData/Build/Intermediates.noindex/XMLKit.build/Debug-watchos/CHTMLParser-t.build/Objects-normal/arm64/CHTMLParser_lto.o -Xlinker -no_deduplicate -Xlinker -debug_variant -Xlinker -dependency_info -Xlinker /Users/admin/builder/spi-builder-workspace/.derivedData/Build/Intermediates.noindex/XMLKit.build/Debug-watchos/CHTMLParser-t.build/Objects-normal/arm64/CHTMLParser_dependency_info.dat -o /Users/admin/builder/spi-builder-workspace/.derivedData/Build/Intermediates.noindex/XMLKit.build/Debug-watchos/CHTMLParser-t.build/Objects-normal/arm64/Binary/CHTMLParser.o
CompileC /Users/admin/builder/spi-builder-workspace/.derivedData/Build/Intermediates.noindex/XMLKit.build/Debug-watchos/CHTMLParser-t.build/Objects-normal/arm64_32/HTMLParserBridge.o /Users/admin/builder/spi-builder-workspace/.dependencies/checkouts/XMLKit/Sources/CHTMLParser/HTMLParserBridge.c normal arm64_32 c com.apple.compilers.llvm.clang.1_0.compiler (in target 'CHTMLParser' from project 'XMLKit')
cd /Users/admin/builder/spi-builder-workspace/.swiftpm/xcode
Using response file: /Users/admin/builder/spi-builder-workspace/.derivedData/Build/Intermediates.noindex/XMLKit.build/Debug-watchos/CHTMLParser-t.build/Objects-normal/arm64_32/7187679823f38a2a940e0043cdf9d637-common-args.resp
/Applications/Xcode-27.0.0.app/Contents/Developer/Toolchains/XcodeDefault.xctoolchain/usr/bin/clang -x c -ivfsstatcache /Users/admin/builder/spi-builder-workspace/.derivedData/SDKStatCaches.noindex/watchos27.0-24R360-e829b21a6f8c9b70876ba0858053c044b9db9bc9c079ee3c7b5f3373b13d10bc.sdkstatcache -target arm64_32-apple-watchos9.0 -fmessage-length\=0 -fdiagnostics-show-note-include-stack -fmacro-backtrace-limit\=0 -fno-color-diagnostics -fmodules-prune-interval\=86400 -fmodules-prune-after\=345600 -fbuild-session-file\=/Users/admin/builder/spi-builder-workspace/.derivedData/ModuleCache.noindex/Session.modulevalidation -fmodules-validate-once-per-build-session -Wnon-modular-include-in-framework-module -Werror\=non-modular-include-in-framework-module -Wno-trigraphs -Wno-missing-field-initializers -Wno-missing-prototypes -Wno-return-type -Wno-missing-braces -Wparentheses -Wswitch -Wno-unused-function -Wno-unused-label -Wno-unused-parameter -Wno-unused-variable -Wunused-value -Wno-empty-body -Wno-uninitialized -Wno-unknown-pragmas -w -Wno-shadow -Wno-four-char-constants -Wno-conversion -Wno-constant-conversion -Wno-int-conversion -Wno-bool-conversion -Wno-enum-conversion -Wno-float-conversion -Wno-non-literal-null-conversion -Wno-objc-literal-conversion -Wno-shorten-64-to-32 -Wpointer-sign -Wno-newline-eof -Wno-implicit-fallthrough -isysroot /Applications/Xcode-27.0.0.app/Contents/Developer/Platforms/WatchOS.platform/Developer/SDKs/WatchOS27.0.sdk -fstrict-aliasing -Wdeprecated-declarations -Wno-sign-conversion -Wno-infinite-recursion -Wno-comma -Wno-block-capture-autoreleasing -Wno-strict-prototypes -Wno-semicolon-before-method-body -index-store-path /Users/admin/builder/spi-builder-workspace/.derivedData/Index.noindex/DataStore @/Users/admin/builder/spi-builder-workspace/.derivedData/Build/Intermediates.noindex/XMLKit.build/Debug-watchos/CHTMLParser-t.build/Objects-normal/arm64_32/7187679823f38a2a940e0043cdf9d637-common-args.resp -MMD -MT dependencies -MF /Users/admin/builder/spi-builder-workspace/.derivedData/Build/Intermediates.noindex/XMLKit.build/Debug-watchos/CHTMLParser-t.build/Objects-normal/arm64_32/HTMLParserBridge.d --serialize-diagnostics /Users/admin/builder/spi-builder-workspace/.derivedData/Build/Intermediates.noindex/XMLKit.build/Debug-watchos/CHTMLParser-t.build/Objects-normal/arm64_32/HTMLParserBridge.dia -c /Users/admin/builder/spi-builder-workspace/.dependencies/checkouts/XMLKit/Sources/CHTMLParser/HTMLParserBridge.c -o /Users/admin/builder/spi-builder-workspace/.derivedData/Build/Intermediates.noindex/XMLKit.build/Debug-watchos/CHTMLParser-t.build/Objects-normal/arm64_32/HTMLParserBridge.o -index-unit-output-path /XMLKit.build/Debug-watchos/CHTMLParser-t.build/Objects-normal/arm64_32/HTMLParserBridge.o
SwiftCompile normal arm64 Compiling\ OpenTypeFont.swift /Users/admin/builder/spi-builder-workspace/Sources/SwiftTextOpenType/OpenTypeFont.swift (in target 'SwiftTextOpenType' from project 'SwiftText')
SwiftCompile normal arm64 /Users/admin/builder/spi-builder-workspace/Sources/SwiftTextOpenType/OpenTypeFont.swift (in target 'SwiftTextOpenType' from project 'SwiftText')
cd /Users/admin/builder/spi-builder-workspace/.swiftpm/xcode
builtin-SwiftPerFileCompile OpenTypeFont.swift
SwiftCompile normal arm64 Compiling\ TrueTypeSubset.swift /Users/admin/builder/spi-builder-workspace/Sources/SwiftTextOpenType/TrueTypeSubset.swift (in target 'SwiftTextOpenType' from project 'SwiftText')
SwiftCompile normal arm64 /Users/admin/builder/spi-builder-workspace/Sources/SwiftTextOpenType/TrueTypeSubset.swift (in target 'SwiftTextOpenType' from project 'SwiftText')
cd /Users/admin/builder/spi-builder-workspace/.swiftpm/xcode
builtin-SwiftPerFileCompile TrueTypeSubset.swift
SwiftCompile normal arm64_32 Compiling\ OpenTypeFont.swift /Users/admin/builder/spi-builder-workspace/Sources/SwiftTextOpenType/OpenTypeFont.swift (in target 'SwiftTextOpenType' from project 'SwiftText')
SwiftCompile normal arm64_32 /Users/admin/builder/spi-builder-workspace/Sources/SwiftTextOpenType/OpenTypeFont.swift (in target 'SwiftTextOpenType' from project 'SwiftText')
cd /Users/admin/builder/spi-builder-workspace/.swiftpm/xcode
builtin-SwiftPerFileCompile OpenTypeFont.swift
SwiftCompile normal arm64_32 Compiling\ Cmap.swift /Users/admin/builder/spi-builder-workspace/Sources/SwiftTextOpenType/Cmap.swift (in target 'SwiftTextOpenType' from project 'SwiftText')
SwiftCompile normal arm64_32 /Users/admin/builder/spi-builder-workspace/Sources/SwiftTextOpenType/Cmap.swift (in target 'SwiftTextOpenType' from project 'SwiftText')
cd /Users/admin/builder/spi-builder-workspace/.swiftpm/xcode
builtin-SwiftPerFileCompile Cmap.swift
PrecompileModule /Users/admin/builder/spi-builder-workspace/.derivedData/Build/Intermediates.noindex/ExplicitPrecompiledModules/_Builtin_limits-DMJ16ZWRRO4VKTXKY5SVW5CTH.scan
cd /
builtin-precompileModule /Users/admin/builder/spi-builder-workspace/.derivedData/Build/Intermediates.noindex/ExplicitPrecompiledModules/_Builtin_limits-DMJ16ZWRRO4VKTXKY5SVW5CTH.scan
Ld /Users/admin/builder/spi-builder-workspace/.derivedData/Build/Intermediates.noindex/XMLKit.build/Debug-watchos/CHTMLParser-t.build/Objects-normal/arm64_32/Binary/CHTMLParser.o normal arm64_32 (in target 'CHTMLParser' from project 'XMLKit')
cd /Users/admin/builder/spi-builder-workspace/.dependencies/checkouts/XMLKit
/Applications/Xcode-27.0.0.app/Contents/Developer/Toolchains/XcodeDefault.xctoolchain/usr/bin/clang -Xlinker -reproducible -target arm64_32-apple-watchos9.0 -r -isysroot /Applications/Xcode-27.0.0.app/Contents/Developer/Platforms/WatchOS.platform/Developer/SDKs/WatchOS27.0.sdk -O0 -w -Xlinker -no_warn_duplicate_libraries -F/Users/admin/builder/spi-builder-workspace/.derivedData/Build/Intermediates.noindex/EagerLinkingTBDs/Debug-watchos -F/Users/admin/builder/spi-builder-workspace/.derivedData/Build/Products/Debug-watchos -iframework /Applications/Xcode-27.0.0.app/Contents/Developer/Platforms/WatchOS.platform/Developer/Library/Frameworks -iframework /Applications/Xcode-27.0.0.app/Contents/Developer/Platforms/WatchOS.platform/Developer/SDKs/WatchOS27.0.sdk/Developer/Library/Frameworks -filelist /Users/admin/builder/spi-builder-workspace/.derivedData/Build/Intermediates.noindex/XMLKit.build/Debug-watchos/CHTMLParser-t.build/Objects-normal/arm64_32/CHTMLParser.LinkFileList -nostdlib -Xlinker -object_path_lto -Xlinker /Users/admin/builder/spi-builder-workspace/.derivedData/Build/Intermediates.noindex/XMLKit.build/Debug-watchos/CHTMLParser-t.build/Objects-normal/arm64_32/CHTMLParser_lto.o -Xlinker -no_deduplicate -Xlinker -debug_variant -Xlinker -dependency_info -Xlinker /Users/admin/builder/spi-builder-workspace/.derivedData/Build/Intermediates.noindex/XMLKit.build/Debug-watchos/CHTMLParser-t.build/Objects-normal/arm64_32/CHTMLParser_dependency_info.dat -o /Users/admin/builder/spi-builder-workspace/.derivedData/Build/Intermediates.noindex/XMLKit.build/Debug-watchos/CHTMLParser-t.build/Objects-normal/arm64_32/Binary/CHTMLParser.o
PrecompileModule /Users/admin/builder/spi-builder-workspace/.derivedData/Build/Intermediates.noindex/ExplicitPrecompiledModules/_DarwinFoundation2-4AACY2MO9ITHII69U8ZEI5UGX.scan
cd /
builtin-precompileModule /Users/admin/builder/spi-builder-workspace/.derivedData/Build/Intermediates.noindex/ExplicitPrecompiledModules/_DarwinFoundation2-4AACY2MO9ITHII69U8ZEI5UGX.scan
CreateUniversalBinary /Users/admin/builder/spi-builder-workspace/.derivedData/Build/Products/Debug-watchos/CHTMLParser.o normal arm64\ arm64_32 (in target 'CHTMLParser' from project 'XMLKit')
cd /Users/admin/builder/spi-builder-workspace/.dependencies/checkouts/XMLKit
/Applications/Xcode-27.0.0.app/Contents/Developer/Toolchains/XcodeDefault.xctoolchain/usr/bin/lipo -create /Users/admin/builder/spi-builder-workspace/.derivedData/Build/Intermediates.noindex/XMLKit.build/Debug-watchos/CHTMLParser-t.build/Objects-normal/arm64/Binary/CHTMLParser.o /Users/admin/builder/spi-builder-workspace/.derivedData/Build/Intermediates.noindex/XMLKit.build/Debug-watchos/CHTMLParser-t.build/Objects-normal/arm64_32/Binary/CHTMLParser.o -output /Users/admin/builder/spi-builder-workspace/.derivedData/Build/Products/Debug-watchos/CHTMLParser.o
PrecompileModule /Users/admin/builder/spi-builder-workspace/.derivedData/Build/Intermediates.noindex/ExplicitPrecompiledModules/_Builtin_stdint-DSFOGBRZ34UVLY2SHDQ3KUZCK.scan
cd /
builtin-precompileModule /Users/admin/builder/spi-builder-workspace/.derivedData/Build/Intermediates.noindex/ExplicitPrecompiledModules/_Builtin_stdint-DSFOGBRZ34UVLY2SHDQ3KUZCK.scan
SwiftCompile normal arm64_32 Compiling\ CFFSubset.swift /Users/admin/builder/spi-builder-workspace/Sources/SwiftTextOpenType/CFFSubset.swift (in target 'SwiftTextOpenType' from project 'SwiftText')
SwiftCompile normal arm64_32 /Users/admin/builder/spi-builder-workspace/Sources/SwiftTextOpenType/CFFSubset.swift (in target 'SwiftTextOpenType' from project 'SwiftText')
cd /Users/admin/builder/spi-builder-workspace/.swiftpm/xcode
builtin-SwiftPerFileCompile CFFSubset.swift
SwiftDriverJobDiscovery normal arm64 Compiling FontBytes.swift (in target 'SwiftTextOpenType' from project 'SwiftText')
SwiftCompile normal arm64_32 Compiling\ TrueTypeSubset.swift /Users/admin/builder/spi-builder-workspace/Sources/SwiftTextOpenType/TrueTypeSubset.swift (in target 'SwiftTextOpenType' from project 'SwiftText')
SwiftCompile normal arm64_32 /Users/admin/builder/spi-builder-workspace/Sources/SwiftTextOpenType/TrueTypeSubset.swift (in target 'SwiftTextOpenType' from project 'SwiftText')
cd /Users/admin/builder/spi-builder-workspace/.swiftpm/xcode
builtin-SwiftPerFileCompile TrueTypeSubset.swift
PrecompileModule /Users/admin/builder/spi-builder-workspace/.derivedData/Build/Intermediates.noindex/ExplicitPrecompiledModules/_DarwinFoundation3-DS9QGOX2ZD2Z83LYSWFBRKCWH.scan
cd /
builtin-precompileModule /Users/admin/builder/spi-builder-workspace/.derivedData/Build/Intermediates.noindex/ExplicitPrecompiledModules/_DarwinFoundation3-DS9QGOX2ZD2Z83LYSWFBRKCWH.scan
SwiftDriverJobDiscovery normal arm64 Compiling Cmap.swift (in target 'SwiftTextOpenType' from project 'SwiftText')
SwiftCompile normal arm64_32 Compiling\ FontBytes.swift /Users/admin/builder/spi-builder-workspace/Sources/SwiftTextOpenType/FontBytes.swift (in target 'SwiftTextOpenType' from project 'SwiftText')
/Users/admin/builder/spi-builder-workspace/Sources/SwiftTextOpenType/FontBytes.swift:75:41: error: integer literal '4294967296' overflows when stored into 'Int'
73 | func i32(_ offset: Int) throws -> Int {
74 | let value = try u32(offset)
75 | return value >= 0x8000_0000 ? value - 0x1_0000_0000 : value
| `- error: integer literal '4294967296' overflows when stored into 'Int'
76 | }
77 |
/Users/admin/builder/spi-builder-workspace/Sources/SwiftTextOpenType/FontBytes.swift:75:19: error: integer literal '2147483648' overflows when stored into 'Int'
73 | func i32(_ offset: Int) throws -> Int {
74 | let value = try u32(offset)
75 | return value >= 0x8000_0000 ? value - 0x1_0000_0000 : value
| `- error: integer literal '2147483648' overflows when stored into 'Int'
76 | }
77 |
Failed frontend command:
/Applications/Xcode-27.0.0.app/Contents/Developer/Toolchains/XcodeDefault.xctoolchain/usr/bin/swift-frontend -frontend -c /Users/admin/builder/spi-builder-workspace/Sources/SwiftTextOpenType/CFFSubset.swift /Users/admin/builder/spi-builder-workspace/Sources/SwiftTextOpenType/Cmap.swift -primary-file /Users/admin/builder/spi-builder-workspace/Sources/SwiftTextOpenType/FontBytes.swift /Users/admin/builder/spi-builder-workspace/Sources/SwiftTextOpenType/OpenTypeFont.swift /Users/admin/builder/spi-builder-workspace/Sources/SwiftTextOpenType/TrueTypeSubset.swift -emit-dependencies-path /Users/admin/builder/spi-builder-workspace/.derivedData/Build/Intermediates.noindex/SwiftText.build/Debug-watchos/SwiftTextOpenType-t.build/Objects-normal/arm64_32/FontBytes.d -emit-const-values-path /Users/admin/builder/spi-builder-workspace/.derivedData/Build/Intermediates.noindex/SwiftText.build/Debug-watchos/SwiftTextOpenType-t.build/Objects-normal/arm64_32/FontBytes.swiftconstvalues -emit-reference-dependencies-path /Users/admin/builder/spi-builder-workspace/.derivedData/Build/Intermediates.noindex/SwiftText.build/Debug-watchos/SwiftTextOpenType-t.build/Objects-normal/arm64_32/FontBytes.swiftdeps -serialize-diagnostics-path /Users/admin/builder/spi-builder-workspace/.derivedData/Build/Intermediates.noindex/SwiftText.build/Debug-watchos/SwiftTextOpenType-t.build/Objects-normal/arm64_32/FontBytes.dia -target arm64_32-apple-watchos10.0 -disable-cross-import-overlay-search -load-resolved-plugin /Applications/Xcode-27.0.0.app/Contents/Developer/Platforms/WatchOS.platform/Developer/usr/lib/swift/host/plugins/libFoundationMacros.dylib\#/Applications/Xcode-27.0.0.app/Contents/Developer/Platforms/WatchOS.platform/Developer/usr/bin/swift-plugin-server\#FoundationMacros -load-resolved-plugin /Applications/Xcode-27.0.0.app/Contents/Developer/Platforms/WatchOS.platform/Developer/usr/lib/swift/host/plugins/libObservationMacros.dylib\#/Applications/Xcode-27.0.0.app/Contents/Developer/Platforms/WatchOS.platform/Developer/usr/bin/swift-plugin-server\#ObservationMacros -load-resolved-plugin /Applications/Xcode-27.0.0.app/Contents/Developer/Platforms/WatchOS.platform/Developer/usr/lib/swift/host/plugins/libSwiftMacros.dylib\#/Applications/Xcode-27.0.0.app/Contents/Developer/Platforms/WatchOS.platform/Developer/usr/bin/swift-plugin-server\#SwiftMacros -disable-implicit-swift-modules -Xcc -fno-implicit-modules -Xcc -fno-implicit-module-maps -explicit-swift-module-map-file /Users/admin/builder/spi-builder-workspace/.derivedData/Build/Intermediates.noindex/SwiftText.build/Debug-watchos/SwiftTextOpenType-t.build/Objects-normal/arm64_32/SwiftTextOpenType-dependencies-2.json -enable-objc-interop -sdk /Applications/Xcode-27.0.0.app/Contents/Developer/Platforms/WatchOS.platform/Developer/SDKs/WatchOS27.0.sdk -I /Users/admin/builder/spi-builder-workspace/.derivedData/Build/Products/Debug-watchos -Isystem /Applications/Xcode-27.0.0.app/Contents/Developer/Platforms/WatchOS.platform/Developer/usr/lib -F /Users/admin/builder/spi-builder-workspace/.derivedData/Build/Products/Debug-watchos -F /Applications/Xcode-27.0.0.app/Contents/Developer/Platforms/WatchOS.platform/Developer/Library/Frameworks -F /Applications/Xcode-27.0.0.app/Contents/Developer/Platforms/WatchOS.platform/Developer/SDKs/WatchOS27.0.sdk/Developer/Library/Frameworks -module-cache-path /Users/admin/builder/spi-builder-workspace/.derivedData/Build/Intermediates.noindex/SwiftExplicitPrecompiledModules -no-color-diagnostics -Xcc -fno-color-diagnostics -enable-testing -g -debug-info-format\=dwarf -dwarf-version\=4 -profile-generate -profile-coverage-mapping -swift-version 6 -Onone -D SWIFT_PACKAGE -D DEBUG -D SWIFT_MODULE_RESOURCE_BUNDLE_UNAVAILABLE -D CLI -D DOCX -D EPUB -D HTML -D OCR -D PAGES -D Xcode -serialize-debugging-options -enable-experimental-feature DebugDescriptionMacro -empty-abi-descriptor -validate-clang-modules-once -clang-build-session-file /Users/admin/builder/spi-builder-workspace/.derivedData/ModuleCache.noindex/Session.modulevalidation -Xcc -working-directory -Xcc /Users/admin/builder/spi-builder-workspace/.swiftpm/xcode -enable-anonymous-context-mangled-names -file-compilation-dir /Users/admin/builder/spi-builder-workspace/.swiftpm/xcode -Xcc -D_LIBCPP_HARDENING_MODE\=_LIBCPP_HARDENING_MODE_DEBUG -Xcc -ivfsstatcache -Xcc /Users/admin/builder/spi-builder-workspace/.derivedData/SDKStatCaches.noindex/watchos27.0-24R360-e829b21a6f8c9b70876ba0858053c044b9db9bc9c079ee3c7b5f3373b13d10bc.sdkstatcache -Xcc -fmodules-prune-interval\=86400 -Xcc -fmodules-prune-after\=345600 -Xcc -I/Users/admin/builder/spi-builder-workspace/.derivedData/Build/Products/Debug-watchos/include -Xcc -I/Users/admin/builder/spi-builder-workspace/.derivedData/Build/Intermediates.noindex/SwiftText.build/Debug-watchos/SwiftTextOpenType-t.build/DerivedSources-normal/arm64_32 -Xcc -I/Users/admin/builder/spi-builder-workspace/.derivedData/Build/Intermediates.noindex/SwiftText.build/Debug-watchos/SwiftTextOpenType-t.build/DerivedSources/arm64_32 -Xcc -I/Users/admin/builder/spi-builder-workspace/.derivedData/Build/Intermediates.noindex/SwiftText.build/Debug-watchos/SwiftTextOpenType-t.build/DerivedSources -Xcc -DSWIFT_PACKAGE -Xcc -DDEBUG\=1 -no-auto-bridging-header-chaining -module-name SwiftTextOpenType -package-name spi_builder_workspace -const-gather-protocols-file /Users/admin/builder/spi-builder-workspace/.derivedData/Build/Intermediates.noindex/SwiftText.build/Debug-watchos/SwiftTextOpenType-t.build/Objects-normal/arm64_32/SwiftTextOpenType_const_extract_protocols.json -disable-clang-spi -clang-target arm64_32-apple-watchos27.0 -target-sdk-version 27.0 -target-sdk-name watchos27.0 -in-process-plugin-server-path /Applications/Xcode-27.0.0.app/Contents/Developer/Toolchains/XcodeDefault.xctoolchain/usr/lib/swift/host/libSwiftInProcPluginServer.dylib -parse-as-library -o /Users/admin/builder/spi-builder-workspace/.derivedData/Build/Intermediates.noindex/SwiftText.build/Debug-watchos/SwiftTextOpenType-t.build/Objects-normal/arm64_32/FontBytes.o -debug-module-path /Users/admin/builder/spi-builder-workspace/.derivedData/Build/Intermediates.noindex/SwiftText.build/Debug-watchos/SwiftTextOpenType-t.build/Objects-normal/arm64_32/SwiftTextOpenType.swiftmodule -index-unit-output-path /SwiftText.build/Debug-watchos/SwiftTextOpenType-t.build/Objects-normal/arm64_32/FontBytes.o -index-store-path /Users/admin/builder/spi-builder-workspace/.derivedData/Index.noindex/DataStore -index-system-modules
SwiftCompile normal arm64_32 /Users/admin/builder/spi-builder-workspace/Sources/SwiftTextOpenType/FontBytes.swift (in target 'SwiftTextOpenType' from project 'SwiftText')
cd /Users/admin/builder/spi-builder-workspace/.swiftpm/xcode
builtin-SwiftPerFileCompile FontBytes.swift
SwiftDriverJobDiscovery normal arm64 Compiling OpenTypeFont.swift (in target 'SwiftTextOpenType' from project 'SwiftText')
SwiftCompile normal arm64 Compiling\ ImageDimensions.swift /Users/admin/builder/spi-builder-workspace/Sources/SwiftTextCore/ImageDimensions.swift (in target 'SwiftTextCore' from project 'SwiftText')
SwiftCompile normal arm64 /Users/admin/builder/spi-builder-workspace/Sources/SwiftTextCore/ImageDimensions.swift (in target 'SwiftTextCore' from project 'SwiftText')
cd /Users/admin/builder/spi-builder-workspace/.swiftpm/xcode
builtin-SwiftPerFileCompile ImageDimensions.swift
PrecompileModule /Users/admin/builder/spi-builder-workspace/.derivedData/Build/Intermediates.noindex/ExplicitPrecompiledModules/_Builtin_inttypes-5HUXUOFC88LE76468JI1VA3DN.scan
cd /
builtin-precompileModule /Users/admin/builder/spi-builder-workspace/.derivedData/Build/Intermediates.noindex/ExplicitPrecompiledModules/_Builtin_inttypes-5HUXUOFC88LE76468JI1VA3DN.scan
SwiftDriverJobDiscovery normal arm64_32 Compiling OpenTypeFont.swift (in target 'SwiftTextOpenType' from project 'SwiftText')
PrecompileModule /Users/admin/builder/spi-builder-workspace/.derivedData/Build/Intermediates.noindex/ExplicitPrecompiledModules/CommonCrypto-9V5X057FTKNO4RG8MHBB09NQI.scan
cd /
builtin-precompileModule /Users/admin/builder/spi-builder-workspace/.derivedData/Build/Intermediates.noindex/ExplicitPrecompiledModules/CommonCrypto-9V5X057FTKNO4RG8MHBB09NQI.scan
PrecompileModule /Users/admin/builder/spi-builder-workspace/.derivedData/Build/Intermediates.noindex/ExplicitPrecompiledModules/zlib-1H9L23BNIX8RVOPHL3ZZ2ESGQ.scan
cd /
builtin-precompileModule /Users/admin/builder/spi-builder-workspace/.derivedData/Build/Intermediates.noindex/ExplicitPrecompiledModules/zlib-1H9L23BNIX8RVOPHL3ZZ2ESGQ.scan
CompileC /Users/admin/builder/spi-builder-workspace/.derivedData/Build/Intermediates.noindex/Archive.build/Debug-watchos/CArchive-t.build/Objects-normal/arm64_32/xxhash.o /Users/admin/builder/spi-builder-workspace/.dependencies/checkouts/swift-archive/libarchive/xxhash.c normal arm64_32 c com.apple.compilers.llvm.clang.1_0.compiler (in target 'CArchive' from project 'Archive')
cd /Users/admin/builder/spi-builder-workspace/.swiftpm/xcode
Using response file: /Users/admin/builder/spi-builder-workspace/.derivedData/Build/Intermediates.noindex/Archive.build/Debug-watchos/CArchive-t.build/Objects-normal/arm64_32/7187679823f38a2a940e0043cdf9d637-common-args.resp
/Applications/Xcode-27.0.0.app/Contents/Developer/Toolchains/XcodeDefault.xctoolchain/usr/bin/clang -x c -ivfsstatcache /Users/admin/builder/spi-builder-workspace/.derivedData/SDKStatCaches.noindex/watchos27.0-24R360-e829b21a6f8c9b70876ba0858053c044b9db9bc9c079ee3c7b5f3373b13d10bc.sdkstatcache -target arm64_32-apple-watchos10.0 -fmessage-length\=0 -fdiagnostics-show-note-include-stack -fmacro-backtrace-limit\=0 -fno-color-diagnostics -fmodules-prune-interval\=86400 -fmodules-prune-after\=345600 -fbuild-session-file\=/Users/admin/builder/spi-builder-workspace/.derivedData/ModuleCache.noindex/Session.modulevalidation -fmodules-validate-once-per-build-session -Wnon-modular-include-in-framework-module -Werror\=non-modular-include-in-framework-module -Wno-trigraphs -Wno-missing-field-initializers -Wno-missing-prototypes -Wno-return-type -Wno-missing-braces -Wparentheses -Wswitch -Wno-unused-function -Wno-unused-label -Wno-unused-parameter -Wno-unused-variable -Wunused-value -Wno-empty-body -Wno-uninitialized -Wno-unknown-pragmas -w -Wno-shadow -Wno-four-char-constants -Wno-conversion -Wno-constant-conversion -Wno-int-conversion -Wno-bool-conversion -Wno-enum-conversion -Wno-float-conversion -Wno-non-literal-null-conversion -Wno-objc-literal-conversion -Wno-shorten-64-to-32 -Wpointer-sign -Wno-newline-eof -Wno-implicit-fallthrough -isysroot /Applications/Xcode-27.0.0.app/Contents/Developer/Platforms/WatchOS.platform/Developer/SDKs/WatchOS27.0.sdk -fstrict-aliasing -Wdeprecated-declarations -Wno-sign-conversion -Wno-infinite-recursion -Wno-comma -Wno-block-capture-autoreleasing -Wno-strict-prototypes -Wno-semicolon-before-method-body -index-store-path /Users/admin/builder/spi-builder-workspace/.derivedData/Index.noindex/DataStore @/Users/admin/builder/spi-builder-workspace/.derivedData/Build/Intermediates.noindex/Archive.build/Debug-watchos/CArchive-t.build/Objects-normal/arm64_32/7187679823f38a2a940e0043cdf9d637-common-args.resp -MMD -MT dependencies -MF /Users/admin/builder/spi-builder-workspace/.derivedData/Build/Intermediates.noindex/Archive.build/Debug-watchos/CArchive-t.build/Objects-normal/arm64_32/xxhash.d --serialize-diagnostics /Users/admin/builder/spi-builder-workspace/.derivedData/Build/Intermediates.noindex/Archive.build/Debug-watchos/CArchive-t.build/Objects-normal/arm64_32/xxhash.dia -c /Users/admin/builder/spi-builder-workspace/.dependencies/checkouts/swift-archive/libarchive/xxhash.c -o /Users/admin/builder/spi-builder-workspace/.derivedData/Build/Intermediates.noindex/Archive.build/Debug-watchos/CArchive-t.build/Objects-normal/arm64_32/xxhash.o -index-unit-output-path /Archive.build/Debug-watchos/CArchive-t.build/Objects-normal/arm64_32/xxhash.o
CompileC /Users/admin/builder/spi-builder-workspace/.derivedData/Build/Intermediates.noindex/Archive.build/Debug-watchos/CArchive-t.build/Objects-normal/arm64_32/filter_fork_windows.o /Users/admin/builder/spi-builder-workspace/.dependencies/checkouts/swift-archive/libarchive/filter_fork_windows.c normal arm64_32 c com.apple.compilers.llvm.clang.1_0.compiler (in target 'CArchive' from project 'Archive')
cd /Users/admin/builder/spi-builder-workspace/.swiftpm/xcode
Using response file: /Users/admin/builder/spi-builder-workspace/.derivedData/Build/Intermediates.noindex/Archive.build/Debug-watchos/CArchive-t.build/Objects-normal/arm64_32/7187679823f38a2a940e0043cdf9d637-common-args.resp
/Applications/Xcode-27.0.0.app/Contents/Developer/Toolchains/XcodeDefault.xctoolchain/usr/bin/clang -x c -ivfsstatcache /Users/admin/builder/spi-builder-workspace/.derivedData/SDKStatCaches.noindex/watchos27.0-24R360-e829b21a6f8c9b70876ba0858053c044b9db9bc9c079ee3c7b5f3373b13d10bc.sdkstatcache -target arm64_32-apple-watchos10.0 -fmessage-length\=0 -fdiagnostics-show-note-include-stack -fmacro-backtrace-limit\=0 -fno-color-diagnostics -fmodules-prune-interval\=86400 -fmodules-prune-after\=345600 -fbuild-session-file\=/Users/admin/builder/spi-builder-workspace/.derivedData/ModuleCache.noindex/Session.modulevalidation -fmodules-validate-once-per-build-session -Wnon-modular-include-in-framework-module -Werror\=non-modular-include-in-framework-module -Wno-trigraphs -Wno-missing-field-initializers -Wno-missing-prototypes -Wno-return-type -Wno-missing-braces -Wparentheses -Wswitch -Wno-unused-function -Wno-unused-label -Wno-unused-parameter -Wno-unused-variable -Wunused-value -Wno-empty-body -Wno-uninitialized -Wno-unknown-pragmas -w -Wno-shadow -Wno-four-char-constants -Wno-conversion -Wno-constant-conversion -Wno-int-conversion -Wno-bool-conversion -Wno-enum-conversion -Wno-float-conversion -Wno-non-literal-null-conversion -Wno-objc-literal-conversion -Wno-shorten-64-to-32 -Wpointer-sign -Wno-newline-eof -Wno-implicit-fallthrough -isysroot /Applications/Xcode-27.0.0.app/Contents/Developer/Platforms/WatchOS.platform/Developer/SDKs/WatchOS27.0.sdk -fstrict-aliasing -Wdeprecated-declarations -Wno-sign-conversion -Wno-infinite-recursion -Wno-comma -Wno-block-capture-autoreleasing -Wno-strict-prototypes -Wno-semicolon-before-method-body -index-store-path /Users/admin/builder/spi-builder-workspace/.derivedData/Index.noindex/DataStore @/Users/admin/builder/spi-builder-workspace/.derivedData/Build/Intermediates.noindex/Archive.build/Debug-watchos/CArchive-t.build/Objects-normal/arm64_32/7187679823f38a2a940e0043cdf9d637-common-args.resp -MMD -MT dependencies -MF /Users/admin/builder/spi-builder-workspace/.derivedData/Build/Intermediates.noindex/Archive.build/Debug-watchos/CArchive-t.build/Objects-normal/arm64_32/filter_fork_windows.d --serialize-diagnostics /Users/admin/builder/spi-builder-workspace/.derivedData/Build/Intermediates.noindex/Archive.build/Debug-watchos/CArchive-t.build/Objects-normal/arm64_32/filter_fork_windows.dia -c /Users/admin/builder/spi-builder-workspace/.dependencies/checkouts/swift-archive/libarchive/filter_fork_windows.c -o /Users/admin/builder/spi-builder-workspace/.derivedData/Build/Intermediates.noindex/Archive.build/Debug-watchos/CArchive-t.build/Objects-normal/arm64_32/filter_fork_windows.o -index-unit-output-path /Archive.build/Debug-watchos/CArchive-t.build/Objects-normal/arm64_32/filter_fork_windows.o
PrecompileModule /Users/admin/builder/spi-builder-workspace/.derivedData/Build/Intermediates.noindex/ExplicitPrecompiledModules/Darwin-DV6WEC41DJJUM4LIF7YOFJA8F.scan
cd /
builtin-precompileModule /Users/admin/builder/spi-builder-workspace/.derivedData/Build/Intermediates.noindex/ExplicitPrecompiledModules/Darwin-DV6WEC41DJJUM4LIF7YOFJA8F.scan
SwiftDriverJobDiscovery normal arm64_32 Compiling Cmap.swift (in target 'SwiftTextOpenType' from project 'SwiftText')
SwiftCompile normal arm64_32 Compiling\ ImageDimensions.swift /Users/admin/builder/spi-builder-workspace/Sources/SwiftTextCore/ImageDimensions.swift (in target 'SwiftTextCore' from project 'SwiftText')
SwiftCompile normal arm64_32 /Users/admin/builder/spi-builder-workspace/Sources/SwiftTextCore/ImageDimensions.swift (in target 'SwiftTextCore' from project 'SwiftText')
cd /Users/admin/builder/spi-builder-workspace/.swiftpm/xcode
builtin-SwiftPerFileCompile ImageDimensions.swift
SwiftCompile normal arm64_32 Compiling\ UnicodeAbuseSanitizer.swift /Users/admin/builder/spi-builder-workspace/Sources/SwiftTextCore/UnicodeAbuseSanitizer.swift (in target 'SwiftTextCore' from project 'SwiftText')
SwiftCompile normal arm64_32 /Users/admin/builder/spi-builder-workspace/Sources/SwiftTextCore/UnicodeAbuseSanitizer.swift (in target 'SwiftTextCore' from project 'SwiftText')
cd /Users/admin/builder/spi-builder-workspace/.swiftpm/xcode
builtin-SwiftPerFileCompile UnicodeAbuseSanitizer.swift
SwiftCompile normal arm64 Compiling\ UnicodeAbuseSanitizer.swift /Users/admin/builder/spi-builder-workspace/Sources/SwiftTextCore/UnicodeAbuseSanitizer.swift (in target 'SwiftTextCore' from project 'SwiftText')
SwiftCompile normal arm64 /Users/admin/builder/spi-builder-workspace/Sources/SwiftTextCore/UnicodeAbuseSanitizer.swift (in target 'SwiftTextCore' from project 'SwiftText')
cd /Users/admin/builder/spi-builder-workspace/.swiftpm/xcode
builtin-SwiftPerFileCompile UnicodeAbuseSanitizer.swift
SwiftDriverJobDiscovery normal arm64 Compiling TrueTypeSubset.swift (in target 'SwiftTextOpenType' from project 'SwiftText')
SwiftCompile normal arm64 Compiling\ ComponentValue.swift /Users/admin/builder/spi-builder-workspace/Sources/SwiftTextCSS/ComponentValue.swift (in target 'SwiftTextCSS' from project 'SwiftText')
SwiftCompile normal arm64 /Users/admin/builder/spi-builder-workspace/Sources/SwiftTextCSS/ComponentValue.swift (in target 'SwiftTextCSS' from project 'SwiftText')
cd /Users/admin/builder/spi-builder-workspace/.swiftpm/xcode
builtin-SwiftPerFileCompile ComponentValue.swift
PruneExplicitPrecompiledModules /Users/admin/builder/spi-builder-workspace/.derivedData/Build/Intermediates.noindex/ExplicitPrecompiledModules
PruneExplicitPrecompiledModules /Users/admin/builder/spi-builder-workspace/.derivedData/Build/Intermediates.noindex/SwiftExplicitPrecompiledModules
PruneExplicitPrecompiledModules /Users/admin/builder/spi-builder-workspace/.derivedData/SDKExplicitPrecompiledModules
2026-10-05 04:34:10.318 xcodebuild[1313:7256] [MT] IDERunDestination: Supported platforms for the buildables in the current scheme is empty.
2026-10-05 04:34:10.418 xcodebuild[1313:7256] [MT] IDERunDestination: Supported platforms for the buildables in the current scheme is empty.
** BUILD FAILED **
The following build commands failed:
SwiftCompile normal arm64_32 Compiling\ FontBytes.swift /Users/admin/builder/spi-builder-workspace/Sources/SwiftTextOpenType/FontBytes.swift (in target 'SwiftTextOpenType' from project 'SwiftText')
SwiftCompile normal arm64_32 /Users/admin/builder/spi-builder-workspace/Sources/SwiftTextOpenType/FontBytes.swift (in target 'SwiftTextOpenType' from project 'SwiftText')
Building workspace SwiftText with scheme SwiftText-Package
(3 failures)
BUILD FAILURE 6.4 watchOS