The Swift Package Index logo.Swift Package Index

Build Information

Failed to build DataScoutCompanion, reference main (3f98e9), with Swift 6.4 for macOS (Xcode) using Xcode 27.0 on 22 Sep 2026 09:47:27 UTC.

Build Command

env DEVELOPER_DIR=/Applications/Xcode-27.0.0-Release.Candidate.app xcrun xcodebuild -IDEClonedSourcePackagesDirPathOverride=$PWD/.dependencies -skipMacroValidation -skipPackagePluginValidation -derivedDataPath $PWD/.derivedData build -scheme DataScoutCompanion -destination platform=macOS,arch=arm64

Build Log

========================================
RunAll
========================================
Builder version: 5.1.0
Interrupt handler set up.
========================================
Checkout
========================================
Clone URL: https://github.com/alex566/DataScoutCompanion.git
Reference: main
Initialized empty Git repository in /Users/admin/builder/spi-builder-workspace/.git/
From https://github.com/alex566/DataScoutCompanion
 * branch            main       -> FETCH_HEAD
 * [new branch]      main       -> origin/main
HEAD is now at 3f98e91 Merge pull request #6 from alex566/fix-sqlite-export
Cloned https://github.com/alex566/DataScoutCompanion.git
Revision (git rev-parse @):
3f98e91e4eba308331d6aa6fbe21ad2a92b20d8a
SUCCESS checkout https://github.com/alex566/DataScoutCompanion.git at main
========================================
Build
========================================
Selected platform:         macosXcodebuild
Swift version:             6.4
Building package at path:  $PWD
https://github.com/alex566/DataScoutCompanion.git
Command line invocation:
    /Applications/Xcode-27.0.0-Release.Candidate.app/Contents/Developer/usr/bin/xcodebuild -IDEClonedSourcePackagesDirPathOverride=/Users/admin/builder/spi-builder-workspace/.dependencies -resolvePackageDependencies
Resolve Package Graph
Resolve Package Graph
Resolved source packages:
  DataScoutCompanion: /Users/admin/builder/spi-builder-workspace
resolved source packages: DataScoutCompanion
2026-09-22 05:46:50.574 xcodebuild[529:3014] [MT] IDERunDestination: Supported platforms for the buildables in the current scheme is empty.
{
  "dependencies" : [
  ],
  "manifest_display_name" : "DataScoutCompanion",
  "name" : "DataScoutCompanion",
  "path" : "/Users/admin/builder/spi-builder-workspace",
  "platforms" : [
  ],
  "products" : [
    {
      "name" : "DataScoutCompanion",
      "targets" : [
        "DataScoutCompanion"
      ],
      "type" : {
        "library" : [
          "automatic"
        ]
      }
    }
  ],
  "targets" : [
    {
      "c99name" : "DataScoutCompanion",
      "module_type" : "BinaryTarget",
      "name" : "DataScoutCompanion",
      "path" : "Frameworks/DataScoutCompanion.xcframework",
      "product_memberships" : [
        "DataScoutCompanion"
      ],
      "sources" : [
      ],
      "type" : "binary"
    }
  ],
  "tools_version" : "6.1"
}
{
  "workspace" : {
    "name" : "DataScoutCompanion",
    "schemes" : [
      "DataScoutCompanion"
    ]
  }
}
2026-09-22 05:47:22.060 xcodebuild[626:3828] [MT] IDERunDestination: Supported platforms for the buildables in the current scheme is empty.
Running build ...
env DEVELOPER_DIR=/Applications/Xcode-27.0.0-Release.Candidate.app xcrun xcodebuild -IDEClonedSourcePackagesDirPathOverride=$PWD/.dependencies -skipMacroValidation -skipPackagePluginValidation -derivedDataPath $PWD/.derivedData build -scheme DataScoutCompanion -destination platform=macOS,arch=arm64
Command line invocation:
    /Applications/Xcode-27.0.0-Release.Candidate.app/Contents/Developer/usr/bin/xcodebuild -IDEClonedSourcePackagesDirPathOverride=/Users/admin/builder/spi-builder-workspace/.dependencies -skipMacroValidation -skipPackagePluginValidation -derivedDataPath /Users/admin/builder/spi-builder-workspace/.derivedData build -scheme DataScoutCompanion -destination platform=macOS,arch=arm64
Resolve Package Graph
Resolved source packages:
  DataScoutCompanion: /Users/admin/builder/spi-builder-workspace
ComputePackagePrebuildTargetDependencyGraph
Prepare packages
CreateBuildRequest
SendProjectDescription
CreateBuildOperation
ComputeTargetDependencyGraph
note: Building targets in dependency order
note: Target dependency graph (1 target)
    Target 'DataScoutCompanion-product' in project 'DataScoutCompanion' (no dependencies)
GatherProvisioningInputs
CreateBuildDescription
ExecuteExternalTool /Applications/Xcode-27.0.0-Release.Candidate.app/Contents/Developer/Toolchains/XcodeDefault.xctoolchain/usr/bin/clang -v -E -dM -isysroot /Applications/Xcode-27.0.0-Release.Candidate.app/Contents/Developer/Platforms/MacOSX.platform/Developer/SDKs/MacOSX27.0.sdk -x c -c /dev/null
Build description signature: 724e064ad0bd0e5988021797e11301fb
Build description path: /Users/admin/builder/spi-builder-workspace/.derivedData/Build/Intermediates.noindex/XCBuildData/724e064ad0bd0e5988021797e11301fb.xcbuilddata
/Users/admin/builder/spi-builder-workspace/Frameworks/DataScoutCompanion.xcframework:1:1: error: While building for macOS, no library for this platform was found in '/Users/admin/builder/spi-builder-workspace/Frameworks/DataScoutCompanion.xcframework'. (in target 'DataScoutCompanion-product' from project 'DataScoutCompanion')
2026-09-22 05:47:23.626 xcodebuild[627:3869] [MT] IDERunDestination: Supported platforms for the buildables in the current scheme is empty.
--- xcodebuild: WARNING: Using the first of multiple matching destinations:
{ platform:macOS, arch:arm64, id:87fe8fe4a0af9912159b821f944c25e53440584f, name:My Mac }
{ platform:macOS, arch:arm64, variant:Mac Catalyst, id:87fe8fe4a0af9912159b821f944c25e53440584f, name:My Mac }
{ platform:macOS, arch:arm64, variant:DriverKit, id:87fe8fe4a0af9912159b821f944c25e53440584f, name:My Mac }
{ platform:macOS, arch:arm64, variant:Designed for [iPad,iPhone], id:87fe8fe4a0af9912159b821f944c25e53440584f, name:My Mac }
** BUILD FAILED **
The following build commands failed:
	Building workspace DataScoutCompanion with scheme DataScoutCompanion
(1 failure)
Command line invocation:
    /Applications/Xcode-27.0.0-Release.Candidate.app/Contents/Developer/usr/bin/xcodebuild -IDEClonedSourcePackagesDirPathOverride=/Users/admin/builder/spi-builder-workspace/.dependencies -resolvePackageDependencies
Resolve Package Graph
Resolved source packages:
  DataScoutCompanion: /Users/admin/builder/spi-builder-workspace
resolved source packages: DataScoutCompanion
2026-09-22 05:47:25.204 xcodebuild[639:3966] [MT] IDERunDestination: Supported platforms for the buildables in the current scheme is empty.
{
  "dependencies" : [
  ],
  "manifest_display_name" : "DataScoutCompanion",
  "name" : "DataScoutCompanion",
  "path" : "/Users/admin/builder/spi-builder-workspace",
  "platforms" : [
  ],
  "products" : [
    {
      "name" : "DataScoutCompanion",
      "targets" : [
        "DataScoutCompanion"
      ],
      "type" : {
        "library" : [
          "automatic"
        ]
      }
    }
  ],
  "targets" : [
    {
      "c99name" : "DataScoutCompanion",
      "module_type" : "BinaryTarget",
      "name" : "DataScoutCompanion",
      "path" : "Frameworks/DataScoutCompanion.xcframework",
      "product_memberships" : [
        "DataScoutCompanion"
      ],
      "sources" : [
      ],
      "type" : "binary"
    }
  ],
  "tools_version" : "6.1"
}
{
  "workspace" : {
    "name" : "DataScoutCompanion",
    "schemes" : [
      "DataScoutCompanion"
    ]
  }
}
2026-09-22 05:47:26.519 xcodebuild[668:4201] [MT] IDERunDestination: Supported platforms for the buildables in the current scheme is empty.
Running build ...
env DEVELOPER_DIR=/Applications/Xcode-27.0.0-Release.Candidate.app xcrun xcodebuild -IDEClonedSourcePackagesDirPathOverride=$PWD/.dependencies -skipMacroValidation -skipPackagePluginValidation -derivedDataPath $PWD/.derivedData build -scheme DataScoutCompanion -destination platform=macOS,arch=arm64
Command line invocation:
    /Applications/Xcode-27.0.0-Release.Candidate.app/Contents/Developer/usr/bin/xcodebuild -IDEClonedSourcePackagesDirPathOverride=/Users/admin/builder/spi-builder-workspace/.dependencies -skipMacroValidation -skipPackagePluginValidation -derivedDataPath /Users/admin/builder/spi-builder-workspace/.derivedData build -scheme DataScoutCompanion -destination platform=macOS,arch=arm64
Resolve Package Graph
Resolved source packages:
  DataScoutCompanion: /Users/admin/builder/spi-builder-workspace
ComputePackagePrebuildTargetDependencyGraph
Prepare packages
CreateBuildRequest
SendProjectDescription
CreateBuildOperation
ComputeTargetDependencyGraph
note: Building targets in dependency order
note: Target dependency graph (1 target)
    Target 'DataScoutCompanion-product' in project 'DataScoutCompanion' (no dependencies)
GatherProvisioningInputs
CreateBuildDescription
/Users/admin/builder/spi-builder-workspace/Frameworks/DataScoutCompanion.xcframework:1:1: error: While building for macOS, no library for this platform was found in '/Users/admin/builder/spi-builder-workspace/Frameworks/DataScoutCompanion.xcframework'. (in target 'DataScoutCompanion-product' from project 'DataScoutCompanion')
2026-09-22 05:47:27.450 xcodebuild[680:4287] [MT] IDERunDestination: Supported platforms for the buildables in the current scheme is empty.
--- xcodebuild: WARNING: Using the first of multiple matching destinations:
{ platform:macOS, arch:arm64, id:87fe8fe4a0af9912159b821f944c25e53440584f, name:My Mac }
{ platform:macOS, arch:arm64, variant:Mac Catalyst, id:87fe8fe4a0af9912159b821f944c25e53440584f, name:My Mac }
{ platform:macOS, arch:arm64, variant:DriverKit, id:87fe8fe4a0af9912159b821f944c25e53440584f, name:My Mac }
{ platform:macOS, arch:arm64, variant:Designed for [iPad,iPhone], id:87fe8fe4a0af9912159b821f944c25e53440584f, name:My Mac }
** BUILD FAILED **
The following build commands failed:
	Building workspace DataScoutCompanion with scheme DataScoutCompanion
(1 failure)
BUILD FAILURE 6.4 macosXcodebuild