Build Information
Failed to build WWAcknowledgementViewController, reference main (18427e), with Swift 6.1 for macOS (SPM) on 16 Aug 2026 04:16:31 UTC.
Build Command
env DEVELOPER_DIR=/Applications/Xcode-16.3.0.app xcrun swift build --arch arm64Build Log
========================================
RunAll
========================================
Builder version: undefined version: run 'make version' to update
Interrupt handler set up.
========================================
Checkout
========================================
Clone URL: https://github.com/William-Weng/WWAcknowledgementViewController.git
Reference: main
Initialized empty Git repository in /Users/admin/builder/spi-builder-workspace/.git/
From https://github.com/William-Weng/WWAcknowledgementViewController
* branch main -> FETCH_HEAD
* [new branch] main -> origin/main
HEAD is now at 18427ec Update deprecation notice for WWAcknowledgementViewController
Cloned https://github.com/William-Weng/WWAcknowledgementViewController.git
Revision (git rev-parse @):
18427ec29cd8cada5978a73518705f385d0e239c
SUCCESS checkout https://github.com/William-Weng/WWAcknowledgementViewController.git at main
========================================
Build
========================================
Selected platform: macosSpm
Swift version: 6.1
Building package at path: $PWD
https://github.com/William-Weng/WWAcknowledgementViewController.git
https://github.com/William-Weng/WWAcknowledgementViewController.git
{
"dependencies" : [
{
"identity" : "wwjavascriptcontext_markdown",
"requirement" : {
"range" : [
{
"lower_bound" : "1.1.0",
"upper_bound" : "2.0.0"
}
]
},
"type" : "sourceControl",
"url" : "https://github.com/William-Weng/WWJavaScriptContext_Markdown"
}
],
"manifest_display_name" : "WWAcknowledgementViewController",
"name" : "WWAcknowledgementViewController",
"path" : "/Users/admin/builder/spi-builder-workspace",
"platforms" : [
{
"name" : "ios",
"version" : "15.0"
}
],
"products" : [
{
"name" : "WWAcknowledgementViewController",
"targets" : [
"WWAcknowledgementViewController"
],
"type" : {
"library" : [
"automatic"
]
}
}
],
"swift_languages_versions" : [
"5"
],
"targets" : [
{
"c99name" : "WWAcknowledgementViewController",
"module_type" : "SwiftTarget",
"name" : "WWAcknowledgementViewController",
"path" : "Sources/WWAcknowledgementViewController",
"product_dependencies" : [
"WWJavaScriptContext_Markdown"
],
"product_memberships" : [
"WWAcknowledgementViewController"
],
"resources" : [
{
"path" : "/Users/admin/builder/spi-builder-workspace/Sources/WWAcknowledgementViewController/Privacy",
"rule" : {
"copy" : {
}
}
}
],
"sources" : [
"Constant.swift",
"Extension.swift",
"WWAcknowledgementViewController.swift"
],
"type" : "library"
}
],
"tools_version" : "5.7"
}
Running build ...
env DEVELOPER_DIR=/Applications/Xcode-16.3.0.app xcrun swift build --arch arm64 -Xswiftc -Xfrontend -Xswiftc -stats-output-dir -Xswiftc -Xfrontend -Xswiftc .stats -Xswiftc -strict-concurrency=complete -Xswiftc -enable-upcoming-feature -Xswiftc StrictConcurrency -Xswiftc -enable-upcoming-feature -Xswiftc DisableOutwardActorInference -Xswiftc -enable-upcoming-feature -Xswiftc GlobalActorIsolatedTypesUsability -Xswiftc -enable-upcoming-feature -Xswiftc InferSendableFromCaptures
Building for debugging...
[0/10] Write sources
[1/10] Copying Marked-18.0.5.js
[2/10] Copying LICENSE.md
[2/10] Write sources
[4/10] Copying jsSource.js
[6/10] Copying Privacy
[9/10] Write swift-version-2F0A5646E1D333AE.txt
[11/13] Compiling WWJavaScriptContext resource_bundle_accessor.swift
[12/13] Compiling WWJavaScriptContext JavaScriptContext.swift
[13/13] Emitting module WWJavaScriptContext
error: emit-module command failed with exit code 1 (use -v to see invocation)
[14/16] Emitting module WWJavaScriptContext_Markdown
/Users/admin/builder/spi-builder-workspace/.build/checkouts/WWJavaScriptContext_Markdown/Sources/WWJavaScriptContext_Markdown/WWJavaScriptContext_Markdown.swift:9:8: error: no such module 'UIKit'
7 | //
8 |
9 | import UIKit
| `- error: no such module 'UIKit'
10 | import JavaScriptCore
11 | import WWJavaScriptContext
[15/16] Compiling WWJavaScriptContext_Markdown WWJavaScriptContext_Markdown.swift
/Users/admin/builder/spi-builder-workspace/.build/checkouts/WWJavaScriptContext_Markdown/Sources/WWJavaScriptContext_Markdown/WWJavaScriptContext_Markdown.swift:9:8: error: no such module 'UIKit'
7 | //
8 |
9 | import UIKit
| `- error: no such module 'UIKit'
10 | import JavaScriptCore
11 | import WWJavaScriptContext
[16/16] Compiling WWJavaScriptContext_Markdown resource_bundle_accessor.swift
/Users/admin/builder/spi-builder-workspace/.build/checkouts/WWJavaScriptContext_Markdown/Sources/WWJavaScriptContext_Markdown/WWJavaScriptContext_Markdown.swift:9:8: error: no such module 'UIKit'
7 | //
8 |
9 | import UIKit
| `- error: no such module 'UIKit'
10 | import JavaScriptCore
11 | import WWJavaScriptContext
Fetching https://github.com/William-Weng/WWJavaScriptContext_Markdown
[1/236] Fetching wwjavascriptcontext_markdown
Fetched https://github.com/William-Weng/WWJavaScriptContext_Markdown from cache (1.24s)
Computing version for https://github.com/William-Weng/WWJavaScriptContext_Markdown
Computed https://github.com/William-Weng/WWJavaScriptContext_Markdown at 1.3.0 (1.80s)
Fetching https://github.com/William-Weng/WWJavaScriptContext
[1/111] Fetching wwjavascriptcontext
Fetched https://github.com/William-Weng/WWJavaScriptContext from cache (1.13s)
Computing version for https://github.com/William-Weng/WWJavaScriptContext
Computed https://github.com/William-Weng/WWJavaScriptContext at 1.1.0 (1.77s)
Creating working copy for https://github.com/William-Weng/WWJavaScriptContext
Working copy of https://github.com/William-Weng/WWJavaScriptContext resolved at 1.1.0
Creating working copy for https://github.com/William-Weng/WWJavaScriptContext_Markdown
Working copy of https://github.com/William-Weng/WWJavaScriptContext_Markdown resolved at 1.3.0
Running build ...
env DEVELOPER_DIR=/Applications/Xcode-16.3.0.app xcrun swift build --arch arm64
[0/1] Planning build
Building for debugging...
[0/1] Write swift-version-2F0A5646E1D333AE.txt
[2/4] Compiling WWJavaScriptContext resource_bundle_accessor.swift
[3/4] Emitting module WWJavaScriptContext
[4/4] Compiling WWJavaScriptContext JavaScriptContext.swift
[5/7] Compiling WWJavaScriptContext_Markdown resource_bundle_accessor.swift
/Users/admin/builder/spi-builder-workspace/.build/checkouts/WWJavaScriptContext_Markdown/Sources/WWJavaScriptContext_Markdown/WWJavaScriptContext_Markdown.swift:9:8: error: no such module 'UIKit'
7 | //
8 |
9 | import UIKit
| `- error: no such module 'UIKit'
10 | import JavaScriptCore
11 | import WWJavaScriptContext
error: emit-module command failed with exit code 1 (use -v to see invocation)
[6/7] Emitting module WWJavaScriptContext_Markdown
/Users/admin/builder/spi-builder-workspace/.build/checkouts/WWJavaScriptContext_Markdown/Sources/WWJavaScriptContext_Markdown/WWJavaScriptContext_Markdown.swift:9:8: error: no such module 'UIKit'
7 | //
8 |
9 | import UIKit
| `- error: no such module 'UIKit'
10 | import JavaScriptCore
11 | import WWJavaScriptContext
[7/7] Compiling WWJavaScriptContext_Markdown WWJavaScriptContext_Markdown.swift
/Users/admin/builder/spi-builder-workspace/.build/checkouts/WWJavaScriptContext_Markdown/Sources/WWJavaScriptContext_Markdown/WWJavaScriptContext_Markdown.swift:9:8: error: no such module 'UIKit'
7 | //
8 |
9 | import UIKit
| `- error: no such module 'UIKit'
10 | import JavaScriptCore
11 | import WWJavaScriptContext
BUILD FAILURE 6.1 macosSpm