Build Information
Failed to build SmartQuotes, reference 0.0.1 (001490), with Swift 6.4 for watchOS using Xcode 27.0 on 15 Sep 2026 21:04:24 UTC.
Build Command
env DEVELOPER_DIR=/Applications/Xcode-27.0.0-Release.Candidate.app xcrun xcodebuild -IDEClonedSourcePackagesDirPathOverride=$PWD/.dependencies -skipMacroValidation -skipPackagePluginValidation -derivedDataPath $PWD/.derivedData build -scheme SmartQuotes-Package -destination generic/platform=watchOSBuild Log
========================================
RunAll
========================================
Builder version: 5.1.0
Interrupt handler set up.
========================================
Checkout
========================================
Clone URL: https://github.com/hallee/swift-smart-quotes.git
Reference: 0.0.1
Initialized empty Git repository in /Users/admin/builder/spi-builder-workspace/.git/
From https://github.com/hallee/swift-smart-quotes
* tag 0.0.1 -> FETCH_HEAD
HEAD is now at 0014907 Localization + de, fi, sv (#2)
Cloned https://github.com/hallee/swift-smart-quotes.git
Revision (git rev-parse @):
00149071a7680a44a825dc95ef88cd8f36e513da
SUCCESS checkout https://github.com/hallee/swift-smart-quotes.git at 0.0.1
========================================
Build
========================================
Selected platform: watchOS
Swift version: 6.4
Building package at path: $PWD
https://github.com/hallee/swift-smart-quotes.git
Command line invocation:
/Applications/Xcode-27.0.0-Release.Candidate.app/Contents/Developer/usr/bin/xcodebuild -IDEClonedSourcePackagesDirPathOverride=/Users/admin/builder/spi-builder-workspace/.dependencies -resolvePackageDependencies
resolved source packages:
{
"dependencies" : [
],
"manifest_display_name" : "SmartQuotes",
"name" : "SmartQuotes",
"path" : "/Users/admin/builder/spi-builder-workspace",
"platforms" : [
],
"products" : [
{
"name" : "SmartQuotes",
"targets" : [
"SmartQuotes"
],
"type" : {
"library" : [
"static"
]
}
}
],
"targets" : [
{
"c99name" : "SmartQuotesTests",
"module_type" : "SwiftTarget",
"name" : "SmartQuotesTests",
"path" : "Tests/SmartQuotes",
"sources" : [
"Tests.swift",
"XCTestManifests.swift"
],
"target_dependencies" : [
"SmartQuotes"
],
"type" : "test"
},
{
"c99name" : "SmartQuotes",
"module_type" : "SwiftTarget",
"name" : "SmartQuotes",
"path" : "Sources",
"product_memberships" : [
"SmartQuotes"
],
"sources" : [
"SmartQuotes.swift"
],
"type" : "library"
}
],
"tools_version" : "5.0"
}
{
"project" : {
"configurations" : [
"Debug",
"Release"
],
"name" : "SmartQuotes",
"schemes" : [
"SmartQuotes-Package"
],
"targets" : [
"SmartQuotes",
"SmartQuotesPackageDescription",
"SmartQuotesPackageTests",
"SmartQuotesTests"
]
}
}
Running build ...
env DEVELOPER_DIR=/Applications/Xcode-27.0.0-Release.Candidate.app xcrun xcodebuild -IDEClonedSourcePackagesDirPathOverride=$PWD/.dependencies -skipMacroValidation -skipPackagePluginValidation -derivedDataPath $PWD/.derivedData build -scheme SmartQuotes-Package -destination generic/platform=watchOS
Command line invocation:
/Applications/Xcode-27.0.0-Release.Candidate.app/Contents/Developer/usr/bin/xcodebuild -IDEClonedSourcePackagesDirPathOverride=/Users/admin/builder/spi-builder-workspace/.dependencies -skipMacroValidation -skipPackagePluginValidation -derivedDataPath /Users/admin/builder/spi-builder-workspace/.derivedData build -scheme SmartQuotes-Package -destination generic/platform=watchOS
ComputePackagePrebuildTargetDependencyGraph
Prepare packages
CreateBuildRequest
SendProjectDescription
CreateBuildOperation
ComputeTargetDependencyGraph
note: Building targets in dependency order
note: Target dependency graph (1 target)
Target 'SmartQuotes' in project 'SmartQuotes' (no dependencies)
GatherProvisioningInputs
CreateBuildDescription
ExecuteExternalTool /Applications/Xcode-27.0.0-Release.Candidate.app/Contents/Developer/Toolchains/XcodeDefault.xctoolchain/usr/bin/clang -v -E -dM -isysroot /Applications/Xcode-27.0.0-Release.Candidate.app/Contents/Developer/Platforms/WatchOS.platform/Developer/SDKs/WatchOS27.0.sdk -x c -c /dev/null
ExecuteExternalTool /Applications/Xcode-27.0.0-Release.Candidate.app/Contents/Developer/Toolchains/XcodeDefault.xctoolchain/usr/bin/swiftc --version
ExecuteExternalTool /Applications/Xcode-27.0.0-Release.Candidate.app/Contents/Developer/Toolchains/XcodeDefault.xctoolchain/usr/bin/ld -version_details
Build description signature: 0e7934269bcdd10287c85c8d3c3781a4
Build description path: /Users/admin/builder/spi-builder-workspace/.derivedData/Build/Intermediates.noindex/XCBuildData/0e7934269bcdd10287c85c8d3c3781a4.xcbuilddata
/Users/admin/builder/spi-builder-workspace/SmartQuotes.xcodeproj: error: The watchOS deployment target 'WATCHOS_DEPLOYMENT_TARGET' is set to 2.0, but the range of supported deployment target versions is 9.0 to 27.0.x. (in target 'SmartQuotes' from project 'SmartQuotes')
error: The armv7k architecture is deprecated. You should update your ARCHS build setting to remove the armv7k architecture. (in target 'SmartQuotes' from project 'SmartQuotes')
** BUILD FAILED **
The following build commands failed:
Building project SmartQuotes with scheme SmartQuotes-Package
(1 failure)
Command line invocation:
/Applications/Xcode-27.0.0-Release.Candidate.app/Contents/Developer/usr/bin/xcodebuild -IDEClonedSourcePackagesDirPathOverride=/Users/admin/builder/spi-builder-workspace/.dependencies -resolvePackageDependencies
resolved source packages:
{
"dependencies" : [
],
"manifest_display_name" : "SmartQuotes",
"name" : "SmartQuotes",
"path" : "/Users/admin/builder/spi-builder-workspace",
"platforms" : [
],
"products" : [
{
"name" : "SmartQuotes",
"targets" : [
"SmartQuotes"
],
"type" : {
"library" : [
"static"
]
}
}
],
"targets" : [
{
"c99name" : "SmartQuotesTests",
"module_type" : "SwiftTarget",
"name" : "SmartQuotesTests",
"path" : "Tests/SmartQuotes",
"sources" : [
"Tests.swift",
"XCTestManifests.swift"
],
"target_dependencies" : [
"SmartQuotes"
],
"type" : "test"
},
{
"c99name" : "SmartQuotes",
"module_type" : "SwiftTarget",
"name" : "SmartQuotes",
"path" : "Sources",
"product_memberships" : [
"SmartQuotes"
],
"sources" : [
"SmartQuotes.swift"
],
"type" : "library"
}
],
"tools_version" : "5.0"
}
{
"project" : {
"configurations" : [
"Debug",
"Release"
],
"name" : "SmartQuotes",
"schemes" : [
"SmartQuotes-Package"
],
"targets" : [
"SmartQuotes",
"SmartQuotesPackageDescription",
"SmartQuotesPackageTests",
"SmartQuotesTests"
]
}
}
Running build ...
env DEVELOPER_DIR=/Applications/Xcode-27.0.0-Release.Candidate.app xcrun xcodebuild -IDEClonedSourcePackagesDirPathOverride=$PWD/.dependencies -skipMacroValidation -skipPackagePluginValidation -derivedDataPath $PWD/.derivedData build -scheme SmartQuotes-Package -destination generic/platform=watchOS
Command line invocation:
/Applications/Xcode-27.0.0-Release.Candidate.app/Contents/Developer/usr/bin/xcodebuild -IDEClonedSourcePackagesDirPathOverride=/Users/admin/builder/spi-builder-workspace/.dependencies -skipMacroValidation -skipPackagePluginValidation -derivedDataPath /Users/admin/builder/spi-builder-workspace/.derivedData build -scheme SmartQuotes-Package -destination generic/platform=watchOS
ComputePackagePrebuildTargetDependencyGraph
Prepare packages
CreateBuildRequest
SendProjectDescription
CreateBuildOperation
ComputeTargetDependencyGraph
note: Building targets in dependency order
note: Target dependency graph (1 target)
Target 'SmartQuotes' in project 'SmartQuotes' (no dependencies)
GatherProvisioningInputs
CreateBuildDescription
error: The armv7k architecture is deprecated. You should update your ARCHS build setting to remove the armv7k architecture. (in target 'SmartQuotes' from project 'SmartQuotes')
/Users/admin/builder/spi-builder-workspace/SmartQuotes.xcodeproj: error: The watchOS deployment target 'WATCHOS_DEPLOYMENT_TARGET' is set to 2.0, but the range of supported deployment target versions is 9.0 to 27.0.x. (in target 'SmartQuotes' from project 'SmartQuotes')
** BUILD FAILED **
The following build commands failed:
Building project SmartQuotes with scheme SmartQuotes-Package
(1 failure)
BUILD FAILURE 6.4 watchOS