Build Information
Failed to build swift-rtmp-kit, reference main (163eea), with Swift 6.2 for Android on 27 Jun 2026 05:41:31 UTC.
Build Command
bash -c docker run --pull=always --rm -v "checkouts-53886770-0":/host -w "$PWD" -e JAVA_HOME="/root/.sdkman/candidates/java/current" -e SPI_BUILD="1" -e SPI_PROCESSING="1" registry.gitlab.com/saguaro1/spi-images:android-6.2-latest swift build --swift-sdk aarch64-unknown-linux-android28 2>&1Build Log
========================================
RunAll
========================================
Builder version: 0e64495ecc1688c3b3e031a5ef1348b5c05091ae
Interrupt handler set up.
========================================
Checkout
========================================
Clone URL: https://github.com/atelier-socle/swift-rtmp-kit.git
Reference: main
Initialized empty Git repository in /host/spi-builder-workspace/.git/
hint: Using 'master' as the name for the initial branch. This default branch name
hint: is subject to change. To configure the initial branch name to use in all
hint: of your new repositories, which will suppress this warning, call:
hint:
hint: git config --global init.defaultBranch <name>
hint:
hint: Names commonly chosen instead of 'master' are 'main', 'trunk' and
hint: 'development'. The just-created branch can be renamed via this command:
hint:
hint: git branch -m <name>
From https://github.com/atelier-socle/swift-rtmp-kit
* branch main -> FETCH_HEAD
* [new branch] main -> origin/main
HEAD is now at 163eea4 ci: Swift 6.2/6.3 matrix, bump all GitHub Actions to Node 24
Cloned https://github.com/atelier-socle/swift-rtmp-kit.git
Revision (git rev-parse @):
163eea45fe8d66b0047d028c92de9ef993bd2ace
SUCCESS checkout https://github.com/atelier-socle/swift-rtmp-kit.git at main
========================================
Build
========================================
Selected platform: android
Swift version: 6.2
Building package at path: $PWD
https://github.com/atelier-socle/swift-rtmp-kit.git
Running build ...
bash -c docker run --pull=always --rm -v "checkouts-53886770-0":/host -w "$PWD" -e JAVA_HOME="/root/.sdkman/candidates/java/current" -e SPI_BUILD="1" -e SPI_PROCESSING="1" registry.gitlab.com/saguaro1/spi-images:android-6.2-latest swift build --swift-sdk aarch64-unknown-linux-android28 2>&1
android-6.2-latest: Pulling from saguaro1/spi-images
Digest: sha256:3f0849bce0d177c252f57ff0847fffe59d625aee973279c71a52a43c740d3c90
Status: Image is up to date for registry.gitlab.com/saguaro1/spi-images:android-6.2-latest
Fetching https://github.com/apple/swift-nio-ssl.git
Fetching https://github.com/apple/swift-nio.git
Fetching https://github.com/swiftlang/swift-docc-plugin.git
Fetching https://github.com/apple/swift-argument-parser.git
Fetching https://github.com/apple/swift-crypto.git
[1/2325] Fetching swift-docc-plugin
[2257/20274] Fetching swift-docc-plugin, swift-argument-parser
[7711/35849] Fetching swift-docc-plugin, swift-argument-parser, swift-nio-ssl
[23079/53610] Fetching swift-docc-plugin, swift-argument-parser, swift-nio-ssl, swift-crypto
Fetched https://github.com/apple/swift-argument-parser.git from cache (0.69s)
[8043/35661] Fetching swift-docc-plugin, swift-nio-ssl, swift-crypto
[10756/119815] Fetching swift-docc-plugin, swift-nio-ssl, swift-crypto, swift-nio
Fetched https://github.com/apple/swift-nio-ssl.git from cache (1.18s)
[60480/104240] Fetching swift-docc-plugin, swift-crypto, swift-nio
Fetched https://github.com/swiftlang/swift-docc-plugin.git from cache (1.37s)
[58997/101915] Fetching swift-crypto, swift-nio
Fetched https://github.com/apple/swift-crypto.git from cache (3.19s)
Fetched https://github.com/apple/swift-nio.git from cache (3.21s)
Computing version for https://github.com/swiftlang/swift-docc-plugin.git
Computed https://github.com/swiftlang/swift-docc-plugin.git at 1.5.0 (4.08s)
Fetching https://github.com/swiftlang/swift-docc-symbolkit
[1/3749] Fetching swift-docc-symbolkit
Fetched https://github.com/swiftlang/swift-docc-symbolkit from cache (0.51s)
Computing version for https://github.com/swiftlang/swift-docc-symbolkit
Computed https://github.com/swiftlang/swift-docc-symbolkit at 1.0.0 (0.70s)
Computing version for https://github.com/apple/swift-argument-parser.git
Computed https://github.com/apple/swift-argument-parser.git at 1.8.2 (0.14s)
Computing version for https://github.com/apple/swift-nio-ssl.git
Computed https://github.com/apple/swift-nio-ssl.git at 2.37.1 (0.17s)
Computing version for https://github.com/apple/swift-nio.git
Computed https://github.com/apple/swift-nio.git at 2.101.2 (0.33s)
Fetching https://github.com/apple/swift-system.git
Fetching https://github.com/apple/swift-collections.git
Fetching https://github.com/apple/swift-atomics.git
[1/1868] Fetching swift-atomics
[1869/7809] Fetching swift-atomics, swift-system
[1929/33048] Fetching swift-atomics, swift-system, swift-collections
Fetched https://github.com/apple/swift-atomics.git from cache (1.11s)
Fetched https://github.com/apple/swift-system.git from cache (1.11s)
Fetched https://github.com/apple/swift-collections.git from cache (1.12s)
Computing version for https://github.com/apple/swift-atomics.git
Computed https://github.com/apple/swift-atomics.git at 1.3.1 (1.27s)
Computing version for https://github.com/apple/swift-system.git
Computed https://github.com/apple/swift-system.git at 1.7.2 (0.17s)
Computing version for https://github.com/apple/swift-collections.git
Computed https://github.com/apple/swift-collections.git at 1.6.0 (0.22s)
Computing version for https://github.com/apple/swift-crypto.git
Computed https://github.com/apple/swift-crypto.git at 3.15.1 (0.40s)
Fetching https://github.com/apple/swift-asn1.git
[1/1905] Fetching swift-asn1
Fetched https://github.com/apple/swift-asn1.git from cache (0.75s)
Computing version for https://github.com/apple/swift-asn1.git
Computed https://github.com/apple/swift-asn1.git at 1.7.1 (1.61s)
Creating working copy for https://github.com/apple/swift-argument-parser.git
Working copy of https://github.com/apple/swift-argument-parser.git resolved at 1.8.2
Creating working copy for https://github.com/apple/swift-crypto.git
Working copy of https://github.com/apple/swift-crypto.git resolved at 3.15.1
Creating working copy for https://github.com/swiftlang/swift-docc-plugin.git
Working copy of https://github.com/swiftlang/swift-docc-plugin.git resolved at 1.5.0
Creating working copy for https://github.com/swiftlang/swift-docc-symbolkit
Working copy of https://github.com/swiftlang/swift-docc-symbolkit resolved at 1.0.0
Creating working copy for https://github.com/apple/swift-nio-ssl.git
Working copy of https://github.com/apple/swift-nio-ssl.git resolved at 2.37.1
Creating working copy for https://github.com/apple/swift-asn1.git
Working copy of https://github.com/apple/swift-asn1.git resolved at 1.7.1
Creating working copy for https://github.com/apple/swift-collections.git
Working copy of https://github.com/apple/swift-collections.git resolved at 1.6.0
Creating working copy for https://github.com/apple/swift-nio.git
Working copy of https://github.com/apple/swift-nio.git resolved at 2.101.2
Creating working copy for https://github.com/apple/swift-system.git
Working copy of https://github.com/apple/swift-system.git resolved at 1.7.2
Creating working copy for https://github.com/apple/swift-atomics.git
Working copy of https://github.com/apple/swift-atomics.git resolved at 1.3.1
[1/1] Compiling plugin Swift-DocC Preview
[2/2] Compiling plugin Swift-DocC
[3/3] Compiling plugin GenerateManual
[4/4] Compiling plugin GenerateDoccReference
Building for debugging...
[4/455] Write sources
[19/455] Compiling CNIOWindows shim.c
[20/455] Compiling CNIOWindows WSAStartup.c
[20/455] Compiling CNIOWASI CNIOWASI.c
[20/455] Compiling CNIOOpenBSD shim.c
[20/455] Compiling CNIOPosix event_loop_id.c
[24/455] Compiling _AtomicsShims.c
[25/455] Compiling CNIODarwin shim.c
[26/455] Compiling CNIOFreeBSD shim.c
[27/455] Compiling CNIOLinux liburing_shims.c
[28/455] Compiling fiat_p256_adx_sqr.S
[29/455] Compiling fiat_p256_adx_mul.S
[30/455] Compiling fiat_curve25519_adx_square.S
[31/455] Write swift-version--11D90AFD9DD3AB2.txt
[32/455] Compiling CNIOLinux shim.c
[33/455] Compiling fiat_curve25519_adx_mul.S
[35/479] Emitting module _NIOBase64
[35/479] Compiling CNIOBoringSSLShims shims.c
[37/479] Emitting module InternalCollectionsUtilities
[37/481] Compiling tls13_server.cc
[39/481] Emitting module _NIODataStructures
[39/481] Compiling tls_record.cc
[40/481] Compiling tls13_enc.cc
[41/481] Compiling tls_method.cc
[42/481] Compiling tls13_client.cc
[43/481] Compiling t1_enc.cc
[44/481] Compiling tls13_both.cc
[45/481] Compiling ssl_versions.cc
[46/481] Compiling ssl_x509.cc
[47/481] Compiling ssl_stat.cc
[49/481] Compiling InternalCollectionsUtilities UnsafeMutableRawBufferPointer+Extras.swift
[50/481] Compiling InternalCollectionsUtilities UnsafeRawBufferPointer+Extras.swift
[50/481] Compiling ssl_transcript.cc
[52/481] Compiling InternalCollectionsUtilities _SortedCollection.swift
[53/481] Compiling InternalCollectionsUtilities _UniqueCollection.swift
[54/481] Compiling _NIODataStructures _TinyArray.swift
[55/481] Compiling _NIOBase64 Base64.swift
[57/482] Compiling InternalCollectionsUtilities UnsafeBufferPointer+Extras.swift
[58/482] Compiling InternalCollectionsUtilities UnsafeMutableBufferPointer+Extras.swift
[59/482] Compiling InternalCollectionsUtilities Integer rank.swift
[60/482] Compiling InternalCollectionsUtilities UInt+first and last set bit.swift
[61/482] Compiling InternalCollectionsUtilities UInt+reversed.swift
[62/482] Compiling InternalCollectionsUtilities Debugging.swift
[63/482] Compiling InternalCollectionsUtilities Descriptions.swift
[64/482] Compiling InternalCollectionsUtilities FixedWidthInteger+roundUpToPowerOfTwo.swift
[65/482] Compiling InternalCollectionsUtilities LifetimeOverride.swift
[66/482] Compiling InternalCollectionsUtilities RandomAccessCollection+Offsets.swift
[67/482] Compiling InternalCollectionsUtilities Span+Extras.swift
[68/482] Compiling InternalCollectionsUtilities String+Padding.swift
[69/482] Compiling InternalCollectionsUtilities _UnsafeBitSet+Index.swift
[70/482] Compiling InternalCollectionsUtilities _UnsafeBitSet+_Word.swift
[71/482] Compiling InternalCollectionsUtilities _UnsafeBitSet.swift
[72/483] Compiling _NIODataStructures PriorityQueue.swift
[74/519] Compiling ContainersPreview BorrowingSequence+Standard Conformances.swift
[75/519] Compiling ContainersPreview BorrowingSequence+Utilities.swift
[76/519] Compiling ContainersPreview BorrowingSequence.swift
[77/519] Compiling ContainersPreview BidirectionalContainer.swift
[78/519] Compiling ContainersPreview Container+Filter.swift
[79/520] Compiling _NIODataStructures Heap.swift
[80/524] Compiling ContainersPreview BorrowingIteratorProtocol+Map.swift
[81/524] Compiling ContainersPreview BorrowingIteratorProtocol+Reduce.swift
[82/524] Compiling ContainersPreview BorrowingIteratorProtocol+SpanwiseZip.swift
[83/524] Compiling ContainersPreview BorrowingIteratorProtocol.swift
[84/524] Compiling ContainersPreview BorrowingSequence+Algorithms.swift
[85/524] Compiling ssl_session.cc
[87/524] Compiling ContainersPreview Producer+Map.swift
[88/524] Compiling ContainersPreview Producer+Reduce.swift
[89/524] Compiling ContainersPreview Producer.swift
[90/524] Compiling ContainersPreview InputSpan.swift
[91/524] Compiling ContainersPreview MutableRef.swift
[92/524] Compiling ContainersPreview Drain+Map.swift
[93/524] Compiling ContainersPreview Drain+Reduce.swift
[94/524] Compiling ContainersPreview Drain.swift
[95/524] Compiling ContainersPreview Producer+Collect.swift
[96/524] Compiling ContainersPreview Producer+Filter.swift
[97/524] Compiling ContainersPreview Container+SpanwiseZip.swift
[98/524] Compiling ContainersPreview Container.swift
[99/524] Compiling ContainersPreview ContainerIterator.swift
[100/524] Compiling ContainersPreview DynamicContainer.swift
[101/524] Compiling ContainersPreview MutableContainer.swift
[102/524] Compiling ContainersPreview PermutableContainer.swift
[103/524] Compiling ContainersPreview RandomAccessContainer.swift
[104/524] Compiling ContainersPreview RangeExpression2.swift
[105/524] Compiling ContainersPreview RangeReplaceableContainer.swift
[106/524] Compiling ContainersPreview Strideable+Limits.swift
[106/524] Wrapping AST for _NIOBase64 for debugging
[108/524] Compiling ContainersPreview Ref.swift
[108/524] Wrapping AST for _NIODataStructures for debugging
[110/524] Compiling ContainersPreview Shared.swift
[111/524] Compiling ContainersPreview SpanIterator.swift
[112/524] Compiling ContainersPreview UniqueBox.swift
[112/524] Wrapping AST for InternalCollectionsUtilities for debugging
[114/524] Compiling ContainersPreview OutputSpan+Extras.swift
[115/524] Compiling ContainersPreview TemporaryAllocation.swift
[116/524] Compiling ContainersPreview BorrowingIteratorProtocol+Copy.swift
[117/524] Compiling ContainersPreview BorrowingIteratorProtocol+ElementsEqual.swift
[118/524] Compiling ContainersPreview BorrowingIteratorProtocol+Filter.swift
[119/524] Emitting module ContainersPreview
[121/566] Compiling DequeModule UniqueDeque+Container.swift
[122/566] Compiling DequeModule UniqueDeque+Deprecated.swift
[123/566] Compiling DequeModule UniqueDeque+Descriptions.swift
[124/566] Compiling DequeModule UniqueDeque+Equatable.swift
[125/566] Compiling DequeModule UniqueDeque+Experimental.swift
[125/571] Compiling ssl_privkey.cc
[126/571] Compiling ssl_key_share.cc
[127/571] Compiling ssl_file.cc
[128/571] Wrapping AST for ContainersPreview for debugging
[130/571] Compiling DequeModule RigidDeque+Equatable.swift
[131/571] Compiling DequeModule RigidDeque+Experimental.swift
[132/571] Compiling DequeModule RigidDeque+Hashable.swift
[133/571] Compiling DequeModule RigidDeque+Initializers.swift
[134/571] Compiling DequeModule RigidDeque+Insertions.swift
[135/571] Compiling DequeModule RigidDeque+Prepend.swift
[136/571] Compiling DequeModule RigidDeque+Removals.swift
[137/571] Compiling DequeModule RigidDeque+Replacements.swift
[138/571] Compiling DequeModule RigidDeque+Testing.swift
[139/571] Compiling DequeModule RigidDeque.swift
[140/571] Compiling DequeModule UniqueDeque+Append.swift
[141/571] Compiling DequeModule UniqueDeque+Consumption.swift
[142/571] Compiling DequeModule UniqueDeque+Hashable.swift
[143/571] Compiling DequeModule UniqueDeque+Initializers.swift
[144/571] Compiling DequeModule UniqueDeque+Insertions.swift
[145/571] Compiling DequeModule UniqueDeque+Prepend.swift
[146/571] Compiling DequeModule UniqueDeque+Removals.swift
[146/571] Compiling ssl_credential.cc
[147/571] Compiling ssl_lib.cc
[148/571] Compiling ssl_cipher.cc
[150/571] Compiling DequeModule _DequeBuffer.swift
[151/571] Compiling DequeModule _DequeBufferHeader.swift
[152/571] Compiling DequeModule RigidDeque+Append.swift
[153/571] Compiling DequeModule RigidDeque+Consumption.swift
[154/571] Compiling DequeModule RigidDeque+Container.swift
[155/571] Compiling DequeModule RigidDeque+Descriptions.swift
[156/571] Compiling DequeModule Deque+Codable.swift
[157/571] Compiling DequeModule Deque+Collection.swift
[158/571] Compiling DequeModule Deque+CustomReflectable.swift
[159/571] Compiling DequeModule Deque+Descriptions.swift
[160/571] Compiling DequeModule Deque+Equatable.swift
[161/571] Compiling DequeModule Deque+ExpressibleByArrayLiteral.swift
[162/571] Compiling DequeModule Deque+Extras.swift
[163/571] Compiling DequeModule Deque+Hashable.swift
[164/571] Compiling DequeModule Deque+Testing.swift
[165/571] Compiling DequeModule Deque._Storage.swift
[166/571] Compiling DequeModule Deque._UnsafeHandle.swift
[167/571] Compiling DequeModule Deque.swift
[167/571] Compiling ssl_asn1.cc
[168/571] Compiling ssl_cert.cc
[169/571] Compiling s3_lib.cc
[170/571] Compiling ssl_buffer.cc
[171/571] Compiling ssl_aead_ctx.cc
[172/571] Compiling s3_pkt.cc
[173/571] Compiling s3_both.cc
[175/571] Compiling DequeModule UniqueDeque+Replacements.swift
[176/571] Compiling DequeModule UniqueDeque.swift
[177/571] Compiling DequeModule _DequeSlot.swift
[178/571] Compiling DequeModule _UnsafeDequeHandle.swift
[179/571] Compiling DequeModule _UnsafeDequeSegments.swift
[179/571] Compiling handshake_client.cc
[181/571] Emitting module DequeModule
[181/571] Compiling handshake_server.cc
[183/572] Wrapping AST for DequeModule for debugging
[184/572] Compiling handshake.cc
[185/572] Compiling handoff.cc
[186/572] Compiling encrypted_client_hello.cc
[187/572] Compiling dtls_record.cc
[188/572] Compiling extensions.cc
[189/572] Compiling md5-x86_64-linux.S
[190/572] Compiling md5-x86_64-apple.S
[191/572] Compiling md5-586-linux.S
[192/572] Compiling md5-586-apple.S
[193/572] Compiling chacha20_poly1305_x86_64-linux.S
[194/572] Compiling d1_srtp.cc
[195/572] Compiling chacha20_poly1305_x86_64-apple.S
[196/572] Compiling chacha20_poly1305_armv8-win.S
[197/572] Compiling dtls_method.cc
[198/572] Compiling chacha20_poly1305_armv8-apple.S
[199/572] Compiling chacha-x86_64-linux.S
[200/572] Compiling chacha20_poly1305_armv8-linux.S
[201/572] Compiling chacha-x86_64-apple.S
[202/572] Compiling chacha-x86-linux.S
[203/572] Compiling chacha-x86-apple.S
[204/572] Compiling chacha-armv8-win.S
[205/572] Compiling d1_pkt.cc
[206/572] Compiling chacha-armv8-apple.S
[207/572] Compiling chacha-armv8-linux.S
[208/572] Compiling chacha-armv4-linux.S
[209/572] Compiling aes128gcmsiv-x86_64-linux.S
[210/572] Compiling aes128gcmsiv-x86_64-apple.S
[211/572] Compiling x86_64-mont5-apple.S
[211/572] Compiling x86_64-mont5-linux.S
[213/572] Compiling d1_lib.cc
[214/572] Compiling x86_64-mont-linux.S
[215/572] Compiling x86_64-mont-apple.S
[216/572] Compiling x86-mont-apple.S
[217/572] Compiling x86-mont-linux.S
[218/572] Compiling vpaes-x86_64-linux.S
[219/572] Compiling bio_ssl.cc
[220/572] Compiling vpaes-x86_64-apple.S
[221/572] Compiling err_data.cc
[222/572] Compiling vpaes-x86-linux.S
[223/572] Compiling vpaes-armv8-win.S
[224/572] Compiling vpaes-x86-apple.S
[225/572] Compiling vpaes-armv8-linux.S
[226/572] Compiling vpaes-armv8-apple.S
[227/572] Compiling sha512-x86_64-linux.S
[228/572] Compiling vpaes-armv7-linux.S
[229/572] Compiling sha512-x86_64-apple.S
[230/572] Compiling sha512-armv8-win.S
[231/572] Compiling sha512-586-linux.S
[232/572] Compiling sha512-586-apple.S
[233/572] Compiling sha512-armv8-apple.S
[234/572] Compiling sha512-armv4-linux.S
[235/572] Compiling sha512-armv8-linux.S
[236/572] Compiling sha256-x86_64-linux.S
[237/572] Compiling sha256-x86_64-apple.S
[238/572] Compiling sha256-armv8-win.S
[239/572] Compiling sha256-armv8-apple.S
[240/572] Compiling sha256-586-linux.S
[241/572] Compiling sha256-586-apple.S
[242/572] Compiling sha256-armv4-linux.S
[243/572] Compiling sha256-armv8-linux.S
[244/572] Compiling sha1-x86_64-linux.S
[245/572] Compiling sha1-x86_64-apple.S
[246/572] Compiling sha1-armv4-large-linux.S
[247/572] Compiling sha1-armv8-apple.S
[248/572] Compiling sha1-armv8-win.S
[249/572] Compiling sha1-586-linux.S
[250/572] Compiling sha1-armv8-linux.S
[251/572] Compiling sha1-586-apple.S
[252/572] Compiling rsaz-avx2-linux.S
[253/572] Compiling rdrand-x86_64-linux.S
[254/572] Compiling rsaz-avx2-apple.S
[255/572] Compiling rdrand-x86_64-apple.S
[256/572] Compiling p256_beeu-x86_64-asm-linux.S
[257/572] Compiling p256_beeu-x86_64-asm-apple.S
[258/572] Compiling p256_beeu-armv8-asm-win.S
[259/572] Compiling p256_beeu-armv8-asm-linux.S
[260/572] Compiling p256_beeu-armv8-asm-apple.S
[261/572] Compiling p256-x86_64-asm-linux.S
[262/572] Compiling p256-x86_64-asm-apple.S
[263/572] Compiling p256-armv8-asm-win.S
[264/572] Compiling p256-armv8-asm-apple.S
[265/572] Compiling p256-armv8-asm-linux.S
[266/572] Compiling ghashv8-armv8-win.S
[267/572] Compiling ghashv8-armv8-linux.S
[268/572] Compiling ghash-x86_64-linux.S
[269/572] Compiling ghashv8-armv8-apple.S
[270/572] Compiling ghashv8-armv7-linux.S
[271/572] Compiling ghash-x86_64-apple.S
[272/572] Compiling ghash-x86-linux.S
[273/572] Compiling ghash-x86-apple.S
[274/572] Compiling ghash-ssse3-x86_64-linux.S
[275/572] Compiling d1_both.cc
[276/572] Compiling ghash-ssse3-x86-linux.S
[277/572] Compiling ghash-ssse3-x86_64-apple.S
[278/572] Compiling ghash-ssse3-x86-apple.S
[279/572] Compiling ghash-neon-armv8-win.S
[280/572] Compiling ghash-neon-armv8-linux.S
[281/572] Compiling ghash-neon-armv8-apple.S
[282/572] Compiling ghash-armv4-linux.S
[283/572] Compiling co-586-linux.S
[284/572] Compiling co-586-apple.S
[285/572] Compiling bn-armv8-win.S
[286/572] Compiling bsaes-armv7-linux.S
[287/572] Compiling bn-armv8-linux.S
[288/572] Compiling bn-armv8-apple.S
[289/572] Compiling bn-586-linux.S
[290/572] Compiling bn-586-apple.S
[291/572] Compiling armv8-mont-win.S
[292/572] Compiling armv4-mont-linux.S
[293/572] Compiling armv8-mont-apple.S
[294/572] Compiling armv8-mont-linux.S
[295/572] Compiling aesv8-gcm-armv8-win.S
[296/572] Compiling aesv8-gcm-armv8-apple.S
[297/572] Compiling aesv8-armv8-win.S
[298/572] Compiling aesv8-gcm-armv8-linux.S
[299/572] Compiling aesv8-armv8-linux.S
[300/572] Compiling aesv8-armv8-apple.S
[301/572] Compiling aesni-x86_64-linux.S
[302/572] Compiling aesni-x86_64-apple.S
[302/572] Compiling aesv8-armv7-linux.S
[304/572] Compiling aesni-x86-linux.S
[305/572] Compiling aesni-x86-apple.S
[306/572] Compiling aesni-gcm-x86_64-linux.S
[307/572] Compiling aesni-gcm-x86_64-apple.S
[308/572] Compiling aes-gcm-avx2-x86_64-linux.S
[309/572] Compiling aes-gcm-avx2-x86_64-apple.S
[310/572] Compiling aes-gcm-avx10-x86_64-linux.S
[311/572] Compiling aes-gcm-avx10-x86_64-apple.S
[312/572] Compiling x_val.cc
[313/572] Compiling x_pubkey.cc
[313/572] Compiling x_sig.cc
[315/572] Compiling x_req.cc
[315/572] Compiling x_spki.cc
[317/572] Compiling x_x509a.cc
[318/572] Compiling x_x509.cc
[319/572] Compiling x_name.cc
[320/572] Compiling x_algor.cc
[321/572] Compiling x509spki.cc
[322/572] Compiling x_exten.cc
[323/572] Compiling x_attrib.cc
[324/572] Compiling x509rset.cc
[325/572] Compiling x_crl.cc
[326/572] Compiling x_all.cc
[327/572] Compiling x509name.cc
[328/572] Compiling x509_txt.cc
[329/572] Compiling x509_v3.cc
[330/572] Compiling x509_vpm.cc
[330/572] Compiling x509cset.cc
[332/572] Compiling x509_trs.cc
[333/572] Compiling x509_set.cc
[334/572] Compiling x509_vfy.cc
[335/572] Compiling x509_req.cc
[336/572] Compiling x509_def.cc
[337/572] Compiling x509_obj.cc
[338/572] Compiling x509_d2.cc
[339/572] Compiling x509_ext.cc
[340/572] Compiling x509_lu.cc
[341/572] Compiling x509_cmp.cc
[342/572] Compiling x509_att.cc
[343/572] Compiling x509.cc
[344/572] Compiling v3_skey.cc
[345/572] Compiling v3_prn.cc
[346/572] Compiling v3_purp.cc
[347/572] Compiling v3_pmaps.cc
[348/572] Compiling v3_utl.cc
[349/572] Compiling v3_ocsp.cc
[350/572] Compiling v3_pcons.cc
[351/572] Compiling v3_ncons.cc
[352/572] Compiling v3_int.cc
[353/572] Compiling v3_lib.cc
[354/572] Compiling v3_ia5.cc
[355/572] Compiling v3_enum.cc
[356/572] Compiling v3_info.cc
[357/572] Compiling v3_extku.cc
[358/572] Compiling v3_genn.cc
[359/572] Compiling v3_crld.cc
[360/572] Compiling v3_conf.cc
[361/572] Compiling v3_bitst.cc
[361/572] Compiling v3_cpols.cc
[363/572] Compiling v3_bcons.cc
[364/572] Compiling v3_akeya.cc
[365/572] Compiling v3_akey.cc
[366/572] Compiling v3_alt.cc
[367/572] Compiling t_x509a.cc
[368/572] Compiling i2d_pr.cc
[369/572] Compiling t_crl.cc
[370/572] Compiling t_x509.cc
[370/572] Compiling t_req.cc
[372/572] Compiling name_print.cc
[373/572] Compiling rsa_pss.cc
[374/572] Compiling policy.cc
[375/572] Compiling by_file.cc
[376/572] Compiling by_dir.cc
[377/572] Compiling a_verify.cc
[378/572] Compiling algorithm.cc
[379/572] Compiling a_sign.cc
[380/572] Compiling voprf.cc
[381/572] Compiling asn1_gen.cc
[382/572] Compiling a_digest.cc
[383/572] Compiling trust_token.cc
[384/572] Compiling thread.cc
[385/572] Compiling thread_win.cc
[386/572] Compiling thread_none.cc
[387/572] Compiling thread_pthread.cc
[388/572] Compiling stack.cc
[389/572] Compiling pmbtoken.cc
[390/572] Compiling slhdsa.cc
[391/572] Compiling spake2plus.cc
[392/572] Compiling sha512.cc
[393/572] Compiling sha256.cc
[394/572] Compiling sha1.cc
[394/572] Compiling siphash.cc
[396/572] Compiling rsa_print.cc
[397/572] Compiling rsa_extra.cc
[398/572] Compiling rsa_crypt.cc
[399/572] Compiling rc4.cc
[400/572] Compiling windows.cc
[401/572] Compiling refcount.cc
[402/572] Compiling urandom.cc
[403/572] Compiling trusty.cc
[404/572] Compiling rand.cc
[405/572] Compiling rsa_asn1.cc
[406/572] Compiling passive.cc
[407/572] Compiling poly1305_arm_asm.S
[408/572] Compiling getentropy.cc
[409/572] Compiling ios.cc
[410/572] Compiling deterministic.cc
[411/572] Compiling forkunsafe.cc
[412/572] Compiling fork_detect.cc
[413/572] Compiling poly1305_vec.cc
[414/572] Compiling pool.cc
[415/572] Compiling poly1305_arm.cc
[416/572] Compiling poly1305.cc
[417/572] Compiling pkcs7.cc
[418/572] Compiling pkcs8.cc
[419/572] Compiling p5_pbev2.cc
[420/572] Compiling pkcs7_x509.cc
[421/572] Compiling pkcs8_x509.cc
[422/572] Compiling pem_xaux.cc
[423/572] Compiling pem_x509.cc
[424/572] Compiling pem_pkey.cc
[425/572] Compiling pem_pk8.cc
[426/572] Compiling mlkem.cc
[427/572] Compiling pem_oth.cc
[428/572] Compiling pem_info.cc
[429/572] Compiling pem_lib.cc
[430/572] Compiling pem_all.cc
[431/572] Compiling obj_xref.cc
[432/572] Compiling obj.cc
[433/572] Compiling poly_rq_mul.S
[434/572] Compiling mldsa.cc
[435/572] Compiling fips_shared_support.cc
[436/572] Compiling mem.cc
[437/572] Compiling md5.cc
[438/572] Compiling lhash.cc
[439/572] Compiling md4.cc
[440/572] Compiling kyber.cc
[441/572] Compiling ex_data.cc
[442/572] Compiling sign.cc
[443/572] Compiling hrss.cc
[444/572] Compiling scrypt.cc
[445/572] Compiling print.cc
[446/572] Compiling hpke.cc
[447/572] Compiling pbkdf.cc
[448/572] Compiling p_x25519.cc
[449/572] Compiling p_x25519_asn1.cc
[450/572] Compiling p_rsa_asn1.cc
[451/572] Compiling p_rsa.cc
[452/572] Compiling p_ed25519.cc
[453/572] Compiling p_hkdf.cc
[454/572] Compiling p_ed25519_asn1.cc
[455/572] Compiling p_ec.cc
[456/572] Compiling p_ec_asn1.cc
[457/572] Compiling p_dh_asn1.cc
[458/572] Compiling p_dh.cc
[459/572] Compiling evp_ctx.cc
[460/572] Compiling p_dsa_asn1.cc
[461/572] Compiling evp_asn1.cc
[462/572] Compiling evp.cc
[463/572] Compiling err.cc
[464/572] Compiling engine.cc
[465/572] Compiling ecdh.cc
[466/572] Compiling ecdsa_asn1.cc
[467/572] Compiling hash_to_curve.cc
[468/572] Compiling ec_derive.cc
[469/572] Compiling dsa.cc
[470/572] Compiling ec_asn1.cc
[471/572] Compiling dsa_asn1.cc
[472/572] Compiling params.cc
[473/572] Compiling bcm.cc
[474/572] Compiling x25519-asm-arm.S
[475/572] Compiling digest_extra.cc
[476/572] Compiling des.cc
[477/572] Compiling dh_asn1.cc
[478/572] Compiling curve25519_64_adx.cc
[479/572] Compiling spake25519.cc
[480/572] Compiling cpu_intel.cc
[481/572] Compiling cpu_arm_linux.cc
[482/572] Compiling crypto.cc
[483/572] Compiling curve25519.cc
[484/572] Compiling cpu_aarch64_win.cc
[485/572] Compiling cpu_arm_freebsd.cc
[486/572] Compiling cpu_aarch64_sysreg.cc
[487/572] Compiling cpu_aarch64_openbsd.cc
[488/572] Compiling cpu_aarch64_linux.cc
[489/572] Compiling cpu_aarch64_fuchsia.cc
[490/572] Compiling cpu_aarch64_apple.cc
[491/572] Compiling conf.cc
[492/572] Compiling get_cipher.cc
[493/572] Compiling tls_cbc.cc
[494/572] Compiling e_tls.cc
[495/572] Compiling e_rc4.cc
[496/572] Compiling e_null.cc
[497/572] Compiling e_rc2.cc
[498/572] Compiling e_des.cc
[499/572] Compiling e_chacha20poly1305.cc
[500/572] Compiling e_aesgcmsiv.cc
[501/572] Compiling e_aesctrhmac.cc
[502/572] Compiling derive_key.cc
[503/572] Compiling chacha.cc
[504/572] Compiling unicode.cc
[505/572] Compiling buf.cc
[506/572] Compiling cbb.cc
[507/572] Compiling cbs.cc
[508/572] Compiling ber.cc
[509/572] Compiling asn1_compat.cc
[510/572] Compiling convert.cc
[511/572] Compiling bn_asn1.cc
[512/572] Compiling blake2.cc
[513/572] Compiling socket_helper.cc
[514/572] Compiling printf.cc
[515/572] Compiling socket.cc
[516/572] Compiling pair.cc
[517/572] Compiling hexdump.cc
[518/572] Compiling file.cc
[519/572] Compiling fd.cc
[520/572] Compiling errno.cc
[521/572] Compiling connect.cc
[522/572] Compiling bio_mem.cc
[523/572] Compiling bio.cc
[524/572] Compiling base64.cc
[525/572] Compiling tasn_typ.cc
[526/572] Compiling tasn_fre.cc
[527/572] Compiling tasn_utl.cc
[528/572] Compiling tasn_enc.cc
[529/572] Compiling posix_time.cc
[530/572] Compiling tasn_new.cc
[531/572] Compiling f_string.cc
[532/572] Compiling tasn_dec.cc
[533/572] Compiling f_int.cc
[534/572] Compiling asn1_par.cc
[535/572] Compiling asn_pack.cc
[536/572] Compiling a_utctm.cc
[537/572] Compiling asn1_lib.cc
[538/572] Compiling a_type.cc
[539/572] Compiling a_time.cc
[540/572] Compiling a_octet.cc
[541/572] Compiling a_strnid.cc
[542/572] Compiling a_strex.cc
[543/572] Compiling a_object.cc
[544/572] Compiling a_i2d_fp.cc
[545/572] Compiling a_dup.cc
[546/572] Compiling a_d2i_fp.cc
[547/572] Write sources
[549/572] Compiling a_mbstr.cc
[550/572] Compiling a_int.cc
[550/572] Write sources
[552/572] Compiling a_gentm.cc
[553/592] Compiling a_bitstr.cc
[554/592] Compiling a_bool.cc
[556/592] Compiling Atomics AtomicStorage.swift
[557/592] Compiling Atomics AtomicValue.swift
[558/594] Compiling Atomics AtomicMemoryOrderings.swift
[559/594] Compiling Atomics DoubleWord.swift
[560/594] Compiling Atomics UnsafeAtomic.swift
[561/594] Compiling Atomics UnsafeAtomicLazyReference.swift
[562/594] Compiling Atomics ManagedAtomic.swift
[563/594] Compiling Atomics ManagedAtomicLazyReference.swift
[564/594] Compiling Atomics IntegerOperations.swift
[565/594] Compiling Atomics Unmanaged extensions.swift
[566/594] Compiling Atomics AtomicInteger.swift
[567/594] Compiling Atomics AtomicOptionalWrappable.swift
[568/594] Compiling Atomics AtomicReference.swift
[569/594] Compiling ArgumentParserToolInfo ToolInfo.swift
[570/594] Emitting module ArgumentParserToolInfo
[571/595] Wrapping AST for ArgumentParserToolInfo for debugging
[573/642] Compiling ArgumentParser InputKey.swift
[574/642] Compiling ArgumentParser InputOrigin.swift
[575/642] Compiling ArgumentParser ParentCommand.swift
[576/642] Compiling ArgumentParser ArgumentDefinition.swift
[577/642] Compiling ArgumentParser ArgumentSet.swift
[578/642] Compiling ArgumentParser CommandParser.swift
[579/642] Emitting module Atomics
[580/643] Wrapping AST for Atomics for debugging
[581/643] Compiling c-nioatomics.c
[582/643] Compiling c-atomics.c
[584/650] Emitting module ArgumentParser
[585/656] Compiling NIOConcurrencyHelpers NIOThreadPoolWorkAvailable.swift
[586/656] Compiling NIOConcurrencyHelpers NIOLockedValueBox.swift
[587/656] Compiling NIOConcurrencyHelpers lock.swift
[588/656] Compiling NIOConcurrencyHelpers NIOLock.swift
[589/656] Emitting module NIOConcurrencyHelpers
[590/656] Compiling NIOConcurrencyHelpers NIOAtomic.swift
[591/656] Compiling NIOConcurrencyHelpers atomics.swift
[592/657] Wrapping AST for NIOConcurrencyHelpers for debugging
[594/721] Compiling NIOCore FileHandle.swift
[595/721] Compiling NIOCore FileRegion.swift
[596/721] Compiling NIOCore GlobalSingletons.swift
[597/721] Compiling NIOCore IO.swift
[598/721] Compiling NIOCore IOData.swift
[599/721] Compiling NIOCore IPProtocol.swift
[600/721] Compiling NIOCore IntegerBitPacking.swift
[601/721] Compiling NIOCore IntegerTypes.swift
[602/721] Compiling NIOCore Interfaces.swift
[603/721] Compiling NIOCore Linux.swift
[604/721] Compiling NIOCore MarkedCircularBuffer.swift
[605/721] Compiling NIOCore MulticastChannel.swift
[606/721] Compiling NIOCore ByteBuffer-core.swift
[607/721] Compiling NIOCore ByteBuffer-hex.swift
[608/721] Compiling NIOCore ByteBuffer-int.swift
[609/721] Compiling NIOCore ByteBuffer-lengthPrefix.swift
[610/721] Compiling NIOCore ByteBuffer-multi-int.swift
[611/721] Compiling NIOCore ByteBuffer-quicBinaryEncodingStrategy.swift
[612/721] Compiling NIOCore ByteBuffer-views.swift
[613/721] Compiling NIOCore EventLoop.swift
[614/721] Compiling NIOCore EventLoopFuture+AssumeIsolated.swift
[615/721] Compiling NIOCore NIOThrowingAsyncSequenceProducer.swift
[616/721] Compiling NIOCore BSDSocketAPI.swift
[617/721] Compiling NIOCore ByteBuffer-aux.swift
[618/721] Compiling NIOCore ByteBuffer-binaryEncodedLengthPrefix.swift
[619/721] Compiling NIOCore ByteBuffer-conversions.swift
[620/721] Compiling NIOCore AddressedEnvelope.swift
[621/721] Compiling NIOCore AsyncAwaitSupport.swift
[622/721] Compiling NIOCore AsyncChannel.swift
[623/721] Compiling NIOCore AsyncChannelHandler.swift
[624/721] Compiling NIOCore AsyncChannelInboundStream.swift
[625/721] Compiling NIOCore AsyncChannelOutboundWriter.swift
[626/721] Compiling NIOCore NIOAsyncSequenceProducer.swift
[627/721] Compiling NIOCore NIOCoreSendableMetatype.swift
[628/721] Compiling NIOCore NIODecodedAsyncSequence.swift
[629/721] Compiling NIOCore NIOLoopBound.swift
[630/721] Compiling NIOCore NIOPooledRecvBufferAllocator.swift
[631/721] Compiling NIOCore NIOScheduledCallback.swift
[632/721] Compiling NIOCore NIOSendable.swift
[633/721] Compiling NIOCore NIOSplitLinesMessageDecoder.swift
[634/721] Compiling NIOCore NIOTransportAccessibleChannelCore.swift
[635/721] Compiling NIOCore RecvByteBufferAllocator.swift
[636/729] Compiling NIOCore Channel.swift
[637/729] Compiling NIOCore ChannelHandler.swift
[638/729] Compiling NIOCore ChannelHandlers.swift
[639/729] Compiling NIOCore ChannelInvoker.swift
[640/729] Compiling NIOCore ChannelOption.swift
[641/729] Compiling NIOCore ChannelPipeline.swift
[642/729] Compiling NIOCore NIOAsyncSequenceProducerStrategies.swift
[643/729] Compiling NIOCore NIOAsyncWriter.swift
[644/729] Compiling NIOCore EventLoopFuture+Deprecated.swift
[645/729] Compiling NIOCore EventLoopFuture+WithEventLoop.swift
[646/729] Compiling NIOCore EventLoopFuture.swift
[647/729] Compiling NIOCore FileDescriptor.swift
[648/729] Compiling NIOCore CircularBuffer.swift
[649/729] Compiling NIOCore Codec.swift
[650/729] Compiling NIOCore ConvenienceOptionSupport.swift
[651/729] Compiling NIOCore DeadChannel.swift
[652/729] Compiling NIOCore DispatchQueue+WithFuture.swift
[653/729] Compiling NIOCore EventLoop+Deprecated.swift
[654/729] Compiling NIOCore EventLoop+SerialExecutor.swift
[655/730] Wrapping AST for ArgumentParser for debugging
[664/730] Compiling NIOCore NIOAny.swift
[665/730] Compiling NIOCore NIOCloseOnErrorHandler.swift
[675/730] Compiling NIOCore SingleStepByteToMessageDecoder.swift
[676/730] Compiling NIOCore SocketAddresses.swift
[677/730] Compiling NIOCore SocketOptionProvider.swift
[678/730] Compiling NIOCore SystemCallHelpers.swift
[679/730] Compiling NIOCore TimeAmount+Duration.swift
[680/730] Compiling NIOCore TypeAssistedChannelHandler.swift
[681/730] Compiling NIOCore UniversalBootstrapSupport.swift
[682/730] Compiling NIOCore Utilities.swift
[719/730] Emitting module NIOCore
[720/731] Wrapping AST for NIOCore for debugging
[722/785] Emitting module NIOEmbedded
[723/785] Compiling NIOEmbedded AsyncTestingEventLoop.swift
[724/785] Compiling NIOEmbedded AsyncTestingChannel.swift
[725/785] Compiling NIOEmbedded Embedded.swift
[726/786] Wrapping AST for NIOEmbedded for debugging
[728/786] Emitting module NIOPosix
[729/793] Compiling NIOPosix SelectorWSAPoll.swift
[730/793] Compiling NIOPosix ServerSocket.swift
[731/793] Compiling NIOPosix Socket.swift
[732/793] Compiling NIOPosix SocketChannel.swift
[733/793] Compiling NIOPosix SocketProtocols.swift
[734/793] Compiling NIOPosix StructuredConcurrencyHelpers.swift
[735/793] Compiling NIOPosix System.swift
[736/793] Compiling NIOPosix BaseStreamSocketChannel.swift
[737/793] Compiling NIOPosix Bootstrap.swift
[738/793] Compiling NIOPosix ControlMessage.swift
[739/793] Compiling NIOPosix DatagramVectorReadManager.swift
[740/793] Compiling NIOPosix Errors+Any.swift
[741/793] Compiling NIOPosix FileDescriptor.swift
[742/793] Compiling NIOPosix GetaddrinfoResolver.swift
[743/793] Compiling NIOPosix Thread.swift
[744/793] Compiling NIOPosix ThreadPosix.swift
[745/793] Compiling NIOPosix ThreadWindows.swift
[746/793] Compiling NIOPosix Utilities.swift
[747/793] Compiling NIOPosix VsockAddress.swift
[748/793] Compiling NIOPosix VsockChannelEvents.swift
[749/793] Compiling NIOPosix Windows.swift
[750/793] Compiling NIOPosix BSDSocketAPICommon.swift
[751/793] Compiling NIOPosix BSDSocketAPIPosix.swift
[752/793] Compiling NIOPosix BSDSocketAPIWindows.swift
[753/793] Compiling NIOPosix BaseSocket.swift
[754/793] Compiling NIOPosix BaseSocketChannel+AccessibleTransport.swift
[755/793] Compiling NIOPosix BaseSocketChannel+SocketOptionProvider.swift
[756/793] Compiling NIOPosix BaseSocketChannel.swift
[757/793] Compiling NIOPosix HappyEyeballs.swift
[758/793] Compiling NIOPosix IO.swift
[759/793] Compiling NIOPosix IntegerBitPacking.swift
[760/793] Compiling NIOPosix IntegerTypes.swift
[761/793] Compiling NIOPosix Linux.swift
[762/793] Compiling NIOPosix LinuxCPUSet.swift
[763/793] Compiling NIOPosix LinuxUring.swift
[764/793] Compiling NIOPosix MultiThreadedEventLoopGroup.swift
[765/793] Compiling NIOPosix NIOPosixSendableMetatype.swift
[766/793] Compiling NIOPosix NIORandomizedDNSResolver.swift
[767/793] Compiling NIOPosix NIOThreadPool.swift
[768/793] Compiling NIOPosix NonBlockingFileIO.swift
[769/793] Compiling NIOPosix PendingDatagramWritesManager.swift
[770/793] Compiling NIOPosix PendingWritesManager.swift
[771/793] Compiling NIOPosix Selectable.swift
[772/793] Compiling NIOPosix SelectableChannel.swift
[773/793] Compiling NIOPosix SelectableEventLoop.swift
[774/793] Compiling NIOPosix SelectorEpoll.swift
[775/793] Compiling NIOPosix SelectorGeneric.swift
[776/793] Compiling NIOPosix SelectorKqueue.swift
[777/793] Compiling NIOPosix SelectorUring.swift
[778/793] Compiling NIOPosix PipeChannel.swift
[779/793] Compiling NIOPosix PipePair.swift
[780/793] Compiling NIOPosix Pool.swift
[781/793] Compiling NIOPosix PosixSingletons+ConcurrencyTakeOver.swift
[782/793] Compiling NIOPosix PosixSingletons.swift
[783/793] Compiling NIOPosix RawSocketBootstrap.swift
[784/793] Compiling NIOPosix Resolver.swift
[785/794] Wrapping AST for NIOPosix for debugging
[787/796] Compiling NIO Exports.swift
[788/796] Emitting module NIO
[789/797] Wrapping AST for NIO for debugging
[791/803] Compiling NIOTLS ProtocolNegotiationHandlerStateMachine.swift
[792/803] Compiling NIOTLS SNIHandler.swift
[793/803] Compiling NIOTLS ApplicationProtocolNegotiationHandler.swift
[794/803] Compiling NIOTLS NIOTypedApplicationProtocolNegotiationHandler.swift
[795/803] Compiling NIOTLS TLSEvents.swift
[796/803] Emitting module NIOTLS
[797/804] Wrapping AST for NIOTLS for debugging
[799/833] Emitting module NIOSSL
[800/837] Compiling NIOSSL AndroidCABundle.swift
[801/837] Compiling NIOSSL ByteBufferBIO.swift
[802/837] Compiling NIOSSL CustomPrivateKey.swift
[803/837] Compiling NIOSSL IdentityVerification.swift
[804/837] Compiling NIOSSL SubjectAlternativeName.swift
[805/837] Compiling NIOSSL NIOSSLSecureBytes.swift
[806/837] Compiling NIOSSL RNG.swift
[807/837] Compiling NIOSSL SafeCompare.swift
[808/837] Compiling NIOSSL NIOSSLServerHandler.swift
[809/837] Compiling NIOSSL ObjectIdentifier.swift
[810/837] Compiling NIOSSL PosixPort.swift
[811/837] Compiling NIOSSL SSLCallbacks.swift
[812/837] Compiling NIOSSL LinuxCABundle.swift
[813/837] Compiling NIOSSL NIOSSLClientHandler.swift
[814/837] Compiling NIOSSL NIOSSLHandler+Configuration.swift
[815/837] Compiling NIOSSL NIOSSLHandler.swift
[816/837] Compiling NIOSSL SSLContext.swift
[817/837] Compiling NIOSSL SSLErrors.swift
[818/837] Compiling NIOSSL SSLInit.swift
[819/837] Compiling NIOSSL SSLPKCS12Bundle.swift
[820/837] Compiling NIOSSL SSLCertificate.swift
[821/837] Compiling NIOSSL SSLCertificateExtensions.swift
[822/837] Compiling NIOSSL SSLCertificateName.swift
[823/837] Compiling NIOSSL SSLConnection.swift
[824/837] Compiling NIOSSL SSLPrivateKey.swift
[825/837] Compiling NIOSSL SSLPublicKey.swift
[826/837] Compiling NIOSSL SecurityFrameworkCertificateVerification.swift
[827/837] Compiling NIOSSL String+unsafeUninitializedCapacity.swift
[828/837] Compiling NIOSSL Zeroization.swift
[829/837] Compiling NIOSSL TLSConfiguration.swift
[830/837] Compiling NIOSSL UniversalBootstrapSupport.swift
[831/837] Compiling NIOSSL UnsafeKeyAndChainTarget.swift
[832/838] Wrapping AST for NIOSSL for debugging
error: emit-module command failed with exit code 1 (use -v to see invocation)
[834/949] Emitting module RTMPKit
/host/spi-builder-workspace/Sources/RTMPKit/Authentication/AuthCrypto.swift:9:12: error: no such module 'Crypto'
7 | import CryptoKit
8 | #else
9 | import Crypto
| `- error: no such module 'Crypto'
10 | #endif
11 |
[835/964] Compiling RTMPKit RTMPPublisher+Metadata.swift
/host/spi-builder-workspace/Sources/RTMPKit/Authentication/AuthCrypto.swift:9:12: error: no such module 'Crypto'
7 | import CryptoKit
8 | #else
9 | import Crypto
| `- error: no such module 'Crypto'
10 | #endif
11 |
[836/964] Compiling RTMPKit RTMPPublisher+Metrics.swift
/host/spi-builder-workspace/Sources/RTMPKit/Authentication/AuthCrypto.swift:9:12: error: no such module 'Crypto'
7 | import CryptoKit
8 | #else
9 | import Crypto
| `- error: no such module 'Crypto'
10 | #endif
11 |
[837/964] Compiling RTMPKit RTMPPublisher+QualityScore.swift
/host/spi-builder-workspace/Sources/RTMPKit/Authentication/AuthCrypto.swift:9:12: error: no such module 'Crypto'
7 | import CryptoKit
8 | #else
9 | import Crypto
| `- error: no such module 'Crypto'
10 | #endif
11 |
[838/964] Compiling RTMPKit RTMPPublisher+RawPayload.swift
/host/spi-builder-workspace/Sources/RTMPKit/Authentication/AuthCrypto.swift:9:12: error: no such module 'Crypto'
7 | import CryptoKit
8 | #else
9 | import Crypto
| `- error: no such module 'Crypto'
10 | #endif
11 |
[839/964] Compiling RTMPKit RTMPPublisher+Reconnect.swift
/host/spi-builder-workspace/Sources/RTMPKit/Authentication/AuthCrypto.swift:9:12: error: no such module 'Crypto'
7 | import CryptoKit
8 | #else
9 | import Crypto
| `- error: no such module 'Crypto'
10 | #endif
11 |
[840/964] Compiling RTMPKit RTMPPublisher+Recording.swift
/host/spi-builder-workspace/Sources/RTMPKit/Authentication/AuthCrypto.swift:9:12: error: no such module 'Crypto'
7 | import CryptoKit
8 | #else
9 | import Crypto
| `- error: no such module 'Crypto'
10 | #endif
11 |
[841/964] Compiling RTMPKit RTMPPublisher.swift
/host/spi-builder-workspace/Sources/RTMPKit/Authentication/AuthCrypto.swift:9:12: error: no such module 'Crypto'
7 | import CryptoKit
8 | #else
9 | import Crypto
| `- error: no such module 'Crypto'
10 | #endif
11 |
[842/964] Compiling RTMPKit RTMPSession.swift
/host/spi-builder-workspace/Sources/RTMPKit/Authentication/AuthCrypto.swift:9:12: error: no such module 'Crypto'
7 | import CryptoKit
8 | #else
9 | import Crypto
| `- error: no such module 'Crypto'
10 | #endif
11 |
[843/964] Compiling RTMPKit ServerInfo.swift
/host/spi-builder-workspace/Sources/RTMPKit/Authentication/AuthCrypto.swift:9:12: error: no such module 'Crypto'
7 | import CryptoKit
8 | #else
9 | import Crypto
| `- error: no such module 'Crypto'
10 | #endif
11 |
[844/964] Compiling RTMPKit StatusInfo.swift
/host/spi-builder-workspace/Sources/RTMPKit/Authentication/AuthCrypto.swift:9:12: error: no such module 'Crypto'
7 | import CryptoKit
8 | #else
9 | import Crypto
| `- error: no such module 'Crypto'
10 | #endif
11 |
[845/964] Compiling RTMPKit StreamKey.swift
/host/spi-builder-workspace/Sources/RTMPKit/Authentication/AuthCrypto.swift:9:12: error: no such module 'Crypto'
7 | import CryptoKit
8 | #else
9 | import Crypto
| `- error: no such module 'Crypto'
10 | #endif
11 |
[846/964] Compiling RTMPKit ConnectionQualityMonitor.swift
/host/spi-builder-workspace/Sources/RTMPKit/Authentication/AuthCrypto.swift:9:12: error: no such module 'Crypto'
7 | import CryptoKit
8 | #else
9 | import Crypto
| `- error: no such module 'Crypto'
10 | #endif
11 |
[847/964] Compiling RTMPKit ConnectionQualityScore.swift
/host/spi-builder-workspace/Sources/RTMPKit/Authentication/AuthCrypto.swift:9:12: error: no such module 'Crypto'
7 | import CryptoKit
8 | #else
9 | import Crypto
| `- error: no such module 'Crypto'
10 | #endif
11 |
[848/964] Compiling RTMPKit QualityDimension.swift
/host/spi-builder-workspace/Sources/RTMPKit/Authentication/AuthCrypto.swift:9:12: error: no such module 'Crypto'
7 | import CryptoKit
8 | #else
9 | import Crypto
| `- error: no such module 'Crypto'
10 | #endif
11 |
[849/964] Compiling RTMPKit QualityReport.swift
/host/spi-builder-workspace/Sources/RTMPKit/Authentication/AuthCrypto.swift:9:12: error: no such module 'Crypto'
7 | import CryptoKit
8 | #else
9 | import Crypto
| `- error: no such module 'Crypto'
10 | #endif
11 |
[850/964] Compiling RTMPKit ConnectionStatistics.swift
/host/spi-builder-workspace/Sources/RTMPKit/Authentication/AuthCrypto.swift:9:12: error: no such module 'Crypto'
7 | import CryptoKit
8 | #else
9 | import Crypto
| `- error: no such module 'Crypto'
10 | #endif
11 |
[851/964] Compiling RTMPKit DestinationState.swift
/host/spi-builder-workspace/Sources/RTMPKit/Authentication/AuthCrypto.swift:9:12: error: no such module 'Crypto'
7 | import CryptoKit
8 | #else
9 | import Crypto
| `- error: no such module 'Crypto'
10 | #endif
11 |
[852/964] Compiling RTMPKit MultiPublisher+RawPayload.swift
/host/spi-builder-workspace/Sources/RTMPKit/Authentication/AuthCrypto.swift:9:12: error: no such module 'Crypto'
7 | import CryptoKit
8 | #else
9 | import Crypto
| `- error: no such module 'Crypto'
10 | #endif
11 |
[853/964] Compiling RTMPKit MultiPublisher.swift
/host/spi-builder-workspace/Sources/RTMPKit/Authentication/AuthCrypto.swift:9:12: error: no such module 'Crypto'
7 | import CryptoKit
8 | #else
9 | import Crypto
| `- error: no such module 'Crypto'
10 | #endif
11 |
[854/964] Compiling RTMPKit MultiPublisherEvent.swift
/host/spi-builder-workspace/Sources/RTMPKit/Authentication/AuthCrypto.swift:9:12: error: no such module 'Crypto'
7 | import CryptoKit
8 | #else
9 | import Crypto
| `- error: no such module 'Crypto'
10 | #endif
11 |
[855/964] Compiling RTMPKit MultiPublisherFailurePolicy.swift
/host/spi-builder-workspace/Sources/RTMPKit/Authentication/AuthCrypto.swift:9:12: error: no such module 'Crypto'
7 | import CryptoKit
8 | #else
9 | import Crypto
| `- error: no such module 'Crypto'
10 | #endif
11 |
[856/964] Compiling RTMPKit MultiPublisherStatistics.swift
/host/spi-builder-workspace/Sources/RTMPKit/Authentication/AuthCrypto.swift:9:12: error: no such module 'Crypto'
7 | import CryptoKit
8 | #else
9 | import Crypto
| `- error: no such module 'Crypto'
10 | #endif
11 |
[857/964] Compiling RTMPKit PublishDestination.swift
/host/spi-builder-workspace/Sources/RTMPKit/Authentication/AuthCrypto.swift:9:12: error: no such module 'Crypto'
7 | import CryptoKit
8 | #else
9 | import Crypto
| `- error: no such module 'Crypto'
10 | #endif
11 |
[858/964] Compiling RTMPKit BandwidthProbe.swift
/host/spi-builder-workspace/Sources/RTMPKit/Authentication/AuthCrypto.swift:9:12: error: no such module 'Crypto'
7 | import CryptoKit
8 | #else
9 | import Crypto
| `- error: no such module 'Crypto'
10 | #endif
11 |
[859/964] Compiling RTMPKit ProbeConfiguration.swift
/host/spi-builder-workspace/Sources/RTMPKit/Authentication/AuthCrypto.swift:9:12: error: no such module 'Crypto'
7 | import CryptoKit
8 | #else
9 | import Crypto
| `- error: no such module 'Crypto'
10 | #endif
11 |
[860/964] Compiling RTMPKit ProbeResult.swift
/host/spi-builder-workspace/Sources/RTMPKit/Authentication/AuthCrypto.swift:9:12: error: no such module 'Crypto'
7 | import CryptoKit
8 | #else
9 | import Crypto
| `- error: no such module 'Crypto'
10 | #endif
11 |
[861/964] Compiling RTMPKit QualityPresetSelector.swift
/host/spi-builder-workspace/Sources/RTMPKit/Authentication/AuthCrypto.swift:9:12: error: no such module 'Crypto'
7 | import CryptoKit
8 | #else
9 | import Crypto
| `- error: no such module 'Crypto'
10 | #endif
11 |
[862/964] Compiling RTMPKit AVInterleaver.swift
/host/spi-builder-workspace/Sources/RTMPKit/Authentication/AuthCrypto.swift:9:12: error: no such module 'Crypto'
7 | import CryptoKit
8 | #else
9 | import Crypto
| `- error: no such module 'Crypto'
10 | #endif
11 |
[863/964] Compiling RTMPKit RTMPConnection.swift
/host/spi-builder-workspace/Sources/RTMPKit/Authentication/AuthCrypto.swift:9:12: error: no such module 'Crypto'
7 | import CryptoKit
8 | #else
9 | import Crypto
| `- error: no such module 'Crypto'
10 | #endif
11 |
[864/964] Compiling RTMPKit RTMPPublisher+ABR.swift
/host/spi-builder-workspace/Sources/RTMPKit/Authentication/AuthCrypto.swift:9:12: error: no such module 'Crypto'
7 | import CryptoKit
8 | #else
9 | import Crypto
| `- error: no such module 'Crypto'
10 | #endif
11 |
[865/964] Compiling RTMPKit RTMPPublisher+Internal.swift
/host/spi-builder-workspace/Sources/RTMPKit/Authentication/AuthCrypto.swift:9:12: error: no such module 'Crypto'
7 | import CryptoKit
8 | #else
9 | import Crypto
| `- error: no such module 'Crypto'
10 | #endif
11 |
[866/964] Compiling RTMPKit RTMPServerAccessControl.swift
/host/spi-builder-workspace/Sources/RTMPKit/Authentication/AuthCrypto.swift:9:12: error: no such module 'Crypto'
7 | import CryptoKit
8 | #else
9 | import Crypto
| `- error: no such module 'Crypto'
10 | #endif
11 |
[867/964] Compiling RTMPKit RTMPServerConfiguration.swift
/host/spi-builder-workspace/Sources/RTMPKit/Authentication/AuthCrypto.swift:9:12: error: no such module 'Crypto'
7 | import CryptoKit
8 | #else
9 | import Crypto
| `- error: no such module 'Crypto'
10 | #endif
11 |
[868/964] Compiling RTMPKit RTMPServerEvent.swift
/host/spi-builder-workspace/Sources/RTMPKit/Authentication/AuthCrypto.swift:9:12: error: no such module 'Crypto'
7 | import CryptoKit
8 | #else
9 | import Crypto
| `- error: no such module 'Crypto'
10 | #endif
11 |
[869/964] Compiling RTMPKit RTMPServerSecurityPolicy.swift
/host/spi-builder-workspace/Sources/RTMPKit/Authentication/AuthCrypto.swift:9:12: error: no such module 'Crypto'
7 | import CryptoKit
8 | #else
9 | import Crypto
| `- error: no such module 'Crypto'
10 | #endif
11 |
[870/964] Compiling RTMPKit RTMPServerSession.swift
/host/spi-builder-workspace/Sources/RTMPKit/Authentication/AuthCrypto.swift:9:12: error: no such module 'Crypto'
7 | import CryptoKit
8 | #else
9 | import Crypto
| `- error: no such module 'Crypto'
10 | #endif
11 |
[871/964] Compiling RTMPKit RTMPServerSessionDelegate.swift
/host/spi-builder-workspace/Sources/RTMPKit/Authentication/AuthCrypto.swift:9:12: error: no such module 'Crypto'
7 | import CryptoKit
8 | #else
9 | import Crypto
| `- error: no such module 'Crypto'
10 | #endif
11 |
[872/964] Compiling RTMPKit RTMPStreamDVR.swift
/host/spi-builder-workspace/Sources/RTMPKit/Authentication/AuthCrypto.swift:9:12: error: no such module 'Crypto'
7 | import CryptoKit
8 | #else
9 | import Crypto
| `- error: no such module 'Crypto'
10 | #endif
11 |
[873/964] Compiling RTMPKit RTMPStreamRelay.swift
/host/spi-builder-workspace/Sources/RTMPKit/Authentication/AuthCrypto.swift:9:12: error: no such module 'Crypto'
7 | import CryptoKit
8 | #else
9 | import Crypto
| `- error: no such module 'Crypto'
10 | #endif
11 |
[874/964] Compiling RTMPKit ServerHandshake.swift
/host/spi-builder-workspace/Sources/RTMPKit/Authentication/AuthCrypto.swift:9:12: error: no such module 'Crypto'
7 | import CryptoKit
8 | #else
9 | import Crypto
| `- error: no such module 'Crypto'
10 | #endif
11 |
[875/964] Compiling RTMPKit StreamKeyValidator.swift
/host/spi-builder-workspace/Sources/RTMPKit/Authentication/AuthCrypto.swift:9:12: error: no such module 'Crypto'
7 | import CryptoKit
8 | #else
9 | import Crypto
| `- error: no such module 'Crypto'
10 | #endif
11 |
[876/964] Compiling RTMPKit NIOTransport.swift
/host/spi-builder-workspace/Sources/RTMPKit/Authentication/AuthCrypto.swift:9:12: error: no such module 'Crypto'
7 | import CryptoKit
8 | #else
9 | import Crypto
| `- error: no such module 'Crypto'
10 | #endif
11 |
[877/964] Compiling RTMPKit RTMPChannelHandler.swift
/host/spi-builder-workspace/Sources/RTMPKit/Authentication/AuthCrypto.swift:9:12: error: no such module 'Crypto'
7 | import CryptoKit
8 | #else
9 | import Crypto
| `- error: no such module 'Crypto'
10 | #endif
11 |
[878/964] Compiling RTMPKit RTMPTransportProtocol.swift
/host/spi-builder-workspace/Sources/RTMPKit/Authentication/AuthCrypto.swift:9:12: error: no such module 'Crypto'
7 | import CryptoKit
8 | #else
9 | import Crypto
| `- error: no such module 'Crypto'
10 | #endif
11 |
[879/964] Compiling RTMPKit TLSConfiguration+RTMP.swift
/host/spi-builder-workspace/Sources/RTMPKit/Authentication/AuthCrypto.swift:9:12: error: no such module 'Crypto'
7 | import CryptoKit
8 | #else
9 | import Crypto
| `- error: no such module 'Crypto'
10 | #endif
11 |
[880/964] Compiling RTMPKit TransportConfiguration.swift
/host/spi-builder-workspace/Sources/RTMPKit/Authentication/AuthCrypto.swift:9:12: error: no such module 'Crypto'
7 | import CryptoKit
8 | #else
9 | import Crypto
| `- error: no such module 'Crypto'
10 | #endif
11 |
[881/964] Compiling RTMPKit RTMPHandshake.swift
/host/spi-builder-workspace/Sources/RTMPKit/Authentication/AuthCrypto.swift:9:12: error: no such module 'Crypto'
7 | import CryptoKit
8 | #else
9 | import Crypto
| `- error: no such module 'Crypto'
10 | #endif
11 |
[882/964] Compiling RTMPKit RTMPCommand.swift
/host/spi-builder-workspace/Sources/RTMPKit/Authentication/AuthCrypto.swift:9:12: error: no such module 'Crypto'
7 | import CryptoKit
8 | #else
9 | import Crypto
| `- error: no such module 'Crypto'
10 | #endif
11 |
[883/964] Compiling RTMPKit RTMPControlMessage.swift
/host/spi-builder-workspace/Sources/RTMPKit/Authentication/AuthCrypto.swift:9:12: error: no such module 'Crypto'
7 | import CryptoKit
8 | #else
9 | import Crypto
| `- error: no such module 'Crypto'
10 | #endif
11 |
[884/964] Compiling RTMPKit RTMPDataMessage.swift
/host/spi-builder-workspace/Sources/RTMPKit/Authentication/AuthCrypto.swift:9:12: error: no such module 'Crypto'
7 | import CryptoKit
8 | #else
9 | import Crypto
| `- error: no such module 'Crypto'
10 | #endif
11 |
[885/964] Compiling RTMPKit RTMPUserControlEvent.swift
/host/spi-builder-workspace/Sources/RTMPKit/Authentication/AuthCrypto.swift:9:12: error: no such module 'Crypto'
7 | import CryptoKit
8 | #else
9 | import Crypto
| `- error: no such module 'Crypto'
10 | #endif
11 |
[886/964] Compiling RTMPKit CaptionData.swift
/host/spi-builder-workspace/Sources/RTMPKit/Authentication/AuthCrypto.swift:9:12: error: no such module 'Crypto'
7 | import CryptoKit
8 | #else
9 | import Crypto
| `- error: no such module 'Crypto'
10 | #endif
11 |
[887/964] Compiling RTMPKit CuePoint.swift
/host/spi-builder-workspace/Sources/RTMPKit/Authentication/AuthCrypto.swift:9:12: error: no such module 'Crypto'
7 | import CryptoKit
8 | #else
9 | import Crypto
| `- error: no such module 'Crypto'
10 | #endif
11 |
[888/964] Compiling RTMPKit MetadataUpdater.swift
/host/spi-builder-workspace/Sources/RTMPKit/Authentication/AuthCrypto.swift:9:12: error: no such module 'Crypto'
7 | import CryptoKit
8 | #else
9 | import Crypto
| `- error: no such module 'Crypto'
10 | #endif
11 |
[889/964] Compiling RTMPKit StreamMetadata+Factories.swift
/host/spi-builder-workspace/Sources/RTMPKit/Authentication/AuthCrypto.swift:9:12: error: no such module 'Crypto'
7 | import CryptoKit
8 | #else
9 | import Crypto
| `- error: no such module 'Crypto'
10 | #endif
11 |
[890/964] Compiling RTMPKit TimedMetadata.swift
/host/spi-builder-workspace/Sources/RTMPKit/Authentication/AuthCrypto.swift:9:12: error: no such module 'Crypto'
7 | import CryptoKit
8 | #else
9 | import Crypto
| `- error: no such module 'Crypto'
10 | #endif
11 |
[891/964] Compiling RTMPKit PrometheusExporter.swift
/host/spi-builder-workspace/Sources/RTMPKit/Authentication/AuthCrypto.swift:9:12: error: no such module 'Crypto'
7 | import CryptoKit
8 | #else
9 | import Crypto
| `- error: no such module 'Crypto'
10 | #endif
11 |
[892/964] Compiling RTMPKit RTMPMetricsExporter.swift
/host/spi-builder-workspace/Sources/RTMPKit/Authentication/AuthCrypto.swift:9:12: error: no such module 'Crypto'
7 | import CryptoKit
8 | #else
9 | import Crypto
| `- error: no such module 'Crypto'
10 | #endif
11 |
[893/964] Compiling RTMPKit RTMPPublisherStatistics.swift
/host/spi-builder-workspace/Sources/RTMPKit/Authentication/AuthCrypto.swift:9:12: error: no such module 'Crypto'
7 | import CryptoKit
8 | #else
9 | import Crypto
| `- error: no such module 'Crypto'
10 | #endif
11 |
[894/964] Compiling RTMPKit RTMPServerStatistics.swift
/host/spi-builder-workspace/Sources/RTMPKit/Authentication/AuthCrypto.swift:9:12: error: no such module 'Crypto'
7 | import CryptoKit
8 | #else
9 | import Crypto
| `- error: no such module 'Crypto'
10 | #endif
11 |
[895/964] Compiling RTMPKit StatsDExporter.swift
/host/spi-builder-workspace/Sources/RTMPKit/Authentication/AuthCrypto.swift:9:12: error: no such module 'Crypto'
7 | import CryptoKit
8 | #else
9 | import Crypto
| `- error: no such module 'Crypto'
10 | #endif
11 |
[896/964] Compiling RTMPKit ConnectionMonitor.swift
/host/spi-builder-workspace/Sources/RTMPKit/Authentication/AuthCrypto.swift:9:12: error: no such module 'Crypto'
7 | import CryptoKit
8 | #else
9 | import Crypto
| `- error: no such module 'Crypto'
10 | #endif
11 |
[897/964] Compiling RTMPKit RTMPError.swift
/host/spi-builder-workspace/Sources/RTMPKit/Authentication/AuthCrypto.swift:9:12: error: no such module 'Crypto'
7 | import CryptoKit
8 | #else
9 | import Crypto
| `- error: no such module 'Crypto'
10 | #endif
11 |
[898/964] Compiling RTMPKit RTMPEvent.swift
/host/spi-builder-workspace/Sources/RTMPKit/Authentication/AuthCrypto.swift:9:12: error: no such module 'Crypto'
7 | import CryptoKit
8 | #else
9 | import Crypto
| `- error: no such module 'Crypto'
10 | #endif
11 |
[899/964] Compiling RTMPKit RTMPKit.swift
/host/spi-builder-workspace/Sources/RTMPKit/Authentication/AuthCrypto.swift:9:12: error: no such module 'Crypto'
7 | import CryptoKit
8 | #else
9 | import Crypto
| `- error: no such module 'Crypto'
10 | #endif
11 |
[900/964] Compiling RTMPKit RTMPPublisherState.swift
/host/spi-builder-workspace/Sources/RTMPKit/Authentication/AuthCrypto.swift:9:12: error: no such module 'Crypto'
7 | import CryptoKit
8 | #else
9 | import Crypto
| `- error: no such module 'Crypto'
10 | #endif
11 |
[901/964] Compiling RTMPKit RTMPStatusCode.swift
/host/spi-builder-workspace/Sources/RTMPKit/Authentication/AuthCrypto.swift:9:12: error: no such module 'Crypto'
7 | import CryptoKit
8 | #else
9 | import Crypto
| `- error: no such module 'Crypto'
10 | #endif
11 |
[902/964] Compiling RTMPKit ElementaryStreamWriter.swift
/host/spi-builder-workspace/Sources/RTMPKit/Authentication/AuthCrypto.swift:9:12: error: no such module 'Crypto'
7 | import CryptoKit
8 | #else
9 | import Crypto
| `- error: no such module 'Crypto'
10 | #endif
11 |
[903/964] Compiling RTMPKit FLVWriter.swift
/host/spi-builder-workspace/Sources/RTMPKit/Authentication/AuthCrypto.swift:9:12: error: no such module 'Crypto'
7 | import CryptoKit
8 | #else
9 | import Crypto
| `- error: no such module 'Crypto'
10 | #endif
11 |
[904/964] Compiling RTMPKit RecordingConfiguration.swift
/host/spi-builder-workspace/Sources/RTMPKit/Authentication/AuthCrypto.swift:9:12: error: no such module 'Crypto'
7 | import CryptoKit
8 | #else
9 | import Crypto
| `- error: no such module 'Crypto'
10 | #endif
11 |
[905/964] Compiling RTMPKit RecordingSegment.swift
/host/spi-builder-workspace/Sources/RTMPKit/Authentication/AuthCrypto.swift:9:12: error: no such module 'Crypto'
7 | import CryptoKit
8 | #else
9 | import Crypto
| `- error: no such module 'Crypto'
10 | #endif
11 |
[906/964] Compiling RTMPKit StreamRecorder.swift
/host/spi-builder-workspace/Sources/RTMPKit/Authentication/AuthCrypto.swift:9:12: error: no such module 'Crypto'
7 | import CryptoKit
8 | #else
9 | import Crypto
| `- error: no such module 'Crypto'
10 | #endif
11 |
[907/964] Compiling RTMPKit RTMPConnectionRateLimiter.swift
/host/spi-builder-workspace/Sources/RTMPKit/Authentication/AuthCrypto.swift:9:12: error: no such module 'Crypto'
7 | import CryptoKit
8 | #else
9 | import Crypto
| `- error: no such module 'Crypto'
10 | #endif
11 |
[908/964] Compiling RTMPKit RTMPServer+MessageHandling.swift
/host/spi-builder-workspace/Sources/RTMPKit/Authentication/AuthCrypto.swift:9:12: error: no such module 'Crypto'
7 | import CryptoKit
8 | #else
9 | import Crypto
| `- error: no such module 'Crypto'
10 | #endif
11 |
[909/964] Compiling RTMPKit RTMPServer+Metrics.swift
/host/spi-builder-workspace/Sources/RTMPKit/Authentication/AuthCrypto.swift:9:12: error: no such module 'Crypto'
7 | import CryptoKit
8 | #else
9 | import Crypto
| `- error: no such module 'Crypto'
10 | #endif
11 |
[910/964] Compiling RTMPKit RTMPServer+StreamManagement.swift
/host/spi-builder-workspace/Sources/RTMPKit/Authentication/AuthCrypto.swift:9:12: error: no such module 'Crypto'
7 | import CryptoKit
8 | #else
9 | import Crypto
| `- error: no such module 'Crypto'
10 | #endif
11 |
[911/964] Compiling RTMPKit RTMPServer.swift
/host/spi-builder-workspace/Sources/RTMPKit/Authentication/AuthCrypto.swift:9:12: error: no such module 'Crypto'
7 | import CryptoKit
8 | #else
9 | import Crypto
| `- error: no such module 'Crypto'
10 | #endif
11 |
[912/964] Compiling RTMPKit AuthCrypto.swift
/host/spi-builder-workspace/Sources/RTMPKit/Authentication/AuthCrypto.swift:9:12: error: no such module 'Crypto'
7 | import CryptoKit
8 | #else
9 | import Crypto
| `- error: no such module 'Crypto'
10 | #endif
11 |
[913/964] Compiling RTMPKit RTMPAuthentication.swift
/host/spi-builder-workspace/Sources/RTMPKit/Authentication/AuthCrypto.swift:9:12: error: no such module 'Crypto'
7 | import CryptoKit
8 | #else
9 | import Crypto
| `- error: no such module 'Crypto'
10 | #endif
11 |
[914/964] Compiling RTMPKit SimpleAuth.swift
/host/spi-builder-workspace/Sources/RTMPKit/Authentication/AuthCrypto.swift:9:12: error: no such module 'Crypto'
7 | import CryptoKit
8 | #else
9 | import Crypto
| `- error: no such module 'Crypto'
10 | #endif
11 |
[915/964] Compiling RTMPKit TokenAuth.swift
/host/spi-builder-workspace/Sources/RTMPKit/Authentication/AuthCrypto.swift:9:12: error: no such module 'Crypto'
7 | import CryptoKit
8 | #else
9 | import Crypto
| `- error: no such module 'Crypto'
10 | #endif
11 |
[916/964] Compiling RTMPKit ChunkAssembler.swift
/host/spi-builder-workspace/Sources/RTMPKit/Authentication/AuthCrypto.swift:9:12: error: no such module 'Crypto'
7 | import CryptoKit
8 | #else
9 | import Crypto
| `- error: no such module 'Crypto'
10 | #endif
11 |
[917/964] Compiling RTMPKit ChunkDisassembler.swift
/host/spi-builder-workspace/Sources/RTMPKit/Authentication/AuthCrypto.swift:9:12: error: no such module 'Crypto'
7 | import CryptoKit
8 | #else
9 | import Crypto
| `- error: no such module 'Crypto'
10 | #endif
11 |
[918/964] Compiling RTMPKit ChunkError.swift
/host/spi-builder-workspace/Sources/RTMPKit/Authentication/AuthCrypto.swift:9:12: error: no such module 'Crypto'
7 | import CryptoKit
8 | #else
9 | import Crypto
| `- error: no such module 'Crypto'
10 | #endif
11 |
[919/964] Compiling RTMPKit ChunkHeader.swift
/host/spi-builder-workspace/Sources/RTMPKit/Authentication/AuthCrypto.swift:9:12: error: no such module 'Crypto'
7 | import CryptoKit
8 | #else
9 | import Crypto
| `- error: no such module 'Crypto'
10 | #endif
11 |
[920/964] Compiling RTMPKit ChunkStream.swift
/host/spi-builder-workspace/Sources/RTMPKit/Authentication/AuthCrypto.swift:9:12: error: no such module 'Crypto'
7 | import CryptoKit
8 | #else
9 | import Crypto
| `- error: no such module 'Crypto'
10 | #endif
11 |
[921/964] Compiling RTMPKit ChunkStreamID.swift
/host/spi-builder-workspace/Sources/RTMPKit/Authentication/AuthCrypto.swift:9:12: error: no such module 'Crypto'
7 | import CryptoKit
8 | #else
9 | import Crypto
| `- error: no such module 'Crypto'
10 | #endif
11 |
[922/964] Compiling RTMPKit RTMPMessage.swift
/host/spi-builder-workspace/Sources/RTMPKit/Authentication/AuthCrypto.swift:9:12: error: no such module 'Crypto'
7 | import CryptoKit
8 | #else
9 | import Crypto
| `- error: no such module 'Crypto'
10 | #endif
11 |
[923/964] Compiling RTMPKit ObjectEncoding.swift
/host/spi-builder-workspace/Sources/RTMPKit/Authentication/AuthCrypto.swift:9:12: error: no such module 'Crypto'
7 | import CryptoKit
8 | #else
9 | import Crypto
| `- error: no such module 'Crypto'
10 | #endif
11 |
[924/964] Compiling RTMPKit PlatformPreset.swift
/host/spi-builder-workspace/Sources/RTMPKit/Authentication/AuthCrypto.swift:9:12: error: no such module 'Crypto'
7 | import CryptoKit
8 | #else
9 | import Crypto
| `- error: no such module 'Crypto'
10 | #endif
11 |
[925/964] Compiling RTMPKit RTMPConfiguration.swift
/host/spi-builder-workspace/Sources/RTMPKit/Authentication/AuthCrypto.swift:9:12: error: no such module 'Crypto'
7 | import CryptoKit
8 | #else
9 | import Crypto
| `- error: no such module 'Crypto'
10 | #endif
11 |
[926/964] Compiling RTMPKit ReconnectPolicy.swift
/host/spi-builder-workspace/Sources/RTMPKit/Authentication/AuthCrypto.swift:9:12: error: no such module 'Crypto'
7 | import CryptoKit
8 | #else
9 | import Crypto
| `- error: no such module 'Crypto'
10 | #endif
11 |
[927/964] Compiling RTMPKit StreamingPlatformRegistry.swift
/host/spi-builder-workspace/Sources/RTMPKit/Authentication/AuthCrypto.swift:9:12: error: no such module 'Crypto'
7 | import CryptoKit
8 | #else
9 | import Crypto
| `- error: no such module 'Crypto'
10 | #endif
11 |
[928/964] Compiling RTMPKit TwitchIngestServer.swift
/host/spi-builder-workspace/Sources/RTMPKit/Authentication/AuthCrypto.swift:9:12: error: no such module 'Crypto'
7 | import CryptoKit
8 | #else
9 | import Crypto
| `- error: no such module 'Crypto'
10 | #endif
11 |
[929/964] Compiling RTMPKit EnhancedRTMP.swift
/host/spi-builder-workspace/Sources/RTMPKit/Authentication/AuthCrypto.swift:9:12: error: no such module 'Crypto'
7 | import CryptoKit
8 | #else
9 | import Crypto
| `- error: no such module 'Crypto'
10 | #endif
11 |
[930/964] Compiling RTMPKit ExAudioHeader.swift
/host/spi-builder-workspace/Sources/RTMPKit/Authentication/AuthCrypto.swift:9:12: error: no such module 'Crypto'
7 | import CryptoKit
8 | #else
9 | import Crypto
| `- error: no such module 'Crypto'
10 | #endif
11 |
[931/964] Compiling RTMPKit ExVideoHeader.swift
/host/spi-builder-workspace/Sources/RTMPKit/Authentication/AuthCrypto.swift:9:12: error: no such module 'Crypto'
7 | import CryptoKit
8 | #else
9 | import Crypto
| `- error: no such module 'Crypto'
10 | #endif
11 |
[932/964] Compiling RTMPKit FourCC.swift
/host/spi-builder-workspace/Sources/RTMPKit/Authentication/AuthCrypto.swift:9:12: error: no such module 'Crypto'
7 | import CryptoKit
8 | #else
9 | import Crypto
| `- error: no such module 'Crypto'
10 | #endif
11 |
[933/964] Compiling RTMPKit MultitrackHeader.swift
/host/spi-builder-workspace/Sources/RTMPKit/Authentication/AuthCrypto.swift:9:12: error: no such module 'Crypto'
7 | import CryptoKit
8 | #else
9 | import Crypto
| `- error: no such module 'Crypto'
10 | #endif
11 |
[934/964] Compiling RTMPKit ByteBuffer+RTMP.swift
/host/spi-builder-workspace/Sources/RTMPKit/Authentication/AuthCrypto.swift:9:12: error: no such module 'Crypto'
7 | import CryptoKit
8 | #else
9 | import Crypto
| `- error: no such module 'Crypto'
10 | #endif
11 |
[935/964] Compiling RTMPKit UInt24.swift
/host/spi-builder-workspace/Sources/RTMPKit/Authentication/AuthCrypto.swift:9:12: error: no such module 'Crypto'
7 | import CryptoKit
8 | #else
9 | import Crypto
| `- error: no such module 'Crypto'
10 | #endif
11 |
[936/964] Compiling RTMPKit FLVAudioTag.swift
/host/spi-builder-workspace/Sources/RTMPKit/Authentication/AuthCrypto.swift:9:12: error: no such module 'Crypto'
7 | import CryptoKit
8 | #else
9 | import Crypto
| `- error: no such module 'Crypto'
10 | #endif
11 |
[937/964] Compiling RTMPKit FLVCodecProbe.swift
/host/spi-builder-workspace/Sources/RTMPKit/Authentication/AuthCrypto.swift:9:12: error: no such module 'Crypto'
7 | import CryptoKit
8 | #else
9 | import Crypto
| `- error: no such module 'Crypto'
10 | #endif
11 |
[938/964] Compiling RTMPKit FLVHeader.swift
/host/spi-builder-workspace/Sources/RTMPKit/Authentication/AuthCrypto.swift:9:12: error: no such module 'Crypto'
7 | import CryptoKit
8 | #else
9 | import Crypto
| `- error: no such module 'Crypto'
10 | #endif
11 |
[939/964] Compiling RTMPKit FLVScriptTag.swift
/host/spi-builder-workspace/Sources/RTMPKit/Authentication/AuthCrypto.swift:9:12: error: no such module 'Crypto'
7 | import CryptoKit
8 | #else
9 | import Crypto
| `- error: no such module 'Crypto'
10 | #endif
11 |
[940/964] Compiling RTMPKit FLVTag.swift
/host/spi-builder-workspace/Sources/RTMPKit/Authentication/AuthCrypto.swift:9:12: error: no such module 'Crypto'
7 | import CryptoKit
8 | #else
9 | import Crypto
| `- error: no such module 'Crypto'
10 | #endif
11 |
[941/964] Compiling RTMPKit FLVVideoTag.swift
/host/spi-builder-workspace/Sources/RTMPKit/Authentication/AuthCrypto.swift:9:12: error: no such module 'Crypto'
7 | import CryptoKit
8 | #else
9 | import Crypto
| `- error: no such module 'Crypto'
10 | #endif
11 |
[942/964] Compiling RTMPKit HandshakeBytes.swift
/host/spi-builder-workspace/Sources/RTMPKit/Authentication/AuthCrypto.swift:9:12: error: no such module 'Crypto'
7 | import CryptoKit
8 | #else
9 | import Crypto
| `- error: no such module 'Crypto'
10 | #endif
11 |
[943/964] Compiling RTMPKit HandshakeValidator.swift
/host/spi-builder-workspace/Sources/RTMPKit/Authentication/AuthCrypto.swift:9:12: error: no such module 'Crypto'
7 | import CryptoKit
8 | #else
9 | import Crypto
| `- error: no such module 'Crypto'
10 | #endif
11 |
[944/964] Compiling RTMPKit AMF0Decoder.swift
/host/spi-builder-workspace/Sources/RTMPKit/Authentication/AuthCrypto.swift:9:12: error: no such module 'Crypto'
7 | import CryptoKit
8 | #else
9 | import Crypto
| `- error: no such module 'Crypto'
10 | #endif
11 |
[945/964] Compiling RTMPKit AMF0Encoder.swift
/host/spi-builder-workspace/Sources/RTMPKit/Authentication/AuthCrypto.swift:9:12: error: no such module 'Crypto'
7 | import CryptoKit
8 | #else
9 | import Crypto
| `- error: no such module 'Crypto'
10 | #endif
11 |
[946/964] Compiling RTMPKit AMF0Error.swift
/host/spi-builder-workspace/Sources/RTMPKit/Authentication/AuthCrypto.swift:9:12: error: no such module 'Crypto'
7 | import CryptoKit
8 | #else
9 | import Crypto
| `- error: no such module 'Crypto'
10 | #endif
11 |
[947/964] Compiling RTMPKit AMF0Value.swift
/host/spi-builder-workspace/Sources/RTMPKit/Authentication/AuthCrypto.swift:9:12: error: no such module 'Crypto'
7 | import CryptoKit
8 | #else
9 | import Crypto
| `- error: no such module 'Crypto'
10 | #endif
11 |
[948/964] Compiling RTMPKit AMF3Decoder.swift
/host/spi-builder-workspace/Sources/RTMPKit/Authentication/AuthCrypto.swift:9:12: error: no such module 'Crypto'
7 | import CryptoKit
8 | #else
9 | import Crypto
| `- error: no such module 'Crypto'
10 | #endif
11 |
[949/964] Compiling RTMPKit AMF3Encoder.swift
/host/spi-builder-workspace/Sources/RTMPKit/Authentication/AuthCrypto.swift:9:12: error: no such module 'Crypto'
7 | import CryptoKit
8 | #else
9 | import Crypto
| `- error: no such module 'Crypto'
10 | #endif
11 |
[950/964] Compiling RTMPKit AMF3ReferenceTable.swift
/host/spi-builder-workspace/Sources/RTMPKit/Authentication/AuthCrypto.swift:9:12: error: no such module 'Crypto'
7 | import CryptoKit
8 | #else
9 | import Crypto
| `- error: no such module 'Crypto'
10 | #endif
11 |
[951/964] Compiling RTMPKit AMF3Traits.swift
/host/spi-builder-workspace/Sources/RTMPKit/Authentication/AuthCrypto.swift:9:12: error: no such module 'Crypto'
7 | import CryptoKit
8 | #else
9 | import Crypto
| `- error: no such module 'Crypto'
10 | #endif
11 |
[952/964] Compiling RTMPKit AMF3Value.swift
/host/spi-builder-workspace/Sources/RTMPKit/Authentication/AuthCrypto.swift:9:12: error: no such module 'Crypto'
7 | import CryptoKit
8 | #else
9 | import Crypto
| `- error: no such module 'Crypto'
10 | #endif
11 |
[953/964] Compiling RTMPKit AdaptiveBitrateConfiguration.swift
/host/spi-builder-workspace/Sources/RTMPKit/Authentication/AuthCrypto.swift:9:12: error: no such module 'Crypto'
7 | import CryptoKit
8 | #else
9 | import Crypto
| `- error: no such module 'Crypto'
10 | #endif
11 |
[954/964] Compiling RTMPKit AdaptiveBitratePolicy.swift
/host/spi-builder-workspace/Sources/RTMPKit/Authentication/AuthCrypto.swift:9:12: error: no such module 'Crypto'
7 | import CryptoKit
8 | #else
9 | import Crypto
| `- error: no such module 'Crypto'
10 | #endif
11 |
[955/964] Compiling RTMPKit BitrateChangeReason.swift
/host/spi-builder-workspace/Sources/RTMPKit/Authentication/AuthCrypto.swift:9:12: error: no such module 'Crypto'
7 | import CryptoKit
8 | #else
9 | import Crypto
| `- error: no such module 'Crypto'
10 | #endif
11 |
[956/964] Compiling RTMPKit BitrateRecommendation.swift
/host/spi-builder-workspace/Sources/RTMPKit/Authentication/AuthCrypto.swift:9:12: error: no such module 'Crypto'
7 | import CryptoKit
8 | #else
9 | import Crypto
| `- error: no such module 'Crypto'
10 | #endif
11 |
[957/964] Compiling RTMPKit FrameDroppingStrategy.swift
/host/spi-builder-workspace/Sources/RTMPKit/Authentication/AuthCrypto.swift:9:12: error: no such module 'Crypto'
7 | import CryptoKit
8 | #else
9 | import Crypto
| `- error: no such module 'Crypto'
10 | #endif
11 |
[958/964] Compiling RTMPKit NetworkConditionMonitor.swift
/host/spi-builder-workspace/Sources/RTMPKit/Authentication/AuthCrypto.swift:9:12: error: no such module 'Crypto'
7 | import CryptoKit
8 | #else
9 | import Crypto
| `- error: no such module 'Crypto'
10 | #endif
11 |
[959/964] Compiling RTMPKit AdobeChallengeAuth.swift
/host/spi-builder-workspace/Sources/RTMPKit/Authentication/AuthCrypto.swift:9:12: error: no such module 'Crypto'
7 | import CryptoKit
8 | #else
9 | import Crypto
| `- error: no such module 'Crypto'
10 | #endif
11 |
BUILD FAILURE 6.2 android