The Swift Package Index logo.Swift Package Index

Build Information

Failed to build RabbitMQHTTPAPIClient, reference main (28d084), with Swift 6.4 for Wasm on 24 Sep 2026 11:17:33 UTC.

Build Command

bash -c docker run --pull=always --rm -v "checkouts-54344844-0":/host -w "$PWD" -e JAVA_HOME="/root/.sdkman/candidates/java/current" -e SPI_BUILD="1" -e SPI_PROCESSING="1" registry.gitlab.com/saguaro1/spi-images:wasm-6.4-latest swift build --swift-sdk swift-6.4.x-DEVELOPMENT-SNAPSHOT-2026-09-04-a_wasm 2>&1

Build Log

========================================
RunAll
========================================
Builder version: 5.1.0
Interrupt handler set up.
========================================
Checkout
========================================
Clone URL: https://github.com/michaelklishin/rabbitmq-http-api-client-swift.git
Reference: main
Initialized empty Git repository in /host/spi-builder-workspace/.git/
hint: Using 'master' as the name for the initial branch. This default branch name
hint: is subject to change. To configure the initial branch name to use in all
hint: of your new repositories, which will suppress this warning, call:
hint:
hint: 	git config --global init.defaultBranch <name>
hint:
hint: Names commonly chosen instead of 'master' are 'main', 'trunk' and
hint: 'development'. The just-created branch can be renamed via this command:
hint:
hint: 	git branch -m <name>
From https://github.com/michaelklishin/rabbitmq-http-api-client-swift
 * branch            main       -> FETCH_HEAD
 * [new branch]      main       -> origin/main
HEAD is now at 28d0840 Merge pull request #2 from michaelklishin/dependabot/github_actions/actions/checkout-7
Cloned https://github.com/michaelklishin/rabbitmq-http-api-client-swift.git
Revision (git rev-parse @):
28d0840cf1db4653a7f2cc65cffa53584cc24c3f
SUCCESS checkout https://github.com/michaelklishin/rabbitmq-http-api-client-swift.git at main
========================================
Build
========================================
Selected platform:         wasm
Swift version:             6.4
Building package at path:  $PWD
https://github.com/michaelklishin/rabbitmq-http-api-client-swift.git
Running build ...
bash -c docker run --pull=always --rm -v "checkouts-54344844-0":/host -w "$PWD" -e JAVA_HOME="/root/.sdkman/candidates/java/current" -e SPI_BUILD="1" -e SPI_PROCESSING="1" registry.gitlab.com/saguaro1/spi-images:wasm-6.4-latest swift build --swift-sdk swift-6.4.x-DEVELOPMENT-SNAPSHOT-2026-09-04-a_wasm 2>&1
wasm-6.4-latest: Pulling from saguaro1/spi-images
Digest: sha256:4328fdb43c680d205c1d6761b1e3267aa38277eefdda9ddfb17b6a0f1a77857a
Status: Image is up to date for registry.gitlab.com/saguaro1/spi-images:wasm-6.4-latest
Fetching https://github.com/michaelklishin/bunny-swift.git
[1/683] Fetching bunny-swift
Fetched https://github.com/michaelklishin/bunny-swift.git (0.52s)
Fetching https://github.com/apple/swift-nio-ssl.git
Fetching https://github.com/apple/swift-nio.git
Fetching https://github.com/apple/swift-collections.git
[1/16065] Fetching swift-nio-ssl
[6106/43758] Fetching swift-nio-ssl, swift-collections
[33513/129849] Fetching swift-nio-ssl, swift-collections, swift-nio
Fetched https://github.com/apple/swift-collections.git (1.23s)
[58250/102156] Fetching swift-nio-ssl, swift-nio
Fetched https://github.com/apple/swift-nio-ssl.git (3.07s)
Fetched https://github.com/apple/swift-nio.git (3.10s)
Computing version for https://github.com/apple/swift-collections.git
Computed https://github.com/apple/swift-collections.git at 1.7.0 (3.41s)
Computing version for https://github.com/apple/swift-nio-ssl.git
Computed https://github.com/apple/swift-nio-ssl.git at 2.37.5 (0.24s)
Computing version for https://github.com/apple/swift-nio.git
Computed https://github.com/apple/swift-nio.git at 2.103.0 (0.34s)
Fetching https://github.com/apple/swift-system.git
Fetching https://github.com/apple/swift-atomics.git
[1/1881] Fetching swift-atomics
[1882/8797] Fetching swift-atomics, swift-system
Fetched https://github.com/apple/swift-atomics.git (0.65s)
Fetched https://github.com/apple/swift-system.git (0.65s)
Computing version for https://github.com/apple/swift-atomics.git
Computed https://github.com/apple/swift-atomics.git at 1.3.1 (0.85s)
Computing version for https://github.com/apple/swift-system.git
Computed https://github.com/apple/swift-system.git at 1.8.1 (0.23s)
Creating working copy for https://github.com/apple/swift-system.git
Working copy of https://github.com/apple/swift-system.git resolved at 1.8.1
Creating working copy for https://github.com/apple/swift-collections.git
Working copy of https://github.com/apple/swift-collections.git resolved at 1.7.0
Creating working copy for https://github.com/apple/swift-nio-ssl.git
Working copy of https://github.com/apple/swift-nio-ssl.git resolved at 2.37.5
Creating working copy for https://github.com/apple/swift-atomics.git
Working copy of https://github.com/apple/swift-atomics.git resolved at 1.3.1
Creating working copy for https://github.com/apple/swift-nio.git
Working copy of https://github.com/apple/swift-nio.git resolved at 2.103.0
Creating working copy for https://github.com/michaelklishin/bunny-swift.git
Working copy of https://github.com/michaelklishin/bunny-swift.git resolved at main (d665928)
Building for debugging...
[Planning deferred tasks]
error: SwiftCompile normal wasm32 failed with a nonzero exit code. Command line:     cd /host

/host/spi-builder-workspace/Sources/RabbitMQHTTPAPIClient/Client.swift:35:16: error: 'URLSession' is unavailable: This type has moved to the FoundationNetworking module. Import that module to use it.
  33 |   let username: String
  34 |   let password: String
  35 |   let session: URLSession
     |                `- error: 'URLSession' is unavailable: This type has moved to the FoundationNetworking module. Import that module to use it.
  36 |   let retrySettings: RetrySettings
  37 |   let decoder: JSONDecoder
Foundation.URLSession:2:18: note: 'URLSession' has been explicitly marked unavailable here
1 | @available(*, unavailable, message: "This type has moved to the FoundationNetworking module. Import that module to use it.")
2 | public typealias URLSession = AnyObject
  |                  `- note: 'URLSession' has been explicitly marked unavailable here
/host/spi-builder-workspace/Sources/RabbitMQHTTPAPIClient/Client.swift:45:14: error: 'URLSession' is unavailable: This type has moved to the FoundationNetworking module. Import that module to use it.
  43 |     username: String = "guest",
  44 |     password: String = "guest",
  45 |     session: URLSession? = nil,
     |              `- error: 'URLSession' is unavailable: This type has moved to the FoundationNetworking module. Import that module to use it.
  46 |     retrySettings: RetrySettings = RetrySettings()
  47 |   ) {
Foundation.URLSession:2:18: note: 'URLSession' has been explicitly marked unavailable here
1 | @available(*, unavailable, message: "This type has moved to the FoundationNetworking module. Import that module to use it.")
2 | public typealias URLSession = AnyObject
  |                  `- note: 'URLSession' has been explicitly marked unavailable here
/host/spi-builder-workspace/Sources/RabbitMQHTTPAPIClient/Client.swift:1179:28: error: 'URLResponse' is unavailable: This type has moved to the FoundationNetworking module. Import that module to use it.
1177 |     _ urlPath: String, method: String,
1178 |     body: Data? = nil, extraHeaders: [String: String] = [:]
1179 |   ) async throws -> (Data, URLResponse) {
     |                            `- error: 'URLResponse' is unavailable: This type has moved to the FoundationNetworking module. Import that module to use it.
1180 |     let fullURL = "\(endpoint)/\(urlPath)"
1181 |     guard let url = URL(string: fullURL) else {
Foundation.URLResponse:2:18: note: 'URLResponse' has been explicitly marked unavailable here
1 | @available(*, unavailable, message: "This type has moved to the FoundationNetworking module. Import that module to use it.")
2 | public typealias URLResponse = AnyObject
  |                  `- note: 'URLResponse' has been explicitly marked unavailable here
/host/spi-builder-workspace/Sources/RabbitMQHTTPAPIClient/Client.swift:35:7: error: stored property 'session' of 'Sendable'-conforming struct 'Client' has non-Sendable type 'AnyObject'
  33 |   let username: String
  34 |   let password: String
  35 |   let session: URLSession
     |       `- error: stored property 'session' of 'Sendable'-conforming struct 'Client' has non-Sendable type 'AnyObject'
  36 |   let retrySettings: RetrySettings
  37 |   let decoder: JSONDecoder
Failed frontend command:
/usr/bin/swift-frontend -frontend -emit-module -experimental-skip-non-inlinable-function-bodies-without-types /host/spi-builder-workspace/Sources/RabbitMQHTTPAPIClient/Client.swift /host/spi-builder-workspace/Sources/RabbitMQHTTPAPIClient/Commons.swift /host/spi-builder-workspace/Sources/RabbitMQHTTPAPIClient/Errors.swift /host/spi-builder-workspace/Sources/RabbitMQHTTPAPIClient/PathEncoding.swift /host/spi-builder-workspace/Sources/RabbitMQHTTPAPIClient/Requests.swift /host/spi-builder-workspace/Sources/RabbitMQHTTPAPIClient/Responses.swift -target wasm32-unknown-wasip1 -disable-objc-interop -sdk /root/.swiftpm/swift-sdks/swift-6.4.x-DEVELOPMENT-SNAPSHOT-2026-09-04-a_wasm.artifactbundle/swift-6.4.x-DEVELOPMENT-SNAPSHOT-2026-09-04-a_wasm/wasm32-unknown-wasip1/WASI.sdk -sysroot /root/.swiftpm/swift-sdks/swift-6.4.x-DEVELOPMENT-SNAPSHOT-2026-09-04-a_wasm.artifactbundle/swift-6.4.x-DEVELOPMENT-SNAPSHOT-2026-09-04-a_wasm/wasm32-unknown-wasip1/WASI.sdk -I /host/spi-builder-workspace/.build/out/Products/Debug-webassembly-wasm32 -module-cache-path /host/spi-builder-workspace/.build/out/ModuleCache.noindex -color-diagnostics -Xcc -fcolor-diagnostics -enable-testing -g -debug-info-format\=dwarf -dwarf-version\=4 -swift-version 6 -Onone -D SWIFT_PACKAGE -D DEBUG -D SWIFT_MODULE_RESOURCE_BUNDLE_UNAVAILABLE -D Xcode -serialize-debugging-options -enable-experimental-feature DebugDescriptionMacro -empty-abi-descriptor -external-plugin-path /usr/lib/swift/host/plugins/testing\#/usr/bin/swift-plugin-server -validate-clang-modules-once -clang-build-session-file /host/spi-builder-workspace/.build/out/ModuleCache.noindex/Session.modulevalidation -Xcc -working-directory -Xcc /host -resource-dir /root/.swiftpm/swift-sdks/swift-6.4.x-DEVELOPMENT-SNAPSHOT-2026-09-04-a_wasm.artifactbundle/swift-6.4.x-DEVELOPMENT-SNAPSHOT-2026-09-04-a_wasm/wasm32-unknown-wasip1/swift.xctoolchain/usr/lib/swift_static -use-static-resource-dir -enable-anonymous-context-mangled-names -file-compilation-dir /host -Xcc -resource-dir -Xcc /root/.swiftpm/swift-sdks/swift-6.4.x-DEVELOPMENT-SNAPSHOT-2026-09-04-a_wasm.artifactbundle/swift-6.4.x-DEVELOPMENT-SNAPSHOT-2026-09-04-a_wasm/wasm32-unknown-wasip1/swift.xctoolchain/usr/lib/swift_static/clang -Xcc -D_LIBCPP_HARDENING_MODE\=_LIBCPP_HARDENING_MODE_DEBUG -Xcc -fmodules-prune-interval\=86400 -Xcc -fmodules-prune-after\=345600 -Xcc -I/host/spi-builder-workspace/.build/out/Products/Debug-webassembly-wasm32/include -Xcc -I/host/spi-builder-workspace/.build/out/Intermediates.noindex/RabbitMQHTTPAPIClient.build/Debug-webassembly-wasm32/RabbitMQHTTPAPIClient-t.build/DerivedSources-normal/wasm32 -Xcc -I/host/spi-builder-workspace/.build/out/Intermediates.noindex/RabbitMQHTTPAPIClient.build/Debug-webassembly-wasm32/RabbitMQHTTPAPIClient-t.build/DerivedSources/wasm32 -Xcc -I/host/spi-builder-workspace/.build/out/Intermediates.noindex/RabbitMQHTTPAPIClient.build/Debug-webassembly-wasm32/RabbitMQHTTPAPIClient-t.build/DerivedSources -Xcc -DSWIFT_PACKAGE -Xcc -DDEBUG\=1 -no-auto-bridging-header-chaining -module-name RabbitMQHTTPAPIClient -package-name spi_builder_workspace -const-gather-protocols-file /host/spi-builder-workspace/.build/out/Intermediates.noindex/RabbitMQHTTPAPIClient.build/Debug-webassembly-wasm32/RabbitMQHTTPAPIClient-t.build/Objects-normal/wasm32/RabbitMQHTTPAPIClient_const_extract_protocols.json -in-process-plugin-server-path /usr/lib/swift/host/libSwiftInProcPluginServer.so -plugin-path /usr/lib/swift/host/plugins -plugin-path /usr/local/lib/swift/host/plugins -emit-module-doc-path /host/spi-builder-workspace/.build/out/Intermediates.noindex/RabbitMQHTTPAPIClient.build/Debug-webassembly-wasm32/RabbitMQHTTPAPIClient-t.build/Objects-normal/wasm32/Modules/RabbitMQHTTPAPIClient.swiftdoc -emit-module-source-info-path /host/spi-builder-workspace/.build/out/Intermediates.noindex/RabbitMQHTTPAPIClient.build/Debug-webassembly-wasm32/RabbitMQHTTPAPIClient-t.build/Objects-normal/wasm32/Modules/RabbitMQHTTPAPIClient.swiftsourceinfo -emit-objc-header-path /host/spi-builder-workspace/.build/out/Intermediates.noindex/RabbitMQHTTPAPIClient.build/Debug-webassembly-wasm32/RabbitMQHTTPAPIClient-t.build/Objects-normal/wasm32/RabbitMQHTTPAPIClient-Swift.h -serialize-diagnostics-path /host/spi-builder-workspace/.build/out/Intermediates.noindex/RabbitMQHTTPAPIClient.build/Debug-webassembly-wasm32/RabbitMQHTTPAPIClient-t.build/Objects-normal/wasm32/RabbitMQHTTPAPIClient-primary-emit-module.dia -emit-dependencies-path /host/spi-builder-workspace/.build/out/Intermediates.noindex/RabbitMQHTTPAPIClient.build/Debug-webassembly-wasm32/RabbitMQHTTPAPIClient-t.build/Objects-normal/wasm32/RabbitMQHTTPAPIClient-primary-emit-module.d -parse-as-library -o /host/spi-builder-workspace/.build/out/Intermediates.noindex/RabbitMQHTTPAPIClient.build/Debug-webassembly-wasm32/RabbitMQHTTPAPIClient-t.build/Objects-normal/wasm32/Modules/RabbitMQHTTPAPIClient.swiftmodule
error: Build failed
BUILD FAILURE 6.4 wasm