Build Information
Failed to build AppleViewModel, reference main (55d3e2), with Swift 6.1 for Linux on 14 Sep 2026 21:46:48 UTC.
Build Command
bash -c docker run --pull=always --rm -v "checkouts-53886770-2":/host -w "$PWD" -e JAVA_HOME="/root/.sdkman/candidates/java/current" -e SPI_BUILD="1" -e SPI_PROCESSING="1" registry.gitlab.com/saguaro1/spi-images:basic-6.1-latest swift build --triple x86_64-unknown-linux-gnu 2>&1Build Log
========================================
RunAll
========================================
Builder version: 5.0.2
Interrupt handler set up.
========================================
Checkout
========================================
Clone URL: https://github.com/lwj1994/apple_view_model.git
Reference: main
Initialized empty Git repository in /host/spi-builder-workspace/.git/
hint: Using 'master' as the name for the initial branch. This default branch name
hint: is subject to change. To configure the initial branch name to use in all
hint: of your new repositories, which will suppress this warning, call:
hint:
hint: git config --global init.defaultBranch <name>
hint:
hint: Names commonly chosen instead of 'master' are 'main', 'trunk' and
hint: 'development'. The just-created branch can be renamed via this command:
hint:
hint: git branch -m <name>
From https://github.com/lwj1994/apple_view_model
* branch main -> FETCH_HEAD
* [new branch] main -> origin/main
HEAD is now at 55d3e29 feat(AppleViewModel): release 0.10.0
Cloned https://github.com/lwj1994/apple_view_model.git
Revision (git rev-parse @):
55d3e293daa91bf2c8caf58b3186ceebfb7378ba
SUCCESS checkout https://github.com/lwj1994/apple_view_model.git at main
========================================
Build
========================================
Selected platform: linux
Swift version: 6.1
Building package at path: $PWD
https://github.com/lwj1994/apple_view_model.git
https://github.com/lwj1994/apple_view_model.git
WARNING: environment variable SUPPRESS_SWIFT_6_FLAGS is not set
Running build ...
bash -c docker run --pull=always --rm -v "checkouts-53886770-2":/host -w "$PWD" -e JAVA_HOME="/root/.sdkman/candidates/java/current" -e SPI_BUILD="1" -e SPI_PROCESSING="1" registry.gitlab.com/saguaro1/spi-images:basic-6.1-latest swift build --triple x86_64-unknown-linux-gnu -Xswiftc -Xfrontend -Xswiftc -stats-output-dir -Xswiftc -Xfrontend -Xswiftc .stats -Xswiftc -strict-concurrency=complete -Xswiftc -enable-upcoming-feature -Xswiftc StrictConcurrency -Xswiftc -enable-upcoming-feature -Xswiftc DisableOutwardActorInference -Xswiftc -enable-upcoming-feature -Xswiftc GlobalActorIsolatedTypesUsability -Xswiftc -enable-upcoming-feature -Xswiftc InferSendableFromCaptures 2>&1
basic-6.1-latest: Pulling from saguaro1/spi-images
Digest: sha256:bebe373f64586285d153a73cebf57004d534988a7110464fd581e50dd24c756b
Status: Image is up to date for registry.gitlab.com/saguaro1/spi-images:basic-6.1-latest
Building for debugging...
[0/2] Write sources
[1/2] Write swift-version-24593BA9C3E375BF.txt
error: emit-module command failed with exit code 1 (use -v to see invocation)
[3/33] Emitting module AppleViewModel
<unknown>:0: warning: upcoming feature 'InferSendableFromCaptures' is already enabled as of Swift version 6
<unknown>:0: warning: upcoming feature 'GlobalActorIsolatedTypesUsability' is already enabled as of Swift version 6
<unknown>:0: warning: upcoming feature 'DisableOutwardActorInference' is already enabled as of Swift version 6
/host/spi-builder-workspace/Sources/AppleViewModel/Core/Config.swift:2:8: error: no such module 'os'
1 | import Foundation
2 | import os
| `- error: no such module 'os'
3 |
4 | /// Global configuration for the ViewModel system.
[4/37] Compiling AppleViewModel StateViewModelValueWatcher.swift
<unknown>:0: warning: upcoming feature 'InferSendableFromCaptures' is already enabled as of Swift version 6
<unknown>:0: warning: upcoming feature 'GlobalActorIsolatedTypesUsability' is already enabled as of Swift version 6
<unknown>:0: warning: upcoming feature 'DisableOutwardActorInference' is already enabled as of Swift version 6
/host/spi-builder-workspace/Sources/AppleViewModel/Core/Config.swift:2:8: error: no such module 'os'
1 | import Foundation
2 | import os
| `- error: no such module 'os'
3 |
4 | /// Global configuration for the ViewModel system.
[5/37] Compiling AppleViewModel WatchViewModel.swift
<unknown>:0: warning: upcoming feature 'InferSendableFromCaptures' is already enabled as of Swift version 6
<unknown>:0: warning: upcoming feature 'GlobalActorIsolatedTypesUsability' is already enabled as of Swift version 6
<unknown>:0: warning: upcoming feature 'DisableOutwardActorInference' is already enabled as of Swift version 6
/host/spi-builder-workspace/Sources/AppleViewModel/Core/Config.swift:2:8: error: no such module 'os'
1 | import Foundation
2 | import os
| `- error: no such module 'os'
3 |
4 | /// Global configuration for the ViewModel system.
[6/37] Compiling AppleViewModel NSObject+ViewModel.swift
<unknown>:0: warning: upcoming feature 'InferSendableFromCaptures' is already enabled as of Swift version 6
<unknown>:0: warning: upcoming feature 'GlobalActorIsolatedTypesUsability' is already enabled as of Swift version 6
<unknown>:0: warning: upcoming feature 'DisableOutwardActorInference' is already enabled as of Swift version 6
/host/spi-builder-workspace/Sources/AppleViewModel/Core/Config.swift:2:8: error: no such module 'os'
1 | import Foundation
2 | import os
| `- error: no such module 'os'
3 |
4 | /// Global configuration for the ViewModel system.
[7/37] Compiling AppleViewModel UIViewController+ViewModel.swift
<unknown>:0: warning: upcoming feature 'InferSendableFromCaptures' is already enabled as of Swift version 6
<unknown>:0: warning: upcoming feature 'GlobalActorIsolatedTypesUsability' is already enabled as of Swift version 6
<unknown>:0: warning: upcoming feature 'DisableOutwardActorInference' is already enabled as of Swift version 6
/host/spi-builder-workspace/Sources/AppleViewModel/Core/Config.swift:2:8: error: no such module 'os'
1 | import Foundation
2 | import os
| `- error: no such module 'os'
3 |
4 | /// Global configuration for the ViewModel system.
[8/37] Compiling AppleViewModel ViewModel.swift
<unknown>:0: warning: upcoming feature 'InferSendableFromCaptures' is already enabled as of Swift version 6
<unknown>:0: warning: upcoming feature 'GlobalActorIsolatedTypesUsability' is already enabled as of Swift version 6
<unknown>:0: warning: upcoming feature 'DisableOutwardActorInference' is already enabled as of Swift version 6
/host/spi-builder-workspace/Sources/AppleViewModel/Core/Config.swift:2:8: error: no such module 'os'
1 | import Foundation
2 | import os
| `- error: no such module 'os'
3 |
4 | /// Global configuration for the ViewModel system.
[9/37] Compiling AppleViewModel ViewModelFactory.swift
<unknown>:0: warning: upcoming feature 'InferSendableFromCaptures' is already enabled as of Swift version 6
<unknown>:0: warning: upcoming feature 'GlobalActorIsolatedTypesUsability' is already enabled as of Swift version 6
<unknown>:0: warning: upcoming feature 'DisableOutwardActorInference' is already enabled as of Swift version 6
/host/spi-builder-workspace/Sources/AppleViewModel/Core/Config.swift:2:8: error: no such module 'os'
1 | import Foundation
2 | import os
| `- error: no such module 'os'
3 |
4 | /// Global configuration for the ViewModel system.
[10/37] Compiling AppleViewModel ViewModelSpec.swift
<unknown>:0: warning: upcoming feature 'InferSendableFromCaptures' is already enabled as of Swift version 6
<unknown>:0: warning: upcoming feature 'GlobalActorIsolatedTypesUsability' is already enabled as of Swift version 6
<unknown>:0: warning: upcoming feature 'DisableOutwardActorInference' is already enabled as of Swift version 6
/host/spi-builder-workspace/Sources/AppleViewModel/Core/Config.swift:2:8: error: no such module 'os'
1 | import Foundation
2 | import os
| `- error: no such module 'os'
3 |
4 | /// Global configuration for the ViewModel system.
[11/37] Compiling AppleViewModel ViewModelSpecArg.swift
<unknown>:0: warning: upcoming feature 'InferSendableFromCaptures' is already enabled as of Swift version 6
<unknown>:0: warning: upcoming feature 'GlobalActorIsolatedTypesUsability' is already enabled as of Swift version 6
<unknown>:0: warning: upcoming feature 'DisableOutwardActorInference' is already enabled as of Swift version 6
/host/spi-builder-workspace/Sources/AppleViewModel/Core/Config.swift:2:8: error: no such module 'os'
1 | import Foundation
2 | import os
| `- error: no such module 'os'
3 |
4 | /// Global configuration for the ViewModel system.
[12/37] Compiling AppleViewModel InstanceManager.swift
<unknown>:0: warning: upcoming feature 'InferSendableFromCaptures' is already enabled as of Swift version 6
<unknown>:0: warning: upcoming feature 'GlobalActorIsolatedTypesUsability' is already enabled as of Swift version 6
<unknown>:0: warning: upcoming feature 'DisableOutwardActorInference' is already enabled as of Swift version 6
/host/spi-builder-workspace/Sources/AppleViewModel/Core/Config.swift:2:8: error: no such module 'os'
1 | import Foundation
2 | import os
| `- error: no such module 'os'
3 |
4 | /// Global configuration for the ViewModel system.
[13/37] Compiling AppleViewModel Store.swift
<unknown>:0: warning: upcoming feature 'InferSendableFromCaptures' is already enabled as of Swift version 6
<unknown>:0: warning: upcoming feature 'GlobalActorIsolatedTypesUsability' is already enabled as of Swift version 6
<unknown>:0: warning: upcoming feature 'DisableOutwardActorInference' is already enabled as of Swift version 6
/host/spi-builder-workspace/Sources/AppleViewModel/Core/Config.swift:2:8: error: no such module 'os'
1 | import Foundation
2 | import os
| `- error: no such module 'os'
3 |
4 | /// Global configuration for the ViewModel system.
[14/37] Compiling AppleViewModel CachedViewModelBuilder.swift
<unknown>:0: warning: upcoming feature 'InferSendableFromCaptures' is already enabled as of Swift version 6
<unknown>:0: warning: upcoming feature 'GlobalActorIsolatedTypesUsability' is already enabled as of Swift version 6
<unknown>:0: warning: upcoming feature 'DisableOutwardActorInference' is already enabled as of Swift version 6
/host/spi-builder-workspace/Sources/AppleViewModel/Core/Config.swift:2:8: error: no such module 'os'
1 | import Foundation
2 | import os
| `- error: no such module 'os'
3 |
4 | /// Global configuration for the ViewModel system.
[15/37] Compiling AppleViewModel ReadViewModel.swift
<unknown>:0: warning: upcoming feature 'InferSendableFromCaptures' is already enabled as of Swift version 6
<unknown>:0: warning: upcoming feature 'GlobalActorIsolatedTypesUsability' is already enabled as of Swift version 6
<unknown>:0: warning: upcoming feature 'DisableOutwardActorInference' is already enabled as of Swift version 6
/host/spi-builder-workspace/Sources/AppleViewModel/Core/Config.swift:2:8: error: no such module 'os'
1 | import Foundation
2 | import os
| `- error: no such module 'os'
3 |
4 | /// Global configuration for the ViewModel system.
[16/37] Compiling AppleViewModel AppleViewModel.swift
<unknown>:0: warning: upcoming feature 'InferSendableFromCaptures' is already enabled as of Swift version 6
<unknown>:0: warning: upcoming feature 'GlobalActorIsolatedTypesUsability' is already enabled as of Swift version 6
<unknown>:0: warning: upcoming feature 'DisableOutwardActorInference' is already enabled as of Swift version 6
/host/spi-builder-workspace/Sources/AppleViewModel/Core/Config.swift:2:8: error: no such module 'os'
1 | import Foundation
2 | import os
| `- error: no such module 'os'
3 |
4 | /// Global configuration for the ViewModel system.
[17/37] Compiling AppleViewModel HostedViewModelBinding.swift
<unknown>:0: warning: upcoming feature 'InferSendableFromCaptures' is already enabled as of Swift version 6
<unknown>:0: warning: upcoming feature 'GlobalActorIsolatedTypesUsability' is already enabled as of Swift version 6
<unknown>:0: warning: upcoming feature 'DisableOutwardActorInference' is already enabled as of Swift version 6
/host/spi-builder-workspace/Sources/AppleViewModel/Core/Config.swift:2:8: error: no such module 'os'
1 | import Foundation
2 | import os
| `- error: no such module 'os'
3 |
4 | /// Global configuration for the ViewModel system.
[18/37] Compiling AppleViewModel PauseAwareController.swift
<unknown>:0: warning: upcoming feature 'InferSendableFromCaptures' is already enabled as of Swift version 6
<unknown>:0: warning: upcoming feature 'GlobalActorIsolatedTypesUsability' is already enabled as of Swift version 6
<unknown>:0: warning: upcoming feature 'DisableOutwardActorInference' is already enabled as of Swift version 6
/host/spi-builder-workspace/Sources/AppleViewModel/Core/Config.swift:2:8: error: no such module 'os'
1 | import Foundation
2 | import os
| `- error: no such module 'os'
3 |
4 | /// Global configuration for the ViewModel system.
[19/37] Compiling AppleViewModel PauseProvider.swift
<unknown>:0: warning: upcoming feature 'InferSendableFromCaptures' is already enabled as of Swift version 6
<unknown>:0: warning: upcoming feature 'GlobalActorIsolatedTypesUsability' is already enabled as of Swift version 6
<unknown>:0: warning: upcoming feature 'DisableOutwardActorInference' is already enabled as of Swift version 6
/host/spi-builder-workspace/Sources/AppleViewModel/Core/Config.swift:2:8: error: no such module 'os'
1 | import Foundation
2 | import os
| `- error: no such module 'os'
3 |
4 | /// Global configuration for the ViewModel system.
[20/37] Compiling AppleViewModel AppPauseProvider.swift
<unknown>:0: warning: upcoming feature 'InferSendableFromCaptures' is already enabled as of Swift version 6
<unknown>:0: warning: upcoming feature 'GlobalActorIsolatedTypesUsability' is already enabled as of Swift version 6
<unknown>:0: warning: upcoming feature 'DisableOutwardActorInference' is already enabled as of Swift version 6
/host/spi-builder-workspace/Sources/AppleViewModel/Core/Config.swift:2:8: error: no such module 'os'
1 | import Foundation
2 | import os
| `- error: no such module 'os'
3 |
4 | /// Global configuration for the ViewModel system.
[21/37] Compiling AppleViewModel ViewModelSpecOverride.swift
<unknown>:0: warning: upcoming feature 'InferSendableFromCaptures' is already enabled as of Swift version 6
<unknown>:0: warning: upcoming feature 'GlobalActorIsolatedTypesUsability' is already enabled as of Swift version 6
<unknown>:0: warning: upcoming feature 'DisableOutwardActorInference' is already enabled as of Swift version 6
/host/spi-builder-workspace/Sources/AppleViewModel/Core/Config.swift:2:8: error: no such module 'os'
1 | import Foundation
2 | import os
| `- error: no such module 'os'
3 |
4 | /// Global configuration for the ViewModel system.
[22/37] Compiling AppleViewModel ViewModelTaskScope.swift
<unknown>:0: warning: upcoming feature 'InferSendableFromCaptures' is already enabled as of Swift version 6
<unknown>:0: warning: upcoming feature 'GlobalActorIsolatedTypesUsability' is already enabled as of Swift version 6
<unknown>:0: warning: upcoming feature 'DisableOutwardActorInference' is already enabled as of Swift version 6
/host/spi-builder-workspace/Sources/AppleViewModel/Core/Config.swift:2:8: error: no such module 'os'
1 | import Foundation
2 | import os
| `- error: no such module 'os'
3 |
4 | /// Global configuration for the ViewModel system.
[23/37] Compiling AppleViewModel ViewModelTransactions.swift
<unknown>:0: warning: upcoming feature 'InferSendableFromCaptures' is already enabled as of Swift version 6
<unknown>:0: warning: upcoming feature 'GlobalActorIsolatedTypesUsability' is already enabled as of Swift version 6
<unknown>:0: warning: upcoming feature 'DisableOutwardActorInference' is already enabled as of Swift version 6
/host/spi-builder-workspace/Sources/AppleViewModel/Core/Config.swift:2:8: error: no such module 'os'
1 | import Foundation
2 | import os
| `- error: no such module 'os'
3 |
4 | /// Global configuration for the ViewModel system.
[24/37] Compiling AppleViewModel AutoDisposeController.swift
<unknown>:0: warning: upcoming feature 'InferSendableFromCaptures' is already enabled as of Swift version 6
<unknown>:0: warning: upcoming feature 'GlobalActorIsolatedTypesUsability' is already enabled as of Swift version 6
<unknown>:0: warning: upcoming feature 'DisableOutwardActorInference' is already enabled as of Swift version 6
/host/spi-builder-workspace/Sources/AppleViewModel/Core/Config.swift:2:8: error: no such module 'os'
1 | import Foundation
2 | import os
| `- error: no such module 'os'
3 |
4 | /// Global configuration for the ViewModel system.
[25/37] Compiling AppleViewModel UIKitVisibilityPauseProvider.swift
<unknown>:0: warning: upcoming feature 'InferSendableFromCaptures' is already enabled as of Swift version 6
<unknown>:0: warning: upcoming feature 'GlobalActorIsolatedTypesUsability' is already enabled as of Swift version 6
<unknown>:0: warning: upcoming feature 'DisableOutwardActorInference' is already enabled as of Swift version 6
/host/spi-builder-workspace/Sources/AppleViewModel/Core/Config.swift:2:8: error: no such module 'os'
1 | import Foundation
2 | import os
| `- error: no such module 'os'
3 |
4 | /// Global configuration for the ViewModel system.
[26/37] Compiling AppleViewModel ViewModelBinding.swift
<unknown>:0: warning: upcoming feature 'InferSendableFromCaptures' is already enabled as of Swift version 6
<unknown>:0: warning: upcoming feature 'GlobalActorIsolatedTypesUsability' is already enabled as of Swift version 6
<unknown>:0: warning: upcoming feature 'DisableOutwardActorInference' is already enabled as of Swift version 6
/host/spi-builder-workspace/Sources/AppleViewModel/Core/Config.swift:2:8: error: no such module 'os'
1 | import Foundation
2 | import os
| `- error: no such module 'os'
3 |
4 | /// Global configuration for the ViewModel system.
[27/37] Compiling AppleViewModel ViewModelBindingHandler.swift
<unknown>:0: warning: upcoming feature 'InferSendableFromCaptures' is already enabled as of Swift version 6
<unknown>:0: warning: upcoming feature 'GlobalActorIsolatedTypesUsability' is already enabled as of Swift version 6
<unknown>:0: warning: upcoming feature 'DisableOutwardActorInference' is already enabled as of Swift version 6
/host/spi-builder-workspace/Sources/AppleViewModel/Core/Config.swift:2:8: error: no such module 'os'
1 | import Foundation
2 | import os
| `- error: no such module 'os'
3 |
4 | /// Global configuration for the ViewModel system.
[28/37] Compiling AppleViewModel ViewModelDependencyBinding.swift
<unknown>:0: warning: upcoming feature 'InferSendableFromCaptures' is already enabled as of Swift version 6
<unknown>:0: warning: upcoming feature 'GlobalActorIsolatedTypesUsability' is already enabled as of Swift version 6
<unknown>:0: warning: upcoming feature 'DisableOutwardActorInference' is already enabled as of Swift version 6
/host/spi-builder-workspace/Sources/AppleViewModel/Core/Config.swift:2:8: error: no such module 'os'
1 | import Foundation
2 | import os
| `- error: no such module 'os'
3 |
4 | /// Global configuration for the ViewModel system.
[29/37] Compiling AppleViewModel Config.swift
<unknown>:0: warning: upcoming feature 'InferSendableFromCaptures' is already enabled as of Swift version 6
<unknown>:0: warning: upcoming feature 'GlobalActorIsolatedTypesUsability' is already enabled as of Swift version 6
<unknown>:0: warning: upcoming feature 'DisableOutwardActorInference' is already enabled as of Swift version 6
/host/spi-builder-workspace/Sources/AppleViewModel/Core/Config.swift:2:8: error: no such module 'os'
1 | import Foundation
2 | import os
| `- error: no such module 'os'
3 |
4 | /// Global configuration for the ViewModel system.
[30/37] Compiling AppleViewModel ErrorType.swift
<unknown>:0: warning: upcoming feature 'InferSendableFromCaptures' is already enabled as of Swift version 6
<unknown>:0: warning: upcoming feature 'GlobalActorIsolatedTypesUsability' is already enabled as of Swift version 6
<unknown>:0: warning: upcoming feature 'DisableOutwardActorInference' is already enabled as of Swift version 6
/host/spi-builder-workspace/Sources/AppleViewModel/Core/Config.swift:2:8: error: no such module 'os'
1 | import Foundation
2 | import os
| `- error: no such module 'os'
3 |
4 | /// Global configuration for the ViewModel system.
[31/37] Compiling AppleViewModel InstanceArg.swift
<unknown>:0: warning: upcoming feature 'InferSendableFromCaptures' is already enabled as of Swift version 6
<unknown>:0: warning: upcoming feature 'GlobalActorIsolatedTypesUsability' is already enabled as of Swift version 6
<unknown>:0: warning: upcoming feature 'DisableOutwardActorInference' is already enabled as of Swift version 6
/host/spi-builder-workspace/Sources/AppleViewModel/Core/Config.swift:2:8: error: no such module 'os'
1 | import Foundation
2 | import os
| `- error: no such module 'os'
3 |
4 | /// Global configuration for the ViewModel system.
[32/37] Compiling AppleViewModel Log.swift
<unknown>:0: warning: upcoming feature 'InferSendableFromCaptures' is already enabled as of Swift version 6
<unknown>:0: warning: upcoming feature 'GlobalActorIsolatedTypesUsability' is already enabled as of Swift version 6
<unknown>:0: warning: upcoming feature 'DisableOutwardActorInference' is already enabled as of Swift version 6
/host/spi-builder-workspace/Sources/AppleViewModel/Core/Config.swift:2:8: error: no such module 'os'
1 | import Foundation
2 | import os
| `- error: no such module 'os'
3 |
4 | /// Global configuration for the ViewModel system.
[33/37] Compiling AppleViewModel StateViewModel.swift
<unknown>:0: warning: upcoming feature 'InferSendableFromCaptures' is already enabled as of Swift version 6
<unknown>:0: warning: upcoming feature 'GlobalActorIsolatedTypesUsability' is already enabled as of Swift version 6
<unknown>:0: warning: upcoming feature 'DisableOutwardActorInference' is already enabled as of Swift version 6
/host/spi-builder-workspace/Sources/AppleViewModel/Core/Config.swift:2:8: error: no such module 'os'
1 | import Foundation
2 | import os
| `- error: no such module 'os'
3 |
4 | /// Global configuration for the ViewModel system.
[34/37] Compiling AppleViewModel ViewModelLifecycle.swift
<unknown>:0: warning: upcoming feature 'InferSendableFromCaptures' is already enabled as of Swift version 6
<unknown>:0: warning: upcoming feature 'GlobalActorIsolatedTypesUsability' is already enabled as of Swift version 6
<unknown>:0: warning: upcoming feature 'DisableOutwardActorInference' is already enabled as of Swift version 6
/host/spi-builder-workspace/Sources/AppleViewModel/Core/Config.swift:2:8: error: no such module 'os'
1 | import Foundation
2 | import os
| `- error: no such module 'os'
3 |
4 | /// Global configuration for the ViewModel system.
[35/37] Compiling AppleViewModel AutoDisposeInstanceController.swift
<unknown>:0: warning: upcoming feature 'InferSendableFromCaptures' is already enabled as of Swift version 6
<unknown>:0: warning: upcoming feature 'GlobalActorIsolatedTypesUsability' is already enabled as of Swift version 6
<unknown>:0: warning: upcoming feature 'DisableOutwardActorInference' is already enabled as of Swift version 6
/host/spi-builder-workspace/Sources/AppleViewModel/Core/Config.swift:2:8: error: no such module 'os'
1 | import Foundation
2 | import os
| `- error: no such module 'os'
3 |
4 | /// Global configuration for the ViewModel system.
[36/37] Compiling AppleViewModel InstanceFactory.swift
<unknown>:0: warning: upcoming feature 'InferSendableFromCaptures' is already enabled as of Swift version 6
<unknown>:0: warning: upcoming feature 'GlobalActorIsolatedTypesUsability' is already enabled as of Swift version 6
<unknown>:0: warning: upcoming feature 'DisableOutwardActorInference' is already enabled as of Swift version 6
/host/spi-builder-workspace/Sources/AppleViewModel/Core/Config.swift:2:8: error: no such module 'os'
1 | import Foundation
2 | import os
| `- error: no such module 'os'
3 |
4 | /// Global configuration for the ViewModel system.
[37/37] Compiling AppleViewModel InstanceHandle.swift
<unknown>:0: warning: upcoming feature 'InferSendableFromCaptures' is already enabled as of Swift version 6
<unknown>:0: warning: upcoming feature 'GlobalActorIsolatedTypesUsability' is already enabled as of Swift version 6
<unknown>:0: warning: upcoming feature 'DisableOutwardActorInference' is already enabled as of Swift version 6
/host/spi-builder-workspace/Sources/AppleViewModel/Core/Config.swift:2:8: error: no such module 'os'
1 | import Foundation
2 | import os
| `- error: no such module 'os'
3 |
4 | /// Global configuration for the ViewModel system.
Running build ...
bash -c docker run --pull=always --rm -v "checkouts-53886770-2":/host -w "$PWD" -e JAVA_HOME="/root/.sdkman/candidates/java/current" -e SPI_BUILD="1" -e SPI_PROCESSING="1" registry.gitlab.com/saguaro1/spi-images:basic-6.1-latest swift build --triple x86_64-unknown-linux-gnu 2>&1
basic-6.1-latest: Pulling from saguaro1/spi-images
Digest: sha256:bebe373f64586285d153a73cebf57004d534988a7110464fd581e50dd24c756b
Status: Image is up to date for registry.gitlab.com/saguaro1/spi-images:basic-6.1-latest
[0/1] Planning build
Building for debugging...
[0/1] Write swift-version-24593BA9C3E375BF.txt
[2/32] Compiling AppleViewModel AppleViewModel.swift
/host/spi-builder-workspace/Sources/AppleViewModel/Core/Config.swift:2:8: error: no such module 'os'
1 | import Foundation
2 | import os
| `- error: no such module 'os'
3 |
4 | /// Global configuration for the ViewModel system.
[3/32] Compiling AppleViewModel HostedViewModelBinding.swift
/host/spi-builder-workspace/Sources/AppleViewModel/Core/Config.swift:2:8: error: no such module 'os'
1 | import Foundation
2 | import os
| `- error: no such module 'os'
3 |
4 | /// Global configuration for the ViewModel system.
[4/32] Compiling AppleViewModel PauseAwareController.swift
/host/spi-builder-workspace/Sources/AppleViewModel/Core/Config.swift:2:8: error: no such module 'os'
1 | import Foundation
2 | import os
| `- error: no such module 'os'
3 |
4 | /// Global configuration for the ViewModel system.
[5/32] Compiling AppleViewModel PauseProvider.swift
/host/spi-builder-workspace/Sources/AppleViewModel/Core/Config.swift:2:8: error: no such module 'os'
1 | import Foundation
2 | import os
| `- error: no such module 'os'
3 |
4 | /// Global configuration for the ViewModel system.
[6/32] Compiling AppleViewModel AppPauseProvider.swift
/host/spi-builder-workspace/Sources/AppleViewModel/Core/Config.swift:2:8: error: no such module 'os'
1 | import Foundation
2 | import os
| `- error: no such module 'os'
3 |
4 | /// Global configuration for the ViewModel system.
[7/36] Compiling AppleViewModel InstanceManager.swift
/host/spi-builder-workspace/Sources/AppleViewModel/Core/Config.swift:2:8: error: no such module 'os'
1 | import Foundation
2 | import os
| `- error: no such module 'os'
3 |
4 | /// Global configuration for the ViewModel system.
[8/36] Compiling AppleViewModel Store.swift
/host/spi-builder-workspace/Sources/AppleViewModel/Core/Config.swift:2:8: error: no such module 'os'
1 | import Foundation
2 | import os
| `- error: no such module 'os'
3 |
4 | /// Global configuration for the ViewModel system.
[9/36] Compiling AppleViewModel CachedViewModelBuilder.swift
/host/spi-builder-workspace/Sources/AppleViewModel/Core/Config.swift:2:8: error: no such module 'os'
1 | import Foundation
2 | import os
| `- error: no such module 'os'
3 |
4 | /// Global configuration for the ViewModel system.
[10/36] Compiling AppleViewModel ReadViewModel.swift
/host/spi-builder-workspace/Sources/AppleViewModel/Core/Config.swift:2:8: error: no such module 'os'
1 | import Foundation
2 | import os
| `- error: no such module 'os'
3 |
4 | /// Global configuration for the ViewModel system.
error: emit-module command failed with exit code 1 (use -v to see invocation)
[11/36] Emitting module AppleViewModel
/host/spi-builder-workspace/Sources/AppleViewModel/Core/Config.swift:2:8: error: no such module 'os'
1 | import Foundation
2 | import os
| `- error: no such module 'os'
3 |
4 | /// Global configuration for the ViewModel system.
[12/36] Compiling AppleViewModel ViewModelSpecOverride.swift
/host/spi-builder-workspace/Sources/AppleViewModel/Core/Config.swift:2:8: error: no such module 'os'
1 | import Foundation
2 | import os
| `- error: no such module 'os'
3 |
4 | /// Global configuration for the ViewModel system.
[13/36] Compiling AppleViewModel ViewModelTaskScope.swift
/host/spi-builder-workspace/Sources/AppleViewModel/Core/Config.swift:2:8: error: no such module 'os'
1 | import Foundation
2 | import os
| `- error: no such module 'os'
3 |
4 | /// Global configuration for the ViewModel system.
[14/36] Compiling AppleViewModel ViewModelTransactions.swift
/host/spi-builder-workspace/Sources/AppleViewModel/Core/Config.swift:2:8: error: no such module 'os'
1 | import Foundation
2 | import os
| `- error: no such module 'os'
3 |
4 | /// Global configuration for the ViewModel system.
[15/36] Compiling AppleViewModel AutoDisposeController.swift
/host/spi-builder-workspace/Sources/AppleViewModel/Core/Config.swift:2:8: error: no such module 'os'
1 | import Foundation
2 | import os
| `- error: no such module 'os'
3 |
4 | /// Global configuration for the ViewModel system.
[16/36] Compiling AppleViewModel ErrorType.swift
/host/spi-builder-workspace/Sources/AppleViewModel/Core/Config.swift:2:8: error: no such module 'os'
1 | import Foundation
2 | import os
| `- error: no such module 'os'
3 |
4 | /// Global configuration for the ViewModel system.
[17/36] Compiling AppleViewModel InstanceArg.swift
/host/spi-builder-workspace/Sources/AppleViewModel/Core/Config.swift:2:8: error: no such module 'os'
1 | import Foundation
2 | import os
| `- error: no such module 'os'
3 |
4 | /// Global configuration for the ViewModel system.
[18/36] Compiling AppleViewModel Log.swift
/host/spi-builder-workspace/Sources/AppleViewModel/Core/Config.swift:2:8: error: no such module 'os'
1 | import Foundation
2 | import os
| `- error: no such module 'os'
3 |
4 | /// Global configuration for the ViewModel system.
[19/36] Compiling AppleViewModel StateViewModel.swift
/host/spi-builder-workspace/Sources/AppleViewModel/Core/Config.swift:2:8: error: no such module 'os'
1 | import Foundation
2 | import os
| `- error: no such module 'os'
3 |
4 | /// Global configuration for the ViewModel system.
[20/36] Compiling AppleViewModel UIKitVisibilityPauseProvider.swift
/host/spi-builder-workspace/Sources/AppleViewModel/Core/Config.swift:2:8: error: no such module 'os'
1 | import Foundation
2 | import os
| `- error: no such module 'os'
3 |
4 | /// Global configuration for the ViewModel system.
[21/36] Compiling AppleViewModel ViewModelBinding.swift
/host/spi-builder-workspace/Sources/AppleViewModel/Core/Config.swift:2:8: error: no such module 'os'
1 | import Foundation
2 | import os
| `- error: no such module 'os'
3 |
4 | /// Global configuration for the ViewModel system.
[22/36] Compiling AppleViewModel ViewModelBindingHandler.swift
/host/spi-builder-workspace/Sources/AppleViewModel/Core/Config.swift:2:8: error: no such module 'os'
1 | import Foundation
2 | import os
| `- error: no such module 'os'
3 |
4 | /// Global configuration for the ViewModel system.
[23/36] Compiling AppleViewModel ViewModelDependencyBinding.swift
/host/spi-builder-workspace/Sources/AppleViewModel/Core/Config.swift:2:8: error: no such module 'os'
1 | import Foundation
2 | import os
| `- error: no such module 'os'
3 |
4 | /// Global configuration for the ViewModel system.
[24/36] Compiling AppleViewModel Config.swift
/host/spi-builder-workspace/Sources/AppleViewModel/Core/Config.swift:2:8: error: no such module 'os'
1 | import Foundation
2 | import os
| `- error: no such module 'os'
3 |
4 | /// Global configuration for the ViewModel system.
[25/36] Compiling AppleViewModel ViewModelLifecycle.swift
/host/spi-builder-workspace/Sources/AppleViewModel/Core/Config.swift:2:8: error: no such module 'os'
1 | import Foundation
2 | import os
| `- error: no such module 'os'
3 |
4 | /// Global configuration for the ViewModel system.
[26/36] Compiling AppleViewModel AutoDisposeInstanceController.swift
/host/spi-builder-workspace/Sources/AppleViewModel/Core/Config.swift:2:8: error: no such module 'os'
1 | import Foundation
2 | import os
| `- error: no such module 'os'
3 |
4 | /// Global configuration for the ViewModel system.
[27/36] Compiling AppleViewModel InstanceFactory.swift
/host/spi-builder-workspace/Sources/AppleViewModel/Core/Config.swift:2:8: error: no such module 'os'
1 | import Foundation
2 | import os
| `- error: no such module 'os'
3 |
4 | /// Global configuration for the ViewModel system.
[28/36] Compiling AppleViewModel InstanceHandle.swift
/host/spi-builder-workspace/Sources/AppleViewModel/Core/Config.swift:2:8: error: no such module 'os'
1 | import Foundation
2 | import os
| `- error: no such module 'os'
3 |
4 | /// Global configuration for the ViewModel system.
[29/36] Compiling AppleViewModel StateViewModelValueWatcher.swift
/host/spi-builder-workspace/Sources/AppleViewModel/Core/Config.swift:2:8: error: no such module 'os'
1 | import Foundation
2 | import os
| `- error: no such module 'os'
3 |
4 | /// Global configuration for the ViewModel system.
[30/36] Compiling AppleViewModel WatchViewModel.swift
/host/spi-builder-workspace/Sources/AppleViewModel/Core/Config.swift:2:8: error: no such module 'os'
1 | import Foundation
2 | import os
| `- error: no such module 'os'
3 |
4 | /// Global configuration for the ViewModel system.
[31/36] Compiling AppleViewModel NSObject+ViewModel.swift
/host/spi-builder-workspace/Sources/AppleViewModel/Core/Config.swift:2:8: error: no such module 'os'
1 | import Foundation
2 | import os
| `- error: no such module 'os'
3 |
4 | /// Global configuration for the ViewModel system.
[32/36] Compiling AppleViewModel UIViewController+ViewModel.swift
/host/spi-builder-workspace/Sources/AppleViewModel/Core/Config.swift:2:8: error: no such module 'os'
1 | import Foundation
2 | import os
| `- error: no such module 'os'
3 |
4 | /// Global configuration for the ViewModel system.
[33/36] Compiling AppleViewModel ViewModel.swift
/host/spi-builder-workspace/Sources/AppleViewModel/Core/Config.swift:2:8: error: no such module 'os'
1 | import Foundation
2 | import os
| `- error: no such module 'os'
3 |
4 | /// Global configuration for the ViewModel system.
[34/36] Compiling AppleViewModel ViewModelFactory.swift
/host/spi-builder-workspace/Sources/AppleViewModel/Core/Config.swift:2:8: error: no such module 'os'
1 | import Foundation
2 | import os
| `- error: no such module 'os'
3 |
4 | /// Global configuration for the ViewModel system.
[35/36] Compiling AppleViewModel ViewModelSpec.swift
/host/spi-builder-workspace/Sources/AppleViewModel/Core/Config.swift:2:8: error: no such module 'os'
1 | import Foundation
2 | import os
| `- error: no such module 'os'
3 |
4 | /// Global configuration for the ViewModel system.
[36/36] Compiling AppleViewModel ViewModelSpecArg.swift
/host/spi-builder-workspace/Sources/AppleViewModel/Core/Config.swift:2:8: error: no such module 'os'
1 | import Foundation
2 | import os
| `- error: no such module 'os'
3 |
4 | /// Global configuration for the ViewModel system.
BUILD FAILURE 6.1 linux