The Swift Package Index logo.Swift Package Index

Build Information

Failed to build BIP39MnemonicKit, reference 2.0.1 (24d942), with Swift 6.2 for Linux on 10 Oct 2026 06:24:51 UTC.

Build Command

bash -c docker run --pull=always --rm -v "checkouts-54344843-0":/host -w "$PWD" -e JAVA_HOME="/root/.sdkman/candidates/java/current" -e SPI_BUILD="1" -e SPI_PROCESSING="1" registry.gitlab.com/saguaro1/spi-images:basic-6.2-latest swift build --triple x86_64-unknown-linux-gnu 2>&1

Build Log

========================================
RunAll
========================================
Builder version: 5.1.1
Interrupt handler set up.
========================================
Checkout
========================================
Clone URL: https://github.com/devdasx/bip39-mnemonic-kit.git
Reference: 2.0.1
Initialized empty Git repository in /host/spi-builder-workspace/.git/
hint: Using 'master' as the name for the initial branch. This default branch name
hint: is subject to change. To configure the initial branch name to use in all
hint: of your new repositories, which will suppress this warning, call:
hint:
hint: 	git config --global init.defaultBranch <name>
hint:
hint: Names commonly chosen instead of 'master' are 'main', 'trunk' and
hint: 'development'. The just-created branch can be renamed via this command:
hint:
hint: 	git branch -m <name>
From https://github.com/devdasx/bip39-mnemonic-kit
 * tag               2.0.1      -> FETCH_HEAD
HEAD is now at 24d9426 Add cross-language consumer package tests
Cloned https://github.com/devdasx/bip39-mnemonic-kit.git
Revision (git rev-parse @):
24d942634d1a356b811db73a2a9ff8cb359c2867
SPI manifest file found: $PWD/.spi.yml
SUCCESS checkout https://github.com/devdasx/bip39-mnemonic-kit.git at 2.0.1
========================================
Build
========================================
Selected platform:         linux
Swift version:             6.2
Building package at path:  $PWD
https://github.com/devdasx/bip39-mnemonic-kit.git
Running build ...
bash -c docker run --pull=always --rm -v "checkouts-54344843-0":/host -w "$PWD" -e JAVA_HOME="/root/.sdkman/candidates/java/current" -e SPI_BUILD="1" -e SPI_PROCESSING="1" registry.gitlab.com/saguaro1/spi-images:basic-6.2-latest swift build --triple x86_64-unknown-linux-gnu 2>&1
basic-6.2-latest: Pulling from saguaro1/spi-images
Digest: sha256:24009fa1488c01937630ee3297a7a7a1872c773069724929dff85071fefc3743
Status: Image is up to date for registry.gitlab.com/saguaro1/spi-images:basic-6.2-latest
Building for debugging...
[0/8] Write sources
[1/8] Copying english.txt
[1/8] Write sources
[3/8] Write swift-version-24593BA9C3E375BF.txt
error: emit-module command failed with exit code 1 (use -v to see invocation)
[5/15] Emitting module BIP39MnemonicKit
/host/spi-builder-workspace/Sources/BIP39MnemonicKit/BIP39.swift:1:8: error: no such module 'CryptoKit'
  1 | import CryptoKit
    |        `- error: no such module 'CryptoKit'
  2 | import Foundation
  3 | import Security
[6/15] Compiling BIP39MnemonicKit BIP39Error.swift
/host/spi-builder-workspace/Sources/BIP39MnemonicKit/BIP39.swift:1:8: error: no such module 'CryptoKit'
  1 | import CryptoKit
    |        `- error: no such module 'CryptoKit'
  2 | import Foundation
  3 | import Security
[7/15] Compiling BIP39MnemonicKit BIP39EnglishWordlist.swift
/host/spi-builder-workspace/Sources/BIP39MnemonicKit/BIP39.swift:1:8: error: no such module 'CryptoKit'
  1 | import CryptoKit
    |        `- error: no such module 'CryptoKit'
  2 | import Foundation
  3 | import Security
[8/15] Compiling BIP39MnemonicKit Mnemonic.swift
/host/spi-builder-workspace/Sources/BIP39MnemonicKit/BIP39.swift:1:8: error: no such module 'CryptoKit'
  1 | import CryptoKit
    |        `- error: no such module 'CryptoKit'
  2 | import Foundation
  3 | import Security
[9/15] Compiling BIP39MnemonicKit resource_bundle_accessor.swift
/host/spi-builder-workspace/Sources/BIP39MnemonicKit/BIP39.swift:1:8: error: no such module 'CryptoKit'
  1 | import CryptoKit
    |        `- error: no such module 'CryptoKit'
  2 | import Foundation
  3 | import Security
[10/15] Compiling BIP39MnemonicKit PBKDF2.swift
/host/spi-builder-workspace/Sources/BIP39MnemonicKit/BIP39.swift:1:8: error: no such module 'CryptoKit'
  1 | import CryptoKit
    |        `- error: no such module 'CryptoKit'
  2 | import Foundation
  3 | import Security
[11/15] Compiling BIP39MnemonicKit BIP39.swift
/host/spi-builder-workspace/Sources/BIP39MnemonicKit/BIP39.swift:1:8: error: no such module 'CryptoKit'
  1 | import CryptoKit
    |        `- error: no such module 'CryptoKit'
  2 | import Foundation
  3 | import Security
BUILD FAILURE 6.2 linux