The Swift Package Index logo.Swift Package Index

Build Information

Failed to build swift-helper, reference main (b6da4d), with Swift 6.4 for Linux on 24 Sep 2026 13:23:51 UTC.

Build Command

bash -c docker run --pull=always --rm -v "checkouts-54344847-1":/host -w "$PWD" -e JAVA_HOME="/root/.sdkman/candidates/java/current" -e SPI_BUILD="1" -e SPI_PROCESSING="1" registry.gitlab.com/saguaro1/spi-images:basic-6.4-latest swift build --triple x86_64-unknown-linux-gnu 2>&1

Build Log

========================================
RunAll
========================================
Builder version: 5.1.0
Interrupt handler set up.
========================================
Checkout
========================================
Clone URL: https://github.com/adammcarter/swift-helper.git
Reference: main
Initialized empty Git repository in /host/spi-builder-workspace/.git/
hint: Using 'master' as the name for the initial branch. This default branch name
hint: is subject to change. To configure the initial branch name to use in all
hint: of your new repositories, which will suppress this warning, call:
hint:
hint: 	git config --global init.defaultBranch <name>
hint:
hint: Names commonly chosen instead of 'master' are 'main', 'trunk' and
hint: 'development'. The just-created branch can be renamed via this command:
hint:
hint: 	git branch -m <name>
From https://github.com/adammcarter/swift-helper
 * branch            main       -> FETCH_HEAD
 * [new branch]      main       -> origin/main
HEAD is now at b6da4d9 Install
Cloned https://github.com/adammcarter/swift-helper.git
Revision (git rev-parse @):
b6da4d96f28131636ab39c10f92b6f1ca1f071c9
SUCCESS checkout https://github.com/adammcarter/swift-helper.git at main
========================================
Build
========================================
Selected platform:         linux
Swift version:             6.4
Building package at path:  $PWD
https://github.com/adammcarter/swift-helper.git
Running build ...
bash -c docker run --pull=always --rm -v "checkouts-54344847-1":/host -w "$PWD" -e JAVA_HOME="/root/.sdkman/candidates/java/current" -e SPI_BUILD="1" -e SPI_PROCESSING="1" registry.gitlab.com/saguaro1/spi-images:basic-6.4-latest swift build --triple x86_64-unknown-linux-gnu 2>&1
basic-6.4-latest: Pulling from saguaro1/spi-images
Digest: sha256:c77fcce225e223ac0fafed844619173fc6de8d62dd560eeb28db3182af6a282b
Status: Image is up to date for registry.gitlab.com/saguaro1/spi-images:basic-6.4-latest
Fetching https://github.com/apple/swift-argument-parser
Fetching https://github.com/swiftlang/swift-subprocess
[1/4776] Fetching swift-subprocess
[4777/23705] Fetching swift-subprocess, swift-argument-parser
Fetched https://github.com/swiftlang/swift-subprocess (0.61s)
[379/18929] Fetching swift-argument-parser
Fetched https://github.com/apple/swift-argument-parser (0.82s)
Computing version for https://github.com/swiftlang/swift-subprocess
Computed https://github.com/swiftlang/swift-subprocess at 0.5.0 (1.01s)
Fetching https://github.com/apple/swift-system
[1/6916] Fetching swift-system
Fetched https://github.com/apple/swift-system (0.68s)
Computing version for https://github.com/apple/swift-system
Computed https://github.com/apple/swift-system at 1.8.1 (0.90s)
Computing version for https://github.com/apple/swift-argument-parser
Computed https://github.com/apple/swift-argument-parser at 1.8.2 (0.17s)
Creating working copy for https://github.com/apple/swift-argument-parser
Working copy of https://github.com/apple/swift-argument-parser resolved at 1.8.2
Creating working copy for https://github.com/swiftlang/swift-subprocess
Working copy of https://github.com/swiftlang/swift-subprocess resolved at 0.5.0
Creating working copy for https://github.com/apple/swift-system
Working copy of https://github.com/apple/swift-system resolved at 1.8.1
Building for debugging...
[Provisioning 3 / 11]
[Planning 1 / 216]
[Starting]
[57 / 92] _SubprocessCShims
[58 / 92] SystemPackage
[69 / 92] SystemPackage-product
[70 / 92] SystemPackage-product
[75 / 95]
[78 / 113] ArgumentParser
[80 / 113] Subprocess
[81 / 113] Subprocess
[83 / 113] Subprocess
[84 / 113] Subprocess
[90 / 113] ArgumentParser
[92 / 113] ArgumentParser
[94 / 113] Subprocess
[101 / 114] Subprocess-product
[105 / 114] SystemPackage
[106 / 115] swift-helper-product
[108 / 115] Subprocess
[111 / 125] ArgumentParser
[114 / 125] swift-helper-product
[116 / 125] swift-helper-product
[116 / 125] ArgumentParser
error: SwiftCompile normal x86_64 /host/spi-builder-workspace/Sources/swift-helper/Test.swift failed with a nonzero exit code. Command line:     cd /host
    builtin-SwiftPerFileCompile Test.swift
/host/spi-builder-workspace/Sources/swift-helper/Test.swift:54:26: error: type 'OutputProtocol' has no member 'standardOutput'
52 |                 arguments: Arguments(["test"] + testArguments),
53 |                 environment: .inherit.updating(envUpdates),
54 |                 output: .standardOutput,
   |                          `- error: type 'OutputProtocol' has no member 'standardOutput'
55 |                 error: .standardError
56 |             )
/host/spi-builder-workspace/Sources/swift-helper/Test.swift:55:25: error: type 'ErrorOutputProtocol' has no member 'standardError'
53 |                 environment: .inherit.updating(envUpdates),
54 |                 output: .standardOutput,
55 |                 error: .standardError
   |                         `- error: type 'ErrorOutputProtocol' has no member 'standardError'
56 |             )
57 |
Failed frontend command:
/usr/bin/swift-frontend -frontend -c /host/spi-builder-workspace/Sources/swift-helper/Build.swift /host/spi-builder-workspace/Sources/swift-helper/Clone.swift /host/spi-builder-workspace/Sources/swift-helper/Diagnostics.swift /host/spi-builder-workspace/Sources/swift-helper/Doctor.swift /host/spi-builder-workspace/Sources/swift-helper/Shell.swift /host/spi-builder-workspace/Sources/swift-helper/SwiftHelper.swift /host/spi-builder-workspace/Sources/swift-helper/SyncToolchain.swift -primary-file /host/spi-builder-workspace/Sources/swift-helper/Test.swift -emit-dependencies-path /host/spi-builder-workspace/.build/out/Intermediates.noindex/swift-helper.build/Debug-linux-x86_64/swift-helper-p.build/Objects-normal/x86_64/Test.d -emit-const-values-path /host/spi-builder-workspace/.build/out/Intermediates.noindex/swift-helper.build/Debug-linux-x86_64/swift-helper-p.build/Objects-normal/x86_64/Test.swiftconstvalues -emit-reference-dependencies-path /host/spi-builder-workspace/.build/out/Intermediates.noindex/swift-helper.build/Debug-linux-x86_64/swift-helper-p.build/Objects-normal/x86_64/Test.swiftdeps -serialize-diagnostics-path /host/spi-builder-workspace/.build/out/Intermediates.noindex/swift-helper.build/Debug-linux-x86_64/swift-helper-p.build/Objects-normal/x86_64/Test.dia -target x86_64-unknown-linux-gnu -disable-objc-interop -I /host/spi-builder-workspace/.build/out/Products/Debug-linux-x86_64 -module-cache-path /host/spi-builder-workspace/.build/out/ModuleCache.noindex -color-diagnostics -Xcc -fcolor-diagnostics -enable-testing -g -debug-info-format\=dwarf -dwarf-version\=4 -swift-version 6 -Onone -D SWIFT_PACKAGE -D DEBUG -D Xcode -serialize-debugging-options -enable-experimental-feature DebugDescriptionMacro -empty-abi-descriptor -external-plugin-path /usr/lib/swift/host/plugins/testing\#/usr/bin/swift-plugin-server -validate-clang-modules-once -clang-build-session-file /host/spi-builder-workspace/.build/out/ModuleCache.noindex/Session.modulevalidation -Xcc -working-directory -Xcc /host -enable-anonymous-context-mangled-names -file-compilation-dir /host -Xcc -fmodule-map-file\=/host/spi-builder-workspace/.build/checkouts/swift-system/Sources/CSystem/include/module.modulemap -Xcc -fmodule-map-file\=/host/spi-builder-workspace/.build/checkouts/swift-subprocess/Sources/_SubprocessCShims/include/module.modulemap -Xcc -fno-omit-frame-pointer -Xcc -D_LIBCPP_HARDENING_MODE\=_LIBCPP_HARDENING_MODE_DEBUG -Xcc -fmodules-prune-interval\=86400 -Xcc -fmodules-prune-after\=345600 -Xcc -I/host/spi-builder-workspace/.build/checkouts/swift-system/Sources/CSystem/include -Xcc -I/host/spi-builder-workspace/.build/checkouts/swift-subprocess/Sources/_SubprocessCShims/include -Xcc -I/host/spi-builder-workspace/.build/out/Products/Debug-linux-x86_64/include -Xcc -I/host/spi-builder-workspace/.build/out/Intermediates.noindex/swift-helper.build/Debug-linux-x86_64/swift-helper-p.build/DerivedSources-normal/x86_64 -Xcc -I/host/spi-builder-workspace/.build/out/Intermediates.noindex/swift-helper.build/Debug-linux-x86_64/swift-helper-p.build/DerivedSources/x86_64 -Xcc -I/host/spi-builder-workspace/.build/out/Intermediates.noindex/swift-helper.build/Debug-linux-x86_64/swift-helper-p.build/DerivedSources -Xcc -DSWIFT_PACKAGE -Xcc -DDEBUG\=1 -no-auto-bridging-header-chaining -module-name swift_helper -package-name spi_builder_workspace -const-gather-protocols-file /host/spi-builder-workspace/.build/out/Intermediates.noindex/swift-helper.build/Debug-linux-x86_64/swift-helper-p.build/Objects-normal/x86_64/swift-helper_const_extract_protocols.json -in-process-plugin-server-path /usr/lib/swift/host/libSwiftInProcPluginServer.so -plugin-path /usr/lib/swift/host/plugins -plugin-path /usr/local/lib/swift/host/plugins -parse-as-library -o /host/spi-builder-workspace/.build/out/Intermediates.noindex/swift-helper.build/Debug-linux-x86_64/swift-helper-p.build/Objects-normal/x86_64/Test.o -index-unit-output-path /swift-helper.build/Debug-linux-x86_64/swift-helper-p.build/Objects-normal/x86_64/Test.o -index-store-path /host/spi-builder-workspace/.build/out -index-system-modules
error: Build failed
BUILD FAILURE 6.4 linux