Build Information
Failed to build ThinCloud, reference 0.3.8 (99975a), with Swift 6.4 for watchOS using Xcode 27.0 on 16 Sep 2026 17:55:11 UTC.
Build Command
No build command. This typically means the build failed at an early stage where we determine the build command.Build Log
========================================
RunAll
========================================
Builder version: 5.1.0
Interrupt handler set up.
========================================
Checkout
========================================
Clone URL: https://github.com/Yonomi/thincloud-ios-sdk.git
Reference: 0.3.8
Initialized empty Git repository in /Users/admin/builder/spi-builder-workspace/.git/
From https://github.com/Yonomi/thincloud-ios-sdk
* tag 0.3.8 -> FETCH_HEAD
HEAD is now at 99975a0 fix: add user exists error type and example (#10)
Cloned https://github.com/Yonomi/thincloud-ios-sdk.git
Revision (git rev-parse @):
99975a0fe419a7af6705e0c5d6164a1419de9ad7
SUCCESS checkout https://github.com/Yonomi/thincloud-ios-sdk.git at 0.3.8
========================================
Build
========================================
Selected platform: watchOS
Swift version: 6.4
Building package at path: $PWD
https://github.com/Yonomi/thincloud-ios-sdk.git
Command line invocation:
/Applications/Xcode-27.0.0-Release.Candidate.app/Contents/Developer/usr/bin/xcodebuild -IDEClonedSourcePackagesDirPathOverride=/Users/admin/builder/spi-builder-workspace/.dependencies -resolvePackageDependencies
2026-09-16 13:55:10.060 xcodebuild[530:3022] Writing error result bundle to /var/folders/xq/y_g06wb113726d38xsyx71_h0000gn/T/ResultBundle_2026-16-09_13-55-0010.xcresult
xcodebuild: error: '_Pods.xcodeproj' does not exist.
Command line invocation:
/Applications/Xcode-27.0.0-Release.Candidate.app/Contents/Developer/usr/bin/xcodebuild -IDEClonedSourcePackagesDirPathOverride=/Users/admin/builder/spi-builder-workspace/.dependencies -resolvePackageDependencies
2026-09-16 13:55:11.034 xcodebuild[540:3098] Writing error result bundle to /var/folders/xq/y_g06wb113726d38xsyx71_h0000gn/T/ResultBundle_2026-16-09_13-55-0011.xcresult
xcodebuild: error: '_Pods.xcodeproj' does not exist.
BUILD FAILURE 6.4 watchOS