The Swift Package Index logo.Swift Package Index

Build Information

Failed to build SwiftKueryPostgreSQL, reference master (45e997), with Swift 6.4 for macOS (SPM) on 18 Sep 2026 01:42:30 UTC.

Build Command

env DEVELOPER_DIR=/Applications/Xcode-27.0.0-Release.Candidate.app xcrun swift build --arch arm64

Build Log

========================================
RunAll
========================================
Builder version: 5.1.0
Interrupt handler set up.
========================================
Checkout
========================================
Clone URL: https://github.com/Kitura/Swift-Kuery-PostgreSQL.git
Reference: master
Initialized empty Git repository in /Users/admin/builder/spi-builder-workspace/.git/
From https://github.com/Kitura/Swift-Kuery-PostgreSQL
 * branch            master     -> FETCH_HEAD
 * [new branch]      master     -> origin/master
HEAD is now at 45e9975 Swift 5.2 is now the minimum supported version (#106)
Cloned https://github.com/Kitura/Swift-Kuery-PostgreSQL.git
Revision (git rev-parse @):
45e9975cc82f6caddea99bd9bfa2eb973a68f3ff
SUCCESS checkout https://github.com/Kitura/Swift-Kuery-PostgreSQL.git at master
========================================
Build
========================================
Selected platform:         macosSpm
Swift version:             6.4
Building package at path:  $PWD
https://github.com/Kitura/Swift-Kuery-PostgreSQL.git
Running build ...
env DEVELOPER_DIR=/Applications/Xcode-27.0.0-Release.Candidate.app xcrun swift build --arch arm64
Building for debugging...
[Constructing description]
[Planning deferred tasks]
[37 / 70]
[38 / 71] Logging
[47 / 98]
[51 / 98]
[53 / 98]
[54 / 98]
[65 / 98] Logging
[66 / 98] Logging
[72 / 99] Logging
[83 / 135]
[86 / 135]
[91 / 135]
[93 / 135]
[97 / 135]
[99 / 135]
[102 / 135]
[105 / 135]
[107 / 135]
[108 / 135]
[110 / 135] LoggerAPI
[117 / 136] SwiftKuery
[127 / 147] SwiftKuery
[135 / 148]
Fetching https://github.com/Kitura/Swift-Kuery.git
[1/5661] Fetching swift-kuery
Fetched https://github.com/Kitura/Swift-Kuery.git (2.05s)
Computing version for https://github.com/Kitura/Swift-Kuery.git
Computed https://github.com/Kitura/Swift-Kuery.git at 4.0.0 (2.74s)
Fetching https://github.com/Kitura/LoggerAPI.git
[1/784] Fetching loggerapi
Fetched https://github.com/Kitura/LoggerAPI.git (1.18s)
Computing version for https://github.com/Kitura/LoggerAPI.git
Computed https://github.com/Kitura/LoggerAPI.git at 1.9.200 (1.89s)
Fetching https://github.com/apple/swift-log.git
[1/8096] Fetching swift-log
Fetched https://github.com/apple/swift-log.git (1.26s)
Computing version for https://github.com/apple/swift-log.git
Computed https://github.com/apple/swift-log.git at 1.15.1 (1.93s)
Creating working copy for https://github.com/Kitura/LoggerAPI.git
Working copy of https://github.com/Kitura/LoggerAPI.git resolved at 1.9.200
Creating working copy for https://github.com/Kitura/Swift-Kuery.git
Working copy of https://github.com/Kitura/Swift-Kuery.git resolved at 4.0.0
Creating working copy for https://github.com/apple/swift-log.git
Working copy of https://github.com/apple/swift-log.git resolved at 1.15.1
warning: 'spi-builder-workspace': failed to retrieve search paths with pkg-config; maybe pkg-config is not installed
warning: 'spi-builder-workspace': you may be able to install libpq using your system-packager:
    brew install postgresql
error: clang dependency scanning failure: While building module 'CLibpq' imported from module-include.input:1:
In file included from <module-includes>:1:
/Users/admin/builder/spi-builder-workspace/Sources/CLibpq/shim.h:21:9: fatal error: 'libpq-fe.h' file not found
module-include.input:1:3: fatal error: could not build module 'CLibpq'
error: clang dependency scanning failure:
error: clang dependency scanning failure: While building module 'CLibpq' imported from module-include.input:1:
In file included from <module-includes>:1:
/Users/admin/builder/spi-builder-workspace/Sources/CLibpq/shim.h:21:9: fatal error: 'libpq-fe.h' file not found
module-include.input:1:2: fatal error: could not build module 'CLibpq'
error: clang dependency scanning failure: While building module 'CLibpq' imported from module-include.input:1:
In file included from <module-includes>:1:
/Users/admin/builder/spi-builder-workspace/Sources/CLibpq/shim.h:21:9: fatal error: 'libpq-fe.h' file not found
module-include.input:1:2: fatal error: could not build module 'CLibpq'
error: /Users/admin/builder/spi-builder-workspace/Sources/SwiftKueryPostgreSQL/PostgreSQLConnection.swift:18:8 unable to resolve module dependency: 'CLibpq'
error: clang dependency scanning failure: While building module 'CLibpq' imported from module-include.input:1:
In file included from <module-includes>:1:
/Users/admin/builder/spi-builder-workspace/Sources/CLibpq/shim.h:21:9: fatal error: 'libpq-fe.h' file not found
module-include.input:1:3: fatal error: could not build module 'CLibpq'
error: clang dependency scanning failure: While building module 'CLibpq' imported from module-include.input:1:
In file included from <module-includes>:1:
/Users/admin/builder/spi-builder-workspace/Sources/CLibpq/shim.h:21:9: fatal error: 'libpq-fe.h' file not found
module-include.input:1:2: fatal error: could not build module 'CLibpq'
error: clang dependency scanning failure: While building module 'CLibpq' imported from module-include.input:1:
In file included from <module-includes>:1:
/Users/admin/builder/spi-builder-workspace/Sources/CLibpq/shim.h:21:9: fatal error: 'libpq-fe.h' file not found
module-include.input:1:2: fatal error: could not build module 'CLibpq'
error: SwiftDriver SwiftKueryPostgreSQL normal arm64 com.apple.xcode.tools.swift.compiler failed with a nonzero exit code. Command line:     cd /Users/admin/builder
    builtin-SwiftDriver -- /Applications/Xcode-27.0.0-Release.Candidate.app/Contents/Developer/Toolchains/XcodeDefault.xctoolchain/usr/bin/swiftc -parse-as-library -module-name SwiftKueryPostgreSQL -Onone @/Users/admin/builder/spi-builder-workspace/.build/out/Intermediates.noindex/SwiftKueryPostgreSQL.build/Debug/SwiftKueryPostgreSQL-t.build/Objects-normal/arm64/SwiftKueryPostgreSQL.SwiftFileList -DSWIFT_PACKAGE -DDEBUG -DSWIFT_MODULE_RESOURCE_BUNDLE_UNAVAILABLE -Xcc -fmodule-map-file\=/Users/admin/builder/spi-builder-workspace/Sources/CLibpq/module.modulemap -DXcode -plugin-path /Applications/Xcode-27.0.0-Release.Candidate.app/Contents/Developer/Toolchains/XcodeDefault.xctoolchain/usr/lib/swift/host/plugins/testing -enable-experimental-feature DebugDescriptionMacro -sdk /Applications/Xcode-27.0.0-Release.Candidate.app/Contents/Developer/Platforms/MacOSX.platform/Developer/SDKs/MacOSX27.0.sdk -target arm64-apple-macos12.0 -g -module-cache-path /Users/admin/builder/spi-builder-workspace/.build/out/ModuleCache.noindex -Xfrontend -serialize-debugging-options -enable-testing -index-store-path /Users/admin/builder/spi-builder-workspace/.build/out -Xcc -D_LIBCPP_HARDENING_MODE\=_LIBCPP_HARDENING_MODE_DEBUG -swift-version 5 -I /Users/admin/builder/spi-builder-workspace/.build/out/Products/Debug -Isystem /Applications/Xcode-27.0.0-Release.Candidate.app/Contents/Developer/Platforms/MacOSX.platform/Developer/usr/lib -F /Users/admin/builder/spi-builder-workspace/.build/out/Products/Debug/PackageFrameworks -F /Users/admin/builder/spi-builder-workspace/.build/out/Products/Debug -F /Applications/Xcode-27.0.0-Release.Candidate.app/Contents/Developer/Platforms/MacOSX.platform/Developer/Library/Frameworks -c -j10 -enable-batch-mode -incremental -Xcc -ivfsstatcache -Xcc /Users/admin/builder/spi-builder-workspace/.build/out/SDKStatCaches.noindex/macosx27.0-26A425-80c5bbf1d171475443272936d42f90a36a22442a12e9d48fe1a705f55a1adfc4.sdkstatcache -output-file-map /Users/admin/builder/spi-builder-workspace/.build/out/Intermediates.noindex/SwiftKueryPostgreSQL.build/Debug/SwiftKueryPostgreSQL-t.build/Objects-normal/arm64/SwiftKueryPostgreSQL-OutputFileMap.json -save-temps -color-diagnostics -explicit-module-build -module-cache-path /Users/admin/builder/spi-builder-workspace/.build/out/Intermediates.noindex/SwiftExplicitPrecompiledModules -clang-scanner-module-cache-path /Users/admin/builder/spi-builder-workspace/.build/out/ModuleCache.noindex -sdk-module-cache-path /Users/admin/builder/spi-builder-workspace/.build/out/SDKExplicitPrecompiledModules -emit-dependencies -emit-module -emit-module-path /Users/admin/builder/spi-builder-workspace/.build/out/Intermediates.noindex/SwiftKueryPostgreSQL.build/Debug/SwiftKueryPostgreSQL-t.build/Objects-normal/arm64/SwiftKueryPostgreSQL.swiftmodule -serialize-diagnostics -dependency-scan-serialize-diagnostics-path /Users/admin/builder/spi-builder-workspace/.build/out/Intermediates.noindex/SwiftKueryPostgreSQL.build/Debug/SwiftKueryPostgreSQL-t.build/Objects-normal/arm64/SwiftKueryPostgreSQL-dependency-scan.dia -validate-clang-modules-once -clang-build-session-file /Users/admin/builder/spi-builder-workspace/.build/out/ModuleCache.noindex/Session.modulevalidation -Xcc -fmodules-prune-interval\=86400 -Xcc -fmodules-prune-after\=345600 -emit-const-values -const-gather-protocols-list /Users/admin/builder/spi-builder-workspace/.build/out/Intermediates.noindex/SwiftKueryPostgreSQL.build/Debug/SwiftKueryPostgreSQL-t.build/Objects-normal/arm64/SwiftKueryPostgreSQL_const_extract_protocols.json -Xcc -I/Users/admin/builder/spi-builder-workspace/.build/out/Products/Debug/include -Xcc -I/Users/admin/builder/spi-builder-workspace/.build/out/Intermediates.noindex/SwiftKueryPostgreSQL.build/Debug/SwiftKueryPostgreSQL-t.build/DerivedSources-normal/arm64 -Xcc -I/Users/admin/builder/spi-builder-workspace/.build/out/Intermediates.noindex/SwiftKueryPostgreSQL.build/Debug/SwiftKueryPostgreSQL-t.build/DerivedSources/arm64 -Xcc -I/Users/admin/builder/spi-builder-workspace/.build/out/Intermediates.noindex/SwiftKueryPostgreSQL.build/Debug/SwiftKueryPostgreSQL-t.build/DerivedSources -Xcc -DSWIFT_PACKAGE -Xcc -DDEBUG\=1 -emit-objc-header -emit-objc-header-path /Users/admin/builder/spi-builder-workspace/.build/out/Intermediates.noindex/SwiftKueryPostgreSQL.build/Debug/SwiftKueryPostgreSQL-t.build/Objects-normal/arm64/SwiftKueryPostgreSQL-Swift.h -working-directory /Users/admin/builder -experimental-emit-module-separately -disable-cmo
error: Build failed
BUILD FAILURE 6.4 macosSpm