Build Information
Failed to build Multiaddr, reference master (4a41d7), with Swift 6.4 for tvOS using Xcode 27.0 on 16 Sep 2026 13:41:01 UTC.
Build Command
env DEVELOPER_DIR=/Applications/Xcode-27.0.0-Release.Candidate.app xcrun xcodebuild -IDEClonedSourcePackagesDirPathOverride=$PWD/.dependencies -skipMacroValidation -skipPackagePluginValidation -derivedDataPath $PWD/.derivedData build -scheme Multiaddr -destination generic/platform=tvOSBuild Log
========================================
RunAll
========================================
Builder version: 5.1.0
Interrupt handler set up.
========================================
Checkout
========================================
Clone URL: https://github.com/lukereichold/swift-multiaddr.git
Reference: master
Initialized empty Git repository in /Users/admin/builder/spi-builder-workspace/.git/
From https://github.com/lukereichold/swift-multiaddr
* branch master -> FETCH_HEAD
* [new branch] master -> origin/master
HEAD is now at 4a41d7f Update README.md
Cloned https://github.com/lukereichold/swift-multiaddr.git
Revision (git rev-parse @):
4a41d7f3a7c752cd7ac8e1f464da96518cf03cbb
SUCCESS checkout https://github.com/lukereichold/swift-multiaddr.git at master
========================================
Build
========================================
Selected platform: tvOS
Swift version: 6.4
Building package at path: $PWD
https://github.com/lukereichold/swift-multiaddr.git
Command line invocation:
/Applications/Xcode-27.0.0-Release.Candidate.app/Contents/Developer/usr/bin/xcodebuild -IDEClonedSourcePackagesDirPathOverride=/Users/admin/builder/spi-builder-workspace/.dependencies -resolvePackageDependencies
resolved source packages:
{
"dependencies" : [
],
"manifest_display_name" : "Multiaddr",
"name" : "Multiaddr",
"path" : "/Users/admin/builder/spi-builder-workspace",
"platforms" : [
{
"name" : "ios",
"version" : "12.0"
},
{
"name" : "macos",
"version" : "10.14"
}
],
"products" : [
{
"name" : "Multiaddr",
"targets" : [
"Multiaddr"
],
"type" : {
"library" : [
"automatic"
]
}
}
],
"targets" : [
{
"c99name" : "MultiaddrTests",
"module_type" : "SwiftTarget",
"name" : "MultiaddrTests",
"path" : "Tests/MultiaddrTests",
"sources" : [
"MultiaddrTests.swift",
"ProtocolTests.swift",
"XCTestManifests.swift"
],
"target_dependencies" : [
"Multiaddr"
],
"type" : "test"
},
{
"c99name" : "Multiaddr",
"module_type" : "SwiftTarget",
"name" : "Multiaddr",
"path" : "Sources/Multiaddr",
"product_memberships" : [
"Multiaddr"
],
"sources" : [
"Address.swift",
"Extensions/Data+Multiaddr.swift",
"Extensions/Error+Multiaddr.swift",
"Multiaddr.swift",
"Protocol Helpers/Base32.swift",
"Protocol Helpers/Base58.swift",
"Protocol Helpers/DNS.swift",
"Protocol Helpers/IPFS.swift",
"Protocol Helpers/IPv4.swift",
"Protocol Helpers/IPv6.swift",
"Protocol Helpers/Onion.swift",
"Protocol.swift",
"Varint/BinaryEncoder.swift",
"Varint/Varint.swift"
],
"type" : "library"
}
],
"tools_version" : "5.0"
}
{
"project" : {
"configurations" : [
"Debug",
"Release"
],
"name" : "Multiaddr",
"schemes" : [
"Multiaddr"
],
"targets" : [
"Multiaddr",
"MultiaddrPackageDescription",
"MultiaddrPackageTests",
"MultiaddrTests"
]
}
}
Running build ...
env DEVELOPER_DIR=/Applications/Xcode-27.0.0-Release.Candidate.app xcrun xcodebuild -IDEClonedSourcePackagesDirPathOverride=$PWD/.dependencies -skipMacroValidation -skipPackagePluginValidation -derivedDataPath $PWD/.derivedData build -scheme Multiaddr -destination generic/platform=tvOS
Command line invocation:
/Applications/Xcode-27.0.0-Release.Candidate.app/Contents/Developer/usr/bin/xcodebuild -IDEClonedSourcePackagesDirPathOverride=/Users/admin/builder/spi-builder-workspace/.dependencies -skipMacroValidation -skipPackagePluginValidation -derivedDataPath /Users/admin/builder/spi-builder-workspace/.derivedData build -scheme Multiaddr -destination generic/platform=tvOS
ComputePackagePrebuildTargetDependencyGraph
Prepare packages
CreateBuildRequest
SendProjectDescription
CreateBuildOperation
ComputeTargetDependencyGraph
note: Building targets in dependency order
note: Target dependency graph (1 target)
Target 'Multiaddr' in project 'Multiaddr' (no dependencies)
GatherProvisioningInputs
CreateBuildDescription
ExecuteExternalTool /Applications/Xcode-27.0.0-Release.Candidate.app/Contents/Developer/Toolchains/XcodeDefault.xctoolchain/usr/bin/clang -v -E -dM -isysroot /Applications/Xcode-27.0.0-Release.Candidate.app/Contents/Developer/Platforms/AppleTVOS.platform/Developer/SDKs/AppleTVOS27.0.sdk -x c -c /dev/null
ExecuteExternalTool /Applications/Xcode-27.0.0-Release.Candidate.app/Contents/Developer/Toolchains/XcodeDefault.xctoolchain/usr/bin/swiftc --version
ExecuteExternalTool /Applications/Xcode-27.0.0-Release.Candidate.app/Contents/Developer/Toolchains/XcodeDefault.xctoolchain/usr/bin/ld -version_details
Build description signature: d1ac32d66280b470ed1ffeb036ca6274
Build description path: /Users/admin/builder/spi-builder-workspace/.derivedData/Build/Intermediates.noindex/XCBuildData/d1ac32d66280b470ed1ffeb036ca6274.xcbuilddata
/Users/admin/builder/spi-builder-workspace/Multiaddr.xcodeproj: error: The tvOS deployment target 'TVOS_DEPLOYMENT_TARGET' is set to 9.0, but the range of supported deployment target versions is 15.0 to 27.0.x. (in target 'Multiaddr' from project 'Multiaddr')
** BUILD FAILED **
The following build commands failed:
Building project Multiaddr with scheme Multiaddr
(1 failure)
Command line invocation:
/Applications/Xcode-27.0.0-Release.Candidate.app/Contents/Developer/usr/bin/xcodebuild -IDEClonedSourcePackagesDirPathOverride=/Users/admin/builder/spi-builder-workspace/.dependencies -resolvePackageDependencies
resolved source packages:
{
"dependencies" : [
],
"manifest_display_name" : "Multiaddr",
"name" : "Multiaddr",
"path" : "/Users/admin/builder/spi-builder-workspace",
"platforms" : [
{
"name" : "ios",
"version" : "12.0"
},
{
"name" : "macos",
"version" : "10.14"
}
],
"products" : [
{
"name" : "Multiaddr",
"targets" : [
"Multiaddr"
],
"type" : {
"library" : [
"automatic"
]
}
}
],
"targets" : [
{
"c99name" : "MultiaddrTests",
"module_type" : "SwiftTarget",
"name" : "MultiaddrTests",
"path" : "Tests/MultiaddrTests",
"sources" : [
"MultiaddrTests.swift",
"ProtocolTests.swift",
"XCTestManifests.swift"
],
"target_dependencies" : [
"Multiaddr"
],
"type" : "test"
},
{
"c99name" : "Multiaddr",
"module_type" : "SwiftTarget",
"name" : "Multiaddr",
"path" : "Sources/Multiaddr",
"product_memberships" : [
"Multiaddr"
],
"sources" : [
"Address.swift",
"Extensions/Data+Multiaddr.swift",
"Extensions/Error+Multiaddr.swift",
"Multiaddr.swift",
"Protocol Helpers/Base32.swift",
"Protocol Helpers/Base58.swift",
"Protocol Helpers/DNS.swift",
"Protocol Helpers/IPFS.swift",
"Protocol Helpers/IPv4.swift",
"Protocol Helpers/IPv6.swift",
"Protocol Helpers/Onion.swift",
"Protocol.swift",
"Varint/BinaryEncoder.swift",
"Varint/Varint.swift"
],
"type" : "library"
}
],
"tools_version" : "5.0"
}
{
"project" : {
"configurations" : [
"Debug",
"Release"
],
"name" : "Multiaddr",
"schemes" : [
"Multiaddr"
],
"targets" : [
"Multiaddr",
"MultiaddrPackageDescription",
"MultiaddrPackageTests",
"MultiaddrTests"
]
}
}
Running build ...
env DEVELOPER_DIR=/Applications/Xcode-27.0.0-Release.Candidate.app xcrun xcodebuild -IDEClonedSourcePackagesDirPathOverride=$PWD/.dependencies -skipMacroValidation -skipPackagePluginValidation -derivedDataPath $PWD/.derivedData build -scheme Multiaddr -destination generic/platform=tvOS
Command line invocation:
/Applications/Xcode-27.0.0-Release.Candidate.app/Contents/Developer/usr/bin/xcodebuild -IDEClonedSourcePackagesDirPathOverride=/Users/admin/builder/spi-builder-workspace/.dependencies -skipMacroValidation -skipPackagePluginValidation -derivedDataPath /Users/admin/builder/spi-builder-workspace/.derivedData build -scheme Multiaddr -destination generic/platform=tvOS
ComputePackagePrebuildTargetDependencyGraph
Prepare packages
CreateBuildRequest
SendProjectDescription
CreateBuildOperation
ComputeTargetDependencyGraph
note: Building targets in dependency order
note: Target dependency graph (1 target)
Target 'Multiaddr' in project 'Multiaddr' (no dependencies)
GatherProvisioningInputs
CreateBuildDescription
/Users/admin/builder/spi-builder-workspace/Multiaddr.xcodeproj: error: The tvOS deployment target 'TVOS_DEPLOYMENT_TARGET' is set to 9.0, but the range of supported deployment target versions is 15.0 to 27.0.x. (in target 'Multiaddr' from project 'Multiaddr')
** BUILD FAILED **
The following build commands failed:
Building project Multiaddr with scheme Multiaddr
(1 failure)
BUILD FAILURE 6.4 tvOS