Build Information
Failed to build elementary-tailwind, reference main (44eede), with Swift 6.4 for watchOS using Xcode 27.0 on 27 Sep 2026 00:45:53 UTC.
Build Command
env DEVELOPER_DIR=/Applications/Xcode-27.0.0-Release.Candidate.app xcrun xcodebuild -IDEClonedSourcePackagesDirPathOverride=$PWD/.dependencies -skipMacroValidation -skipPackagePluginValidation -derivedDataPath $PWD/.derivedData build -scheme elementary-tailwind -destination generic/platform=watchOSBuild Log
========================================
RunAll
========================================
Builder version: 5.1.0
Interrupt handler set up.
========================================
Checkout
========================================
Clone URL: https://github.com/amirsaam/elementary-tailwind.git
Reference: main
Initialized empty Git repository in /Users/admin/builder/spi-builder-workspace/.git/
From https://github.com/amirsaam/elementary-tailwind
* branch main -> FETCH_HEAD
* [new branch] main -> origin/main
HEAD is now at 44eede9 chore: tag 0.3.700
Cloned https://github.com/amirsaam/elementary-tailwind.git
Revision (git rev-parse @):
44eede9b225eafc87562463849fbf0eea357e0f7
SUCCESS checkout https://github.com/amirsaam/elementary-tailwind.git at main
========================================
Build
========================================
Selected platform: watchOS
Swift version: 6.4
Building package at path: $PWD
https://github.com/amirsaam/elementary-tailwind.git
Command line invocation:
/Applications/Xcode-27.0.0-Release.Candidate.app/Contents/Developer/usr/bin/xcodebuild -IDEClonedSourcePackagesDirPathOverride=/Users/admin/builder/spi-builder-workspace/.dependencies -resolvePackageDependencies
Resolve Package Graph
Fetching from https://github.com/elementary-swift/elementary.git
Creating working copy of package ‘elementary’
Checking out 0.8.2 of package ‘elementary’
Resolve Package Graph
Resolved source packages:
elementary: https://github.com/elementary-swift/elementary.git @ 0.8.2
elementary-tailwind: /Users/admin/builder/spi-builder-workspace
resolved source packages: elementary, elementary-tailwind
2026-09-26 20:45:10.992 xcodebuild[529:3028] [MT] IDERunDestination: Supported platforms for the buildables in the current scheme is empty.
{
"dependencies" : [
{
"identity" : "elementary",
"requirement" : {
"range" : [
{
"lower_bound" : "0.8.0",
"upper_bound" : "1.0.0"
}
]
},
"type" : "sourceControl",
"url" : "https://github.com/elementary-swift/elementary.git"
}
],
"manifest_display_name" : "elementary-tailwind",
"name" : "elementary-tailwind",
"path" : "/Users/admin/builder/spi-builder-workspace",
"platforms" : [
{
"name" : "macos",
"version" : "14.0"
},
{
"name" : "ios",
"version" : "15.0"
},
{
"name" : "tvos",
"version" : "17.0"
},
{
"name" : "watchos",
"version" : "10.0"
}
],
"products" : [
{
"name" : "ElementaryTailwind",
"targets" : [
"ElementaryTailwind"
],
"type" : {
"library" : [
"automatic"
]
}
}
],
"targets" : [
{
"c99name" : "TestUtilities",
"module_type" : "SwiftTarget",
"name" : "TestUtilities",
"path" : "Tests/TestUtilities",
"product_dependencies" : [
"Elementary"
],
"sources" : [
"HTMLAssertEqual.swift"
],
"type" : "library"
},
{
"c99name" : "ElementaryTailwindTests",
"module_type" : "SwiftTarget",
"name" : "ElementaryTailwindTests",
"path" : "Tests/ElementaryTailwindTests",
"product_dependencies" : [
"Elementary"
],
"sources" : [
"Accessibility/AccessibilityTests.swift",
"Animation/AnimationTests.swift",
"Background/BackgroundTests.swift",
"Borders/BorderTests.swift",
"Effects/EffectsTests.swift",
"Filters/FiltersTests.swift",
"Interactivity/InteractivityTests.swift",
"Layout/LayoutTests.swift",
"SVG/SVGTests.swift",
"Sizing/SizingTests.swift",
"Spacing/SpacingTests.swift",
"TWToken/TWTokenTests.swift",
"Tables/TablesTests.swift",
"Transforms/TransformsTests.swift",
"Transitions/TransitionsTests.swift",
"Typography/TypographyTests.swift",
"Variants/VariantsTests.swift"
],
"target_dependencies" : [
"ElementaryTailwind",
"TestUtilities"
],
"type" : "test"
},
{
"c99name" : "ElementaryTailwind",
"module_type" : "SwiftTarget",
"name" : "ElementaryTailwind",
"path" : "Sources/ElementaryTailwind",
"product_dependencies" : [
"Elementary"
],
"product_memberships" : [
"ElementaryTailwind"
],
"sources" : [
"Accessibility/Accessibility+Token.swift",
"Accessibility/Accessibility.swift",
"Animation/Animation+Token.swift",
"Animation/Animation.swift",
"Background/Background+GradientToken.swift",
"Background/Background+Token.swift",
"Background/Background.swift",
"Borders/Borders+BorderTokens.swift",
"Borders/Borders+DivideToken.swift",
"Borders/Borders+OutlineTokens.swift",
"Borders/Borders+RingTokens.swift",
"Borders/Borders.swift",
"Effects/Effects+MaskToken.swift",
"Effects/Effects+Token.swift",
"Effects/Effects.swift",
"Filters/Filters+BackdropToken.swift",
"Filters/Filters+Token.swift",
"Filters/Filters.swift",
"Interactivity/Interactivity+ColorToken.swift",
"Interactivity/Interactivity+CursorToken.swift",
"Interactivity/Interactivity+PointerToken.swift",
"Interactivity/Interactivity+ScrollToken.swift",
"Interactivity/Interactivity+TouchToken.swift",
"Interactivity/Interactivity.swift",
"Layout/Layout+AlignToken.swift",
"Layout/Layout+AspectRatioToken.swift",
"Layout/Layout+BoxSizingToken.swift",
"Layout/Layout+BreakToken.swift",
"Layout/Layout+ColumnsToken.swift",
"Layout/Layout+DisplayToken.swift",
"Layout/Layout+FlexToken.swift",
"Layout/Layout+FloatToken.swift",
"Layout/Layout+GapToken.swift",
"Layout/Layout+GridAutoToken.swift",
"Layout/Layout+GridColumnToken.swift",
"Layout/Layout+GridRowToken.swift",
"Layout/Layout+GridTemplateToken.swift",
"Layout/Layout+IsolationToken.swift",
"Layout/Layout+ObjectToken.swift",
"Layout/Layout+OverflowToken.swift",
"Layout/Layout+PlacementToken.swift",
"Layout/Layout+PositionToken.swift",
"Layout/Layout+VisibilityToken.swift",
"Layout/Layout.swift",
"SVG/SVG+FillToken.swift",
"SVG/SVG+StrokeToken.swift",
"SVG/SVG.swift",
"Sizing/Sizing+HeightToken.swift",
"Sizing/Sizing+LogicalToken.swift",
"Sizing/Sizing+SizeToken.swift",
"Sizing/Sizing+WidthToken.swift",
"Sizing/Sizing.swift",
"Spacing/Spacing+MarginToken.swift",
"Spacing/Spacing+PaddingToken.swift",
"Spacing/Spacing+SpaceToken.swift",
"Spacing/Spacing.swift",
"TWColor.swift",
"TWToken.swift",
"TWVariant+MarkerToken.swift",
"TWVariant.swift",
"Tables/Tables+Token.swift",
"Tables/Tables.swift",
"TailwindCSS.swift",
"Transforms/Transforms+3DToken.swift",
"Transforms/Transforms+Token.swift",
"Transforms/Transforms.swift",
"Transitions/Transitions+Token.swift",
"Transitions/Transitions.swift",
"Typography/Typography+ContentToken.swift",
"Typography/Typography+DecorationToken.swift",
"Typography/Typography+FontToken.swift",
"Typography/Typography+ListToken.swift",
"Typography/Typography+MiscToken.swift",
"Typography/Typography+SpacingToken.swift",
"Typography/Typography+StyleToken.swift",
"Typography/Typography+TextToken.swift",
"Typography/Typography+VerticalAlignToken.swift",
"Typography/Typography+WhitespaceToken.swift",
"Typography/Typography+WordBreakToken.swift",
"Typography/Typography.swift"
],
"type" : "library"
}
],
"tools_version" : "6.1"
}
{
"workspace" : {
"name" : "elementary-tailwind",
"schemes" : [
"elementary-tailwind"
]
}
}
2026-09-26 20:45:42.786 xcodebuild[663:3992] [MT] IDERunDestination: Supported platforms for the buildables in the current scheme is empty.
Running build ...
env DEVELOPER_DIR=/Applications/Xcode-27.0.0-Release.Candidate.app xcrun xcodebuild -IDEClonedSourcePackagesDirPathOverride=$PWD/.dependencies -skipMacroValidation -skipPackagePluginValidation -derivedDataPath $PWD/.derivedData build -scheme elementary-tailwind -destination generic/platform=watchOS
Command line invocation:
/Applications/Xcode-27.0.0-Release.Candidate.app/Contents/Developer/usr/bin/xcodebuild -IDEClonedSourcePackagesDirPathOverride=/Users/admin/builder/spi-builder-workspace/.dependencies -skipMacroValidation -skipPackagePluginValidation -derivedDataPath /Users/admin/builder/spi-builder-workspace/.derivedData build -scheme elementary-tailwind -destination generic/platform=watchOS
Resolve Package Graph
Resolve Package Graph
Resolved source packages:
elementary-tailwind: /Users/admin/builder/spi-builder-workspace
elementary: https://github.com/elementary-swift/elementary.git @ 0.8.2
ComputePackagePrebuildTargetDependencyGraph
Prepare packages
CreateBuildRequest
SendProjectDescription
CreateBuildOperation
ComputeTargetDependencyGraph
note: Building targets in dependency order
note: Target dependency graph (4 targets)
Target 'ElementaryTailwind-product' in project 'elementary-tailwind'
➜ Explicit dependency on target 'ElementaryTailwind' in project 'elementary-tailwind'
➜ Explicit dependency on target 'Elementary-product' in project 'elementary'
Target 'ElementaryTailwind' in project 'elementary-tailwind'
➜ Explicit dependency on target 'Elementary-product' in project 'elementary'
Target 'Elementary-product' in project 'elementary'
➜ Explicit dependency on target 'Elementary' in project 'elementary'
Target 'Elementary' in project 'elementary' (no dependencies)
GatherProvisioningInputs
CreateBuildDescription
ExecuteExternalTool /Applications/Xcode-27.0.0-Release.Candidate.app/Contents/Developer/Toolchains/XcodeDefault.xctoolchain/usr/bin/clang -v -E -dM -isysroot /Applications/Xcode-27.0.0-Release.Candidate.app/Contents/Developer/Platforms/WatchOS.platform/Developer/SDKs/WatchOS27.0.sdk -x c -c /dev/null
ExecuteExternalTool /Applications/Xcode-27.0.0-Release.Candidate.app/Contents/Developer/Toolchains/XcodeDefault.xctoolchain/usr/bin/swiftc --version
ExecuteExternalTool /Applications/Xcode-27.0.0-Release.Candidate.app/Contents/Developer/Toolchains/XcodeDefault.xctoolchain/usr/bin/ld -version_details
Build description signature: 2342316295b5ff41b0ed4c680209a2e5
Build description path: /Users/admin/builder/spi-builder-workspace/.derivedData/Build/Intermediates.noindex/XCBuildData/2342316295b5ff41b0ed4c680209a2e5.xcbuilddata
CreateBuildDirectory /Users/admin/builder/spi-builder-workspace/.derivedData/ModuleCache.noindex
cd /Users/admin/builder/spi-builder-workspace/.swiftpm/xcode
builtin-create-build-directory /Users/admin/builder/spi-builder-workspace/.derivedData/ModuleCache.noindex
CreateBuildDirectory /Users/admin/builder/spi-builder-workspace/.derivedData/SDKExplicitPrecompiledModules
cd /Users/admin/builder/spi-builder-workspace/.swiftpm/xcode
builtin-create-build-directory /Users/admin/builder/spi-builder-workspace/.derivedData/SDKExplicitPrecompiledModules
CreateBuildDirectory /Users/admin/builder/spi-builder-workspace/.derivedData/CompilationCache.noindex
cd /Users/admin/builder/spi-builder-workspace/.swiftpm/xcode
builtin-create-build-directory /Users/admin/builder/spi-builder-workspace/.derivedData/CompilationCache.noindex
ClangStatCache /Applications/Xcode-27.0.0-Release.Candidate.app/Contents/Developer/Toolchains/XcodeDefault.xctoolchain/usr/bin/clang-stat-cache /Applications/Xcode-27.0.0-Release.Candidate.app/Contents/Developer/Platforms/WatchOS.platform/Developer/SDKs/WatchOS27.0.sdk /Users/admin/builder/spi-builder-workspace/.derivedData/SDKStatCaches.noindex/watchos27.0-24R360-e829b21a6f8c9b70876ba0858053c04477534ef55a1706bf4c1112bbb242f0a2.sdkstatcache
cd /Users/admin/builder/spi-builder-workspace/.swiftpm/xcode
/Applications/Xcode-27.0.0-Release.Candidate.app/Contents/Developer/Toolchains/XcodeDefault.xctoolchain/usr/bin/clang-stat-cache /Applications/Xcode-27.0.0-Release.Candidate.app/Contents/Developer/Platforms/WatchOS.platform/Developer/SDKs/WatchOS27.0.sdk -o /Users/admin/builder/spi-builder-workspace/.derivedData/SDKStatCaches.noindex/watchos27.0-24R360-e829b21a6f8c9b70876ba0858053c04477534ef55a1706bf4c1112bbb242f0a2.sdkstatcache
CreateBuildDirectory /Users/admin/builder/spi-builder-workspace/.derivedData/Build/Products
cd /Users/admin/builder/spi-builder-workspace/.swiftpm/xcode
builtin-create-build-directory /Users/admin/builder/spi-builder-workspace/.derivedData/Build/Products
CreateBuildDirectory /Users/admin/builder/spi-builder-workspace/.derivedData/Build/Intermediates.noindex
cd /Users/admin/builder/spi-builder-workspace/.swiftpm/xcode
builtin-create-build-directory /Users/admin/builder/spi-builder-workspace/.derivedData/Build/Intermediates.noindex
CreateBuildDirectory /Users/admin/builder/spi-builder-workspace/.derivedData/Build/Intermediates.noindex/PrecompiledHeaders
cd /Users/admin/builder/spi-builder-workspace/.swiftpm/xcode
builtin-create-build-directory /Users/admin/builder/spi-builder-workspace/.derivedData/Build/Intermediates.noindex/PrecompiledHeaders
CreateBuildDirectory /Users/admin/builder/spi-builder-workspace/.derivedData/Build/Products/Debug-watchos
cd /Users/admin/builder/spi-builder-workspace/.swiftpm/xcode
builtin-create-build-directory /Users/admin/builder/spi-builder-workspace/.derivedData/Build/Products/Debug-watchos
CreateBuildDirectory /Users/admin/builder/spi-builder-workspace/.derivedData/Build/Intermediates.noindex/ExplicitPrecompiledModules
cd /Users/admin/builder/spi-builder-workspace/.swiftpm/xcode
builtin-create-build-directory /Users/admin/builder/spi-builder-workspace/.derivedData/Build/Intermediates.noindex/ExplicitPrecompiledModules
CreateBuildDirectory /Users/admin/builder/spi-builder-workspace/.derivedData/Build/Intermediates.noindex/SwiftExplicitPrecompiledModules
cd /Users/admin/builder/spi-builder-workspace/.swiftpm/xcode
builtin-create-build-directory /Users/admin/builder/spi-builder-workspace/.derivedData/Build/Intermediates.noindex/SwiftExplicitPrecompiledModules
CreateBuildDirectory /Users/admin/builder/spi-builder-workspace/.derivedData/Build/Intermediates.noindex/EagerLinkingTBDs/Debug-watchos
cd /Users/admin/builder/spi-builder-workspace/.swiftpm/xcode
builtin-create-build-directory /Users/admin/builder/spi-builder-workspace/.derivedData/Build/Intermediates.noindex/EagerLinkingTBDs/Debug-watchos
CreateBuildDirectory /Users/admin/builder/spi-builder-workspace/.derivedData/Build/Products/Debug-watchos/PackageFrameworks
cd /Users/admin/builder/spi-builder-workspace/.swiftpm/xcode
builtin-create-build-directory /Users/admin/builder/spi-builder-workspace/.derivedData/Build/Products/Debug-watchos/PackageFrameworks
WriteAuxiliaryFile /Users/admin/builder/spi-builder-workspace/.derivedData/Build/Intermediates.noindex/elementary-tailwind.build/Debug-watchos/ElementaryTailwind-t.build/Objects-normal/arm64_32/ElementaryTailwind.SwiftFileList (in target 'ElementaryTailwind' from project 'elementary-tailwind')
cd /Users/admin/builder/spi-builder-workspace
write-file /Users/admin/builder/spi-builder-workspace/.derivedData/Build/Intermediates.noindex/elementary-tailwind.build/Debug-watchos/ElementaryTailwind-t.build/Objects-normal/arm64_32/ElementaryTailwind.SwiftFileList
WriteAuxiliaryFile /Users/admin/builder/spi-builder-workspace/.derivedData/Build/Intermediates.noindex/elementary.build/Debug-watchos/Elementary-t.build/Objects-normal/arm64/Elementary_const_extract_protocols.json (in target 'Elementary' from project 'elementary')
cd /Users/admin/builder/spi-builder-workspace/.dependencies/checkouts/elementary
write-file /Users/admin/builder/spi-builder-workspace/.derivedData/Build/Intermediates.noindex/elementary.build/Debug-watchos/Elementary-t.build/Objects-normal/arm64/Elementary_const_extract_protocols.json
WriteAuxiliaryFile /Users/admin/builder/spi-builder-workspace/.derivedData/Build/Intermediates.noindex/elementary-tailwind.build/Debug-watchos/ElementaryTailwind-t.build/Objects-normal/arm64_32/ElementaryTailwind_const_extract_protocols.json (in target 'ElementaryTailwind' from project 'elementary-tailwind')
cd /Users/admin/builder/spi-builder-workspace
write-file /Users/admin/builder/spi-builder-workspace/.derivedData/Build/Intermediates.noindex/elementary-tailwind.build/Debug-watchos/ElementaryTailwind-t.build/Objects-normal/arm64_32/ElementaryTailwind_const_extract_protocols.json
WriteAuxiliaryFile /Users/admin/builder/spi-builder-workspace/.derivedData/Build/Intermediates.noindex/elementary-tailwind.build/Debug-watchos/ElementaryTailwind-t.build/Objects-normal/arm64_32/ElementaryTailwind.SwiftConstValuesFileList (in target 'ElementaryTailwind' from project 'elementary-tailwind')
cd /Users/admin/builder/spi-builder-workspace
write-file /Users/admin/builder/spi-builder-workspace/.derivedData/Build/Intermediates.noindex/elementary-tailwind.build/Debug-watchos/ElementaryTailwind-t.build/Objects-normal/arm64_32/ElementaryTailwind.SwiftConstValuesFileList
WriteAuxiliaryFile /Users/admin/builder/spi-builder-workspace/.derivedData/Build/Intermediates.noindex/elementary-tailwind.build/Debug-watchos/ElementaryTailwind-t.build/Objects-normal/arm64_32/ElementaryTailwind.LinkFileList (in target 'ElementaryTailwind' from project 'elementary-tailwind')
cd /Users/admin/builder/spi-builder-workspace
write-file /Users/admin/builder/spi-builder-workspace/.derivedData/Build/Intermediates.noindex/elementary-tailwind.build/Debug-watchos/ElementaryTailwind-t.build/Objects-normal/arm64_32/ElementaryTailwind.LinkFileList
WriteAuxiliaryFile /Users/admin/builder/spi-builder-workspace/.derivedData/Build/Intermediates.noindex/elementary-tailwind.build/Debug-watchos/ElementaryTailwind-t.build/Objects-normal/arm64_32/ElementaryTailwind-OutputFileMap.json (in target 'ElementaryTailwind' from project 'elementary-tailwind')
cd /Users/admin/builder/spi-builder-workspace
write-file /Users/admin/builder/spi-builder-workspace/.derivedData/Build/Intermediates.noindex/elementary-tailwind.build/Debug-watchos/ElementaryTailwind-t.build/Objects-normal/arm64_32/ElementaryTailwind-OutputFileMap.json
WriteAuxiliaryFile /Users/admin/builder/spi-builder-workspace/.derivedData/Build/Intermediates.noindex/elementary.build/Debug-watchos/Elementary-t.build/Objects-normal/arm64_32/Elementary.LinkFileList (in target 'Elementary' from project 'elementary')
cd /Users/admin/builder/spi-builder-workspace/.dependencies/checkouts/elementary
write-file /Users/admin/builder/spi-builder-workspace/.derivedData/Build/Intermediates.noindex/elementary.build/Debug-watchos/Elementary-t.build/Objects-normal/arm64_32/Elementary.LinkFileList
WriteAuxiliaryFile /Users/admin/builder/spi-builder-workspace/.derivedData/Build/Intermediates.noindex/elementary.build/Debug-watchos/Elementary-t.build/Objects-normal/arm64_32/Elementary-OutputFileMap.json (in target 'Elementary' from project 'elementary')
cd /Users/admin/builder/spi-builder-workspace/.dependencies/checkouts/elementary
write-file /Users/admin/builder/spi-builder-workspace/.derivedData/Build/Intermediates.noindex/elementary.build/Debug-watchos/Elementary-t.build/Objects-normal/arm64_32/Elementary-OutputFileMap.json
WriteAuxiliaryFile /Users/admin/builder/spi-builder-workspace/.derivedData/Build/Intermediates.noindex/elementary.build/Debug-watchos/Elementary-t.build/Objects-normal/arm64_32/Elementary_const_extract_protocols.json (in target 'Elementary' from project 'elementary')
cd /Users/admin/builder/spi-builder-workspace/.dependencies/checkouts/elementary
write-file /Users/admin/builder/spi-builder-workspace/.derivedData/Build/Intermediates.noindex/elementary.build/Debug-watchos/Elementary-t.build/Objects-normal/arm64_32/Elementary_const_extract_protocols.json
WriteAuxiliaryFile /Users/admin/builder/spi-builder-workspace/.derivedData/Build/Intermediates.noindex/elementary-tailwind.build/Debug-watchos/ElementaryTailwind-t.build/Objects-normal/arm64/ElementaryTailwind_const_extract_protocols.json (in target 'ElementaryTailwind' from project 'elementary-tailwind')
cd /Users/admin/builder/spi-builder-workspace
write-file /Users/admin/builder/spi-builder-workspace/.derivedData/Build/Intermediates.noindex/elementary-tailwind.build/Debug-watchos/ElementaryTailwind-t.build/Objects-normal/arm64/ElementaryTailwind_const_extract_protocols.json
WriteAuxiliaryFile /Users/admin/builder/spi-builder-workspace/.derivedData/Build/Intermediates.noindex/elementary-tailwind.build/Debug-watchos/ElementaryTailwind-t.build/Objects-normal/arm64/ElementaryTailwind.SwiftFileList (in target 'ElementaryTailwind' from project 'elementary-tailwind')
cd /Users/admin/builder/spi-builder-workspace
write-file /Users/admin/builder/spi-builder-workspace/.derivedData/Build/Intermediates.noindex/elementary-tailwind.build/Debug-watchos/ElementaryTailwind-t.build/Objects-normal/arm64/ElementaryTailwind.SwiftFileList
WriteAuxiliaryFile /Users/admin/builder/spi-builder-workspace/.derivedData/Build/Intermediates.noindex/elementary-tailwind.build/Debug-watchos/ElementaryTailwind-t.build/Objects-normal/arm64/ElementaryTailwind.SwiftConstValuesFileList (in target 'ElementaryTailwind' from project 'elementary-tailwind')
cd /Users/admin/builder/spi-builder-workspace
write-file /Users/admin/builder/spi-builder-workspace/.derivedData/Build/Intermediates.noindex/elementary-tailwind.build/Debug-watchos/ElementaryTailwind-t.build/Objects-normal/arm64/ElementaryTailwind.SwiftConstValuesFileList
WriteAuxiliaryFile /Users/admin/builder/spi-builder-workspace/.derivedData/Build/Intermediates.noindex/elementary-tailwind.build/Debug-watchos/ElementaryTailwind-t.build/Objects-normal/arm64/ElementaryTailwind.LinkFileList (in target 'ElementaryTailwind' from project 'elementary-tailwind')
cd /Users/admin/builder/spi-builder-workspace
write-file /Users/admin/builder/spi-builder-workspace/.derivedData/Build/Intermediates.noindex/elementary-tailwind.build/Debug-watchos/ElementaryTailwind-t.build/Objects-normal/arm64/ElementaryTailwind.LinkFileList
WriteAuxiliaryFile /Users/admin/builder/spi-builder-workspace/.derivedData/Build/Intermediates.noindex/elementary-tailwind.build/Debug-watchos/ElementaryTailwind-t.build/Objects-normal/arm64/ElementaryTailwind-OutputFileMap.json (in target 'ElementaryTailwind' from project 'elementary-tailwind')
cd /Users/admin/builder/spi-builder-workspace
write-file /Users/admin/builder/spi-builder-workspace/.derivedData/Build/Intermediates.noindex/elementary-tailwind.build/Debug-watchos/ElementaryTailwind-t.build/Objects-normal/arm64/ElementaryTailwind-OutputFileMap.json
WriteAuxiliaryFile /Users/admin/builder/spi-builder-workspace/.derivedData/Build/Intermediates.noindex/elementary-tailwind.build/Debug-watchos/ElementaryTailwind-t.build/ElementaryTailwind.modulemap (in target 'ElementaryTailwind' from project 'elementary-tailwind')
cd /Users/admin/builder/spi-builder-workspace
write-file /Users/admin/builder/spi-builder-workspace/.derivedData/Build/Intermediates.noindex/elementary-tailwind.build/Debug-watchos/ElementaryTailwind-t.build/ElementaryTailwind.modulemap
WriteAuxiliaryFile /Users/admin/builder/spi-builder-workspace/.derivedData/Build/Intermediates.noindex/elementary-tailwind.build/Debug-watchos/ElementaryTailwind-t.build/ElementaryTailwind.DependencyStaticMetadataFileList (in target 'ElementaryTailwind' from project 'elementary-tailwind')
cd /Users/admin/builder/spi-builder-workspace
write-file /Users/admin/builder/spi-builder-workspace/.derivedData/Build/Intermediates.noindex/elementary-tailwind.build/Debug-watchos/ElementaryTailwind-t.build/ElementaryTailwind.DependencyStaticMetadataFileList
WriteAuxiliaryFile /Users/admin/builder/spi-builder-workspace/.derivedData/Build/Intermediates.noindex/elementary.build/Debug-watchos/Elementary-t.build/Objects-normal/arm64_32/Elementary.SwiftFileList (in target 'Elementary' from project 'elementary')
cd /Users/admin/builder/spi-builder-workspace/.dependencies/checkouts/elementary
write-file /Users/admin/builder/spi-builder-workspace/.derivedData/Build/Intermediates.noindex/elementary.build/Debug-watchos/Elementary-t.build/Objects-normal/arm64_32/Elementary.SwiftFileList
WriteAuxiliaryFile /Users/admin/builder/spi-builder-workspace/.derivedData/Build/Intermediates.noindex/elementary-tailwind.build/Debug-watchos/ElementaryTailwind-t.build/ElementaryTailwind.DependencyMetadataFileList (in target 'ElementaryTailwind' from project 'elementary-tailwind')
cd /Users/admin/builder/spi-builder-workspace
write-file /Users/admin/builder/spi-builder-workspace/.derivedData/Build/Intermediates.noindex/elementary-tailwind.build/Debug-watchos/ElementaryTailwind-t.build/ElementaryTailwind.DependencyMetadataFileList
WriteAuxiliaryFile /Users/admin/builder/spi-builder-workspace/.derivedData/Build/Intermediates.noindex/elementary.build/Debug-watchos/Elementary-t.build/Objects-normal/arm64_32/Elementary.SwiftConstValuesFileList (in target 'Elementary' from project 'elementary')
cd /Users/admin/builder/spi-builder-workspace/.dependencies/checkouts/elementary
write-file /Users/admin/builder/spi-builder-workspace/.derivedData/Build/Intermediates.noindex/elementary.build/Debug-watchos/Elementary-t.build/Objects-normal/arm64_32/Elementary.SwiftConstValuesFileList
WriteAuxiliaryFile /Users/admin/builder/spi-builder-workspace/.derivedData/Build/Intermediates.noindex/elementary.build/Debug-watchos/Elementary-t.build/Objects-normal/arm64/Elementary.SwiftFileList (in target 'Elementary' from project 'elementary')
cd /Users/admin/builder/spi-builder-workspace/.dependencies/checkouts/elementary
write-file /Users/admin/builder/spi-builder-workspace/.derivedData/Build/Intermediates.noindex/elementary.build/Debug-watchos/Elementary-t.build/Objects-normal/arm64/Elementary.SwiftFileList
WriteAuxiliaryFile /Users/admin/builder/spi-builder-workspace/.derivedData/Build/Intermediates.noindex/elementary.build/Debug-watchos/Elementary-t.build/Objects-normal/arm64/Elementary.SwiftConstValuesFileList (in target 'Elementary' from project 'elementary')
cd /Users/admin/builder/spi-builder-workspace/.dependencies/checkouts/elementary
write-file /Users/admin/builder/spi-builder-workspace/.derivedData/Build/Intermediates.noindex/elementary.build/Debug-watchos/Elementary-t.build/Objects-normal/arm64/Elementary.SwiftConstValuesFileList
WriteAuxiliaryFile /Users/admin/builder/spi-builder-workspace/.derivedData/Build/Intermediates.noindex/elementary.build/Debug-watchos/Elementary-t.build/Objects-normal/arm64/Elementary.LinkFileList (in target 'Elementary' from project 'elementary')
cd /Users/admin/builder/spi-builder-workspace/.dependencies/checkouts/elementary
write-file /Users/admin/builder/spi-builder-workspace/.derivedData/Build/Intermediates.noindex/elementary.build/Debug-watchos/Elementary-t.build/Objects-normal/arm64/Elementary.LinkFileList
WriteAuxiliaryFile /Users/admin/builder/spi-builder-workspace/.derivedData/Build/Intermediates.noindex/elementary.build/Debug-watchos/Elementary-t.build/Objects-normal/arm64/Elementary-OutputFileMap.json (in target 'Elementary' from project 'elementary')
cd /Users/admin/builder/spi-builder-workspace/.dependencies/checkouts/elementary
write-file /Users/admin/builder/spi-builder-workspace/.derivedData/Build/Intermediates.noindex/elementary.build/Debug-watchos/Elementary-t.build/Objects-normal/arm64/Elementary-OutputFileMap.json
WriteAuxiliaryFile /Users/admin/builder/spi-builder-workspace/.derivedData/Build/Intermediates.noindex/elementary.build/Debug-watchos/Elementary-t.build/Elementary.modulemap (in target 'Elementary' from project 'elementary')
cd /Users/admin/builder/spi-builder-workspace/.dependencies/checkouts/elementary
write-file /Users/admin/builder/spi-builder-workspace/.derivedData/Build/Intermediates.noindex/elementary.build/Debug-watchos/Elementary-t.build/Elementary.modulemap
WriteAuxiliaryFile /Users/admin/builder/spi-builder-workspace/.derivedData/Build/Intermediates.noindex/elementary.build/Debug-watchos/Elementary-t.build/Elementary.DependencyStaticMetadataFileList (in target 'Elementary' from project 'elementary')
cd /Users/admin/builder/spi-builder-workspace/.dependencies/checkouts/elementary
write-file /Users/admin/builder/spi-builder-workspace/.derivedData/Build/Intermediates.noindex/elementary.build/Debug-watchos/Elementary-t.build/Elementary.DependencyStaticMetadataFileList
WriteAuxiliaryFile /Users/admin/builder/spi-builder-workspace/.derivedData/Build/Intermediates.noindex/elementary.build/Debug-watchos/Elementary-t.build/Elementary.DependencyMetadataFileList (in target 'Elementary' from project 'elementary')
cd /Users/admin/builder/spi-builder-workspace/.dependencies/checkouts/elementary
write-file /Users/admin/builder/spi-builder-workspace/.derivedData/Build/Intermediates.noindex/elementary.build/Debug-watchos/Elementary-t.build/Elementary.DependencyMetadataFileList
Copy /Users/admin/builder/spi-builder-workspace/.derivedData/Build/Intermediates.noindex/GeneratedModuleMaps-watchos/ElementaryTailwind.modulemap /Users/admin/builder/spi-builder-workspace/.derivedData/Build/Intermediates.noindex/elementary-tailwind.build/Debug-watchos/ElementaryTailwind-t.build/ElementaryTailwind.modulemap (in target 'ElementaryTailwind' from project 'elementary-tailwind')
cd /Users/admin/builder/spi-builder-workspace
builtin-copy -exclude .DS_Store -exclude CVS -exclude .svn -exclude .git -exclude .hg -resolve-src-symlinks /Users/admin/builder/spi-builder-workspace/.derivedData/Build/Intermediates.noindex/elementary-tailwind.build/Debug-watchos/ElementaryTailwind-t.build/ElementaryTailwind.modulemap /Users/admin/builder/spi-builder-workspace/.derivedData/Build/Intermediates.noindex/GeneratedModuleMaps-watchos
Copy /Users/admin/builder/spi-builder-workspace/.derivedData/Build/Intermediates.noindex/GeneratedModuleMaps-watchos/Elementary.modulemap /Users/admin/builder/spi-builder-workspace/.derivedData/Build/Intermediates.noindex/elementary.build/Debug-watchos/Elementary-t.build/Elementary.modulemap (in target 'Elementary' from project 'elementary')
cd /Users/admin/builder/spi-builder-workspace/.dependencies/checkouts/elementary
builtin-copy -exclude .DS_Store -exclude CVS -exclude .svn -exclude .git -exclude .hg -resolve-src-symlinks /Users/admin/builder/spi-builder-workspace/.derivedData/Build/Intermediates.noindex/elementary.build/Debug-watchos/Elementary-t.build/Elementary.modulemap /Users/admin/builder/spi-builder-workspace/.derivedData/Build/Intermediates.noindex/GeneratedModuleMaps-watchos
SwiftDriver Elementary normal arm64_32 com.apple.xcode.tools.swift.compiler (in target 'Elementary' from project 'elementary')
cd /Users/admin/builder/spi-builder-workspace/.swiftpm/xcode
builtin-SwiftDriver -- /Applications/Xcode-27.0.0-Release.Candidate.app/Contents/Developer/Toolchains/XcodeDefault.xctoolchain/usr/bin/swiftc -parse-as-library -module-name Elementary -Onone @/Users/admin/builder/spi-builder-workspace/.derivedData/Build/Intermediates.noindex/elementary.build/Debug-watchos/Elementary-t.build/Objects-normal/arm64_32/Elementary.SwiftFileList -DSWIFT_PACKAGE -DDEBUG -DSWIFT_MODULE_RESOURCE_BUNDLE_UNAVAILABLE -DXcode -enable-upcoming-feature ExistentialAny -plugin-path /Applications/Xcode-27.0.0-Release.Candidate.app/Contents/Developer/Toolchains/XcodeDefault.xctoolchain/usr/lib/swift/host/plugins/testing -enable-experimental-feature DebugDescriptionMacro -sdk /Applications/Xcode-27.0.0-Release.Candidate.app/Contents/Developer/Platforms/WatchOS.platform/Developer/SDKs/WatchOS27.0.sdk -target arm64_32-apple-watchos10.0 -g -module-cache-path /Users/admin/builder/spi-builder-workspace/.derivedData/ModuleCache.noindex -Xfrontend -serialize-debugging-options -profile-coverage-mapping -profile-generate -enable-testing -suppress-warnings -index-store-path /Users/admin/builder/spi-builder-workspace/.derivedData/Index.noindex/DataStore -Xcc -D_LIBCPP_HARDENING_MODE\=_LIBCPP_HARDENING_MODE_DEBUG -swift-version 6 -I /Users/admin/builder/spi-builder-workspace/.derivedData/Build/Products/Debug-watchos -Isystem /Applications/Xcode-27.0.0-Release.Candidate.app/Contents/Developer/Platforms/WatchOS.platform/Developer/usr/lib -F /Users/admin/builder/spi-builder-workspace/.derivedData/Build/Products/Debug-watchos -F /Applications/Xcode-27.0.0-Release.Candidate.app/Contents/Developer/Platforms/WatchOS.platform/Developer/Library/Frameworks -F /Applications/Xcode-27.0.0-Release.Candidate.app/Contents/Developer/Platforms/WatchOS.platform/Developer/SDKs/WatchOS27.0.sdk/Developer/Library/Frameworks -c -j10 -enable-batch-mode -incremental -Xcc -ivfsstatcache -Xcc /Users/admin/builder/spi-builder-workspace/.derivedData/SDKStatCaches.noindex/watchos27.0-24R360-e829b21a6f8c9b70876ba0858053c04477534ef55a1706bf4c1112bbb242f0a2.sdkstatcache -output-file-map /Users/admin/builder/spi-builder-workspace/.derivedData/Build/Intermediates.noindex/elementary.build/Debug-watchos/Elementary-t.build/Objects-normal/arm64_32/Elementary-OutputFileMap.json -save-temps -no-color-diagnostics -explicit-module-build -module-cache-path /Users/admin/builder/spi-builder-workspace/.derivedData/Build/Intermediates.noindex/SwiftExplicitPrecompiledModules -clang-scanner-module-cache-path /Users/admin/builder/spi-builder-workspace/.derivedData/ModuleCache.noindex -sdk-module-cache-path /Users/admin/builder/spi-builder-workspace/.derivedData/SDKExplicitPrecompiledModules -emit-dependencies -emit-module -emit-module-path /Users/admin/builder/spi-builder-workspace/.derivedData/Build/Intermediates.noindex/elementary.build/Debug-watchos/Elementary-t.build/Objects-normal/arm64_32/Elementary.swiftmodule -serialize-diagnostics -dependency-scan-serialize-diagnostics-path /Users/admin/builder/spi-builder-workspace/.derivedData/Build/Intermediates.noindex/elementary.build/Debug-watchos/Elementary-t.build/Objects-normal/arm64_32/Elementary-dependency-scan.dia -user-module-version 0.8.2 -validate-clang-modules-once -clang-build-session-file /Users/admin/builder/spi-builder-workspace/.derivedData/ModuleCache.noindex/Session.modulevalidation -Xcc -fmodules-prune-interval\=86400 -Xcc -fmodules-prune-after\=345600 -package-name elementary -emit-const-values -const-gather-protocols-list /Users/admin/builder/spi-builder-workspace/.derivedData/Build/Intermediates.noindex/elementary.build/Debug-watchos/Elementary-t.build/Objects-normal/arm64_32/Elementary_const_extract_protocols.json -Xcc -I/Users/admin/builder/spi-builder-workspace/.derivedData/Build/Products/Debug-watchos/include -Xcc -I/Users/admin/builder/spi-builder-workspace/.derivedData/Build/Intermediates.noindex/elementary.build/Debug-watchos/Elementary-t.build/DerivedSources-normal/arm64_32 -Xcc -I/Users/admin/builder/spi-builder-workspace/.derivedData/Build/Intermediates.noindex/elementary.build/Debug-watchos/Elementary-t.build/DerivedSources/arm64_32 -Xcc -I/Users/admin/builder/spi-builder-workspace/.derivedData/Build/Intermediates.noindex/elementary.build/Debug-watchos/Elementary-t.build/DerivedSources -Xcc -DSWIFT_PACKAGE -Xcc -DDEBUG\=1 -emit-objc-header -emit-objc-header-path /Users/admin/builder/spi-builder-workspace/.derivedData/Build/Intermediates.noindex/elementary.build/Debug-watchos/Elementary-t.build/Objects-normal/arm64_32/Elementary-Swift.h -working-directory /Users/admin/builder/spi-builder-workspace/.swiftpm/xcode -experimental-emit-module-separately -disable-cmo
SwiftDriver Elementary normal arm64 com.apple.xcode.tools.swift.compiler (in target 'Elementary' from project 'elementary')
cd /Users/admin/builder/spi-builder-workspace/.swiftpm/xcode
builtin-SwiftDriver -- /Applications/Xcode-27.0.0-Release.Candidate.app/Contents/Developer/Toolchains/XcodeDefault.xctoolchain/usr/bin/swiftc -parse-as-library -module-name Elementary -Onone @/Users/admin/builder/spi-builder-workspace/.derivedData/Build/Intermediates.noindex/elementary.build/Debug-watchos/Elementary-t.build/Objects-normal/arm64/Elementary.SwiftFileList -DSWIFT_PACKAGE -DDEBUG -DSWIFT_MODULE_RESOURCE_BUNDLE_UNAVAILABLE -DXcode -enable-upcoming-feature ExistentialAny -plugin-path /Applications/Xcode-27.0.0-Release.Candidate.app/Contents/Developer/Toolchains/XcodeDefault.xctoolchain/usr/lib/swift/host/plugins/testing -enable-experimental-feature DebugDescriptionMacro -sdk /Applications/Xcode-27.0.0-Release.Candidate.app/Contents/Developer/Platforms/WatchOS.platform/Developer/SDKs/WatchOS27.0.sdk -target arm64-apple-watchos10.0 -g -module-cache-path /Users/admin/builder/spi-builder-workspace/.derivedData/ModuleCache.noindex -Xfrontend -serialize-debugging-options -profile-coverage-mapping -profile-generate -enable-testing -suppress-warnings -index-store-path /Users/admin/builder/spi-builder-workspace/.derivedData/Index.noindex/DataStore -Xcc -D_LIBCPP_HARDENING_MODE\=_LIBCPP_HARDENING_MODE_DEBUG -swift-version 6 -I /Users/admin/builder/spi-builder-workspace/.derivedData/Build/Products/Debug-watchos -Isystem /Applications/Xcode-27.0.0-Release.Candidate.app/Contents/Developer/Platforms/WatchOS.platform/Developer/usr/lib -F /Users/admin/builder/spi-builder-workspace/.derivedData/Build/Products/Debug-watchos -F /Applications/Xcode-27.0.0-Release.Candidate.app/Contents/Developer/Platforms/WatchOS.platform/Developer/Library/Frameworks -F /Applications/Xcode-27.0.0-Release.Candidate.app/Contents/Developer/Platforms/WatchOS.platform/Developer/SDKs/WatchOS27.0.sdk/Developer/Library/Frameworks -c -j10 -enable-batch-mode -incremental -Xcc -ivfsstatcache -Xcc /Users/admin/builder/spi-builder-workspace/.derivedData/SDKStatCaches.noindex/watchos27.0-24R360-e829b21a6f8c9b70876ba0858053c04477534ef55a1706bf4c1112bbb242f0a2.sdkstatcache -output-file-map /Users/admin/builder/spi-builder-workspace/.derivedData/Build/Intermediates.noindex/elementary.build/Debug-watchos/Elementary-t.build/Objects-normal/arm64/Elementary-OutputFileMap.json -save-temps -no-color-diagnostics -explicit-module-build -module-cache-path /Users/admin/builder/spi-builder-workspace/.derivedData/Build/Intermediates.noindex/SwiftExplicitPrecompiledModules -clang-scanner-module-cache-path /Users/admin/builder/spi-builder-workspace/.derivedData/ModuleCache.noindex -sdk-module-cache-path /Users/admin/builder/spi-builder-workspace/.derivedData/SDKExplicitPrecompiledModules -emit-dependencies -emit-module -emit-module-path /Users/admin/builder/spi-builder-workspace/.derivedData/Build/Intermediates.noindex/elementary.build/Debug-watchos/Elementary-t.build/Objects-normal/arm64/Elementary.swiftmodule -serialize-diagnostics -dependency-scan-serialize-diagnostics-path /Users/admin/builder/spi-builder-workspace/.derivedData/Build/Intermediates.noindex/elementary.build/Debug-watchos/Elementary-t.build/Objects-normal/arm64/Elementary-dependency-scan.dia -user-module-version 0.8.2 -validate-clang-modules-once -clang-build-session-file /Users/admin/builder/spi-builder-workspace/.derivedData/ModuleCache.noindex/Session.modulevalidation -Xcc -fmodules-prune-interval\=86400 -Xcc -fmodules-prune-after\=345600 -package-name elementary -emit-const-values -const-gather-protocols-list /Users/admin/builder/spi-builder-workspace/.derivedData/Build/Intermediates.noindex/elementary.build/Debug-watchos/Elementary-t.build/Objects-normal/arm64/Elementary_const_extract_protocols.json -Xcc -I/Users/admin/builder/spi-builder-workspace/.derivedData/Build/Products/Debug-watchos/include -Xcc -I/Users/admin/builder/spi-builder-workspace/.derivedData/Build/Intermediates.noindex/elementary.build/Debug-watchos/Elementary-t.build/DerivedSources-normal/arm64 -Xcc -I/Users/admin/builder/spi-builder-workspace/.derivedData/Build/Intermediates.noindex/elementary.build/Debug-watchos/Elementary-t.build/DerivedSources/arm64 -Xcc -I/Users/admin/builder/spi-builder-workspace/.derivedData/Build/Intermediates.noindex/elementary.build/Debug-watchos/Elementary-t.build/DerivedSources -Xcc -DSWIFT_PACKAGE -Xcc -DDEBUG\=1 -emit-objc-header -emit-objc-header-path /Users/admin/builder/spi-builder-workspace/.derivedData/Build/Intermediates.noindex/elementary.build/Debug-watchos/Elementary-t.build/Objects-normal/arm64/Elementary-Swift.h -working-directory /Users/admin/builder/spi-builder-workspace/.swiftpm/xcode -experimental-emit-module-separately -disable-cmo
SwiftExplicitDependencyGeneratePcm arm64_32 /Users/admin/builder/spi-builder-workspace/.derivedData/SDKExplicitPrecompiledModules/_Builtin_stdbool-84ZA1VDW90AGWZ2LF5KOCM8DZ.pcm
SwiftExplicitDependencyGeneratePcm arm64_32 /Users/admin/builder/spi-builder-workspace/.derivedData/SDKExplicitPrecompiledModules/_Builtin_stdarg-EYJP6DFYQL9GJLH1TJ84A8MHV.pcm
SwiftExplicitDependencyGeneratePcm arm64_32 /Users/admin/builder/spi-builder-workspace/.derivedData/SDKExplicitPrecompiledModules/_AvailabilityInternal-22ZP1ILSQW16KHXZS5GBZHOCS.pcm
SwiftExplicitDependencyGeneratePcm arm64 /Users/admin/builder/spi-builder-workspace/.derivedData/SDKExplicitPrecompiledModules/_Builtin_stdarg-3X4KLXUYEI0UGBILP4X7D0CYW.pcm
SwiftExplicitDependencyGeneratePcm arm64 /Users/admin/builder/spi-builder-workspace/.derivedData/SDKExplicitPrecompiledModules/SwiftShims-AJ4AZYHQNC33R5RLN7AGEIOMP.pcm
SwiftExplicitDependencyGeneratePcm arm64 /Users/admin/builder/spi-builder-workspace/.derivedData/SDKExplicitPrecompiledModules/_Builtin_stdbool-B692L2PMR118794VVYBG37897.pcm
SwiftExplicitDependencyGeneratePcm arm64_32 /Users/admin/builder/spi-builder-workspace/.derivedData/SDKExplicitPrecompiledModules/_SwiftConcurrencyShims-58G4ISYSYDV3AT1DDGEE0QCUF.pcm
SwiftExplicitDependencyGeneratePcm arm64 /Users/admin/builder/spi-builder-workspace/.derivedData/SDKExplicitPrecompiledModules/_SwiftConcurrencyShims-CTPSFSTDCBVSSQFHL6I305U72.pcm
SwiftExplicitDependencyGeneratePcm arm64 /Users/admin/builder/spi-builder-workspace/.derivedData/SDKExplicitPrecompiledModules/ptrcheck-8K07997SIHO7YGY7UQ3LOQ3TJ.pcm
SwiftExplicitDependencyGeneratePcm arm64 /Users/admin/builder/spi-builder-workspace/.derivedData/SDKExplicitPrecompiledModules/_Builtin_float-E4M4A8689VXF1T7P7BV56IKBT.pcm
SwiftExplicitDependencyGeneratePcm arm64 /Users/admin/builder/spi-builder-workspace/.derivedData/SDKExplicitPrecompiledModules/_Builtin_stddef-5OH846KKUPSJJT7GCX9XU1TKG.pcm
SwiftExplicitDependencyGeneratePcm arm64_32 /Users/admin/builder/spi-builder-workspace/.derivedData/SDKExplicitPrecompiledModules/_Builtin_stddef-2F9BFIPBQ5EWNSK5G7G7V4EKL.pcm
SwiftExplicitDependencyGeneratePcm arm64_32 /Users/admin/builder/spi-builder-workspace/.derivedData/SDKExplicitPrecompiledModules/ptrcheck-EAZ3I917ZFA9H6ZCL6PGLG4TR.pcm
SwiftExplicitDependencyGeneratePcm arm64 /Users/admin/builder/spi-builder-workspace/.derivedData/SDKExplicitPrecompiledModules/_AvailabilityInternal-42EVAC8Q6P1ZT6G3A168N97G4.pcm
SwiftExplicitDependencyGeneratePcm arm64_32 /Users/admin/builder/spi-builder-workspace/.derivedData/SDKExplicitPrecompiledModules/_Builtin_float-372PLGDQ1U3B6Z5EA5DJMDORJ.pcm
SwiftExplicitDependencyGeneratePcm arm64_32 /Users/admin/builder/spi-builder-workspace/.derivedData/SDKExplicitPrecompiledModules/SwiftShims-D9VBB138U50XYYGW2C2V21N3L.pcm
SwiftExplicitDependencyGeneratePcm arm64_32 /Users/admin/builder/spi-builder-workspace/.derivedData/SDKExplicitPrecompiledModules/_DarwinFoundation1-5SNIO0SFHX9KJZTLQGIPAPXUZ.pcm
SwiftExplicitDependencyGeneratePcm arm64 /Users/admin/builder/spi-builder-workspace/.derivedData/SDKExplicitPrecompiledModules/_DarwinFoundation1-7YQ9TVI7XTOGQU9OADRXP33D1.pcm
SwiftExplicitDependencyGeneratePcm arm64_32 /Users/admin/builder/spi-builder-workspace/.derivedData/SDKExplicitPrecompiledModules/_Builtin_limits-AQMEC9CLG0FZQN6TLGDQ6WF78.pcm
SwiftExplicitDependencyGeneratePcm arm64_32 /Users/admin/builder/spi-builder-workspace/.derivedData/SDKExplicitPrecompiledModules/_DarwinFoundation2-FP2Q8F1Q2HR151SBYKTU6Q8B.pcm
SwiftExplicitDependencyGeneratePcm arm64 /Users/admin/builder/spi-builder-workspace/.derivedData/SDKExplicitPrecompiledModules/_DarwinFoundation2-CUPL4FH2SA95GMALQP4M6O8UA.pcm
SwiftExplicitDependencyGeneratePcm arm64 /Users/admin/builder/spi-builder-workspace/.derivedData/SDKExplicitPrecompiledModules/_Builtin_limits-75TRA1C7IHYOFCG3KJXQVTHJ4.pcm
SwiftExplicitDependencyGeneratePcm arm64_32 /Users/admin/builder/spi-builder-workspace/.derivedData/SDKExplicitPrecompiledModules/_Builtin_stdint-6IWJLTRH2WB6RCG4THPA65RDS.pcm
SwiftExplicitDependencyGeneratePcm arm64_32 /Users/admin/builder/spi-builder-workspace/.derivedData/SDKExplicitPrecompiledModules/sys_types-65NN51P1G7GN2GUAUPC53JJ7N.pcm
SwiftExplicitDependencyGeneratePcm arm64 /Users/admin/builder/spi-builder-workspace/.derivedData/SDKExplicitPrecompiledModules/sys_types-9KPVYINL86WUSHF45TU8PWZZ1.pcm
SwiftExplicitDependencyGeneratePcm arm64 /Users/admin/builder/spi-builder-workspace/.derivedData/SDKExplicitPrecompiledModules/_Builtin_stdint-6TUACK4YPMARFT56PLIO388SJ.pcm
SwiftExplicitDependencyGeneratePcm arm64_32 /Users/admin/builder/spi-builder-workspace/.derivedData/SDKExplicitPrecompiledModules/_DarwinFoundation3-3YOBOPIW2MF1LRNQH7JBUBY4G.pcm
SwiftExplicitDependencyGeneratePcm arm64 /Users/admin/builder/spi-builder-workspace/.derivedData/SDKExplicitPrecompiledModules/_DarwinFoundation3-EJXZKD8LN9EYM9OWP9VLJ49PK.pcm
SwiftExplicitDependencyGeneratePcm arm64_32 /Users/admin/builder/spi-builder-workspace/.derivedData/SDKExplicitPrecompiledModules/_Builtin_inttypes-BPZJ68HW1IMYWSHROAZ0IMUJP.pcm
SwiftExplicitDependencyGeneratePcm arm64 /Users/admin/builder/spi-builder-workspace/.derivedData/SDKExplicitPrecompiledModules/_Builtin_inttypes-86YTNV5YADPJXFMJ82N3R4GWQ.pcm
SwiftExplicitDependencyGeneratePcm arm64_32 /Users/admin/builder/spi-builder-workspace/.derivedData/SDKExplicitPrecompiledModules/Darwin-10D35ZJWCWG7LJAF579U7I5V7.pcm
SwiftExplicitDependencyGeneratePcm arm64 /Users/admin/builder/spi-builder-workspace/.derivedData/SDKExplicitPrecompiledModules/Darwin-CSB8C43KELVSFIQVR0803IZPN.pcm
SwiftCompile normal arm64_32 Compiling\ MarkupContent+Render.swift,\ Renderable.swift,\ RenderingUtils.swift,\ SVG+Renderable.swift /Users/admin/builder/spi-builder-workspace/.dependencies/checkouts/elementary/Sources/Elementary/Rendering/MarkupContent+Render.swift /Users/admin/builder/spi-builder-workspace/.dependencies/checkouts/elementary/Sources/Elementary/Rendering/Renderable.swift /Users/admin/builder/spi-builder-workspace/.dependencies/checkouts/elementary/Sources/Elementary/Rendering/RenderingUtils.swift /Users/admin/builder/spi-builder-workspace/.dependencies/checkouts/elementary/Sources/Elementary/SVG/SVG+Renderable.swift (in target 'Elementary' from project 'elementary')
SwiftCompile normal arm64_32 /Users/admin/builder/spi-builder-workspace/.dependencies/checkouts/elementary/Sources/Elementary/Rendering/MarkupContent+Render.swift (in target 'Elementary' from project 'elementary')
cd /Users/admin/builder/spi-builder-workspace/.swiftpm/xcode
builtin-SwiftPerFileCompile MarkupContent+Render.swift
SwiftCompile normal arm64_32 /Users/admin/builder/spi-builder-workspace/.dependencies/checkouts/elementary/Sources/Elementary/Rendering/Renderable.swift (in target 'Elementary' from project 'elementary')
cd /Users/admin/builder/spi-builder-workspace/.swiftpm/xcode
builtin-SwiftPerFileCompile Renderable.swift
SwiftCompile normal arm64_32 /Users/admin/builder/spi-builder-workspace/.dependencies/checkouts/elementary/Sources/Elementary/Rendering/RenderingUtils.swift (in target 'Elementary' from project 'elementary')
cd /Users/admin/builder/spi-builder-workspace/.swiftpm/xcode
builtin-SwiftPerFileCompile RenderingUtils.swift
SwiftCompile normal arm64_32 /Users/admin/builder/spi-builder-workspace/.dependencies/checkouts/elementary/Sources/Elementary/SVG/SVG+Renderable.swift (in target 'Elementary' from project 'elementary')
cd /Users/admin/builder/spi-builder-workspace/.swiftpm/xcode
builtin-SwiftPerFileCompile SVG+Renderable.swift
SwiftCompile normal arm64_32 Compiling\ MarkupAttribute.swift,\ MarkupContent+Structural.swift,\ MarkupContent.swift,\ MarkupTagDefinition.swift /Users/admin/builder/spi-builder-workspace/.dependencies/checkouts/elementary/Sources/Elementary/Markup/MarkupAttribute.swift /Users/admin/builder/spi-builder-workspace/.dependencies/checkouts/elementary/Sources/Elementary/Markup/MarkupContent+Structural.swift /Users/admin/builder/spi-builder-workspace/.dependencies/checkouts/elementary/Sources/Elementary/Markup/MarkupContent.swift /Users/admin/builder/spi-builder-workspace/.dependencies/checkouts/elementary/Sources/Elementary/Markup/MarkupTagDefinition.swift (in target 'Elementary' from project 'elementary')
SwiftCompile normal arm64_32 /Users/admin/builder/spi-builder-workspace/.dependencies/checkouts/elementary/Sources/Elementary/Markup/MarkupAttribute.swift (in target 'Elementary' from project 'elementary')
cd /Users/admin/builder/spi-builder-workspace/.swiftpm/xcode
builtin-SwiftPerFileCompile MarkupAttribute.swift
SwiftCompile normal arm64_32 /Users/admin/builder/spi-builder-workspace/.dependencies/checkouts/elementary/Sources/Elementary/Markup/MarkupContent+Structural.swift (in target 'Elementary' from project 'elementary')
cd /Users/admin/builder/spi-builder-workspace/.swiftpm/xcode
builtin-SwiftPerFileCompile MarkupContent+Structural.swift
SwiftCompile normal arm64_32 /Users/admin/builder/spi-builder-workspace/.dependencies/checkouts/elementary/Sources/Elementary/Markup/MarkupContent.swift (in target 'Elementary' from project 'elementary')
cd /Users/admin/builder/spi-builder-workspace/.swiftpm/xcode
builtin-SwiftPerFileCompile MarkupContent.swift
SwiftCompile normal arm64_32 /Users/admin/builder/spi-builder-workspace/.dependencies/checkouts/elementary/Sources/Elementary/Markup/MarkupTagDefinition.swift (in target 'Elementary' from project 'elementary')
cd /Users/admin/builder/spi-builder-workspace/.swiftpm/xcode
builtin-SwiftPerFileCompile MarkupTagDefinition.swift
SwiftCompile normal arm64_32 Compiling\ SVG.swift,\ SVGAttributes.swift,\ SVGContent+Structural.swift,\ SVGElement.swift /Users/admin/builder/spi-builder-workspace/.dependencies/checkouts/elementary/Sources/Elementary/SVG/SVG.swift /Users/admin/builder/spi-builder-workspace/.dependencies/checkouts/elementary/Sources/Elementary/SVG/SVGAttributes.swift /Users/admin/builder/spi-builder-workspace/.dependencies/checkouts/elementary/Sources/Elementary/SVG/SVGContent+Structural.swift /Users/admin/builder/spi-builder-workspace/.dependencies/checkouts/elementary/Sources/Elementary/SVG/SVGElement.swift (in target 'Elementary' from project 'elementary')
SwiftCompile normal arm64_32 /Users/admin/builder/spi-builder-workspace/.dependencies/checkouts/elementary/Sources/Elementary/SVG/SVG.swift (in target 'Elementary' from project 'elementary')
cd /Users/admin/builder/spi-builder-workspace/.swiftpm/xcode
builtin-SwiftPerFileCompile SVG.swift
SwiftCompile normal arm64_32 /Users/admin/builder/spi-builder-workspace/.dependencies/checkouts/elementary/Sources/Elementary/SVG/SVGAttributes.swift (in target 'Elementary' from project 'elementary')
cd /Users/admin/builder/spi-builder-workspace/.swiftpm/xcode
builtin-SwiftPerFileCompile SVGAttributes.swift
SwiftCompile normal arm64_32 /Users/admin/builder/spi-builder-workspace/.dependencies/checkouts/elementary/Sources/Elementary/SVG/SVGContent+Structural.swift (in target 'Elementary' from project 'elementary')
cd /Users/admin/builder/spi-builder-workspace/.swiftpm/xcode
builtin-SwiftPerFileCompile SVGContent+Structural.swift
SwiftCompile normal arm64_32 /Users/admin/builder/spi-builder-workspace/.dependencies/checkouts/elementary/Sources/Elementary/SVG/SVGElement.swift (in target 'Elementary' from project 'elementary')
cd /Users/admin/builder/spi-builder-workspace/.swiftpm/xcode
builtin-SwiftPerFileCompile SVGElement.swift
SwiftEmitModule normal arm64_32 Emitting\ module\ for\ Elementary (in target 'Elementary' from project 'elementary')
/Users/admin/builder/spi-builder-workspace/.dependencies/checkouts/elementary/Sources/Elementary/ServerSupport/SendOnceBox.swift:11:16: error: 'Mutex' is only available in watchOS 11.0 or newer
3 |
4 | @available(iOS 18, macOS 15, *)
5 | final class SendOnceBox: Sendable, SendOnceBoxing {
| `- note: add '@available' attribute to enclosing class
6 | // final class SendOnceBox<Value>: Sendable, SendOnceBoxing {
7 | typealias Value = any HTML
:
9 | // https://github.com/swiftlang/swift/issues/78048
10 |
11 | let mutex: Mutex<Value?>
| `- error: 'Mutex' is only available in watchOS 11.0 or newer
12 |
13 | init(_ value: sending Value) {
Failed frontend command:
/Applications/Xcode-27.0.0-Release.Candidate.app/Contents/Developer/Toolchains/XcodeDefault.xctoolchain/usr/bin/swift-frontend -frontend -emit-module -experimental-skip-non-inlinable-function-bodies-without-types /Users/admin/builder/spi-builder-workspace/.dependencies/checkouts/elementary/Sources/Elementary/Content/AsyncContent.swift /Users/admin/builder/spi-builder-workspace/.dependencies/checkouts/elementary/Sources/Elementary/Content/AsyncForEach.swift /Users/admin/builder/spi-builder-workspace/.dependencies/checkouts/elementary/Sources/Elementary/Content/Content+Renderable.swift /Users/admin/builder/spi-builder-workspace/.dependencies/checkouts/elementary/Sources/Elementary/Content/ContentBuilder+Tuples.swift /Users/admin/builder/spi-builder-workspace/.dependencies/checkouts/elementary/Sources/Elementary/Content/ContentBuilder.swift /Users/admin/builder/spi-builder-workspace/.dependencies/checkouts/elementary/Sources/Elementary/Content/ForEach.swift /Users/admin/builder/spi-builder-workspace/.dependencies/checkouts/elementary/Sources/Elementary/Content/Group.swift /Users/admin/builder/spi-builder-workspace/.dependencies/checkouts/elementary/Sources/Elementary/HTML/HTML+Environment.swift /Users/admin/builder/spi-builder-workspace/.dependencies/checkouts/elementary/Sources/Elementary/HTML/HTML+Renderable.swift /Users/admin/builder/spi-builder-workspace/.dependencies/checkouts/elementary/Sources/Elementary/HTML/HTML+StructuralContent.swift /Users/admin/builder/spi-builder-workspace/.dependencies/checkouts/elementary/Sources/Elementary/HTML/HTML.swift /Users/admin/builder/spi-builder-workspace/.dependencies/checkouts/elementary/Sources/Elementary/HTML/HTMLAttributes+Common.swift /Users/admin/builder/spi-builder-workspace/.dependencies/checkouts/elementary/Sources/Elementary/HTML/HTMLAttributes+Event.swift /Users/admin/builder/spi-builder-workspace/.dependencies/checkouts/elementary/Sources/Elementary/HTML/HTMLAttributes+Global.swift /Users/admin/builder/spi-builder-workspace/.dependencies/checkouts/elementary/Sources/Elementary/HTML/HTMLComment.swift /Users/admin/builder/spi-builder-workspace/.dependencies/checkouts/elementary/Sources/Elementary/HTML/HTMLDocument.swift /Users/admin/builder/spi-builder-workspace/.dependencies/checkouts/elementary/Sources/Elementary/HTML/HTMLElement.swift /Users/admin/builder/spi-builder-workspace/.dependencies/checkouts/elementary/Sources/Elementary/HTML/HTMLElements.swift /Users/admin/builder/spi-builder-workspace/.dependencies/checkouts/elementary/Sources/Elementary/HTML/HTMLRaw.swift /Users/admin/builder/spi-builder-workspace/.dependencies/checkouts/elementary/Sources/Elementary/HTML/HTMLTags.swift /Users/admin/builder/spi-builder-workspace/.dependencies/checkouts/elementary/Sources/Elementary/HTML/HTMLVoidElement.swift /Users/admin/builder/spi-builder-workspace/.dependencies/checkouts/elementary/Sources/Elementary/Markup/AttributeStorage.swift /Users/admin/builder/spi-builder-workspace/.dependencies/checkouts/elementary/Sources/Elementary/Markup/AttributedElement.swift /Users/admin/builder/spi-builder-workspace/.dependencies/checkouts/elementary/Sources/Elementary/Markup/Environment.swift /Users/admin/builder/spi-builder-workspace/.dependencies/checkouts/elementary/Sources/Elementary/Markup/Markup+Renderable.swift /Users/admin/builder/spi-builder-workspace/.dependencies/checkouts/elementary/Sources/Elementary/Markup/MarkupAttribute.swift /Users/admin/builder/spi-builder-workspace/.dependencies/checkouts/elementary/Sources/Elementary/Markup/MarkupContent+Structural.swift /Users/admin/builder/spi-builder-workspace/.dependencies/checkouts/elementary/Sources/Elementary/Markup/MarkupContent.swift /Users/admin/builder/spi-builder-workspace/.dependencies/checkouts/elementary/Sources/Elementary/Markup/MarkupTagDefinition.swift /Users/admin/builder/spi-builder-workspace/.dependencies/checkouts/elementary/Sources/Elementary/Markup/StoredAttribute+StyleKeyValuePairs.swift /Users/admin/builder/spi-builder-workspace/.dependencies/checkouts/elementary/Sources/Elementary/Markup/StoredAttribute.swift /Users/admin/builder/spi-builder-workspace/.dependencies/checkouts/elementary/Sources/Elementary/Rendering/AsyncHTMLRenderer.swift /Users/admin/builder/spi-builder-workspace/.dependencies/checkouts/elementary/Sources/Elementary/Rendering/HtmlTextRenderer.swift /Users/admin/builder/spi-builder-workspace/.dependencies/checkouts/elementary/Sources/Elementary/Rendering/MarkupContent+Render.swift /Users/admin/builder/spi-builder-workspace/.dependencies/checkouts/elementary/Sources/Elementary/Rendering/Renderable.swift /Users/admin/builder/spi-builder-workspace/.dependencies/checkouts/elementary/Sources/Elementary/Rendering/RenderingUtils.swift /Users/admin/builder/spi-builder-workspace/.dependencies/checkouts/elementary/Sources/Elementary/SVG/SVG+Renderable.swift /Users/admin/builder/spi-builder-workspace/.dependencies/checkouts/elementary/Sources/Elementary/SVG/SVG.swift /Users/admin/builder/spi-builder-workspace/.dependencies/checkouts/elementary/Sources/Elementary/SVG/SVGAttributes.swift /Users/admin/builder/spi-builder-workspace/.dependencies/checkouts/elementary/Sources/Elementary/SVG/SVGContent+Structural.swift /Users/admin/builder/spi-builder-workspace/.dependencies/checkouts/elementary/Sources/Elementary/SVG/SVGElement.swift /Users/admin/builder/spi-builder-workspace/.dependencies/checkouts/elementary/Sources/Elementary/SVG/SVGTags.swift /Users/admin/builder/spi-builder-workspace/.dependencies/checkouts/elementary/Sources/Elementary/SVG/SVGValues.swift /Users/admin/builder/spi-builder-workspace/.dependencies/checkouts/elementary/Sources/Elementary/ServerSupport/SendOnceBox.swift /Users/admin/builder/spi-builder-workspace/.dependencies/checkouts/elementary/Sources/Elementary/ServerSupport/SendableAnyHTMLBox.swift -target arm64_32-apple-watchos10.0 -disable-cross-import-overlay-search -load-resolved-plugin /Applications/Xcode-27.0.0-Release.Candidate.app/Contents/Developer/Platforms/WatchOS.platform/Developer/usr/lib/swift/host/plugins/libSwiftMacros.dylib\#/Applications/Xcode-27.0.0-Release.Candidate.app/Contents/Developer/Platforms/WatchOS.platform/Developer/usr/bin/swift-plugin-server\#SwiftMacros -disable-implicit-swift-modules -Xcc -fno-implicit-modules -Xcc -fno-implicit-module-maps -explicit-swift-module-map-file /Users/admin/builder/spi-builder-workspace/.derivedData/Build/Intermediates.noindex/elementary.build/Debug-watchos/Elementary-t.build/Objects-normal/arm64_32/Elementary-dependencies-1.json -enable-objc-interop -sdk /Applications/Xcode-27.0.0-Release.Candidate.app/Contents/Developer/Platforms/WatchOS.platform/Developer/SDKs/WatchOS27.0.sdk -I /Users/admin/builder/spi-builder-workspace/.derivedData/Build/Products/Debug-watchos -Isystem /Applications/Xcode-27.0.0-Release.Candidate.app/Contents/Developer/Platforms/WatchOS.platform/Developer/usr/lib -F /Users/admin/builder/spi-builder-workspace/.derivedData/Build/Products/Debug-watchos -F /Applications/Xcode-27.0.0-Release.Candidate.app/Contents/Developer/Platforms/WatchOS.platform/Developer/Library/Frameworks -F /Applications/Xcode-27.0.0-Release.Candidate.app/Contents/Developer/Platforms/WatchOS.platform/Developer/SDKs/WatchOS27.0.sdk/Developer/Library/Frameworks -module-cache-path /Users/admin/builder/spi-builder-workspace/.derivedData/Build/Intermediates.noindex/SwiftExplicitPrecompiledModules -no-color-diagnostics -Xcc -fno-color-diagnostics -enable-testing -g -debug-info-format\=dwarf -dwarf-version\=4 -suppress-warnings -profile-generate -profile-coverage-mapping -swift-version 6 -Onone -D SWIFT_PACKAGE -D DEBUG -D SWIFT_MODULE_RESOURCE_BUNDLE_UNAVAILABLE -D Xcode -serialize-debugging-options -enable-upcoming-feature ExistentialAny -enable-experimental-feature DebugDescriptionMacro -empty-abi-descriptor -user-module-version 0.8.2 -validate-clang-modules-once -clang-build-session-file /Users/admin/builder/spi-builder-workspace/.derivedData/ModuleCache.noindex/Session.modulevalidation -Xcc -working-directory -Xcc /Users/admin/builder/spi-builder-workspace/.swiftpm/xcode -enable-anonymous-context-mangled-names -file-compilation-dir /Users/admin/builder/spi-builder-workspace/.swiftpm/xcode -Xcc -D_LIBCPP_HARDENING_MODE\=_LIBCPP_HARDENING_MODE_DEBUG -Xcc -ivfsstatcache -Xcc /Users/admin/builder/spi-builder-workspace/.derivedData/SDKStatCaches.noindex/watchos27.0-24R360-e829b21a6f8c9b70876ba0858053c04477534ef55a1706bf4c1112bbb242f0a2.sdkstatcache -Xcc -fmodules-prune-interval\=86400 -Xcc -fmodules-prune-after\=345600 -Xcc -I/Users/admin/builder/spi-builder-workspace/.derivedData/Build/Products/Debug-watchos/include -Xcc -I/Users/admin/builder/spi-builder-workspace/.derivedData/Build/Intermediates.noindex/elementary.build/Debug-watchos/Elementary-t.build/DerivedSources-normal/arm64_32 -Xcc -I/Users/admin/builder/spi-builder-workspace/.derivedData/Build/Intermediates.noindex/elementary.build/Debug-watchos/Elementary-t.build/DerivedSources/arm64_32 -Xcc -I/Users/admin/builder/spi-builder-workspace/.derivedData/Build/Intermediates.noindex/elementary.build/Debug-watchos/Elementary-t.build/DerivedSources -Xcc -DSWIFT_PACKAGE -Xcc -DDEBUG\=1 -no-auto-bridging-header-chaining -module-name Elementary -package-name elementary -const-gather-protocols-file /Users/admin/builder/spi-builder-workspace/.derivedData/Build/Intermediates.noindex/elementary.build/Debug-watchos/Elementary-t.build/Objects-normal/arm64_32/Elementary_const_extract_protocols.json -disable-clang-spi -clang-target arm64_32-apple-watchos27.0 -target-sdk-version 27.0 -target-sdk-name watchos27.0 -in-process-plugin-server-path /Applications/Xcode-27.0.0-Release.Candidate.app/Contents/Developer/Toolchains/XcodeDefault.xctoolchain/usr/lib/swift/host/libSwiftInProcPluginServer.dylib -emit-module-doc-path /Users/admin/builder/spi-builder-workspace/.derivedData/Build/Intermediates.noindex/elementary.build/Debug-watchos/Elementary-t.build/Objects-normal/arm64_32/Elementary.swiftdoc -emit-module-source-info-path /Users/admin/builder/spi-builder-workspace/.derivedData/Build/Intermediates.noindex/elementary.build/Debug-watchos/Elementary-t.build/Objects-normal/arm64_32/Elementary.swiftsourceinfo -emit-objc-header-path /Users/admin/builder/spi-builder-workspace/.derivedData/Build/Intermediates.noindex/elementary.build/Debug-watchos/Elementary-t.build/Objects-normal/arm64_32/Elementary-Swift.h -serialize-diagnostics-path /Users/admin/builder/spi-builder-workspace/.derivedData/Build/Intermediates.noindex/elementary.build/Debug-watchos/Elementary-t.build/Objects-normal/arm64_32/Elementary-primary-emit-module.dia -emit-dependencies-path /Users/admin/builder/spi-builder-workspace/.derivedData/Build/Intermediates.noindex/elementary.build/Debug-watchos/Elementary-t.build/Objects-normal/arm64_32/Elementary-primary-emit-module.d -parse-as-library -o /Users/admin/builder/spi-builder-workspace/.derivedData/Build/Intermediates.noindex/elementary.build/Debug-watchos/Elementary-t.build/Objects-normal/arm64_32/Elementary.swiftmodule -emit-abi-descriptor-path /Users/admin/builder/spi-builder-workspace/.derivedData/Build/Intermediates.noindex/elementary.build/Debug-watchos/Elementary-t.build/Objects-normal/arm64_32/Elementary.abi.json
SwiftCompile normal arm64_32 (in target 'Elementary' from project 'elementary')
cd /Users/admin/builder/spi-builder-workspace/.swiftpm/xcode
SwiftCompile normal arm64_32 Compiling\ HTML.swift,\ HTMLAttributes+Common.swift,\ HTMLAttributes+Event.swift,\ HTMLAttributes+Global.swift,\ HTMLComment.swift /Users/admin/builder/spi-builder-workspace/.dependencies/checkouts/elementary/Sources/Elementary/HTML/HTML.swift /Users/admin/builder/spi-builder-workspace/.dependencies/checkouts/elementary/Sources/Elementary/HTML/HTMLAttributes+Common.swift /Users/admin/builder/spi-builder-workspace/.dependencies/checkouts/elementary/Sources/Elementary/HTML/HTMLAttributes+Event.swift /Users/admin/builder/spi-builder-workspace/.dependencies/checkouts/elementary/Sources/Elementary/HTML/HTMLAttributes+Global.swift /Users/admin/builder/spi-builder-workspace/.dependencies/checkouts/elementary/Sources/Elementary/HTML/HTMLComment.swift (in target 'Elementary' from project 'elementary')
SwiftCompile normal arm64_32 /Users/admin/builder/spi-builder-workspace/.dependencies/checkouts/elementary/Sources/Elementary/HTML/HTML.swift (in target 'Elementary' from project 'elementary')
cd /Users/admin/builder/spi-builder-workspace/.swiftpm/xcode
builtin-SwiftPerFileCompile HTML.swift
SwiftCompile normal arm64_32 /Users/admin/builder/spi-builder-workspace/.dependencies/checkouts/elementary/Sources/Elementary/HTML/HTMLAttributes+Common.swift (in target 'Elementary' from project 'elementary')
cd /Users/admin/builder/spi-builder-workspace/.swiftpm/xcode
builtin-SwiftPerFileCompile HTMLAttributes+Common.swift
SwiftCompile normal arm64_32 /Users/admin/builder/spi-builder-workspace/.dependencies/checkouts/elementary/Sources/Elementary/HTML/HTMLAttributes+Event.swift (in target 'Elementary' from project 'elementary')
cd /Users/admin/builder/spi-builder-workspace/.swiftpm/xcode
builtin-SwiftPerFileCompile HTMLAttributes+Event.swift
SwiftCompile normal arm64_32 /Users/admin/builder/spi-builder-workspace/.dependencies/checkouts/elementary/Sources/Elementary/HTML/HTMLAttributes+Global.swift (in target 'Elementary' from project 'elementary')
cd /Users/admin/builder/spi-builder-workspace/.swiftpm/xcode
builtin-SwiftPerFileCompile HTMLAttributes+Global.swift
SwiftCompile normal arm64_32 /Users/admin/builder/spi-builder-workspace/.dependencies/checkouts/elementary/Sources/Elementary/HTML/HTMLComment.swift (in target 'Elementary' from project 'elementary')
cd /Users/admin/builder/spi-builder-workspace/.swiftpm/xcode
builtin-SwiftPerFileCompile HTMLComment.swift
SwiftCompile normal arm64_32 Compiling\ SVGTags.swift,\ SVGValues.swift,\ SendOnceBox.swift,\ SendableAnyHTMLBox.swift /Users/admin/builder/spi-builder-workspace/.dependencies/checkouts/elementary/Sources/Elementary/SVG/SVGTags.swift /Users/admin/builder/spi-builder-workspace/.dependencies/checkouts/elementary/Sources/Elementary/SVG/SVGValues.swift /Users/admin/builder/spi-builder-workspace/.dependencies/checkouts/elementary/Sources/Elementary/ServerSupport/SendOnceBox.swift /Users/admin/builder/spi-builder-workspace/.dependencies/checkouts/elementary/Sources/Elementary/ServerSupport/SendableAnyHTMLBox.swift (in target 'Elementary' from project 'elementary')
/Users/admin/builder/spi-builder-workspace/.dependencies/checkouts/elementary/Sources/Elementary/ServerSupport/SendOnceBox.swift:11:16: error: 'Mutex' is only available in watchOS 11.0 or newer
3 |
4 | @available(iOS 18, macOS 15, *)
5 | final class SendOnceBox: Sendable, SendOnceBoxing {
| `- note: add '@available' attribute to enclosing class
6 | // final class SendOnceBox<Value>: Sendable, SendOnceBoxing {
7 | typealias Value = any HTML
:
9 | // https://github.com/swiftlang/swift/issues/78048
10 |
11 | let mutex: Mutex<Value?>
| `- error: 'Mutex' is only available in watchOS 11.0 or newer
12 |
13 | init(_ value: sending Value) {
/Users/admin/builder/spi-builder-workspace/.dependencies/checkouts/elementary/Sources/Elementary/ServerSupport/SendOnceBox.swift:14:17: error: 'Mutex' is only available in watchOS 11.0 or newer
3 |
4 | @available(iOS 18, macOS 15, *)
5 | final class SendOnceBox: Sendable, SendOnceBoxing {
| `- note: add '@available' attribute to enclosing class
6 | // final class SendOnceBox<Value>: Sendable, SendOnceBoxing {
7 | typealias Value = any HTML
:
11 | let mutex: Mutex<Value?>
12 |
13 | init(_ value: sending Value) {
| `- note: add '@available' attribute to enclosing initializer
14 | mutex = Mutex(value)
| |- error: 'Mutex' is only available in watchOS 11.0 or newer
| `- note: add 'if #available' version check
15 | }
16 |
/Users/admin/builder/spi-builder-workspace/.dependencies/checkouts/elementary/Sources/Elementary/ServerSupport/SendOnceBox.swift:14:17: error: 'init(_:)' is only available in watchOS 11.0 or newer
3 |
4 | @available(iOS 18, macOS 15, *)
5 | final class SendOnceBox: Sendable, SendOnceBoxing {
| `- note: add '@available' attribute to enclosing class
6 | // final class SendOnceBox<Value>: Sendable, SendOnceBoxing {
7 | typealias Value = any HTML
:
11 | let mutex: Mutex<Value?>
12 |
13 | init(_ value: sending Value) {
| `- note: add '@available' attribute to enclosing initializer
14 | mutex = Mutex(value)
| |- error: 'init(_:)' is only available in watchOS 11.0 or newer
| `- note: add 'if #available' version check
15 | }
16 |
SwiftCompile normal arm64_32 /Users/admin/builder/spi-builder-workspace/.dependencies/checkouts/elementary/Sources/Elementary/SVG/SVGTags.swift (in target 'Elementary' from project 'elementary')
cd /Users/admin/builder/spi-builder-workspace/.swiftpm/xcode
builtin-SwiftPerFileCompile SVGTags.swift
SwiftCompile normal arm64_32 /Users/admin/builder/spi-builder-workspace/.dependencies/checkouts/elementary/Sources/Elementary/SVG/SVGValues.swift (in target 'Elementary' from project 'elementary')
cd /Users/admin/builder/spi-builder-workspace/.swiftpm/xcode
builtin-SwiftPerFileCompile SVGValues.swift
SwiftCompile normal arm64_32 /Users/admin/builder/spi-builder-workspace/.dependencies/checkouts/elementary/Sources/Elementary/ServerSupport/SendOnceBox.swift (in target 'Elementary' from project 'elementary')
cd /Users/admin/builder/spi-builder-workspace/.swiftpm/xcode
builtin-SwiftPerFileCompile SendOnceBox.swift
SwiftCompile normal arm64_32 /Users/admin/builder/spi-builder-workspace/.dependencies/checkouts/elementary/Sources/Elementary/ServerSupport/SendableAnyHTMLBox.swift (in target 'Elementary' from project 'elementary')
cd /Users/admin/builder/spi-builder-workspace/.swiftpm/xcode
builtin-SwiftPerFileCompile SendableAnyHTMLBox.swift
SwiftCompile normal arm64_32 Compiling\ StoredAttribute+StyleKeyValuePairs.swift,\ StoredAttribute.swift,\ AsyncHTMLRenderer.swift,\ HtmlTextRenderer.swift /Users/admin/builder/spi-builder-workspace/.dependencies/checkouts/elementary/Sources/Elementary/Markup/StoredAttribute+StyleKeyValuePairs.swift /Users/admin/builder/spi-builder-workspace/.dependencies/checkouts/elementary/Sources/Elementary/Markup/StoredAttribute.swift /Users/admin/builder/spi-builder-workspace/.dependencies/checkouts/elementary/Sources/Elementary/Rendering/AsyncHTMLRenderer.swift /Users/admin/builder/spi-builder-workspace/.dependencies/checkouts/elementary/Sources/Elementary/Rendering/HtmlTextRenderer.swift (in target 'Elementary' from project 'elementary')
SwiftCompile normal arm64_32 /Users/admin/builder/spi-builder-workspace/.dependencies/checkouts/elementary/Sources/Elementary/Markup/StoredAttribute+StyleKeyValuePairs.swift (in target 'Elementary' from project 'elementary')
cd /Users/admin/builder/spi-builder-workspace/.swiftpm/xcode
builtin-SwiftPerFileCompile StoredAttribute+StyleKeyValuePairs.swift
SwiftCompile normal arm64_32 /Users/admin/builder/spi-builder-workspace/.dependencies/checkouts/elementary/Sources/Elementary/Markup/StoredAttribute.swift (in target 'Elementary' from project 'elementary')
cd /Users/admin/builder/spi-builder-workspace/.swiftpm/xcode
builtin-SwiftPerFileCompile StoredAttribute.swift
SwiftCompile normal arm64_32 /Users/admin/builder/spi-builder-workspace/.dependencies/checkouts/elementary/Sources/Elementary/Rendering/AsyncHTMLRenderer.swift (in target 'Elementary' from project 'elementary')
cd /Users/admin/builder/spi-builder-workspace/.swiftpm/xcode
builtin-SwiftPerFileCompile AsyncHTMLRenderer.swift
SwiftCompile normal arm64_32 /Users/admin/builder/spi-builder-workspace/.dependencies/checkouts/elementary/Sources/Elementary/Rendering/HtmlTextRenderer.swift (in target 'Elementary' from project 'elementary')
cd /Users/admin/builder/spi-builder-workspace/.swiftpm/xcode
builtin-SwiftPerFileCompile HtmlTextRenderer.swift
SwiftCompile normal arm64_32 Compiling\ ForEach.swift,\ Group.swift,\ HTML+Environment.swift,\ HTML+Renderable.swift,\ HTML+StructuralContent.swift /Users/admin/builder/spi-builder-workspace/.dependencies/checkouts/elementary/Sources/Elementary/Content/ForEach.swift /Users/admin/builder/spi-builder-workspace/.dependencies/checkouts/elementary/Sources/Elementary/Content/Group.swift /Users/admin/builder/spi-builder-workspace/.dependencies/checkouts/elementary/Sources/Elementary/HTML/HTML+Environment.swift /Users/admin/builder/spi-builder-workspace/.dependencies/checkouts/elementary/Sources/Elementary/HTML/HTML+Renderable.swift /Users/admin/builder/spi-builder-workspace/.dependencies/checkouts/elementary/Sources/Elementary/HTML/HTML+StructuralContent.swift (in target 'Elementary' from project 'elementary')
SwiftCompile normal arm64_32 /Users/admin/builder/spi-builder-workspace/.dependencies/checkouts/elementary/Sources/Elementary/Content/ForEach.swift (in target 'Elementary' from project 'elementary')
cd /Users/admin/builder/spi-builder-workspace/.swiftpm/xcode
builtin-SwiftPerFileCompile ForEach.swift
SwiftCompile normal arm64_32 /Users/admin/builder/spi-builder-workspace/.dependencies/checkouts/elementary/Sources/Elementary/Content/Group.swift (in target 'Elementary' from project 'elementary')
cd /Users/admin/builder/spi-builder-workspace/.swiftpm/xcode
builtin-SwiftPerFileCompile Group.swift
SwiftCompile normal arm64_32 /Users/admin/builder/spi-builder-workspace/.dependencies/checkouts/elementary/Sources/Elementary/HTML/HTML+Environment.swift (in target 'Elementary' from project 'elementary')
cd /Users/admin/builder/spi-builder-workspace/.swiftpm/xcode
builtin-SwiftPerFileCompile HTML+Environment.swift
SwiftCompile normal arm64_32 /Users/admin/builder/spi-builder-workspace/.dependencies/checkouts/elementary/Sources/Elementary/HTML/HTML+Renderable.swift (in target 'Elementary' from project 'elementary')
cd /Users/admin/builder/spi-builder-workspace/.swiftpm/xcode
builtin-SwiftPerFileCompile HTML+Renderable.swift
SwiftCompile normal arm64_32 /Users/admin/builder/spi-builder-workspace/.dependencies/checkouts/elementary/Sources/Elementary/HTML/HTML+StructuralContent.swift (in target 'Elementary' from project 'elementary')
cd /Users/admin/builder/spi-builder-workspace/.swiftpm/xcode
builtin-SwiftPerFileCompile HTML+StructuralContent.swift
SwiftCompile normal arm64_32 Compiling\ AsyncContent.swift,\ AsyncForEach.swift,\ Content+Renderable.swift,\ ContentBuilder+Tuples.swift,\ ContentBuilder.swift /Users/admin/builder/spi-builder-workspace/.dependencies/checkouts/elementary/Sources/Elementary/Content/AsyncContent.swift /Users/admin/builder/spi-builder-workspace/.dependencies/checkouts/elementary/Sources/Elementary/Content/AsyncForEach.swift /Users/admin/builder/spi-builder-workspace/.dependencies/checkouts/elementary/Sources/Elementary/Content/Content+Renderable.swift /Users/admin/builder/spi-builder-workspace/.dependencies/checkouts/elementary/Sources/Elementary/Content/ContentBuilder+Tuples.swift /Users/admin/builder/spi-builder-workspace/.dependencies/checkouts/elementary/Sources/Elementary/Content/ContentBuilder.swift (in target 'Elementary' from project 'elementary')
SwiftCompile normal arm64_32 /Users/admin/builder/spi-builder-workspace/.dependencies/checkouts/elementary/Sources/Elementary/Content/AsyncContent.swift (in target 'Elementary' from project 'elementary')
cd /Users/admin/builder/spi-builder-workspace/.swiftpm/xcode
builtin-SwiftPerFileCompile AsyncContent.swift
SwiftCompile normal arm64_32 /Users/admin/builder/spi-builder-workspace/.dependencies/checkouts/elementary/Sources/Elementary/Content/AsyncForEach.swift (in target 'Elementary' from project 'elementary')
cd /Users/admin/builder/spi-builder-workspace/.swiftpm/xcode
builtin-SwiftPerFileCompile AsyncForEach.swift
SwiftCompile normal arm64_32 /Users/admin/builder/spi-builder-workspace/.dependencies/checkouts/elementary/Sources/Elementary/Content/Content+Renderable.swift (in target 'Elementary' from project 'elementary')
cd /Users/admin/builder/spi-builder-workspace/.swiftpm/xcode
builtin-SwiftPerFileCompile Content+Renderable.swift
SwiftCompile normal arm64_32 /Users/admin/builder/spi-builder-workspace/.dependencies/checkouts/elementary/Sources/Elementary/Content/ContentBuilder+Tuples.swift (in target 'Elementary' from project 'elementary')
cd /Users/admin/builder/spi-builder-workspace/.swiftpm/xcode
builtin-SwiftPerFileCompile ContentBuilder+Tuples.swift
SwiftCompile normal arm64_32 /Users/admin/builder/spi-builder-workspace/.dependencies/checkouts/elementary/Sources/Elementary/Content/ContentBuilder.swift (in target 'Elementary' from project 'elementary')
cd /Users/admin/builder/spi-builder-workspace/.swiftpm/xcode
builtin-SwiftPerFileCompile ContentBuilder.swift
SwiftCompile normal arm64_32 Compiling\ HTMLVoidElement.swift,\ AttributeStorage.swift,\ AttributedElement.swift,\ Environment.swift,\ Markup+Renderable.swift /Users/admin/builder/spi-builder-workspace/.dependencies/checkouts/elementary/Sources/Elementary/HTML/HTMLVoidElement.swift /Users/admin/builder/spi-builder-workspace/.dependencies/checkouts/elementary/Sources/Elementary/Markup/AttributeStorage.swift /Users/admin/builder/spi-builder-workspace/.dependencies/checkouts/elementary/Sources/Elementary/Markup/AttributedElement.swift /Users/admin/builder/spi-builder-workspace/.dependencies/checkouts/elementary/Sources/Elementary/Markup/Environment.swift /Users/admin/builder/spi-builder-workspace/.dependencies/checkouts/elementary/Sources/Elementary/Markup/Markup+Renderable.swift (in target 'Elementary' from project 'elementary')
SwiftCompile normal arm64_32 /Users/admin/builder/spi-builder-workspace/.dependencies/checkouts/elementary/Sources/Elementary/HTML/HTMLVoidElement.swift (in target 'Elementary' from project 'elementary')
cd /Users/admin/builder/spi-builder-workspace/.swiftpm/xcode
builtin-SwiftPerFileCompile HTMLVoidElement.swift
SwiftCompile normal arm64_32 /Users/admin/builder/spi-builder-workspace/.dependencies/checkouts/elementary/Sources/Elementary/Markup/AttributeStorage.swift (in target 'Elementary' from project 'elementary')
cd /Users/admin/builder/spi-builder-workspace/.swiftpm/xcode
builtin-SwiftPerFileCompile AttributeStorage.swift
SwiftCompile normal arm64_32 /Users/admin/builder/spi-builder-workspace/.dependencies/checkouts/elementary/Sources/Elementary/Markup/AttributedElement.swift (in target 'Elementary' from project 'elementary')
cd /Users/admin/builder/spi-builder-workspace/.swiftpm/xcode
builtin-SwiftPerFileCompile AttributedElement.swift
SwiftCompile normal arm64_32 /Users/admin/builder/spi-builder-workspace/.dependencies/checkouts/elementary/Sources/Elementary/Markup/Environment.swift (in target 'Elementary' from project 'elementary')
cd /Users/admin/builder/spi-builder-workspace/.swiftpm/xcode
builtin-SwiftPerFileCompile Environment.swift
SwiftCompile normal arm64_32 /Users/admin/builder/spi-builder-workspace/.dependencies/checkouts/elementary/Sources/Elementary/Markup/Markup+Renderable.swift (in target 'Elementary' from project 'elementary')
cd /Users/admin/builder/spi-builder-workspace/.swiftpm/xcode
builtin-SwiftPerFileCompile Markup+Renderable.swift
SwiftEmitModule normal arm64 Emitting\ module\ for\ Elementary (in target 'Elementary' from project 'elementary')
SwiftCompile normal arm64 (in target 'Elementary' from project 'elementary')
cd /Users/admin/builder/spi-builder-workspace/.swiftpm/xcode
PruneExplicitPrecompiledModules /Users/admin/builder/spi-builder-workspace/.derivedData/Build/Intermediates.noindex/SwiftExplicitPrecompiledModules
PruneExplicitPrecompiledModules /Users/admin/builder/spi-builder-workspace/.derivedData/SDKExplicitPrecompiledModules
PruneExplicitPrecompiledModules /Users/admin/builder/spi-builder-workspace/.derivedData/Build/Intermediates.noindex/ExplicitPrecompiledModules
2026-09-26 20:45:45.146 xcodebuild[664:4034] [MT] IDERunDestination: Supported platforms for the buildables in the current scheme is empty.
** BUILD FAILED **
The following build commands failed:
SwiftEmitModule normal arm64_32 Emitting\ module\ for\ Elementary (in target 'Elementary' from project 'elementary')
SwiftCompile normal arm64_32 (in target 'Elementary' from project 'elementary')
Building workspace elementary-tailwind with scheme elementary-tailwind
(3 failures)
Command line invocation:
/Applications/Xcode-27.0.0-Release.Candidate.app/Contents/Developer/usr/bin/xcodebuild -IDEClonedSourcePackagesDirPathOverride=/Users/admin/builder/spi-builder-workspace/.dependencies -resolvePackageDependencies
Resolve Package Graph
Resolved source packages:
elementary: https://github.com/elementary-swift/elementary.git @ 0.8.2
elementary-tailwind: /Users/admin/builder/spi-builder-workspace
resolved source packages: elementary, elementary-tailwind
2026-09-26 20:45:49.377 xcodebuild[750:4539] [MT] IDERunDestination: Supported platforms for the buildables in the current scheme is empty.
{
"dependencies" : [
{
"identity" : "elementary",
"requirement" : {
"range" : [
{
"lower_bound" : "0.8.0",
"upper_bound" : "1.0.0"
}
]
},
"type" : "sourceControl",
"url" : "https://github.com/elementary-swift/elementary.git"
}
],
"manifest_display_name" : "elementary-tailwind",
"name" : "elementary-tailwind",
"path" : "/Users/admin/builder/spi-builder-workspace",
"platforms" : [
{
"name" : "macos",
"version" : "14.0"
},
{
"name" : "ios",
"version" : "15.0"
},
{
"name" : "tvos",
"version" : "17.0"
},
{
"name" : "watchos",
"version" : "10.0"
}
],
"products" : [
{
"name" : "ElementaryTailwind",
"targets" : [
"ElementaryTailwind"
],
"type" : {
"library" : [
"automatic"
]
}
}
],
"targets" : [
{
"c99name" : "TestUtilities",
"module_type" : "SwiftTarget",
"name" : "TestUtilities",
"path" : "Tests/TestUtilities",
"product_dependencies" : [
"Elementary"
],
"sources" : [
"HTMLAssertEqual.swift"
],
"type" : "library"
},
{
"c99name" : "ElementaryTailwindTests",
"module_type" : "SwiftTarget",
"name" : "ElementaryTailwindTests",
"path" : "Tests/ElementaryTailwindTests",
"product_dependencies" : [
"Elementary"
],
"sources" : [
"Accessibility/AccessibilityTests.swift",
"Animation/AnimationTests.swift",
"Background/BackgroundTests.swift",
"Borders/BorderTests.swift",
"Effects/EffectsTests.swift",
"Filters/FiltersTests.swift",
"Interactivity/InteractivityTests.swift",
"Layout/LayoutTests.swift",
"SVG/SVGTests.swift",
"Sizing/SizingTests.swift",
"Spacing/SpacingTests.swift",
"TWToken/TWTokenTests.swift",
"Tables/TablesTests.swift",
"Transforms/TransformsTests.swift",
"Transitions/TransitionsTests.swift",
"Typography/TypographyTests.swift",
"Variants/VariantsTests.swift"
],
"target_dependencies" : [
"ElementaryTailwind",
"TestUtilities"
],
"type" : "test"
},
{
"c99name" : "ElementaryTailwind",
"module_type" : "SwiftTarget",
"name" : "ElementaryTailwind",
"path" : "Sources/ElementaryTailwind",
"product_dependencies" : [
"Elementary"
],
"product_memberships" : [
"ElementaryTailwind"
],
"sources" : [
"Accessibility/Accessibility+Token.swift",
"Accessibility/Accessibility.swift",
"Animation/Animation+Token.swift",
"Animation/Animation.swift",
"Background/Background+GradientToken.swift",
"Background/Background+Token.swift",
"Background/Background.swift",
"Borders/Borders+BorderTokens.swift",
"Borders/Borders+DivideToken.swift",
"Borders/Borders+OutlineTokens.swift",
"Borders/Borders+RingTokens.swift",
"Borders/Borders.swift",
"Effects/Effects+MaskToken.swift",
"Effects/Effects+Token.swift",
"Effects/Effects.swift",
"Filters/Filters+BackdropToken.swift",
"Filters/Filters+Token.swift",
"Filters/Filters.swift",
"Interactivity/Interactivity+ColorToken.swift",
"Interactivity/Interactivity+CursorToken.swift",
"Interactivity/Interactivity+PointerToken.swift",
"Interactivity/Interactivity+ScrollToken.swift",
"Interactivity/Interactivity+TouchToken.swift",
"Interactivity/Interactivity.swift",
"Layout/Layout+AlignToken.swift",
"Layout/Layout+AspectRatioToken.swift",
"Layout/Layout+BoxSizingToken.swift",
"Layout/Layout+BreakToken.swift",
"Layout/Layout+ColumnsToken.swift",
"Layout/Layout+DisplayToken.swift",
"Layout/Layout+FlexToken.swift",
"Layout/Layout+FloatToken.swift",
"Layout/Layout+GapToken.swift",
"Layout/Layout+GridAutoToken.swift",
"Layout/Layout+GridColumnToken.swift",
"Layout/Layout+GridRowToken.swift",
"Layout/Layout+GridTemplateToken.swift",
"Layout/Layout+IsolationToken.swift",
"Layout/Layout+ObjectToken.swift",
"Layout/Layout+OverflowToken.swift",
"Layout/Layout+PlacementToken.swift",
"Layout/Layout+PositionToken.swift",
"Layout/Layout+VisibilityToken.swift",
"Layout/Layout.swift",
"SVG/SVG+FillToken.swift",
"SVG/SVG+StrokeToken.swift",
"SVG/SVG.swift",
"Sizing/Sizing+HeightToken.swift",
"Sizing/Sizing+LogicalToken.swift",
"Sizing/Sizing+SizeToken.swift",
"Sizing/Sizing+WidthToken.swift",
"Sizing/Sizing.swift",
"Spacing/Spacing+MarginToken.swift",
"Spacing/Spacing+PaddingToken.swift",
"Spacing/Spacing+SpaceToken.swift",
"Spacing/Spacing.swift",
"TWColor.swift",
"TWToken.swift",
"TWVariant+MarkerToken.swift",
"TWVariant.swift",
"Tables/Tables+Token.swift",
"Tables/Tables.swift",
"TailwindCSS.swift",
"Transforms/Transforms+3DToken.swift",
"Transforms/Transforms+Token.swift",
"Transforms/Transforms.swift",
"Transitions/Transitions+Token.swift",
"Transitions/Transitions.swift",
"Typography/Typography+ContentToken.swift",
"Typography/Typography+DecorationToken.swift",
"Typography/Typography+FontToken.swift",
"Typography/Typography+ListToken.swift",
"Typography/Typography+MiscToken.swift",
"Typography/Typography+SpacingToken.swift",
"Typography/Typography+StyleToken.swift",
"Typography/Typography+TextToken.swift",
"Typography/Typography+VerticalAlignToken.swift",
"Typography/Typography+WhitespaceToken.swift",
"Typography/Typography+WordBreakToken.swift",
"Typography/Typography.swift"
],
"type" : "library"
}
],
"tools_version" : "6.1"
}
{
"workspace" : {
"name" : "elementary-tailwind",
"schemes" : [
"elementary-tailwind"
]
}
}
2026-09-26 20:45:50.718 xcodebuild[758:4602] [MT] IDERunDestination: Supported platforms for the buildables in the current scheme is empty.
Running build ...
env DEVELOPER_DIR=/Applications/Xcode-27.0.0-Release.Candidate.app xcrun xcodebuild -IDEClonedSourcePackagesDirPathOverride=$PWD/.dependencies -skipMacroValidation -skipPackagePluginValidation -derivedDataPath $PWD/.derivedData build -scheme elementary-tailwind -destination generic/platform=watchOS
Command line invocation:
/Applications/Xcode-27.0.0-Release.Candidate.app/Contents/Developer/usr/bin/xcodebuild -IDEClonedSourcePackagesDirPathOverride=/Users/admin/builder/spi-builder-workspace/.dependencies -skipMacroValidation -skipPackagePluginValidation -derivedDataPath /Users/admin/builder/spi-builder-workspace/.derivedData build -scheme elementary-tailwind -destination generic/platform=watchOS
Resolve Package Graph
Resolved source packages:
elementary-tailwind: /Users/admin/builder/spi-builder-workspace
elementary: https://github.com/elementary-swift/elementary.git @ 0.8.2
ComputePackagePrebuildTargetDependencyGraph
Prepare packages
CreateBuildRequest
SendProjectDescription
CreateBuildOperation
ComputeTargetDependencyGraph
note: Building targets in dependency order
note: Target dependency graph (4 targets)
Target 'ElementaryTailwind-product' in project 'elementary-tailwind'
➜ Explicit dependency on target 'ElementaryTailwind' in project 'elementary-tailwind'
➜ Explicit dependency on target 'Elementary-product' in project 'elementary'
Target 'ElementaryTailwind' in project 'elementary-tailwind'
➜ Explicit dependency on target 'Elementary-product' in project 'elementary'
Target 'Elementary-product' in project 'elementary'
➜ Explicit dependency on target 'Elementary' in project 'elementary'
Target 'Elementary' in project 'elementary' (no dependencies)
GatherProvisioningInputs
CreateBuildDescription
ClangStatCache /Applications/Xcode-27.0.0-Release.Candidate.app/Contents/Developer/Toolchains/XcodeDefault.xctoolchain/usr/bin/clang-stat-cache /Applications/Xcode-27.0.0-Release.Candidate.app/Contents/Developer/Platforms/WatchOS.platform/Developer/SDKs/WatchOS27.0.sdk /Users/admin/builder/spi-builder-workspace/.derivedData/SDKStatCaches.noindex/watchos27.0-24R360-e829b21a6f8c9b70876ba0858053c04477534ef55a1706bf4c1112bbb242f0a2.sdkstatcache
cd /Users/admin/builder/spi-builder-workspace/.swiftpm/xcode
/Applications/Xcode-27.0.0-Release.Candidate.app/Contents/Developer/Toolchains/XcodeDefault.xctoolchain/usr/bin/clang-stat-cache /Applications/Xcode-27.0.0-Release.Candidate.app/Contents/Developer/Platforms/WatchOS.platform/Developer/SDKs/WatchOS27.0.sdk -o /Users/admin/builder/spi-builder-workspace/.derivedData/SDKStatCaches.noindex/watchos27.0-24R360-e829b21a6f8c9b70876ba0858053c04477534ef55a1706bf4c1112bbb242f0a2.sdkstatcache
SwiftDriver Elementary normal arm64 com.apple.xcode.tools.swift.compiler (in target 'Elementary' from project 'elementary')
cd /Users/admin/builder/spi-builder-workspace/.swiftpm/xcode
builtin-SwiftDriver -- /Applications/Xcode-27.0.0-Release.Candidate.app/Contents/Developer/Toolchains/XcodeDefault.xctoolchain/usr/bin/swiftc -parse-as-library -module-name Elementary -Onone @/Users/admin/builder/spi-builder-workspace/.derivedData/Build/Intermediates.noindex/elementary.build/Debug-watchos/Elementary-t.build/Objects-normal/arm64/Elementary.SwiftFileList -DSWIFT_PACKAGE -DDEBUG -DSWIFT_MODULE_RESOURCE_BUNDLE_UNAVAILABLE -DXcode -enable-upcoming-feature ExistentialAny -plugin-path /Applications/Xcode-27.0.0-Release.Candidate.app/Contents/Developer/Toolchains/XcodeDefault.xctoolchain/usr/lib/swift/host/plugins/testing -enable-experimental-feature DebugDescriptionMacro -sdk /Applications/Xcode-27.0.0-Release.Candidate.app/Contents/Developer/Platforms/WatchOS.platform/Developer/SDKs/WatchOS27.0.sdk -target arm64-apple-watchos10.0 -g -module-cache-path /Users/admin/builder/spi-builder-workspace/.derivedData/ModuleCache.noindex -Xfrontend -serialize-debugging-options -profile-coverage-mapping -profile-generate -enable-testing -suppress-warnings -index-store-path /Users/admin/builder/spi-builder-workspace/.derivedData/Index.noindex/DataStore -Xcc -D_LIBCPP_HARDENING_MODE\=_LIBCPP_HARDENING_MODE_DEBUG -swift-version 6 -I /Users/admin/builder/spi-builder-workspace/.derivedData/Build/Products/Debug-watchos -Isystem /Applications/Xcode-27.0.0-Release.Candidate.app/Contents/Developer/Platforms/WatchOS.platform/Developer/usr/lib -F /Users/admin/builder/spi-builder-workspace/.derivedData/Build/Products/Debug-watchos -F /Applications/Xcode-27.0.0-Release.Candidate.app/Contents/Developer/Platforms/WatchOS.platform/Developer/Library/Frameworks -F /Applications/Xcode-27.0.0-Release.Candidate.app/Contents/Developer/Platforms/WatchOS.platform/Developer/SDKs/WatchOS27.0.sdk/Developer/Library/Frameworks -c -j10 -enable-batch-mode -incremental -Xcc -ivfsstatcache -Xcc /Users/admin/builder/spi-builder-workspace/.derivedData/SDKStatCaches.noindex/watchos27.0-24R360-e829b21a6f8c9b70876ba0858053c04477534ef55a1706bf4c1112bbb242f0a2.sdkstatcache -output-file-map /Users/admin/builder/spi-builder-workspace/.derivedData/Build/Intermediates.noindex/elementary.build/Debug-watchos/Elementary-t.build/Objects-normal/arm64/Elementary-OutputFileMap.json -save-temps -no-color-diagnostics -explicit-module-build -module-cache-path /Users/admin/builder/spi-builder-workspace/.derivedData/Build/Intermediates.noindex/SwiftExplicitPrecompiledModules -clang-scanner-module-cache-path /Users/admin/builder/spi-builder-workspace/.derivedData/ModuleCache.noindex -sdk-module-cache-path /Users/admin/builder/spi-builder-workspace/.derivedData/SDKExplicitPrecompiledModules -emit-dependencies -emit-module -emit-module-path /Users/admin/builder/spi-builder-workspace/.derivedData/Build/Intermediates.noindex/elementary.build/Debug-watchos/Elementary-t.build/Objects-normal/arm64/Elementary.swiftmodule -serialize-diagnostics -dependency-scan-serialize-diagnostics-path /Users/admin/builder/spi-builder-workspace/.derivedData/Build/Intermediates.noindex/elementary.build/Debug-watchos/Elementary-t.build/Objects-normal/arm64/Elementary-dependency-scan.dia -user-module-version 0.8.2 -validate-clang-modules-once -clang-build-session-file /Users/admin/builder/spi-builder-workspace/.derivedData/ModuleCache.noindex/Session.modulevalidation -Xcc -fmodules-prune-interval\=86400 -Xcc -fmodules-prune-after\=345600 -package-name elementary -emit-const-values -const-gather-protocols-list /Users/admin/builder/spi-builder-workspace/.derivedData/Build/Intermediates.noindex/elementary.build/Debug-watchos/Elementary-t.build/Objects-normal/arm64/Elementary_const_extract_protocols.json -Xcc -I/Users/admin/builder/spi-builder-workspace/.derivedData/Build/Products/Debug-watchos/include -Xcc -I/Users/admin/builder/spi-builder-workspace/.derivedData/Build/Intermediates.noindex/elementary.build/Debug-watchos/Elementary-t.build/DerivedSources-normal/arm64 -Xcc -I/Users/admin/builder/spi-builder-workspace/.derivedData/Build/Intermediates.noindex/elementary.build/Debug-watchos/Elementary-t.build/DerivedSources/arm64 -Xcc -I/Users/admin/builder/spi-builder-workspace/.derivedData/Build/Intermediates.noindex/elementary.build/Debug-watchos/Elementary-t.build/DerivedSources -Xcc -DSWIFT_PACKAGE -Xcc -DDEBUG\=1 -emit-objc-header -emit-objc-header-path /Users/admin/builder/spi-builder-workspace/.derivedData/Build/Intermediates.noindex/elementary.build/Debug-watchos/Elementary-t.build/Objects-normal/arm64/Elementary-Swift.h -working-directory /Users/admin/builder/spi-builder-workspace/.swiftpm/xcode -experimental-emit-module-separately -disable-cmo
SwiftDriver Elementary normal arm64_32 com.apple.xcode.tools.swift.compiler (in target 'Elementary' from project 'elementary')
cd /Users/admin/builder/spi-builder-workspace/.swiftpm/xcode
builtin-SwiftDriver -- /Applications/Xcode-27.0.0-Release.Candidate.app/Contents/Developer/Toolchains/XcodeDefault.xctoolchain/usr/bin/swiftc -parse-as-library -module-name Elementary -Onone @/Users/admin/builder/spi-builder-workspace/.derivedData/Build/Intermediates.noindex/elementary.build/Debug-watchos/Elementary-t.build/Objects-normal/arm64_32/Elementary.SwiftFileList -DSWIFT_PACKAGE -DDEBUG -DSWIFT_MODULE_RESOURCE_BUNDLE_UNAVAILABLE -DXcode -enable-upcoming-feature ExistentialAny -plugin-path /Applications/Xcode-27.0.0-Release.Candidate.app/Contents/Developer/Toolchains/XcodeDefault.xctoolchain/usr/lib/swift/host/plugins/testing -enable-experimental-feature DebugDescriptionMacro -sdk /Applications/Xcode-27.0.0-Release.Candidate.app/Contents/Developer/Platforms/WatchOS.platform/Developer/SDKs/WatchOS27.0.sdk -target arm64_32-apple-watchos10.0 -g -module-cache-path /Users/admin/builder/spi-builder-workspace/.derivedData/ModuleCache.noindex -Xfrontend -serialize-debugging-options -profile-coverage-mapping -profile-generate -enable-testing -suppress-warnings -index-store-path /Users/admin/builder/spi-builder-workspace/.derivedData/Index.noindex/DataStore -Xcc -D_LIBCPP_HARDENING_MODE\=_LIBCPP_HARDENING_MODE_DEBUG -swift-version 6 -I /Users/admin/builder/spi-builder-workspace/.derivedData/Build/Products/Debug-watchos -Isystem /Applications/Xcode-27.0.0-Release.Candidate.app/Contents/Developer/Platforms/WatchOS.platform/Developer/usr/lib -F /Users/admin/builder/spi-builder-workspace/.derivedData/Build/Products/Debug-watchos -F /Applications/Xcode-27.0.0-Release.Candidate.app/Contents/Developer/Platforms/WatchOS.platform/Developer/Library/Frameworks -F /Applications/Xcode-27.0.0-Release.Candidate.app/Contents/Developer/Platforms/WatchOS.platform/Developer/SDKs/WatchOS27.0.sdk/Developer/Library/Frameworks -c -j10 -enable-batch-mode -incremental -Xcc -ivfsstatcache -Xcc /Users/admin/builder/spi-builder-workspace/.derivedData/SDKStatCaches.noindex/watchos27.0-24R360-e829b21a6f8c9b70876ba0858053c04477534ef55a1706bf4c1112bbb242f0a2.sdkstatcache -output-file-map /Users/admin/builder/spi-builder-workspace/.derivedData/Build/Intermediates.noindex/elementary.build/Debug-watchos/Elementary-t.build/Objects-normal/arm64_32/Elementary-OutputFileMap.json -save-temps -no-color-diagnostics -explicit-module-build -module-cache-path /Users/admin/builder/spi-builder-workspace/.derivedData/Build/Intermediates.noindex/SwiftExplicitPrecompiledModules -clang-scanner-module-cache-path /Users/admin/builder/spi-builder-workspace/.derivedData/ModuleCache.noindex -sdk-module-cache-path /Users/admin/builder/spi-builder-workspace/.derivedData/SDKExplicitPrecompiledModules -emit-dependencies -emit-module -emit-module-path /Users/admin/builder/spi-builder-workspace/.derivedData/Build/Intermediates.noindex/elementary.build/Debug-watchos/Elementary-t.build/Objects-normal/arm64_32/Elementary.swiftmodule -serialize-diagnostics -dependency-scan-serialize-diagnostics-path /Users/admin/builder/spi-builder-workspace/.derivedData/Build/Intermediates.noindex/elementary.build/Debug-watchos/Elementary-t.build/Objects-normal/arm64_32/Elementary-dependency-scan.dia -user-module-version 0.8.2 -validate-clang-modules-once -clang-build-session-file /Users/admin/builder/spi-builder-workspace/.derivedData/ModuleCache.noindex/Session.modulevalidation -Xcc -fmodules-prune-interval\=86400 -Xcc -fmodules-prune-after\=345600 -package-name elementary -emit-const-values -const-gather-protocols-list /Users/admin/builder/spi-builder-workspace/.derivedData/Build/Intermediates.noindex/elementary.build/Debug-watchos/Elementary-t.build/Objects-normal/arm64_32/Elementary_const_extract_protocols.json -Xcc -I/Users/admin/builder/spi-builder-workspace/.derivedData/Build/Products/Debug-watchos/include -Xcc -I/Users/admin/builder/spi-builder-workspace/.derivedData/Build/Intermediates.noindex/elementary.build/Debug-watchos/Elementary-t.build/DerivedSources-normal/arm64_32 -Xcc -I/Users/admin/builder/spi-builder-workspace/.derivedData/Build/Intermediates.noindex/elementary.build/Debug-watchos/Elementary-t.build/DerivedSources/arm64_32 -Xcc -I/Users/admin/builder/spi-builder-workspace/.derivedData/Build/Intermediates.noindex/elementary.build/Debug-watchos/Elementary-t.build/DerivedSources -Xcc -DSWIFT_PACKAGE -Xcc -DDEBUG\=1 -emit-objc-header -emit-objc-header-path /Users/admin/builder/spi-builder-workspace/.derivedData/Build/Intermediates.noindex/elementary.build/Debug-watchos/Elementary-t.build/Objects-normal/arm64_32/Elementary-Swift.h -working-directory /Users/admin/builder/spi-builder-workspace/.swiftpm/xcode -experimental-emit-module-separately -disable-cmo
SwiftCompile normal arm64 Compiling\ HTMLDocument.swift,\ HTMLElement.swift,\ HTMLElements.swift,\ HTMLRaw.swift,\ HTMLTags.swift /Users/admin/builder/spi-builder-workspace/.dependencies/checkouts/elementary/Sources/Elementary/HTML/HTMLDocument.swift /Users/admin/builder/spi-builder-workspace/.dependencies/checkouts/elementary/Sources/Elementary/HTML/HTMLElement.swift /Users/admin/builder/spi-builder-workspace/.dependencies/checkouts/elementary/Sources/Elementary/HTML/HTMLElements.swift /Users/admin/builder/spi-builder-workspace/.dependencies/checkouts/elementary/Sources/Elementary/HTML/HTMLRaw.swift /Users/admin/builder/spi-builder-workspace/.dependencies/checkouts/elementary/Sources/Elementary/HTML/HTMLTags.swift (in target 'Elementary' from project 'elementary')
SwiftCompile normal arm64 /Users/admin/builder/spi-builder-workspace/.dependencies/checkouts/elementary/Sources/Elementary/HTML/HTMLDocument.swift (in target 'Elementary' from project 'elementary')
cd /Users/admin/builder/spi-builder-workspace/.swiftpm/xcode
builtin-SwiftPerFileCompile HTMLDocument.swift
SwiftCompile normal arm64 /Users/admin/builder/spi-builder-workspace/.dependencies/checkouts/elementary/Sources/Elementary/HTML/HTMLElement.swift (in target 'Elementary' from project 'elementary')
cd /Users/admin/builder/spi-builder-workspace/.swiftpm/xcode
builtin-SwiftPerFileCompile HTMLElement.swift
SwiftCompile normal arm64 /Users/admin/builder/spi-builder-workspace/.dependencies/checkouts/elementary/Sources/Elementary/HTML/HTMLElements.swift (in target 'Elementary' from project 'elementary')
cd /Users/admin/builder/spi-builder-workspace/.swiftpm/xcode
builtin-SwiftPerFileCompile HTMLElements.swift
SwiftCompile normal arm64 /Users/admin/builder/spi-builder-workspace/.dependencies/checkouts/elementary/Sources/Elementary/HTML/HTMLRaw.swift (in target 'Elementary' from project 'elementary')
cd /Users/admin/builder/spi-builder-workspace/.swiftpm/xcode
builtin-SwiftPerFileCompile HTMLRaw.swift
SwiftCompile normal arm64 /Users/admin/builder/spi-builder-workspace/.dependencies/checkouts/elementary/Sources/Elementary/HTML/HTMLTags.swift (in target 'Elementary' from project 'elementary')
cd /Users/admin/builder/spi-builder-workspace/.swiftpm/xcode
builtin-SwiftPerFileCompile HTMLTags.swift
SwiftCompile normal arm64 Compiling\ StoredAttribute+StyleKeyValuePairs.swift,\ StoredAttribute.swift,\ AsyncHTMLRenderer.swift,\ HtmlTextRenderer.swift /Users/admin/builder/spi-builder-workspace/.dependencies/checkouts/elementary/Sources/Elementary/Markup/StoredAttribute+StyleKeyValuePairs.swift /Users/admin/builder/spi-builder-workspace/.dependencies/checkouts/elementary/Sources/Elementary/Markup/StoredAttribute.swift /Users/admin/builder/spi-builder-workspace/.dependencies/checkouts/elementary/Sources/Elementary/Rendering/AsyncHTMLRenderer.swift /Users/admin/builder/spi-builder-workspace/.dependencies/checkouts/elementary/Sources/Elementary/Rendering/HtmlTextRenderer.swift (in target 'Elementary' from project 'elementary')
SwiftCompile normal arm64 /Users/admin/builder/spi-builder-workspace/.dependencies/checkouts/elementary/Sources/Elementary/Markup/StoredAttribute+StyleKeyValuePairs.swift (in target 'Elementary' from project 'elementary')
cd /Users/admin/builder/spi-builder-workspace/.swiftpm/xcode
builtin-SwiftPerFileCompile StoredAttribute+StyleKeyValuePairs.swift
SwiftCompile normal arm64 /Users/admin/builder/spi-builder-workspace/.dependencies/checkouts/elementary/Sources/Elementary/Markup/StoredAttribute.swift (in target 'Elementary' from project 'elementary')
cd /Users/admin/builder/spi-builder-workspace/.swiftpm/xcode
builtin-SwiftPerFileCompile StoredAttribute.swift
SwiftCompile normal arm64 /Users/admin/builder/spi-builder-workspace/.dependencies/checkouts/elementary/Sources/Elementary/Rendering/AsyncHTMLRenderer.swift (in target 'Elementary' from project 'elementary')
cd /Users/admin/builder/spi-builder-workspace/.swiftpm/xcode
builtin-SwiftPerFileCompile AsyncHTMLRenderer.swift
SwiftCompile normal arm64 /Users/admin/builder/spi-builder-workspace/.dependencies/checkouts/elementary/Sources/Elementary/Rendering/HtmlTextRenderer.swift (in target 'Elementary' from project 'elementary')
cd /Users/admin/builder/spi-builder-workspace/.swiftpm/xcode
builtin-SwiftPerFileCompile HtmlTextRenderer.swift
SwiftCompile normal arm64 Compiling\ MarkupAttribute.swift,\ MarkupContent+Structural.swift,\ MarkupContent.swift,\ MarkupTagDefinition.swift /Users/admin/builder/spi-builder-workspace/.dependencies/checkouts/elementary/Sources/Elementary/Markup/MarkupAttribute.swift /Users/admin/builder/spi-builder-workspace/.dependencies/checkouts/elementary/Sources/Elementary/Markup/MarkupContent+Structural.swift /Users/admin/builder/spi-builder-workspace/.dependencies/checkouts/elementary/Sources/Elementary/Markup/MarkupContent.swift /Users/admin/builder/spi-builder-workspace/.dependencies/checkouts/elementary/Sources/Elementary/Markup/MarkupTagDefinition.swift (in target 'Elementary' from project 'elementary')
SwiftCompile normal arm64 /Users/admin/builder/spi-builder-workspace/.dependencies/checkouts/elementary/Sources/Elementary/Markup/MarkupAttribute.swift (in target 'Elementary' from project 'elementary')
cd /Users/admin/builder/spi-builder-workspace/.swiftpm/xcode
builtin-SwiftPerFileCompile MarkupAttribute.swift
SwiftCompile normal arm64 /Users/admin/builder/spi-builder-workspace/.dependencies/checkouts/elementary/Sources/Elementary/Markup/MarkupContent+Structural.swift (in target 'Elementary' from project 'elementary')
cd /Users/admin/builder/spi-builder-workspace/.swiftpm/xcode
builtin-SwiftPerFileCompile MarkupContent+Structural.swift
SwiftCompile normal arm64 /Users/admin/builder/spi-builder-workspace/.dependencies/checkouts/elementary/Sources/Elementary/Markup/MarkupContent.swift (in target 'Elementary' from project 'elementary')
cd /Users/admin/builder/spi-builder-workspace/.swiftpm/xcode
builtin-SwiftPerFileCompile MarkupContent.swift
SwiftCompile normal arm64 /Users/admin/builder/spi-builder-workspace/.dependencies/checkouts/elementary/Sources/Elementary/Markup/MarkupTagDefinition.swift (in target 'Elementary' from project 'elementary')
cd /Users/admin/builder/spi-builder-workspace/.swiftpm/xcode
builtin-SwiftPerFileCompile MarkupTagDefinition.swift
SwiftCompile normal arm64 Compiling\ HTML.swift,\ HTMLAttributes+Common.swift,\ HTMLAttributes+Event.swift,\ HTMLAttributes+Global.swift,\ HTMLComment.swift /Users/admin/builder/spi-builder-workspace/.dependencies/checkouts/elementary/Sources/Elementary/HTML/HTML.swift /Users/admin/builder/spi-builder-workspace/.dependencies/checkouts/elementary/Sources/Elementary/HTML/HTMLAttributes+Common.swift /Users/admin/builder/spi-builder-workspace/.dependencies/checkouts/elementary/Sources/Elementary/HTML/HTMLAttributes+Event.swift /Users/admin/builder/spi-builder-workspace/.dependencies/checkouts/elementary/Sources/Elementary/HTML/HTMLAttributes+Global.swift /Users/admin/builder/spi-builder-workspace/.dependencies/checkouts/elementary/Sources/Elementary/HTML/HTMLComment.swift (in target 'Elementary' from project 'elementary')
SwiftCompile normal arm64 /Users/admin/builder/spi-builder-workspace/.dependencies/checkouts/elementary/Sources/Elementary/HTML/HTML.swift (in target 'Elementary' from project 'elementary')
cd /Users/admin/builder/spi-builder-workspace/.swiftpm/xcode
builtin-SwiftPerFileCompile HTML.swift
SwiftCompile normal arm64 /Users/admin/builder/spi-builder-workspace/.dependencies/checkouts/elementary/Sources/Elementary/HTML/HTMLAttributes+Common.swift (in target 'Elementary' from project 'elementary')
cd /Users/admin/builder/spi-builder-workspace/.swiftpm/xcode
builtin-SwiftPerFileCompile HTMLAttributes+Common.swift
SwiftCompile normal arm64 /Users/admin/builder/spi-builder-workspace/.dependencies/checkouts/elementary/Sources/Elementary/HTML/HTMLAttributes+Event.swift (in target 'Elementary' from project 'elementary')
cd /Users/admin/builder/spi-builder-workspace/.swiftpm/xcode
builtin-SwiftPerFileCompile HTMLAttributes+Event.swift
SwiftCompile normal arm64 /Users/admin/builder/spi-builder-workspace/.dependencies/checkouts/elementary/Sources/Elementary/HTML/HTMLAttributes+Global.swift (in target 'Elementary' from project 'elementary')
cd /Users/admin/builder/spi-builder-workspace/.swiftpm/xcode
builtin-SwiftPerFileCompile HTMLAttributes+Global.swift
SwiftCompile normal arm64 /Users/admin/builder/spi-builder-workspace/.dependencies/checkouts/elementary/Sources/Elementary/HTML/HTMLComment.swift (in target 'Elementary' from project 'elementary')
cd /Users/admin/builder/spi-builder-workspace/.swiftpm/xcode
builtin-SwiftPerFileCompile HTMLComment.swift
SwiftCompile normal arm64 Compiling\ AsyncContent.swift,\ AsyncForEach.swift,\ Content+Renderable.swift,\ ContentBuilder+Tuples.swift,\ ContentBuilder.swift /Users/admin/builder/spi-builder-workspace/.dependencies/checkouts/elementary/Sources/Elementary/Content/AsyncContent.swift /Users/admin/builder/spi-builder-workspace/.dependencies/checkouts/elementary/Sources/Elementary/Content/AsyncForEach.swift /Users/admin/builder/spi-builder-workspace/.dependencies/checkouts/elementary/Sources/Elementary/Content/Content+Renderable.swift /Users/admin/builder/spi-builder-workspace/.dependencies/checkouts/elementary/Sources/Elementary/Content/ContentBuilder+Tuples.swift /Users/admin/builder/spi-builder-workspace/.dependencies/checkouts/elementary/Sources/Elementary/Content/ContentBuilder.swift (in target 'Elementary' from project 'elementary')
SwiftCompile normal arm64 /Users/admin/builder/spi-builder-workspace/.dependencies/checkouts/elementary/Sources/Elementary/Content/AsyncContent.swift (in target 'Elementary' from project 'elementary')
cd /Users/admin/builder/spi-builder-workspace/.swiftpm/xcode
builtin-SwiftPerFileCompile AsyncContent.swift
SwiftCompile normal arm64 /Users/admin/builder/spi-builder-workspace/.dependencies/checkouts/elementary/Sources/Elementary/Content/AsyncForEach.swift (in target 'Elementary' from project 'elementary')
cd /Users/admin/builder/spi-builder-workspace/.swiftpm/xcode
builtin-SwiftPerFileCompile AsyncForEach.swift
SwiftCompile normal arm64 /Users/admin/builder/spi-builder-workspace/.dependencies/checkouts/elementary/Sources/Elementary/Content/Content+Renderable.swift (in target 'Elementary' from project 'elementary')
cd /Users/admin/builder/spi-builder-workspace/.swiftpm/xcode
builtin-SwiftPerFileCompile Content+Renderable.swift
SwiftCompile normal arm64 /Users/admin/builder/spi-builder-workspace/.dependencies/checkouts/elementary/Sources/Elementary/Content/ContentBuilder+Tuples.swift (in target 'Elementary' from project 'elementary')
cd /Users/admin/builder/spi-builder-workspace/.swiftpm/xcode
builtin-SwiftPerFileCompile ContentBuilder+Tuples.swift
SwiftCompile normal arm64 /Users/admin/builder/spi-builder-workspace/.dependencies/checkouts/elementary/Sources/Elementary/Content/ContentBuilder.swift (in target 'Elementary' from project 'elementary')
cd /Users/admin/builder/spi-builder-workspace/.swiftpm/xcode
builtin-SwiftPerFileCompile ContentBuilder.swift
SwiftCompile normal arm64 Compiling\ MarkupContent+Render.swift,\ Renderable.swift,\ RenderingUtils.swift,\ SVG+Renderable.swift /Users/admin/builder/spi-builder-workspace/.dependencies/checkouts/elementary/Sources/Elementary/Rendering/MarkupContent+Render.swift /Users/admin/builder/spi-builder-workspace/.dependencies/checkouts/elementary/Sources/Elementary/Rendering/Renderable.swift /Users/admin/builder/spi-builder-workspace/.dependencies/checkouts/elementary/Sources/Elementary/Rendering/RenderingUtils.swift /Users/admin/builder/spi-builder-workspace/.dependencies/checkouts/elementary/Sources/Elementary/SVG/SVG+Renderable.swift (in target 'Elementary' from project 'elementary')
SwiftCompile normal arm64 /Users/admin/builder/spi-builder-workspace/.dependencies/checkouts/elementary/Sources/Elementary/Rendering/MarkupContent+Render.swift (in target 'Elementary' from project 'elementary')
cd /Users/admin/builder/spi-builder-workspace/.swiftpm/xcode
builtin-SwiftPerFileCompile MarkupContent+Render.swift
SwiftCompile normal arm64 /Users/admin/builder/spi-builder-workspace/.dependencies/checkouts/elementary/Sources/Elementary/Rendering/Renderable.swift (in target 'Elementary' from project 'elementary')
cd /Users/admin/builder/spi-builder-workspace/.swiftpm/xcode
builtin-SwiftPerFileCompile Renderable.swift
SwiftCompile normal arm64 /Users/admin/builder/spi-builder-workspace/.dependencies/checkouts/elementary/Sources/Elementary/Rendering/RenderingUtils.swift (in target 'Elementary' from project 'elementary')
cd /Users/admin/builder/spi-builder-workspace/.swiftpm/xcode
builtin-SwiftPerFileCompile RenderingUtils.swift
SwiftCompile normal arm64 /Users/admin/builder/spi-builder-workspace/.dependencies/checkouts/elementary/Sources/Elementary/SVG/SVG+Renderable.swift (in target 'Elementary' from project 'elementary')
cd /Users/admin/builder/spi-builder-workspace/.swiftpm/xcode
builtin-SwiftPerFileCompile SVG+Renderable.swift
SwiftEmitModule normal arm64_32 Emitting\ module\ for\ Elementary (in target 'Elementary' from project 'elementary')
/Users/admin/builder/spi-builder-workspace/.dependencies/checkouts/elementary/Sources/Elementary/ServerSupport/SendOnceBox.swift:11:16: error: 'Mutex' is only available in watchOS 11.0 or newer
3 |
4 | @available(iOS 18, macOS 15, *)
5 | final class SendOnceBox: Sendable, SendOnceBoxing {
| `- note: add '@available' attribute to enclosing class
6 | // final class SendOnceBox<Value>: Sendable, SendOnceBoxing {
7 | typealias Value = any HTML
:
9 | // https://github.com/swiftlang/swift/issues/78048
10 |
11 | let mutex: Mutex<Value?>
| `- error: 'Mutex' is only available in watchOS 11.0 or newer
12 |
13 | init(_ value: sending Value) {
Failed frontend command:
/Applications/Xcode-27.0.0-Release.Candidate.app/Contents/Developer/Toolchains/XcodeDefault.xctoolchain/usr/bin/swift-frontend -frontend -emit-module -experimental-skip-non-inlinable-function-bodies-without-types /Users/admin/builder/spi-builder-workspace/.dependencies/checkouts/elementary/Sources/Elementary/Content/AsyncContent.swift /Users/admin/builder/spi-builder-workspace/.dependencies/checkouts/elementary/Sources/Elementary/Content/AsyncForEach.swift /Users/admin/builder/spi-builder-workspace/.dependencies/checkouts/elementary/Sources/Elementary/Content/Content+Renderable.swift /Users/admin/builder/spi-builder-workspace/.dependencies/checkouts/elementary/Sources/Elementary/Content/ContentBuilder+Tuples.swift /Users/admin/builder/spi-builder-workspace/.dependencies/checkouts/elementary/Sources/Elementary/Content/ContentBuilder.swift /Users/admin/builder/spi-builder-workspace/.dependencies/checkouts/elementary/Sources/Elementary/Content/ForEach.swift /Users/admin/builder/spi-builder-workspace/.dependencies/checkouts/elementary/Sources/Elementary/Content/Group.swift /Users/admin/builder/spi-builder-workspace/.dependencies/checkouts/elementary/Sources/Elementary/HTML/HTML+Environment.swift /Users/admin/builder/spi-builder-workspace/.dependencies/checkouts/elementary/Sources/Elementary/HTML/HTML+Renderable.swift /Users/admin/builder/spi-builder-workspace/.dependencies/checkouts/elementary/Sources/Elementary/HTML/HTML+StructuralContent.swift /Users/admin/builder/spi-builder-workspace/.dependencies/checkouts/elementary/Sources/Elementary/HTML/HTML.swift /Users/admin/builder/spi-builder-workspace/.dependencies/checkouts/elementary/Sources/Elementary/HTML/HTMLAttributes+Common.swift /Users/admin/builder/spi-builder-workspace/.dependencies/checkouts/elementary/Sources/Elementary/HTML/HTMLAttributes+Event.swift /Users/admin/builder/spi-builder-workspace/.dependencies/checkouts/elementary/Sources/Elementary/HTML/HTMLAttributes+Global.swift /Users/admin/builder/spi-builder-workspace/.dependencies/checkouts/elementary/Sources/Elementary/HTML/HTMLComment.swift /Users/admin/builder/spi-builder-workspace/.dependencies/checkouts/elementary/Sources/Elementary/HTML/HTMLDocument.swift /Users/admin/builder/spi-builder-workspace/.dependencies/checkouts/elementary/Sources/Elementary/HTML/HTMLElement.swift /Users/admin/builder/spi-builder-workspace/.dependencies/checkouts/elementary/Sources/Elementary/HTML/HTMLElements.swift /Users/admin/builder/spi-builder-workspace/.dependencies/checkouts/elementary/Sources/Elementary/HTML/HTMLRaw.swift /Users/admin/builder/spi-builder-workspace/.dependencies/checkouts/elementary/Sources/Elementary/HTML/HTMLTags.swift /Users/admin/builder/spi-builder-workspace/.dependencies/checkouts/elementary/Sources/Elementary/HTML/HTMLVoidElement.swift /Users/admin/builder/spi-builder-workspace/.dependencies/checkouts/elementary/Sources/Elementary/Markup/AttributeStorage.swift /Users/admin/builder/spi-builder-workspace/.dependencies/checkouts/elementary/Sources/Elementary/Markup/AttributedElement.swift /Users/admin/builder/spi-builder-workspace/.dependencies/checkouts/elementary/Sources/Elementary/Markup/Environment.swift /Users/admin/builder/spi-builder-workspace/.dependencies/checkouts/elementary/Sources/Elementary/Markup/Markup+Renderable.swift /Users/admin/builder/spi-builder-workspace/.dependencies/checkouts/elementary/Sources/Elementary/Markup/MarkupAttribute.swift /Users/admin/builder/spi-builder-workspace/.dependencies/checkouts/elementary/Sources/Elementary/Markup/MarkupContent+Structural.swift /Users/admin/builder/spi-builder-workspace/.dependencies/checkouts/elementary/Sources/Elementary/Markup/MarkupContent.swift /Users/admin/builder/spi-builder-workspace/.dependencies/checkouts/elementary/Sources/Elementary/Markup/MarkupTagDefinition.swift /Users/admin/builder/spi-builder-workspace/.dependencies/checkouts/elementary/Sources/Elementary/Markup/StoredAttribute+StyleKeyValuePairs.swift /Users/admin/builder/spi-builder-workspace/.dependencies/checkouts/elementary/Sources/Elementary/Markup/StoredAttribute.swift /Users/admin/builder/spi-builder-workspace/.dependencies/checkouts/elementary/Sources/Elementary/Rendering/AsyncHTMLRenderer.swift /Users/admin/builder/spi-builder-workspace/.dependencies/checkouts/elementary/Sources/Elementary/Rendering/HtmlTextRenderer.swift /Users/admin/builder/spi-builder-workspace/.dependencies/checkouts/elementary/Sources/Elementary/Rendering/MarkupContent+Render.swift /Users/admin/builder/spi-builder-workspace/.dependencies/checkouts/elementary/Sources/Elementary/Rendering/Renderable.swift /Users/admin/builder/spi-builder-workspace/.dependencies/checkouts/elementary/Sources/Elementary/Rendering/RenderingUtils.swift /Users/admin/builder/spi-builder-workspace/.dependencies/checkouts/elementary/Sources/Elementary/SVG/SVG+Renderable.swift /Users/admin/builder/spi-builder-workspace/.dependencies/checkouts/elementary/Sources/Elementary/SVG/SVG.swift /Users/admin/builder/spi-builder-workspace/.dependencies/checkouts/elementary/Sources/Elementary/SVG/SVGAttributes.swift /Users/admin/builder/spi-builder-workspace/.dependencies/checkouts/elementary/Sources/Elementary/SVG/SVGContent+Structural.swift /Users/admin/builder/spi-builder-workspace/.dependencies/checkouts/elementary/Sources/Elementary/SVG/SVGElement.swift /Users/admin/builder/spi-builder-workspace/.dependencies/checkouts/elementary/Sources/Elementary/SVG/SVGTags.swift /Users/admin/builder/spi-builder-workspace/.dependencies/checkouts/elementary/Sources/Elementary/SVG/SVGValues.swift /Users/admin/builder/spi-builder-workspace/.dependencies/checkouts/elementary/Sources/Elementary/ServerSupport/SendOnceBox.swift /Users/admin/builder/spi-builder-workspace/.dependencies/checkouts/elementary/Sources/Elementary/ServerSupport/SendableAnyHTMLBox.swift -target arm64_32-apple-watchos10.0 -disable-cross-import-overlay-search -load-resolved-plugin /Applications/Xcode-27.0.0-Release.Candidate.app/Contents/Developer/Platforms/WatchOS.platform/Developer/usr/lib/swift/host/plugins/libSwiftMacros.dylib\#/Applications/Xcode-27.0.0-Release.Candidate.app/Contents/Developer/Platforms/WatchOS.platform/Developer/usr/bin/swift-plugin-server\#SwiftMacros -disable-implicit-swift-modules -Xcc -fno-implicit-modules -Xcc -fno-implicit-module-maps -explicit-swift-module-map-file /Users/admin/builder/spi-builder-workspace/.derivedData/Build/Intermediates.noindex/elementary.build/Debug-watchos/Elementary-t.build/Objects-normal/arm64_32/Elementary-dependencies-1.json -enable-objc-interop -sdk /Applications/Xcode-27.0.0-Release.Candidate.app/Contents/Developer/Platforms/WatchOS.platform/Developer/SDKs/WatchOS27.0.sdk -I /Users/admin/builder/spi-builder-workspace/.derivedData/Build/Products/Debug-watchos -Isystem /Applications/Xcode-27.0.0-Release.Candidate.app/Contents/Developer/Platforms/WatchOS.platform/Developer/usr/lib -F /Users/admin/builder/spi-builder-workspace/.derivedData/Build/Products/Debug-watchos -F /Applications/Xcode-27.0.0-Release.Candidate.app/Contents/Developer/Platforms/WatchOS.platform/Developer/Library/Frameworks -F /Applications/Xcode-27.0.0-Release.Candidate.app/Contents/Developer/Platforms/WatchOS.platform/Developer/SDKs/WatchOS27.0.sdk/Developer/Library/Frameworks -module-cache-path /Users/admin/builder/spi-builder-workspace/.derivedData/Build/Intermediates.noindex/SwiftExplicitPrecompiledModules -no-color-diagnostics -Xcc -fno-color-diagnostics -enable-testing -g -debug-info-format\=dwarf -dwarf-version\=4 -suppress-warnings -profile-generate -profile-coverage-mapping -swift-version 6 -Onone -D SWIFT_PACKAGE -D DEBUG -D SWIFT_MODULE_RESOURCE_BUNDLE_UNAVAILABLE -D Xcode -serialize-debugging-options -enable-upcoming-feature ExistentialAny -enable-experimental-feature DebugDescriptionMacro -empty-abi-descriptor -user-module-version 0.8.2 -validate-clang-modules-once -clang-build-session-file /Users/admin/builder/spi-builder-workspace/.derivedData/ModuleCache.noindex/Session.modulevalidation -Xcc -working-directory -Xcc /Users/admin/builder/spi-builder-workspace/.swiftpm/xcode -enable-anonymous-context-mangled-names -file-compilation-dir /Users/admin/builder/spi-builder-workspace/.swiftpm/xcode -Xcc -D_LIBCPP_HARDENING_MODE\=_LIBCPP_HARDENING_MODE_DEBUG -Xcc -ivfsstatcache -Xcc /Users/admin/builder/spi-builder-workspace/.derivedData/SDKStatCaches.noindex/watchos27.0-24R360-e829b21a6f8c9b70876ba0858053c04477534ef55a1706bf4c1112bbb242f0a2.sdkstatcache -Xcc -fmodules-prune-interval\=86400 -Xcc -fmodules-prune-after\=345600 -Xcc -I/Users/admin/builder/spi-builder-workspace/.derivedData/Build/Products/Debug-watchos/include -Xcc -I/Users/admin/builder/spi-builder-workspace/.derivedData/Build/Intermediates.noindex/elementary.build/Debug-watchos/Elementary-t.build/DerivedSources-normal/arm64_32 -Xcc -I/Users/admin/builder/spi-builder-workspace/.derivedData/Build/Intermediates.noindex/elementary.build/Debug-watchos/Elementary-t.build/DerivedSources/arm64_32 -Xcc -I/Users/admin/builder/spi-builder-workspace/.derivedData/Build/Intermediates.noindex/elementary.build/Debug-watchos/Elementary-t.build/DerivedSources -Xcc -DSWIFT_PACKAGE -Xcc -DDEBUG\=1 -no-auto-bridging-header-chaining -module-name Elementary -package-name elementary -const-gather-protocols-file /Users/admin/builder/spi-builder-workspace/.derivedData/Build/Intermediates.noindex/elementary.build/Debug-watchos/Elementary-t.build/Objects-normal/arm64_32/Elementary_const_extract_protocols.json -disable-clang-spi -clang-target arm64_32-apple-watchos27.0 -target-sdk-version 27.0 -target-sdk-name watchos27.0 -in-process-plugin-server-path /Applications/Xcode-27.0.0-Release.Candidate.app/Contents/Developer/Toolchains/XcodeDefault.xctoolchain/usr/lib/swift/host/libSwiftInProcPluginServer.dylib -emit-module-doc-path /Users/admin/builder/spi-builder-workspace/.derivedData/Build/Intermediates.noindex/elementary.build/Debug-watchos/Elementary-t.build/Objects-normal/arm64_32/Elementary.swiftdoc -emit-module-source-info-path /Users/admin/builder/spi-builder-workspace/.derivedData/Build/Intermediates.noindex/elementary.build/Debug-watchos/Elementary-t.build/Objects-normal/arm64_32/Elementary.swiftsourceinfo -emit-objc-header-path /Users/admin/builder/spi-builder-workspace/.derivedData/Build/Intermediates.noindex/elementary.build/Debug-watchos/Elementary-t.build/Objects-normal/arm64_32/Elementary-Swift.h -serialize-diagnostics-path /Users/admin/builder/spi-builder-workspace/.derivedData/Build/Intermediates.noindex/elementary.build/Debug-watchos/Elementary-t.build/Objects-normal/arm64_32/Elementary-primary-emit-module.dia -emit-dependencies-path /Users/admin/builder/spi-builder-workspace/.derivedData/Build/Intermediates.noindex/elementary.build/Debug-watchos/Elementary-t.build/Objects-normal/arm64_32/Elementary-primary-emit-module.d -parse-as-library -o /Users/admin/builder/spi-builder-workspace/.derivedData/Build/Intermediates.noindex/elementary.build/Debug-watchos/Elementary-t.build/Objects-normal/arm64_32/Elementary.swiftmodule -emit-abi-descriptor-path /Users/admin/builder/spi-builder-workspace/.derivedData/Build/Intermediates.noindex/elementary.build/Debug-watchos/Elementary-t.build/Objects-normal/arm64_32/Elementary.abi.json
SwiftCompile normal arm64_32 (in target 'Elementary' from project 'elementary')
cd /Users/admin/builder/spi-builder-workspace/.swiftpm/xcode
SwiftCompile normal arm64_32 Compiling\ SVG.swift,\ SVGAttributes.swift,\ SVGContent+Structural.swift,\ SVGElement.swift /Users/admin/builder/spi-builder-workspace/.dependencies/checkouts/elementary/Sources/Elementary/SVG/SVG.swift /Users/admin/builder/spi-builder-workspace/.dependencies/checkouts/elementary/Sources/Elementary/SVG/SVGAttributes.swift /Users/admin/builder/spi-builder-workspace/.dependencies/checkouts/elementary/Sources/Elementary/SVG/SVGContent+Structural.swift /Users/admin/builder/spi-builder-workspace/.dependencies/checkouts/elementary/Sources/Elementary/SVG/SVGElement.swift (in target 'Elementary' from project 'elementary')
SwiftCompile normal arm64_32 /Users/admin/builder/spi-builder-workspace/.dependencies/checkouts/elementary/Sources/Elementary/SVG/SVG.swift (in target 'Elementary' from project 'elementary')
cd /Users/admin/builder/spi-builder-workspace/.swiftpm/xcode
builtin-SwiftPerFileCompile SVG.swift
SwiftCompile normal arm64_32 /Users/admin/builder/spi-builder-workspace/.dependencies/checkouts/elementary/Sources/Elementary/SVG/SVGAttributes.swift (in target 'Elementary' from project 'elementary')
cd /Users/admin/builder/spi-builder-workspace/.swiftpm/xcode
builtin-SwiftPerFileCompile SVGAttributes.swift
SwiftCompile normal arm64_32 /Users/admin/builder/spi-builder-workspace/.dependencies/checkouts/elementary/Sources/Elementary/SVG/SVGContent+Structural.swift (in target 'Elementary' from project 'elementary')
cd /Users/admin/builder/spi-builder-workspace/.swiftpm/xcode
builtin-SwiftPerFileCompile SVGContent+Structural.swift
SwiftCompile normal arm64_32 /Users/admin/builder/spi-builder-workspace/.dependencies/checkouts/elementary/Sources/Elementary/SVG/SVGElement.swift (in target 'Elementary' from project 'elementary')
cd /Users/admin/builder/spi-builder-workspace/.swiftpm/xcode
builtin-SwiftPerFileCompile SVGElement.swift
SwiftEmitModule normal arm64 Emitting\ module\ for\ Elementary (in target 'Elementary' from project 'elementary')
/Users/admin/builder/spi-builder-workspace/.dependencies/checkouts/elementary/Sources/Elementary/ServerSupport/SendOnceBox.swift:11:16: error: 'Mutex' is only available in watchOS 11.0 or newer
3 |
4 | @available(iOS 18, macOS 15, *)
5 | final class SendOnceBox: Sendable, SendOnceBoxing {
| `- note: add '@available' attribute to enclosing class
6 | // final class SendOnceBox<Value>: Sendable, SendOnceBoxing {
7 | typealias Value = any HTML
:
9 | // https://github.com/swiftlang/swift/issues/78048
10 |
11 | let mutex: Mutex<Value?>
| `- error: 'Mutex' is only available in watchOS 11.0 or newer
12 |
13 | init(_ value: sending Value) {
Failed frontend command:
/Applications/Xcode-27.0.0-Release.Candidate.app/Contents/Developer/Toolchains/XcodeDefault.xctoolchain/usr/bin/swift-frontend -frontend -emit-module -experimental-skip-non-inlinable-function-bodies-without-types /Users/admin/builder/spi-builder-workspace/.dependencies/checkouts/elementary/Sources/Elementary/Content/AsyncContent.swift /Users/admin/builder/spi-builder-workspace/.dependencies/checkouts/elementary/Sources/Elementary/Content/AsyncForEach.swift /Users/admin/builder/spi-builder-workspace/.dependencies/checkouts/elementary/Sources/Elementary/Content/Content+Renderable.swift /Users/admin/builder/spi-builder-workspace/.dependencies/checkouts/elementary/Sources/Elementary/Content/ContentBuilder+Tuples.swift /Users/admin/builder/spi-builder-workspace/.dependencies/checkouts/elementary/Sources/Elementary/Content/ContentBuilder.swift /Users/admin/builder/spi-builder-workspace/.dependencies/checkouts/elementary/Sources/Elementary/Content/ForEach.swift /Users/admin/builder/spi-builder-workspace/.dependencies/checkouts/elementary/Sources/Elementary/Content/Group.swift /Users/admin/builder/spi-builder-workspace/.dependencies/checkouts/elementary/Sources/Elementary/HTML/HTML+Environment.swift /Users/admin/builder/spi-builder-workspace/.dependencies/checkouts/elementary/Sources/Elementary/HTML/HTML+Renderable.swift /Users/admin/builder/spi-builder-workspace/.dependencies/checkouts/elementary/Sources/Elementary/HTML/HTML+StructuralContent.swift /Users/admin/builder/spi-builder-workspace/.dependencies/checkouts/elementary/Sources/Elementary/HTML/HTML.swift /Users/admin/builder/spi-builder-workspace/.dependencies/checkouts/elementary/Sources/Elementary/HTML/HTMLAttributes+Common.swift /Users/admin/builder/spi-builder-workspace/.dependencies/checkouts/elementary/Sources/Elementary/HTML/HTMLAttributes+Event.swift /Users/admin/builder/spi-builder-workspace/.dependencies/checkouts/elementary/Sources/Elementary/HTML/HTMLAttributes+Global.swift /Users/admin/builder/spi-builder-workspace/.dependencies/checkouts/elementary/Sources/Elementary/HTML/HTMLComment.swift /Users/admin/builder/spi-builder-workspace/.dependencies/checkouts/elementary/Sources/Elementary/HTML/HTMLDocument.swift /Users/admin/builder/spi-builder-workspace/.dependencies/checkouts/elementary/Sources/Elementary/HTML/HTMLElement.swift /Users/admin/builder/spi-builder-workspace/.dependencies/checkouts/elementary/Sources/Elementary/HTML/HTMLElements.swift /Users/admin/builder/spi-builder-workspace/.dependencies/checkouts/elementary/Sources/Elementary/HTML/HTMLRaw.swift /Users/admin/builder/spi-builder-workspace/.dependencies/checkouts/elementary/Sources/Elementary/HTML/HTMLTags.swift /Users/admin/builder/spi-builder-workspace/.dependencies/checkouts/elementary/Sources/Elementary/HTML/HTMLVoidElement.swift /Users/admin/builder/spi-builder-workspace/.dependencies/checkouts/elementary/Sources/Elementary/Markup/AttributeStorage.swift /Users/admin/builder/spi-builder-workspace/.dependencies/checkouts/elementary/Sources/Elementary/Markup/AttributedElement.swift /Users/admin/builder/spi-builder-workspace/.dependencies/checkouts/elementary/Sources/Elementary/Markup/Environment.swift /Users/admin/builder/spi-builder-workspace/.dependencies/checkouts/elementary/Sources/Elementary/Markup/Markup+Renderable.swift /Users/admin/builder/spi-builder-workspace/.dependencies/checkouts/elementary/Sources/Elementary/Markup/MarkupAttribute.swift /Users/admin/builder/spi-builder-workspace/.dependencies/checkouts/elementary/Sources/Elementary/Markup/MarkupContent+Structural.swift /Users/admin/builder/spi-builder-workspace/.dependencies/checkouts/elementary/Sources/Elementary/Markup/MarkupContent.swift /Users/admin/builder/spi-builder-workspace/.dependencies/checkouts/elementary/Sources/Elementary/Markup/MarkupTagDefinition.swift /Users/admin/builder/spi-builder-workspace/.dependencies/checkouts/elementary/Sources/Elementary/Markup/StoredAttribute+StyleKeyValuePairs.swift /Users/admin/builder/spi-builder-workspace/.dependencies/checkouts/elementary/Sources/Elementary/Markup/StoredAttribute.swift /Users/admin/builder/spi-builder-workspace/.dependencies/checkouts/elementary/Sources/Elementary/Rendering/AsyncHTMLRenderer.swift /Users/admin/builder/spi-builder-workspace/.dependencies/checkouts/elementary/Sources/Elementary/Rendering/HtmlTextRenderer.swift /Users/admin/builder/spi-builder-workspace/.dependencies/checkouts/elementary/Sources/Elementary/Rendering/MarkupContent+Render.swift /Users/admin/builder/spi-builder-workspace/.dependencies/checkouts/elementary/Sources/Elementary/Rendering/Renderable.swift /Users/admin/builder/spi-builder-workspace/.dependencies/checkouts/elementary/Sources/Elementary/Rendering/RenderingUtils.swift /Users/admin/builder/spi-builder-workspace/.dependencies/checkouts/elementary/Sources/Elementary/SVG/SVG+Renderable.swift /Users/admin/builder/spi-builder-workspace/.dependencies/checkouts/elementary/Sources/Elementary/SVG/SVG.swift /Users/admin/builder/spi-builder-workspace/.dependencies/checkouts/elementary/Sources/Elementary/SVG/SVGAttributes.swift /Users/admin/builder/spi-builder-workspace/.dependencies/checkouts/elementary/Sources/Elementary/SVG/SVGContent+Structural.swift /Users/admin/builder/spi-builder-workspace/.dependencies/checkouts/elementary/Sources/Elementary/SVG/SVGElement.swift /Users/admin/builder/spi-builder-workspace/.dependencies/checkouts/elementary/Sources/Elementary/SVG/SVGTags.swift /Users/admin/builder/spi-builder-workspace/.dependencies/checkouts/elementary/Sources/Elementary/SVG/SVGValues.swift /Users/admin/builder/spi-builder-workspace/.dependencies/checkouts/elementary/Sources/Elementary/ServerSupport/SendOnceBox.swift /Users/admin/builder/spi-builder-workspace/.dependencies/checkouts/elementary/Sources/Elementary/ServerSupport/SendableAnyHTMLBox.swift -target arm64-apple-watchos10.0 -disable-cross-import-overlay-search -load-resolved-plugin /Applications/Xcode-27.0.0-Release.Candidate.app/Contents/Developer/Platforms/WatchOS.platform/Developer/usr/lib/swift/host/plugins/libSwiftMacros.dylib\#/Applications/Xcode-27.0.0-Release.Candidate.app/Contents/Developer/Platforms/WatchOS.platform/Developer/usr/bin/swift-plugin-server\#SwiftMacros -disable-implicit-swift-modules -Xcc -fno-implicit-modules -Xcc -fno-implicit-module-maps -explicit-swift-module-map-file /Users/admin/builder/spi-builder-workspace/.derivedData/Build/Intermediates.noindex/elementary.build/Debug-watchos/Elementary-t.build/Objects-normal/arm64/Elementary-dependencies-2.json -Xllvm -aarch64-use-tbi -enable-objc-interop -stack-check -sdk /Applications/Xcode-27.0.0-Release.Candidate.app/Contents/Developer/Platforms/WatchOS.platform/Developer/SDKs/WatchOS27.0.sdk -I /Users/admin/builder/spi-builder-workspace/.derivedData/Build/Products/Debug-watchos -Isystem /Applications/Xcode-27.0.0-Release.Candidate.app/Contents/Developer/Platforms/WatchOS.platform/Developer/usr/lib -F /Users/admin/builder/spi-builder-workspace/.derivedData/Build/Products/Debug-watchos -F /Applications/Xcode-27.0.0-Release.Candidate.app/Contents/Developer/Platforms/WatchOS.platform/Developer/Library/Frameworks -F /Applications/Xcode-27.0.0-Release.Candidate.app/Contents/Developer/Platforms/WatchOS.platform/Developer/SDKs/WatchOS27.0.sdk/Developer/Library/Frameworks -module-cache-path /Users/admin/builder/spi-builder-workspace/.derivedData/Build/Intermediates.noindex/SwiftExplicitPrecompiledModules -no-color-diagnostics -Xcc -fno-color-diagnostics -enable-testing -g -debug-info-format\=dwarf -dwarf-version\=4 -suppress-warnings -profile-generate -profile-coverage-mapping -swift-version 6 -Onone -D SWIFT_PACKAGE -D DEBUG -D SWIFT_MODULE_RESOURCE_BUNDLE_UNAVAILABLE -D Xcode -serialize-debugging-options -enable-upcoming-feature ExistentialAny -enable-experimental-feature DebugDescriptionMacro -empty-abi-descriptor -user-module-version 0.8.2 -validate-clang-modules-once -clang-build-session-file /Users/admin/builder/spi-builder-workspace/.derivedData/ModuleCache.noindex/Session.modulevalidation -Xcc -working-directory -Xcc /Users/admin/builder/spi-builder-workspace/.swiftpm/xcode -enable-anonymous-context-mangled-names -file-compilation-dir /Users/admin/builder/spi-builder-workspace/.swiftpm/xcode -Xcc -D_LIBCPP_HARDENING_MODE\=_LIBCPP_HARDENING_MODE_DEBUG -Xcc -ivfsstatcache -Xcc /Users/admin/builder/spi-builder-workspace/.derivedData/SDKStatCaches.noindex/watchos27.0-24R360-e829b21a6f8c9b70876ba0858053c04477534ef55a1706bf4c1112bbb242f0a2.sdkstatcache -Xcc -fmodules-prune-interval\=86400 -Xcc -fmodules-prune-after\=345600 -Xcc -I/Users/admin/builder/spi-builder-workspace/.derivedData/Build/Products/Debug-watchos/include -Xcc -I/Users/admin/builder/spi-builder-workspace/.derivedData/Build/Intermediates.noindex/elementary.build/Debug-watchos/Elementary-t.build/DerivedSources-normal/arm64 -Xcc -I/Users/admin/builder/spi-builder-workspace/.derivedData/Build/Intermediates.noindex/elementary.build/Debug-watchos/Elementary-t.build/DerivedSources/arm64 -Xcc -I/Users/admin/builder/spi-builder-workspace/.derivedData/Build/Intermediates.noindex/elementary.build/Debug-watchos/Elementary-t.build/DerivedSources -Xcc -DSWIFT_PACKAGE -Xcc -DDEBUG\=1 -no-auto-bridging-header-chaining -module-name Elementary -package-name elementary -const-gather-protocols-file /Users/admin/builder/spi-builder-workspace/.derivedData/Build/Intermediates.noindex/elementary.build/Debug-watchos/Elementary-t.build/Objects-normal/arm64/Elementary_const_extract_protocols.json -disable-clang-spi -clang-target arm64-apple-watchos27.0 -target-sdk-version 27.0 -target-sdk-name watchos27.0 -in-process-plugin-server-path /Applications/Xcode-27.0.0-Release.Candidate.app/Contents/Developer/Toolchains/XcodeDefault.xctoolchain/usr/lib/swift/host/libSwiftInProcPluginServer.dylib -emit-module-doc-path /Users/admin/builder/spi-builder-workspace/.derivedData/Build/Intermediates.noindex/elementary.build/Debug-watchos/Elementary-t.build/Objects-normal/arm64/Elementary.swiftdoc -emit-module-source-info-path /Users/admin/builder/spi-builder-workspace/.derivedData/Build/Intermediates.noindex/elementary.build/Debug-watchos/Elementary-t.build/Objects-normal/arm64/Elementary.swiftsourceinfo -emit-objc-header-path /Users/admin/builder/spi-builder-workspace/.derivedData/Build/Intermediates.noindex/elementary.build/Debug-watchos/Elementary-t.build/Objects-normal/arm64/Elementary-Swift.h -serialize-diagnostics-path /Users/admin/builder/spi-builder-workspace/.derivedData/Build/Intermediates.noindex/elementary.build/Debug-watchos/Elementary-t.build/Objects-normal/arm64/Elementary-primary-emit-module.dia -emit-dependencies-path /Users/admin/builder/spi-builder-workspace/.derivedData/Build/Intermediates.noindex/elementary.build/Debug-watchos/Elementary-t.build/Objects-normal/arm64/Elementary-primary-emit-module.d -parse-as-library -o /Users/admin/builder/spi-builder-workspace/.derivedData/Build/Intermediates.noindex/elementary.build/Debug-watchos/Elementary-t.build/Objects-normal/arm64/Elementary.swiftmodule -emit-abi-descriptor-path /Users/admin/builder/spi-builder-workspace/.derivedData/Build/Intermediates.noindex/elementary.build/Debug-watchos/Elementary-t.build/Objects-normal/arm64/Elementary.abi.json
SwiftCompile normal arm64 (in target 'Elementary' from project 'elementary')
cd /Users/admin/builder/spi-builder-workspace/.swiftpm/xcode
SwiftCompile normal arm64_32 Compiling\ SVGTags.swift,\ SVGValues.swift,\ SendOnceBox.swift,\ SendableAnyHTMLBox.swift /Users/admin/builder/spi-builder-workspace/.dependencies/checkouts/elementary/Sources/Elementary/SVG/SVGTags.swift /Users/admin/builder/spi-builder-workspace/.dependencies/checkouts/elementary/Sources/Elementary/SVG/SVGValues.swift /Users/admin/builder/spi-builder-workspace/.dependencies/checkouts/elementary/Sources/Elementary/ServerSupport/SendOnceBox.swift /Users/admin/builder/spi-builder-workspace/.dependencies/checkouts/elementary/Sources/Elementary/ServerSupport/SendableAnyHTMLBox.swift (in target 'Elementary' from project 'elementary')
/Users/admin/builder/spi-builder-workspace/.dependencies/checkouts/elementary/Sources/Elementary/ServerSupport/SendOnceBox.swift:11:16: error: 'Mutex' is only available in watchOS 11.0 or newer
3 |
4 | @available(iOS 18, macOS 15, *)
5 | final class SendOnceBox: Sendable, SendOnceBoxing {
| `- note: add '@available' attribute to enclosing class
6 | // final class SendOnceBox<Value>: Sendable, SendOnceBoxing {
7 | typealias Value = any HTML
:
9 | // https://github.com/swiftlang/swift/issues/78048
10 |
11 | let mutex: Mutex<Value?>
| `- error: 'Mutex' is only available in watchOS 11.0 or newer
12 |
13 | init(_ value: sending Value) {
/Users/admin/builder/spi-builder-workspace/.dependencies/checkouts/elementary/Sources/Elementary/ServerSupport/SendOnceBox.swift:14:17: error: 'Mutex' is only available in watchOS 11.0 or newer
3 |
4 | @available(iOS 18, macOS 15, *)
5 | final class SendOnceBox: Sendable, SendOnceBoxing {
| `- note: add '@available' attribute to enclosing class
6 | // final class SendOnceBox<Value>: Sendable, SendOnceBoxing {
7 | typealias Value = any HTML
:
11 | let mutex: Mutex<Value?>
12 |
13 | init(_ value: sending Value) {
| `- note: add '@available' attribute to enclosing initializer
14 | mutex = Mutex(value)
| |- error: 'Mutex' is only available in watchOS 11.0 or newer
| `- note: add 'if #available' version check
15 | }
16 |
/Users/admin/builder/spi-builder-workspace/.dependencies/checkouts/elementary/Sources/Elementary/ServerSupport/SendOnceBox.swift:14:17: error: 'init(_:)' is only available in watchOS 11.0 or newer
3 |
4 | @available(iOS 18, macOS 15, *)
5 | final class SendOnceBox: Sendable, SendOnceBoxing {
| `- note: add '@available' attribute to enclosing class
6 | // final class SendOnceBox<Value>: Sendable, SendOnceBoxing {
7 | typealias Value = any HTML
:
11 | let mutex: Mutex<Value?>
12 |
13 | init(_ value: sending Value) {
| `- note: add '@available' attribute to enclosing initializer
14 | mutex = Mutex(value)
| |- error: 'init(_:)' is only available in watchOS 11.0 or newer
| `- note: add 'if #available' version check
15 | }
16 |
SwiftCompile normal arm64_32 /Users/admin/builder/spi-builder-workspace/.dependencies/checkouts/elementary/Sources/Elementary/SVG/SVGTags.swift (in target 'Elementary' from project 'elementary')
cd /Users/admin/builder/spi-builder-workspace/.swiftpm/xcode
builtin-SwiftPerFileCompile SVGTags.swift
SwiftCompile normal arm64_32 /Users/admin/builder/spi-builder-workspace/.dependencies/checkouts/elementary/Sources/Elementary/SVG/SVGValues.swift (in target 'Elementary' from project 'elementary')
cd /Users/admin/builder/spi-builder-workspace/.swiftpm/xcode
builtin-SwiftPerFileCompile SVGValues.swift
SwiftCompile normal arm64_32 /Users/admin/builder/spi-builder-workspace/.dependencies/checkouts/elementary/Sources/Elementary/ServerSupport/SendOnceBox.swift (in target 'Elementary' from project 'elementary')
cd /Users/admin/builder/spi-builder-workspace/.swiftpm/xcode
builtin-SwiftPerFileCompile SendOnceBox.swift
SwiftCompile normal arm64_32 /Users/admin/builder/spi-builder-workspace/.dependencies/checkouts/elementary/Sources/Elementary/ServerSupport/SendableAnyHTMLBox.swift (in target 'Elementary' from project 'elementary')
cd /Users/admin/builder/spi-builder-workspace/.swiftpm/xcode
builtin-SwiftPerFileCompile SendableAnyHTMLBox.swift
SwiftCompile normal arm64_32 Compiling\ AsyncContent.swift,\ AsyncForEach.swift,\ Content+Renderable.swift,\ ContentBuilder+Tuples.swift,\ ContentBuilder.swift /Users/admin/builder/spi-builder-workspace/.dependencies/checkouts/elementary/Sources/Elementary/Content/AsyncContent.swift /Users/admin/builder/spi-builder-workspace/.dependencies/checkouts/elementary/Sources/Elementary/Content/AsyncForEach.swift /Users/admin/builder/spi-builder-workspace/.dependencies/checkouts/elementary/Sources/Elementary/Content/Content+Renderable.swift /Users/admin/builder/spi-builder-workspace/.dependencies/checkouts/elementary/Sources/Elementary/Content/ContentBuilder+Tuples.swift /Users/admin/builder/spi-builder-workspace/.dependencies/checkouts/elementary/Sources/Elementary/Content/ContentBuilder.swift (in target 'Elementary' from project 'elementary')
SwiftCompile normal arm64_32 /Users/admin/builder/spi-builder-workspace/.dependencies/checkouts/elementary/Sources/Elementary/Content/AsyncContent.swift (in target 'Elementary' from project 'elementary')
cd /Users/admin/builder/spi-builder-workspace/.swiftpm/xcode
builtin-SwiftPerFileCompile AsyncContent.swift
SwiftCompile normal arm64_32 /Users/admin/builder/spi-builder-workspace/.dependencies/checkouts/elementary/Sources/Elementary/Content/AsyncForEach.swift (in target 'Elementary' from project 'elementary')
cd /Users/admin/builder/spi-builder-workspace/.swiftpm/xcode
builtin-SwiftPerFileCompile AsyncForEach.swift
SwiftCompile normal arm64_32 /Users/admin/builder/spi-builder-workspace/.dependencies/checkouts/elementary/Sources/Elementary/Content/Content+Renderable.swift (in target 'Elementary' from project 'elementary')
cd /Users/admin/builder/spi-builder-workspace/.swiftpm/xcode
builtin-SwiftPerFileCompile Content+Renderable.swift
SwiftCompile normal arm64_32 /Users/admin/builder/spi-builder-workspace/.dependencies/checkouts/elementary/Sources/Elementary/Content/ContentBuilder+Tuples.swift (in target 'Elementary' from project 'elementary')
cd /Users/admin/builder/spi-builder-workspace/.swiftpm/xcode
builtin-SwiftPerFileCompile ContentBuilder+Tuples.swift
SwiftCompile normal arm64_32 /Users/admin/builder/spi-builder-workspace/.dependencies/checkouts/elementary/Sources/Elementary/Content/ContentBuilder.swift (in target 'Elementary' from project 'elementary')
cd /Users/admin/builder/spi-builder-workspace/.swiftpm/xcode
builtin-SwiftPerFileCompile ContentBuilder.swift
PruneExplicitPrecompiledModules /Users/admin/builder/spi-builder-workspace/.derivedData/Build/Intermediates.noindex/ExplicitPrecompiledModules
PruneExplicitPrecompiledModules /Users/admin/builder/spi-builder-workspace/.derivedData/Build/Intermediates.noindex/SwiftExplicitPrecompiledModules
PruneExplicitPrecompiledModules /Users/admin/builder/spi-builder-workspace/.derivedData/SDKExplicitPrecompiledModules
2026-09-26 20:45:51.789 xcodebuild[759:4624] [MT] IDERunDestination: Supported platforms for the buildables in the current scheme is empty.
** BUILD FAILED **
The following build commands failed:
SwiftEmitModule normal arm64_32 Emitting\ module\ for\ Elementary (in target 'Elementary' from project 'elementary')
SwiftCompile normal arm64_32 (in target 'Elementary' from project 'elementary')
SwiftEmitModule normal arm64 Emitting\ module\ for\ Elementary (in target 'Elementary' from project 'elementary')
SwiftCompile normal arm64 (in target 'Elementary' from project 'elementary')
Building workspace elementary-tailwind with scheme elementary-tailwind
(5 failures)
BUILD FAILURE 6.4 watchOS