Build Information
Failed to build kineo-endpoint, reference master (1f4f11), with Swift 6.4 for iOS using Xcode 27.0 on 17 Sep 2026 12:54:21 UTC.
Build Command
env DEVELOPER_DIR=/Applications/Xcode-27.0.0-Release.Candidate.app xcrun xcodebuild -IDEClonedSourcePackagesDirPathOverride=$PWD/.dependencies -skipMacroValidation -skipPackagePluginValidation -derivedDataPath $PWD/.derivedData build -scheme kineo-endpoint-Package -destination generic/platform=iOSBuild Log
/Users/admin/builder/spi-builder-workspace/.dependencies/checkouts/swift-sparql-syntax/Sources/SPARQLSyntax/SPARQLLexer.swift:364:26: error: result builder 'AlternationBuilder' does not implement any 'buildBlock' or a combination of 'buildPartialBlock(first:)' and 'buildPartialBlock(accumulated:next:)' with sufficient availability for this call site [#ResultBuilderMethods]
362 | let r = Regex {
363 | Capture {
364 | ChoiceOf {
| `- error: result builder 'AlternationBuilder' does not implement any 'buildBlock' or a combination of 'buildPartialBlock(first:)' and 'buildPartialBlock(accumulated:next:)' with sufficient availability for this call site [#ResultBuilderMethods]
365 | windowKeywords2
366 | #/ABS|ADD|ALL|ASC|ASK|AS|AVG|BASE|BIND|BNODE|BOUND|BY|CEIL|CLEAR|COALESCE|CONCAT|CONSTRUCT|CONTAINS|COPY|COUNT|CREATE|DATATYPE|DAY|DEFAULT|DELETE|DELETE WHERE|DESCRIBE|DESC|DISTINCT|DISTINCT|DROP|ENCODE_FOR_URI|EXISTS|FILTER|FLOOR|FROM|GRAPH|GROUP_CONCAT|GROUP|HAVING|HOURS|IF|INSERT|INSERT|DATA|INTO|IN|IRI|ISBLANK|ISIRI|ISLITERAL|ISNUMERIC|ISURI|LANGMATCHES|LANG|LCASE|LIMIT|LOAD|MAX|MD5|MINUS|MINUTES|MIN|MONTH|MOVE|NAMED|NOT|NOW|OFFSET|OPTIONAL|ORDER|PREFIX|RAND|REDUCED|REGEX|REPLACE|ROUND|SAMETERM|SAMPLE|SECONDS|SELECT|SEPARATOR|SERVICE|SHA1|SHA256|SHA384|SHA512|SILENT|STRAFTER|STRBEFORE|STRDT|STRENDS|STRLANG|STRLEN|STRSTARTS|STRUUID|STR|SUBSTR|SUM|TIMEZONE|TO|TZ|UCASE|UNDEF|UNION|URI|USING|UUID|VALUES|WHERE|WITH|YEAR/#
/Users/admin/builder/spi-builder-workspace/.dependencies/checkouts/swift-sparql-syntax/Sources/SPARQLSyntax/SPARQLLexer.swift:364:26: error: result builder 'AlternationBuilder' does not implement any 'buildBlock' or a combination of 'buildPartialBlock(first:)' and 'buildPartialBlock(accumulated:next:)' with sufficient availability for this call site [#ResultBuilderMethods]
362 | let r = Regex {
363 | Capture {
364 | ChoiceOf {
| `- error: result builder 'AlternationBuilder' does not implement any 'buildBlock' or a combination of 'buildPartialBlock(first:)' and 'buildPartialBlock(accumulated:next:)' with sufficient availability for this call site [#ResultBuilderMethods]
365 | windowKeywords2
366 | #/ABS|ADD|ALL|ASC|ASK|AS|AVG|BASE|BIND|BNODE|BOUND|BY|CEIL|CLEAR|COALESCE|CONCAT|CONSTRUCT|CONTAINS|COPY|COUNT|CREATE|DATATYPE|DAY|DEFAULT|DELETE|DELETE WHERE|DESCRIBE|DESC|DISTINCT|DISTINCT|DROP|ENCODE_FOR_URI|EXISTS|FILTER|FLOOR|FROM|GRAPH|GROUP_CONCAT|GROUP|HAVING|HOURS|IF|INSERT|INSERT|DATA|INTO|IN|IRI|ISBLANK|ISIRI|ISLITERAL|ISNUMERIC|ISURI|LANGMATCHES|LANG|LCASE|LIMIT|LOAD|MAX|MD5|MINUS|MINUTES|MIN|MONTH|MOVE|NAMED|NOT|NOW|OFFSET|OPTIONAL|ORDER|PREFIX|RAND|REDUCED|REGEX|REPLACE|ROUND|SAMETERM|SAMPLE|SECONDS|SELECT|SEPARATOR|SERVICE|SHA1|SHA256|SHA384|SHA512|SILENT|STRAFTER|STRBEFORE|STRDT|STRENDS|STRLANG|STRLEN|STRSTARTS|STRUUID|STR|SUBSTR|SUM|TIMEZONE|TO|TZ|UCASE|UNDEF|UNION|URI|USING|UUID|VALUES|WHERE|WITH|YEAR/#
/Users/admin/builder/spi-builder-workspace/.dependencies/checkouts/swift-sparql-syntax/Sources/SPARQLSyntax/SPARQLLexer.swift:364:26: error: result builder 'AlternationBuilder' does not implement any 'buildBlock' or a combination of 'buildPartialBlock(first:)' and 'buildPartialBlock(accumulated:next:)' with sufficient availability for this call site [#ResultBuilderMethods]
362 | let r = Regex {
363 | Capture {
364 | ChoiceOf {
| `- error: result builder 'AlternationBuilder' does not implement any 'buildBlock' or a combination of 'buildPartialBlock(first:)' and 'buildPartialBlock(accumulated:next:)' with sufficient availability for this call site [#ResultBuilderMethods]
365 | windowKeywords2
366 | #/ABS|ADD|ALL|ASC|ASK|AS|AVG|BASE|BIND|BNODE|BOUND|BY|CEIL|CLEAR|COALESCE|CONCAT|CONSTRUCT|CONTAINS|COPY|COUNT|CREATE|DATATYPE|DAY|DEFAULT|DELETE|DELETE WHERE|DESCRIBE|DESC|DISTINCT|DISTINCT|DROP|ENCODE_FOR_URI|EXISTS|FILTER|FLOOR|FROM|GRAPH|GROUP_CONCAT|GROUP|HAVING|HOURS|IF|INSERT|INSERT|DATA|INTO|IN|IRI|ISBLANK|ISIRI|ISLITERAL|ISNUMERIC|ISURI|LANGMATCHES|LANG|LCASE|LIMIT|LOAD|MAX|MD5|MINUS|MINUTES|MIN|MONTH|MOVE|NAMED|NOT|NOW|OFFSET|OPTIONAL|ORDER|PREFIX|RAND|REDUCED|REGEX|REPLACE|ROUND|SAMETERM|SAMPLE|SECONDS|SELECT|SEPARATOR|SERVICE|SHA1|SHA256|SHA384|SHA512|SILENT|STRAFTER|STRBEFORE|STRDT|STRENDS|STRLANG|STRLEN|STRSTARTS|STRUUID|STR|SUBSTR|SUM|TIMEZONE|TO|TZ|UCASE|UNDEF|UNION|URI|USING|UUID|VALUES|WHERE|WITH|YEAR/#
/Users/admin/builder/spi-builder-workspace/.dependencies/checkouts/swift-sparql-syntax/Sources/SPARQLSyntax/SPARQLLexer.swift:364:26: error: result builder 'AlternationBuilder' does not implement any 'buildBlock' or a combination of 'buildPartialBlock(first:)' and 'buildPartialBlock(accumulated:next:)' with sufficient availability for this call site [#ResultBuilderMethods]
362 | let r = Regex {
363 | Capture {
364 | ChoiceOf {
| `- error: result builder 'AlternationBuilder' does not implement any 'buildBlock' or a combination of 'buildPartialBlock(first:)' and 'buildPartialBlock(accumulated:next:)' with sufficient availability for this call site [#ResultBuilderMethods]
365 | windowKeywords2
366 | #/ABS|ADD|ALL|ASC|ASK|AS|AVG|BASE|BIND|BNODE|BOUND|BY|CEIL|CLEAR|COALESCE|CONCAT|CONSTRUCT|CONTAINS|COPY|COUNT|CREATE|DATATYPE|DAY|DEFAULT|DELETE|DELETE WHERE|DESCRIBE|DESC|DISTINCT|DISTINCT|DROP|ENCODE_FOR_URI|EXISTS|FILTER|FLOOR|FROM|GRAPH|GROUP_CONCAT|GROUP|HAVING|HOURS|IF|INSERT|INSERT|DATA|INTO|IN|IRI|ISBLANK|ISIRI|ISLITERAL|ISNUMERIC|ISURI|LANGMATCHES|LANG|LCASE|LIMIT|LOAD|MAX|MD5|MINUS|MINUTES|MIN|MONTH|MOVE|NAMED|NOT|NOW|OFFSET|OPTIONAL|ORDER|PREFIX|RAND|REDUCED|REGEX|REPLACE|ROUND|SAMETERM|SAMPLE|SECONDS|SELECT|SEPARATOR|SERVICE|SHA1|SHA256|SHA384|SHA512|SILENT|STRAFTER|STRBEFORE|STRDT|STRENDS|STRLANG|STRLEN|STRSTARTS|STRUUID|STR|SUBSTR|SUM|TIMEZONE|TO|TZ|UCASE|UNDEF|UNION|URI|USING|UUID|VALUES|WHERE|WITH|YEAR/#
/Users/admin/builder/spi-builder-workspace/.dependencies/checkouts/swift-sparql-syntax/Sources/SPARQLSyntax/SPARQLLexer.swift:364:26: error: result builder 'AlternationBuilder' does not implement any 'buildBlock' or a combination of 'buildPartialBlock(first:)' and 'buildPartialBlock(accumulated:next:)' with sufficient availability for this call site [#ResultBuilderMethods]
362 | let r = Regex {
363 | Capture {
364 | ChoiceOf {
| `- error: result builder 'AlternationBuilder' does not implement any 'buildBlock' or a combination of 'buildPartialBlock(first:)' and 'buildPartialBlock(accumulated:next:)' with sufficient availability for this call site [#ResultBuilderMethods]
365 | windowKeywords2
366 | #/ABS|ADD|ALL|ASC|ASK|AS|AVG|BASE|BIND|BNODE|BOUND|BY|CEIL|CLEAR|COALESCE|CONCAT|CONSTRUCT|CONTAINS|COPY|COUNT|CREATE|DATATYPE|DAY|DEFAULT|DELETE|DELETE WHERE|DESCRIBE|DESC|DISTINCT|DISTINCT|DROP|ENCODE_FOR_URI|EXISTS|FILTER|FLOOR|FROM|GRAPH|GROUP_CONCAT|GROUP|HAVING|HOURS|IF|INSERT|INSERT|DATA|INTO|IN|IRI|ISBLANK|ISIRI|ISLITERAL|ISNUMERIC|ISURI|LANGMATCHES|LANG|LCASE|LIMIT|LOAD|MAX|MD5|MINUS|MINUTES|MIN|MONTH|MOVE|NAMED|NOT|NOW|OFFSET|OPTIONAL|ORDER|PREFIX|RAND|REDUCED|REGEX|REPLACE|ROUND|SAMETERM|SAMPLE|SECONDS|SELECT|SEPARATOR|SERVICE|SHA1|SHA256|SHA384|SHA512|SILENT|STRAFTER|STRBEFORE|STRDT|STRENDS|STRLANG|STRLEN|STRSTARTS|STRUUID|STR|SUBSTR|SUM|TIMEZONE|TO|TZ|UCASE|UNDEF|UNION|URI|USING|UUID|VALUES|WHERE|WITH|YEAR/#
/Users/admin/builder/spi-builder-workspace/.dependencies/checkouts/swift-sparql-syntax/Sources/SPARQLSyntax/SPARQLLexer.swift:364:26: error: result builder 'AlternationBuilder' does not implement any 'buildBlock' or a combination of 'buildPartialBlock(first:)' and 'buildPartialBlock(accumulated:next:)' with sufficient availability for this call site [#ResultBuilderMethods]
362 | let r = Regex {
363 | Capture {
364 | ChoiceOf {
| `- error: result builder 'AlternationBuilder' does not implement any 'buildBlock' or a combination of 'buildPartialBlock(first:)' and 'buildPartialBlock(accumulated:next:)' with sufficient availability for this call site [#ResultBuilderMethods]
365 | windowKeywords2
366 | #/ABS|ADD|ALL|ASC|ASK|AS|AVG|BASE|BIND|BNODE|BOUND|BY|CEIL|CLEAR|COALESCE|CONCAT|CONSTRUCT|CONTAINS|COPY|COUNT|CREATE|DATATYPE|DAY|DEFAULT|DELETE|DELETE WHERE|DESCRIBE|DESC|DISTINCT|DISTINCT|DROP|ENCODE_FOR_URI|EXISTS|FILTER|FLOOR|FROM|GRAPH|GROUP_CONCAT|GROUP|HAVING|HOURS|IF|INSERT|INSERT|DATA|INTO|IN|IRI|ISBLANK|ISIRI|ISLITERAL|ISNUMERIC|ISURI|LANGMATCHES|LANG|LCASE|LIMIT|LOAD|MAX|MD5|MINUS|MINUTES|MIN|MONTH|MOVE|NAMED|NOT|NOW|OFFSET|OPTIONAL|ORDER|PREFIX|RAND|REDUCED|REGEX|REPLACE|ROUND|SAMETERM|SAMPLE|SECONDS|SELECT|SEPARATOR|SERVICE|SHA1|SHA256|SHA384|SHA512|SILENT|STRAFTER|STRBEFORE|STRDT|STRENDS|STRLANG|STRLEN|STRSTARTS|STRUUID|STR|SUBSTR|SUM|TIMEZONE|TO|TZ|UCASE|UNDEF|UNION|URI|USING|UUID|VALUES|WHERE|WITH|YEAR/#
/Users/admin/builder/spi-builder-workspace/.dependencies/checkouts/swift-sparql-syntax/Sources/SPARQLSyntax/SPARQLLexer.swift:364:26: error: result builder 'AlternationBuilder' does not implement any 'buildBlock' or a combination of 'buildPartialBlock(first:)' and 'buildPartialBlock(accumulated:next:)' with sufficient availability for this call site [#ResultBuilderMethods]
362 | let r = Regex {
363 | Capture {
364 | ChoiceOf {
| `- error: result builder 'AlternationBuilder' does not implement any 'buildBlock' or a combination of 'buildPartialBlock(first:)' and 'buildPartialBlock(accumulated:next:)' with sufficient availability for this call site [#ResultBuilderMethods]
365 | windowKeywords2
366 | #/ABS|ADD|ALL|ASC|ASK|AS|AVG|BASE|BIND|BNODE|BOUND|BY|CEIL|CLEAR|COALESCE|CONCAT|CONSTRUCT|CONTAINS|COPY|COUNT|CREATE|DATATYPE|DAY|DEFAULT|DELETE|DELETE WHERE|DESCRIBE|DESC|DISTINCT|DISTINCT|DROP|ENCODE_FOR_URI|EXISTS|FILTER|FLOOR|FROM|GRAPH|GROUP_CONCAT|GROUP|HAVING|HOURS|IF|INSERT|INSERT|DATA|INTO|IN|IRI|ISBLANK|ISIRI|ISLITERAL|ISNUMERIC|ISURI|LANGMATCHES|LANG|LCASE|LIMIT|LOAD|MAX|MD5|MINUS|MINUTES|MIN|MONTH|MOVE|NAMED|NOT|NOW|OFFSET|OPTIONAL|ORDER|PREFIX|RAND|REDUCED|REGEX|REPLACE|ROUND|SAMETERM|SAMPLE|SECONDS|SELECT|SEPARATOR|SERVICE|SHA1|SHA256|SHA384|SHA512|SILENT|STRAFTER|STRBEFORE|STRDT|STRENDS|STRLANG|STRLEN|STRSTARTS|STRUUID|STR|SUBSTR|SUM|TIMEZONE|TO|TZ|UCASE|UNDEF|UNION|URI|USING|UUID|VALUES|WHERE|WITH|YEAR/#
/Users/admin/builder/spi-builder-workspace/.dependencies/checkouts/swift-sparql-syntax/Sources/SPARQLSyntax/SPARQLLexer.swift:364:26: error: result builder 'AlternationBuilder' does not implement any 'buildBlock' or a combination of 'buildPartialBlock(first:)' and 'buildPartialBlock(accumulated:next:)' with sufficient availability for this call site [#ResultBuilderMethods]
362 | let r = Regex {
363 | Capture {
364 | ChoiceOf {
| `- error: result builder 'AlternationBuilder' does not implement any 'buildBlock' or a combination of 'buildPartialBlock(first:)' and 'buildPartialBlock(accumulated:next:)' with sufficient availability for this call site [#ResultBuilderMethods]
365 | windowKeywords2
366 | #/ABS|ADD|ALL|ASC|ASK|AS|AVG|BASE|BIND|BNODE|BOUND|BY|CEIL|CLEAR|COALESCE|CONCAT|CONSTRUCT|CONTAINS|COPY|COUNT|CREATE|DATATYPE|DAY|DEFAULT|DELETE|DELETE WHERE|DESCRIBE|DESC|DISTINCT|DISTINCT|DROP|ENCODE_FOR_URI|EXISTS|FILTER|FLOOR|FROM|GRAPH|GROUP_CONCAT|GROUP|HAVING|HOURS|IF|INSERT|INSERT|DATA|INTO|IN|IRI|ISBLANK|ISIRI|ISLITERAL|ISNUMERIC|ISURI|LANGMATCHES|LANG|LCASE|LIMIT|LOAD|MAX|MD5|MINUS|MINUTES|MIN|MONTH|MOVE|NAMED|NOT|NOW|OFFSET|OPTIONAL|ORDER|PREFIX|RAND|REDUCED|REGEX|REPLACE|ROUND|SAMETERM|SAMPLE|SECONDS|SELECT|SEPARATOR|SERVICE|SHA1|SHA256|SHA384|SHA512|SILENT|STRAFTER|STRBEFORE|STRDT|STRENDS|STRLANG|STRLEN|STRSTARTS|STRUUID|STR|SUBSTR|SUM|TIMEZONE|TO|TZ|UCASE|UNDEF|UNION|URI|USING|UUID|VALUES|WHERE|WITH|YEAR/#
/Users/admin/builder/spi-builder-workspace/.dependencies/checkouts/swift-sparql-syntax/Sources/SPARQLSyntax/SPARQLLexer.swift:364:26: error: result builder 'AlternationBuilder' does not implement any 'buildBlock' or a combination of 'buildPartialBlock(first:)' and 'buildPartialBlock(accumulated:next:)' with sufficient availability for this call site [#ResultBuilderMethods]
362 | let r = Regex {
363 | Capture {
364 | ChoiceOf {
| `- error: result builder 'AlternationBuilder' does not implement any 'buildBlock' or a combination of 'buildPartialBlock(first:)' and 'buildPartialBlock(accumulated:next:)' with sufficient availability for this call site [#ResultBuilderMethods]
365 | windowKeywords2
366 | #/ABS|ADD|ALL|ASC|ASK|AS|AVG|BASE|BIND|BNODE|BOUND|BY|CEIL|CLEAR|COALESCE|CONCAT|CONSTRUCT|CONTAINS|COPY|COUNT|CREATE|DATATYPE|DAY|DEFAULT|DELETE|DELETE WHERE|DESCRIBE|DESC|DISTINCT|DISTINCT|DROP|ENCODE_FOR_URI|EXISTS|FILTER|FLOOR|FROM|GRAPH|GROUP_CONCAT|GROUP|HAVING|HOURS|IF|INSERT|INSERT|DATA|INTO|IN|IRI|ISBLANK|ISIRI|ISLITERAL|ISNUMERIC|ISURI|LANGMATCHES|LANG|LCASE|LIMIT|LOAD|MAX|MD5|MINUS|MINUTES|MIN|MONTH|MOVE|NAMED|NOT|NOW|OFFSET|OPTIONAL|ORDER|PREFIX|RAND|REDUCED|REGEX|REPLACE|ROUND|SAMETERM|SAMPLE|SECONDS|SELECT|SEPARATOR|SERVICE|SHA1|SHA256|SHA384|SHA512|SILENT|STRAFTER|STRBEFORE|STRDT|STRENDS|STRLANG|STRLEN|STRSTARTS|STRUUID|STR|SUBSTR|SUM|TIMEZONE|TO|TZ|UCASE|UNDEF|UNION|URI|USING|UUID|VALUES|WHERE|WITH|YEAR/#
/Users/admin/builder/spi-builder-workspace/.dependencies/checkouts/swift-sparql-syntax/Sources/SPARQLSyntax/SPARQLLexer.swift:364:26: error: result builder 'AlternationBuilder' does not implement any 'buildBlock' or a combination of 'buildPartialBlock(first:)' and 'buildPartialBlock(accumulated:next:)' with sufficient availability for this call site [#ResultBuilderMethods]
362 | let r = Regex {
363 | Capture {
364 | ChoiceOf {
| `- error: result builder 'AlternationBuilder' does not implement any 'buildBlock' or a combination of 'buildPartialBlock(first:)' and 'buildPartialBlock(accumulated:next:)' with sufficient availability for this call site [#ResultBuilderMethods]
365 | windowKeywords2
366 | #/ABS|ADD|ALL|ASC|ASK|AS|AVG|BASE|BIND|BNODE|BOUND|BY|CEIL|CLEAR|COALESCE|CONCAT|CONSTRUCT|CONTAINS|COPY|COUNT|CREATE|DATATYPE|DAY|DEFAULT|DELETE|DELETE WHERE|DESCRIBE|DESC|DISTINCT|DISTINCT|DROP|ENCODE_FOR_URI|EXISTS|FILTER|FLOOR|FROM|GRAPH|GROUP_CONCAT|GROUP|HAVING|HOURS|IF|INSERT|INSERT|DATA|INTO|IN|IRI|ISBLANK|ISIRI|ISLITERAL|ISNUMERIC|ISURI|LANGMATCHES|LANG|LCASE|LIMIT|LOAD|MAX|MD5|MINUS|MINUTES|MIN|MONTH|MOVE|NAMED|NOT|NOW|OFFSET|OPTIONAL|ORDER|PREFIX|RAND|REDUCED|REGEX|REPLACE|ROUND|SAMETERM|SAMPLE|SECONDS|SELECT|SEPARATOR|SERVICE|SHA1|SHA256|SHA384|SHA512|SILENT|STRAFTER|STRBEFORE|STRDT|STRENDS|STRLANG|STRLEN|STRSTARTS|STRUUID|STR|SUBSTR|SUM|TIMEZONE|TO|TZ|UCASE|UNDEF|UNION|URI|USING|UUID|VALUES|WHERE|WITH|YEAR/#
/Users/admin/builder/spi-builder-workspace/.dependencies/checkouts/swift-sparql-syntax/Sources/SPARQLSyntax/SPARQLLexer.swift:364:26: error: result builder 'AlternationBuilder' does not implement any 'buildBlock' or a combination of 'buildPartialBlock(first:)' and 'buildPartialBlock(accumulated:next:)' with sufficient availability for this call site [#ResultBuilderMethods]
362 | let r = Regex {
363 | Capture {
364 | ChoiceOf {
| `- error: result builder 'AlternationBuilder' does not implement any 'buildBlock' or a combination of 'buildPartialBlock(first:)' and 'buildPartialBlock(accumulated:next:)' with sufficient availability for this call site [#ResultBuilderMethods]
365 | windowKeywords2
366 | #/ABS|ADD|ALL|ASC|ASK|AS|AVG|BASE|BIND|BNODE|BOUND|BY|CEIL|CLEAR|COALESCE|CONCAT|CONSTRUCT|CONTAINS|COPY|COUNT|CREATE|DATATYPE|DAY|DEFAULT|DELETE|DELETE WHERE|DESCRIBE|DESC|DISTINCT|DISTINCT|DROP|ENCODE_FOR_URI|EXISTS|FILTER|FLOOR|FROM|GRAPH|GROUP_CONCAT|GROUP|HAVING|HOURS|IF|INSERT|INSERT|DATA|INTO|IN|IRI|ISBLANK|ISIRI|ISLITERAL|ISNUMERIC|ISURI|LANGMATCHES|LANG|LCASE|LIMIT|LOAD|MAX|MD5|MINUS|MINUTES|MIN|MONTH|MOVE|NAMED|NOT|NOW|OFFSET|OPTIONAL|ORDER|PREFIX|RAND|REDUCED|REGEX|REPLACE|ROUND|SAMETERM|SAMPLE|SECONDS|SELECT|SEPARATOR|SERVICE|SHA1|SHA256|SHA384|SHA512|SILENT|STRAFTER|STRBEFORE|STRDT|STRENDS|STRLANG|STRLEN|STRSTARTS|STRUUID|STR|SUBSTR|SUM|TIMEZONE|TO|TZ|UCASE|UNDEF|UNION|URI|USING|UUID|VALUES|WHERE|WITH|YEAR/#
/Users/admin/builder/spi-builder-workspace/.dependencies/checkouts/swift-sparql-syntax/Sources/SPARQLSyntax/SPARQLLexer.swift:364:26: error: result builder 'AlternationBuilder' does not implement any 'buildBlock' or a combination of 'buildPartialBlock(first:)' and 'buildPartialBlock(accumulated:next:)' with sufficient availability for this call site [#ResultBuilderMethods]
362 | let r = Regex {
363 | Capture {
364 | ChoiceOf {
| `- error: result builder 'AlternationBuilder' does not implement any 'buildBlock' or a combination of 'buildPartialBlock(first:)' and 'buildPartialBlock(accumulated:next:)' with sufficient availability for this call site [#ResultBuilderMethods]
365 | windowKeywords2
366 | #/ABS|ADD|ALL|ASC|ASK|AS|AVG|BASE|BIND|BNODE|BOUND|BY|CEIL|CLEAR|COALESCE|CONCAT|CONSTRUCT|CONTAINS|COPY|COUNT|CREATE|DATATYPE|DAY|DEFAULT|DELETE|DELETE WHERE|DESCRIBE|DESC|DISTINCT|DISTINCT|DROP|ENCODE_FOR_URI|EXISTS|FILTER|FLOOR|FROM|GRAPH|GROUP_CONCAT|GROUP|HAVING|HOURS|IF|INSERT|INSERT|DATA|INTO|IN|IRI|ISBLANK|ISIRI|ISLITERAL|ISNUMERIC|ISURI|LANGMATCHES|LANG|LCASE|LIMIT|LOAD|MAX|MD5|MINUS|MINUTES|MIN|MONTH|MOVE|NAMED|NOT|NOW|OFFSET|OPTIONAL|ORDER|PREFIX|RAND|REDUCED|REGEX|REPLACE|ROUND|SAMETERM|SAMPLE|SECONDS|SELECT|SEPARATOR|SERVICE|SHA1|SHA256|SHA384|SHA512|SILENT|STRAFTER|STRBEFORE|STRDT|STRENDS|STRLANG|STRLEN|STRSTARTS|STRUUID|STR|SUBSTR|SUM|TIMEZONE|TO|TZ|UCASE|UNDEF|UNION|URI|USING|UUID|VALUES|WHERE|WITH|YEAR/#
/Users/admin/builder/spi-builder-workspace/.dependencies/checkouts/swift-sparql-syntax/Sources/SPARQLSyntax/SPARQLLexer.swift:364:26: error: result builder 'AlternationBuilder' does not implement any 'buildBlock' or a combination of 'buildPartialBlock(first:)' and 'buildPartialBlock(accumulated:next:)' with sufficient availability for this call site [#ResultBuilderMethods]
362 | let r = Regex {
363 | Capture {
364 | ChoiceOf {
| `- error: result builder 'AlternationBuilder' does not implement any 'buildBlock' or a combination of 'buildPartialBlock(first:)' and 'buildPartialBlock(accumulated:next:)' with sufficient availability for this call site [#ResultBuilderMethods]
365 | windowKeywords2
366 | #/ABS|ADD|ALL|ASC|ASK|AS|AVG|BASE|BIND|BNODE|BOUND|BY|CEIL|CLEAR|COALESCE|CONCAT|CONSTRUCT|CONTAINS|COPY|COUNT|CREATE|DATATYPE|DAY|DEFAULT|DELETE|DELETE WHERE|DESCRIBE|DESC|DISTINCT|DISTINCT|DROP|ENCODE_FOR_URI|EXISTS|FILTER|FLOOR|FROM|GRAPH|GROUP_CONCAT|GROUP|HAVING|HOURS|IF|INSERT|INSERT|DATA|INTO|IN|IRI|ISBLANK|ISIRI|ISLITERAL|ISNUMERIC|ISURI|LANGMATCHES|LANG|LCASE|LIMIT|LOAD|MAX|MD5|MINUS|MINUTES|MIN|MONTH|MOVE|NAMED|NOT|NOW|OFFSET|OPTIONAL|ORDER|PREFIX|RAND|REDUCED|REGEX|REPLACE|ROUND|SAMETERM|SAMPLE|SECONDS|SELECT|SEPARATOR|SERVICE|SHA1|SHA256|SHA384|SHA512|SILENT|STRAFTER|STRBEFORE|STRDT|STRENDS|STRLANG|STRLEN|STRSTARTS|STRUUID|STR|SUBSTR|SUM|TIMEZONE|TO|TZ|UCASE|UNDEF|UNION|URI|USING|UUID|VALUES|WHERE|WITH|YEAR/#
/Users/admin/builder/spi-builder-workspace/.dependencies/checkouts/swift-sparql-syntax/Sources/SPARQLSyntax/SPARQLLexer.swift:364:26: error: result builder 'AlternationBuilder' does not implement any 'buildBlock' or a combination of 'buildPartialBlock(first:)' and 'buildPartialBlock(accumulated:next:)' with sufficient availability for this call site [#ResultBuilderMethods]
362 | let r = Regex {
363 | Capture {
364 | ChoiceOf {
| `- error: result builder 'AlternationBuilder' does not implement any 'buildBlock' or a combination of 'buildPartialBlock(first:)' and 'buildPartialBlock(accumulated:next:)' with sufficient availability for this call site [#ResultBuilderMethods]
365 | windowKeywords2
366 | #/ABS|ADD|ALL|ASC|ASK|AS|AVG|BASE|BIND|BNODE|BOUND|BY|CEIL|CLEAR|COALESCE|CONCAT|CONSTRUCT|CONTAINS|COPY|COUNT|CREATE|DATATYPE|DAY|DEFAULT|DELETE|DELETE WHERE|DESCRIBE|DESC|DISTINCT|DISTINCT|DROP|ENCODE_FOR_URI|EXISTS|FILTER|FLOOR|FROM|GRAPH|GROUP_CONCAT|GROUP|HAVING|HOURS|IF|INSERT|INSERT|DATA|INTO|IN|IRI|ISBLANK|ISIRI|ISLITERAL|ISNUMERIC|ISURI|LANGMATCHES|LANG|LCASE|LIMIT|LOAD|MAX|MD5|MINUS|MINUTES|MIN|MONTH|MOVE|NAMED|NOT|NOW|OFFSET|OPTIONAL|ORDER|PREFIX|RAND|REDUCED|REGEX|REPLACE|ROUND|SAMETERM|SAMPLE|SECONDS|SELECT|SEPARATOR|SERVICE|SHA1|SHA256|SHA384|SHA512|SILENT|STRAFTER|STRBEFORE|STRDT|STRENDS|STRLANG|STRLEN|STRSTARTS|STRUUID|STR|SUBSTR|SUM|TIMEZONE|TO|TZ|UCASE|UNDEF|UNION|URI|USING|UUID|VALUES|WHERE|WITH|YEAR/#
/Users/admin/builder/spi-builder-workspace/.dependencies/checkouts/swift-sparql-syntax/Sources/SPARQLSyntax/SPARQLLexer.swift:364:26: error: result builder 'AlternationBuilder' does not implement any 'buildBlock' or a combination of 'buildPartialBlock(first:)' and 'buildPartialBlock(accumulated:next:)' with sufficient availability for this call site [#ResultBuilderMethods]
362 | let r = Regex {
363 | Capture {
364 | ChoiceOf {
| `- error: result builder 'AlternationBuilder' does not implement any 'buildBlock' or a combination of 'buildPartialBlock(first:)' and 'buildPartialBlock(accumulated:next:)' with sufficient availability for this call site [#ResultBuilderMethods]
365 | windowKeywords2
366 | #/ABS|ADD|ALL|ASC|ASK|AS|AVG|BASE|BIND|BNODE|BOUND|BY|CEIL|CLEAR|COALESCE|CONCAT|CONSTRUCT|CONTAINS|COPY|COUNT|CREATE|DATATYPE|DAY|DEFAULT|DELETE|DELETE WHERE|DESCRIBE|DESC|DISTINCT|DISTINCT|DROP|ENCODE_FOR_URI|EXISTS|FILTER|FLOOR|FROM|GRAPH|GROUP_CONCAT|GROUP|HAVING|HOURS|IF|INSERT|INSERT|DATA|INTO|IN|IRI|ISBLANK|ISIRI|ISLITERAL|ISNUMERIC|ISURI|LANGMATCHES|LANG|LCASE|LIMIT|LOAD|MAX|MD5|MINUS|MINUTES|MIN|MONTH|MOVE|NAMED|NOT|NOW|OFFSET|OPTIONAL|ORDER|PREFIX|RAND|REDUCED|REGEX|REPLACE|ROUND|SAMETERM|SAMPLE|SECONDS|SELECT|SEPARATOR|SERVICE|SHA1|SHA256|SHA384|SHA512|SILENT|STRAFTER|STRBEFORE|STRDT|STRENDS|STRLANG|STRLEN|STRSTARTS|STRUUID|STR|SUBSTR|SUM|TIMEZONE|TO|TZ|UCASE|UNDEF|UNION|URI|USING|UUID|VALUES|WHERE|WITH|YEAR/#
/Users/admin/builder/spi-builder-workspace/.dependencies/checkouts/swift-sparql-syntax/Sources/SPARQLSyntax/SPARQLLexer.swift:364:26: error: result builder 'AlternationBuilder' does not implement any 'buildBlock' or a combination of 'buildPartialBlock(first:)' and 'buildPartialBlock(accumulated:next:)' with sufficient availability for this call site [#ResultBuilderMethods]
362 | let r = Regex {
363 | Capture {
364 | ChoiceOf {
| `- error: result builder 'AlternationBuilder' does not implement any 'buildBlock' or a combination of 'buildPartialBlock(first:)' and 'buildPartialBlock(accumulated:next:)' with sufficient availability for this call site [#ResultBuilderMethods]
365 | windowKeywords2
366 | #/ABS|ADD|ALL|ASC|ASK|AS|AVG|BASE|BIND|BNODE|BOUND|BY|CEIL|CLEAR|COALESCE|CONCAT|CONSTRUCT|CONTAINS|COPY|COUNT|CREATE|DATATYPE|DAY|DEFAULT|DELETE|DELETE WHERE|DESCRIBE|DESC|DISTINCT|DISTINCT|DROP|ENCODE_FOR_URI|EXISTS|FILTER|FLOOR|FROM|GRAPH|GROUP_CONCAT|GROUP|HAVING|HOURS|IF|INSERT|INSERT|DATA|INTO|IN|IRI|ISBLANK|ISIRI|ISLITERAL|ISNUMERIC|ISURI|LANGMATCHES|LANG|LCASE|LIMIT|LOAD|MAX|MD5|MINUS|MINUTES|MIN|MONTH|MOVE|NAMED|NOT|NOW|OFFSET|OPTIONAL|ORDER|PREFIX|RAND|REDUCED|REGEX|REPLACE|ROUND|SAMETERM|SAMPLE|SECONDS|SELECT|SEPARATOR|SERVICE|SHA1|SHA256|SHA384|SHA512|SILENT|STRAFTER|STRBEFORE|STRDT|STRENDS|STRLANG|STRLEN|STRSTARTS|STRUUID|STR|SUBSTR|SUM|TIMEZONE|TO|TZ|UCASE|UNDEF|UNION|URI|USING|UUID|VALUES|WHERE|WITH|YEAR/#
/Users/admin/builder/spi-builder-workspace/.dependencies/checkouts/swift-sparql-syntax/Sources/SPARQLSyntax/SPARQLLexer.swift:364:26: error: result builder 'AlternationBuilder' does not implement any 'buildBlock' or a combination of 'buildPartialBlock(first:)' and 'buildPartialBlock(accumulated:next:)' with sufficient availability for this call site [#ResultBuilderMethods]
362 | let r = Regex {
363 | Capture {
364 | ChoiceOf {
| `- error: result builder 'AlternationBuilder' does not implement any 'buildBlock' or a combination of 'buildPartialBlock(first:)' and 'buildPartialBlock(accumulated:next:)' with sufficient availability for this call site [#ResultBuilderMethods]
365 | windowKeywords2
366 | #/ABS|ADD|ALL|ASC|ASK|AS|AVG|BASE|BIND|BNODE|BOUND|BY|CEIL|CLEAR|COALESCE|CONCAT|CONSTRUCT|CONTAINS|COPY|COUNT|CREATE|DATATYPE|DAY|DEFAULT|DELETE|DELETE WHERE|DESCRIBE|DESC|DISTINCT|DISTINCT|DROP|ENCODE_FOR_URI|EXISTS|FILTER|FLOOR|FROM|GRAPH|GROUP_CONCAT|GROUP|HAVING|HOURS|IF|INSERT|INSERT|DATA|INTO|IN|IRI|ISBLANK|ISIRI|ISLITERAL|ISNUMERIC|ISURI|LANGMATCHES|LANG|LCASE|LIMIT|LOAD|MAX|MD5|MINUS|MINUTES|MIN|MONTH|MOVE|NAMED|NOT|NOW|OFFSET|OPTIONAL|ORDER|PREFIX|RAND|REDUCED|REGEX|REPLACE|ROUND|SAMETERM|SAMPLE|SECONDS|SELECT|SEPARATOR|SERVICE|SHA1|SHA256|SHA384|SHA512|SILENT|STRAFTER|STRBEFORE|STRDT|STRENDS|STRLANG|STRLEN|STRSTARTS|STRUUID|STR|SUBSTR|SUM|TIMEZONE|TO|TZ|UCASE|UNDEF|UNION|URI|USING|UUID|VALUES|WHERE|WITH|YEAR/#
/Users/admin/builder/spi-builder-workspace/.dependencies/checkouts/swift-sparql-syntax/Sources/SPARQLSyntax/SPARQLLexer.swift:364:26: error: result builder 'AlternationBuilder' does not implement any 'buildBlock' or a combination of 'buildPartialBlock(first:)' and 'buildPartialBlock(accumulated:next:)' with sufficient availability for this call site [#ResultBuilderMethods]
362 | let r = Regex {
363 | Capture {
364 | ChoiceOf {
| `- error: result builder 'AlternationBuilder' does not implement any 'buildBlock' or a combination of 'buildPartialBlock(first:)' and 'buildPartialBlock(accumulated:next:)' with sufficient availability for this call site [#ResultBuilderMethods]
365 | windowKeywords2
366 | #/ABS|ADD|ALL|ASC|ASK|AS|AVG|BASE|BIND|BNODE|BOUND|BY|CEIL|CLEAR|COALESCE|CONCAT|CONSTRUCT|CONTAINS|COPY|COUNT|CREATE|DATATYPE|DAY|DEFAULT|DELETE|DELETE WHERE|DESCRIBE|DESC|DISTINCT|DISTINCT|DROP|ENCODE_FOR_URI|EXISTS|FILTER|FLOOR|FROM|GRAPH|GROUP_CONCAT|GROUP|HAVING|HOURS|IF|INSERT|INSERT|DATA|INTO|IN|IRI|ISBLANK|ISIRI|ISLITERAL|ISNUMERIC|ISURI|LANGMATCHES|LANG|LCASE|LIMIT|LOAD|MAX|MD5|MINUS|MINUTES|MIN|MONTH|MOVE|NAMED|NOT|NOW|OFFSET|OPTIONAL|ORDER|PREFIX|RAND|REDUCED|REGEX|REPLACE|ROUND|SAMETERM|SAMPLE|SECONDS|SELECT|SEPARATOR|SERVICE|SHA1|SHA256|SHA384|SHA512|SILENT|STRAFTER|STRBEFORE|STRDT|STRENDS|STRLANG|STRLEN|STRSTARTS|STRUUID|STR|SUBSTR|SUM|TIMEZONE|TO|TZ|UCASE|UNDEF|UNION|URI|USING|UUID|VALUES|WHERE|WITH|YEAR/#
/Users/admin/builder/spi-builder-workspace/.dependencies/checkouts/swift-sparql-syntax/Sources/SPARQLSyntax/SPARQLLexer.swift:364:26: error: result builder 'AlternationBuilder' does not implement any 'buildBlock' or a combination of 'buildPartialBlock(first:)' and 'buildPartialBlock(accumulated:next:)' with sufficient availability for this call site [#ResultBuilderMethods]
362 | let r = Regex {
363 | Capture {
364 | ChoiceOf {
| `- error: result builder 'AlternationBuilder' does not implement any 'buildBlock' or a combination of 'buildPartialBlock(first:)' and 'buildPartialBlock(accumulated:next:)' with sufficient availability for this call site [#ResultBuilderMethods]
365 | windowKeywords2
366 | #/ABS|ADD|ALL|ASC|ASK|AS|AVG|BASE|BIND|BNODE|BOUND|BY|CEIL|CLEAR|COALESCE|CONCAT|CONSTRUCT|CONTAINS|COPY|COUNT|CREATE|DATATYPE|DAY|DEFAULT|DELETE|DELETE WHERE|DESCRIBE|DESC|DISTINCT|DISTINCT|DROP|ENCODE_FOR_URI|EXISTS|FILTER|FLOOR|FROM|GRAPH|GROUP_CONCAT|GROUP|HAVING|HOURS|IF|INSERT|INSERT|DATA|INTO|IN|IRI|ISBLANK|ISIRI|ISLITERAL|ISNUMERIC|ISURI|LANGMATCHES|LANG|LCASE|LIMIT|LOAD|MAX|MD5|MINUS|MINUTES|MIN|MONTH|MOVE|NAMED|NOT|NOW|OFFSET|OPTIONAL|ORDER|PREFIX|RAND|REDUCED|REGEX|REPLACE|ROUND|SAMETERM|SAMPLE|SECONDS|SELECT|SEPARATOR|SERVICE|SHA1|SHA256|SHA384|SHA512|SILENT|STRAFTER|STRBEFORE|STRDT|STRENDS|STRLANG|STRLEN|STRSTARTS|STRUUID|STR|SUBSTR|SUM|TIMEZONE|TO|TZ|UCASE|UNDEF|UNION|URI|USING|UUID|VALUES|WHERE|WITH|YEAR/#
/Users/admin/builder/spi-builder-workspace/.dependencies/checkouts/swift-sparql-syntax/Sources/SPARQLSyntax/SPARQLLexer.swift:364:26: error: result builder 'AlternationBuilder' does not implement any 'buildBlock' or a combination of 'buildPartialBlock(first:)' and 'buildPartialBlock(accumulated:next:)' with sufficient availability for this call site [#ResultBuilderMethods]
362 | let r = Regex {
363 | Capture {
364 | ChoiceOf {
| `- error: result builder 'AlternationBuilder' does not implement any 'buildBlock' or a combination of 'buildPartialBlock(first:)' and 'buildPartialBlock(accumulated:next:)' with sufficient availability for this call site [#ResultBuilderMethods]
365 | windowKeywords2
366 | #/ABS|ADD|ALL|ASC|ASK|AS|AVG|BASE|BIND|BNODE|BOUND|BY|CEIL|CLEAR|COALESCE|CONCAT|CONSTRUCT|CONTAINS|COPY|COUNT|CREATE|DATATYPE|DAY|DEFAULT|DELETE|DELETE WHERE|DESCRIBE|DESC|DISTINCT|DISTINCT|DROP|ENCODE_FOR_URI|EXISTS|FILTER|FLOOR|FROM|GRAPH|GROUP_CONCAT|GROUP|HAVING|HOURS|IF|INSERT|INSERT|DATA|INTO|IN|IRI|ISBLANK|ISIRI|ISLITERAL|ISNUMERIC|ISURI|LANGMATCHES|LANG|LCASE|LIMIT|LOAD|MAX|MD5|MINUS|MINUTES|MIN|MONTH|MOVE|NAMED|NOT|NOW|OFFSET|OPTIONAL|ORDER|PREFIX|RAND|REDUCED|REGEX|REPLACE|ROUND|SAMETERM|SAMPLE|SECONDS|SELECT|SEPARATOR|SERVICE|SHA1|SHA256|SHA384|SHA512|SILENT|STRAFTER|STRBEFORE|STRDT|STRENDS|STRLANG|STRLEN|STRSTARTS|STRUUID|STR|SUBSTR|SUM|TIMEZONE|TO|TZ|UCASE|UNDEF|UNION|URI|USING|UUID|VALUES|WHERE|WITH|YEAR/#
/Users/admin/builder/spi-builder-workspace/.dependencies/checkouts/swift-sparql-syntax/Sources/SPARQLSyntax/SPARQLLexer.swift:364:26: error: result builder 'AlternationBuilder' does not implement any 'buildBlock' or a combination of 'buildPartialBlock(first:)' and 'buildPartialBlock(accumulated:next:)' with sufficient availability for this call site [#ResultBuilderMethods]
362 | let r = Regex {
363 | Capture {
364 | ChoiceOf {
| `- error: result builder 'AlternationBuilder' does not implement any 'buildBlock' or a combination of 'buildPartialBlock(first:)' and 'buildPartialBlock(accumulated:next:)' with sufficient availability for this call site [#ResultBuilderMethods]
365 | windowKeywords2
366 | #/ABS|ADD|ALL|ASC|ASK|AS|AVG|BASE|BIND|BNODE|BOUND|BY|CEIL|CLEAR|COALESCE|CONCAT|CONSTRUCT|CONTAINS|COPY|COUNT|CREATE|DATATYPE|DAY|DEFAULT|DELETE|DELETE WHERE|DESCRIBE|DESC|DISTINCT|DISTINCT|DROP|ENCODE_FOR_URI|EXISTS|FILTER|FLOOR|FROM|GRAPH|GROUP_CONCAT|GROUP|HAVING|HOURS|IF|INSERT|INSERT|DATA|INTO|IN|IRI|ISBLANK|ISIRI|ISLITERAL|ISNUMERIC|ISURI|LANGMATCHES|LANG|LCASE|LIMIT|LOAD|MAX|MD5|MINUS|MINUTES|MIN|MONTH|MOVE|NAMED|NOT|NOW|OFFSET|OPTIONAL|ORDER|PREFIX|RAND|REDUCED|REGEX|REPLACE|ROUND|SAMETERM|SAMPLE|SECONDS|SELECT|SEPARATOR|SERVICE|SHA1|SHA256|SHA384|SHA512|SILENT|STRAFTER|STRBEFORE|STRDT|STRENDS|STRLANG|STRLEN|STRSTARTS|STRUUID|STR|SUBSTR|SUM|TIMEZONE|TO|TZ|UCASE|UNDEF|UNION|URI|USING|UUID|VALUES|WHERE|WITH|YEAR/#
/Users/admin/builder/spi-builder-workspace/.dependencies/checkouts/swift-sparql-syntax/Sources/SPARQLSyntax/SPARQLLexer.swift:364:26: error: result builder 'AlternationBuilder' does not implement any 'buildBlock' or a combination of 'buildPartialBlock(first:)' and 'buildPartialBlock(accumulated:next:)' with sufficient availability for this call site [#ResultBuilderMethods]
362 | let r = Regex {
363 | Capture {
364 | ChoiceOf {
| `- error: result builder 'AlternationBuilder' does not implement any 'buildBlock' or a combination of 'buildPartialBlock(first:)' and 'buildPartialBlock(accumulated:next:)' with sufficient availability for this call site [#ResultBuilderMethods]
365 | windowKeywords2
366 | #/ABS|ADD|ALL|ASC|ASK|AS|AVG|BASE|BIND|BNODE|BOUND|BY|CEIL|CLEAR|COALESCE|CONCAT|CONSTRUCT|CONTAINS|COPY|COUNT|CREATE|DATATYPE|DAY|DEFAULT|DELETE|DELETE WHERE|DESCRIBE|DESC|DISTINCT|DISTINCT|DROP|ENCODE_FOR_URI|EXISTS|FILTER|FLOOR|FROM|GRAPH|GROUP_CONCAT|GROUP|HAVING|HOURS|IF|INSERT|INSERT|DATA|INTO|IN|IRI|ISBLANK|ISIRI|ISLITERAL|ISNUMERIC|ISURI|LANGMATCHES|LANG|LCASE|LIMIT|LOAD|MAX|MD5|MINUS|MINUTES|MIN|MONTH|MOVE|NAMED|NOT|NOW|OFFSET|OPTIONAL|ORDER|PREFIX|RAND|REDUCED|REGEX|REPLACE|ROUND|SAMETERM|SAMPLE|SECONDS|SELECT|SEPARATOR|SERVICE|SHA1|SHA256|SHA384|SHA512|SILENT|STRAFTER|STRBEFORE|STRDT|STRENDS|STRLANG|STRLEN|STRSTARTS|STRUUID|STR|SUBSTR|SUM|TIMEZONE|TO|TZ|UCASE|UNDEF|UNION|URI|USING|UUID|VALUES|WHERE|WITH|YEAR/#
/Users/admin/builder/spi-builder-workspace/.dependencies/checkouts/swift-sparql-syntax/Sources/SPARQLSyntax/SPARQLLexer.swift:364:26: error: result builder 'AlternationBuilder' does not implement any 'buildBlock' or a combination of 'buildPartialBlock(first:)' and 'buildPartialBlock(accumulated:next:)' with sufficient availability for this call site [#ResultBuilderMethods]
362 | let r = Regex {
363 | Capture {
364 | ChoiceOf {
| `- error: result builder 'AlternationBuilder' does not implement any 'buildBlock' or a combination of 'buildPartialBlock(first:)' and 'buildPartialBlock(accumulated:next:)' with sufficient availability for this call site [#ResultBuilderMethods]
365 | windowKeywords2
366 | #/ABS|ADD|ALL|ASC|ASK|AS|AVG|BASE|BIND|BNODE|BOUND|BY|CEIL|CLEAR|COALESCE|CONCAT|CONSTRUCT|CONTAINS|COPY|COUNT|CREATE|DATATYPE|DAY|DEFAULT|DELETE|DELETE WHERE|DESCRIBE|DESC|DISTINCT|DISTINCT|DROP|ENCODE_FOR_URI|EXISTS|FILTER|FLOOR|FROM|GRAPH|GROUP_CONCAT|GROUP|HAVING|HOURS|IF|INSERT|INSERT|DATA|INTO|IN|IRI|ISBLANK|ISIRI|ISLITERAL|ISNUMERIC|ISURI|LANGMATCHES|LANG|LCASE|LIMIT|LOAD|MAX|MD5|MINUS|MINUTES|MIN|MONTH|MOVE|NAMED|NOT|NOW|OFFSET|OPTIONAL|ORDER|PREFIX|RAND|REDUCED|REGEX|REPLACE|ROUND|SAMETERM|SAMPLE|SECONDS|SELECT|SEPARATOR|SERVICE|SHA1|SHA256|SHA384|SHA512|SILENT|STRAFTER|STRBEFORE|STRDT|STRENDS|STRLANG|STRLEN|STRSTARTS|STRUUID|STR|SUBSTR|SUM|TIMEZONE|TO|TZ|UCASE|UNDEF|UNION|URI|USING|UUID|VALUES|WHERE|WITH|YEAR/#
/Users/admin/builder/spi-builder-workspace/.dependencies/checkouts/swift-sparql-syntax/Sources/SPARQLSyntax/SPARQLLexer.swift:364:26: error: result builder 'AlternationBuilder' does not implement any 'buildBlock' or a combination of 'buildPartialBlock(first:)' and 'buildPartialBlock(accumulated:next:)' with sufficient availability for this call site [#ResultBuilderMethods]
362 | let r = Regex {
363 | Capture {
364 | ChoiceOf {
| `- error: result builder 'AlternationBuilder' does not implement any 'buildBlock' or a combination of 'buildPartialBlock(first:)' and 'buildPartialBlock(accumulated:next:)' with sufficient availability for this call site [#ResultBuilderMethods]
365 | windowKeywords2
366 | #/ABS|ADD|ALL|ASC|ASK|AS|AVG|BASE|BIND|BNODE|BOUND|BY|CEIL|CLEAR|COALESCE|CONCAT|CONSTRUCT|CONTAINS|COPY|COUNT|CREATE|DATATYPE|DAY|DEFAULT|DELETE|DELETE WHERE|DESCRIBE|DESC|DISTINCT|DISTINCT|DROP|ENCODE_FOR_URI|EXISTS|FILTER|FLOOR|FROM|GRAPH|GROUP_CONCAT|GROUP|HAVING|HOURS|IF|INSERT|INSERT|DATA|INTO|IN|IRI|ISBLANK|ISIRI|ISLITERAL|ISNUMERIC|ISURI|LANGMATCHES|LANG|LCASE|LIMIT|LOAD|MAX|MD5|MINUS|MINUTES|MIN|MONTH|MOVE|NAMED|NOT|NOW|OFFSET|OPTIONAL|ORDER|PREFIX|RAND|REDUCED|REGEX|REPLACE|ROUND|SAMETERM|SAMPLE|SECONDS|SELECT|SEPARATOR|SERVICE|SHA1|SHA256|SHA384|SHA512|SILENT|STRAFTER|STRBEFORE|STRDT|STRENDS|STRLANG|STRLEN|STRSTARTS|STRUUID|STR|SUBSTR|SUM|TIMEZONE|TO|TZ|UCASE|UNDEF|UNION|URI|USING|UUID|VALUES|WHERE|WITH|YEAR/#
/Users/admin/builder/spi-builder-workspace/.dependencies/checkouts/swift-sparql-syntax/Sources/SPARQLSyntax/SPARQLLexer.swift:364:26: error: result builder 'AlternationBuilder' does not implement any 'buildBlock' or a combination of 'buildPartialBlock(first:)' and 'buildPartialBlock(accumulated:next:)' with sufficient availability for this call site [#ResultBuilderMethods]
362 | let r = Regex {
363 | Capture {
364 | ChoiceOf {
| `- error: result builder 'AlternationBuilder' does not implement any 'buildBlock' or a combination of 'buildPartialBlock(first:)' and 'buildPartialBlock(accumulated:next:)' with sufficient availability for this call site [#ResultBuilderMethods]
365 | windowKeywords2
366 | #/ABS|ADD|ALL|ASC|ASK|AS|AVG|BASE|BIND|BNODE|BOUND|BY|CEIL|CLEAR|COALESCE|CONCAT|CONSTRUCT|CONTAINS|COPY|COUNT|CREATE|DATATYPE|DAY|DEFAULT|DELETE|DELETE WHERE|DESCRIBE|DESC|DISTINCT|DISTINCT|DROP|ENCODE_FOR_URI|EXISTS|FILTER|FLOOR|FROM|GRAPH|GROUP_CONCAT|GROUP|HAVING|HOURS|IF|INSERT|INSERT|DATA|INTO|IN|IRI|ISBLANK|ISIRI|ISLITERAL|ISNUMERIC|ISURI|LANGMATCHES|LANG|LCASE|LIMIT|LOAD|MAX|MD5|MINUS|MINUTES|MIN|MONTH|MOVE|NAMED|NOT|NOW|OFFSET|OPTIONAL|ORDER|PREFIX|RAND|REDUCED|REGEX|REPLACE|ROUND|SAMETERM|SAMPLE|SECONDS|SELECT|SEPARATOR|SERVICE|SHA1|SHA256|SHA384|SHA512|SILENT|STRAFTER|STRBEFORE|STRDT|STRENDS|STRLANG|STRLEN|STRSTARTS|STRUUID|STR|SUBSTR|SUM|TIMEZONE|TO|TZ|UCASE|UNDEF|UNION|URI|USING|UUID|VALUES|WHERE|WITH|YEAR/#
/Users/admin/builder/spi-builder-workspace/.dependencies/checkouts/swift-sparql-syntax/Sources/SPARQLSyntax/SPARQLLexer.swift:364:26: error: result builder 'AlternationBuilder' does not implement any 'buildBlock' or a combination of 'buildPartialBlock(first:)' and 'buildPartialBlock(accumulated:next:)' with sufficient availability for this call site [#ResultBuilderMethods]
362 | let r = Regex {
363 | Capture {
364 | ChoiceOf {
| `- error: result builder 'AlternationBuilder' does not implement any 'buildBlock' or a combination of 'buildPartialBlock(first:)' and 'buildPartialBlock(accumulated:next:)' with sufficient availability for this call site [#ResultBuilderMethods]
365 | windowKeywords2
366 | #/ABS|ADD|ALL|ASC|ASK|AS|AVG|BASE|BIND|BNODE|BOUND|BY|CEIL|CLEAR|COALESCE|CONCAT|CONSTRUCT|CONTAINS|COPY|COUNT|CREATE|DATATYPE|DAY|DEFAULT|DELETE|DELETE WHERE|DESCRIBE|DESC|DISTINCT|DISTINCT|DROP|ENCODE_FOR_URI|EXISTS|FILTER|FLOOR|FROM|GRAPH|GROUP_CONCAT|GROUP|HAVING|HOURS|IF|INSERT|INSERT|DATA|INTO|IN|IRI|ISBLANK|ISIRI|ISLITERAL|ISNUMERIC|ISURI|LANGMATCHES|LANG|LCASE|LIMIT|LOAD|MAX|MD5|MINUS|MINUTES|MIN|MONTH|MOVE|NAMED|NOT|NOW|OFFSET|OPTIONAL|ORDER|PREFIX|RAND|REDUCED|REGEX|REPLACE|ROUND|SAMETERM|SAMPLE|SECONDS|SELECT|SEPARATOR|SERVICE|SHA1|SHA256|SHA384|SHA512|SILENT|STRAFTER|STRBEFORE|STRDT|STRENDS|STRLANG|STRLEN|STRSTARTS|STRUUID|STR|SUBSTR|SUM|TIMEZONE|TO|TZ|UCASE|UNDEF|UNION|URI|USING|UUID|VALUES|WHERE|WITH|YEAR/#
/Users/admin/builder/spi-builder-workspace/.dependencies/checkouts/swift-sparql-syntax/Sources/SPARQLSyntax/SPARQLLexer.swift:364:26: error: result builder 'AlternationBuilder' does not implement any 'buildBlock' or a combination of 'buildPartialBlock(first:)' and 'buildPartialBlock(accumulated:next:)' with sufficient availability for this call site [#ResultBuilderMethods]
362 | let r = Regex {
363 | Capture {
364 | ChoiceOf {
| `- error: result builder 'AlternationBuilder' does not implement any 'buildBlock' or a combination of 'buildPartialBlock(first:)' and 'buildPartialBlock(accumulated:next:)' with sufficient availability for this call site [#ResultBuilderMethods]
365 | windowKeywords2
366 | #/ABS|ADD|ALL|ASC|ASK|AS|AVG|BASE|BIND|BNODE|BOUND|BY|CEIL|CLEAR|COALESCE|CONCAT|CONSTRUCT|CONTAINS|COPY|COUNT|CREATE|DATATYPE|DAY|DEFAULT|DELETE|DELETE WHERE|DESCRIBE|DESC|DISTINCT|DISTINCT|DROP|ENCODE_FOR_URI|EXISTS|FILTER|FLOOR|FROM|GRAPH|GROUP_CONCAT|GROUP|HAVING|HOURS|IF|INSERT|INSERT|DATA|INTO|IN|IRI|ISBLANK|ISIRI|ISLITERAL|ISNUMERIC|ISURI|LANGMATCHES|LANG|LCASE|LIMIT|LOAD|MAX|MD5|MINUS|MINUTES|MIN|MONTH|MOVE|NAMED|NOT|NOW|OFFSET|OPTIONAL|ORDER|PREFIX|RAND|REDUCED|REGEX|REPLACE|ROUND|SAMETERM|SAMPLE|SECONDS|SELECT|SEPARATOR|SERVICE|SHA1|SHA256|SHA384|SHA512|SILENT|STRAFTER|STRBEFORE|STRDT|STRENDS|STRLANG|STRLEN|STRSTARTS|STRUUID|STR|SUBSTR|SUM|TIMEZONE|TO|TZ|UCASE|UNDEF|UNION|URI|USING|UUID|VALUES|WHERE|WITH|YEAR/#
/Users/admin/builder/spi-builder-workspace/.dependencies/checkouts/swift-sparql-syntax/Sources/SPARQLSyntax/SPARQLLexer.swift:364:26: error: result builder 'AlternationBuilder' does not implement any 'buildBlock' or a combination of 'buildPartialBlock(first:)' and 'buildPartialBlock(accumulated:next:)' with sufficient availability for this call site [#ResultBuilderMethods]
362 | let r = Regex {
363 | Capture {
364 | ChoiceOf {
| `- error: result builder 'AlternationBuilder' does not implement any 'buildBlock' or a combination of 'buildPartialBlock(first:)' and 'buildPartialBlock(accumulated:next:)' with sufficient availability for this call site [#ResultBuilderMethods]
365 | windowKeywords2
366 | #/ABS|ADD|ALL|ASC|ASK|AS|AVG|BASE|BIND|BNODE|BOUND|BY|CEIL|CLEAR|COALESCE|CONCAT|CONSTRUCT|CONTAINS|COPY|COUNT|CREATE|DATATYPE|DAY|DEFAULT|DELETE|DELETE WHERE|DESCRIBE|DESC|DISTINCT|DISTINCT|DROP|ENCODE_FOR_URI|EXISTS|FILTER|FLOOR|FROM|GRAPH|GROUP_CONCAT|GROUP|HAVING|HOURS|IF|INSERT|INSERT|DATA|INTO|IN|IRI|ISBLANK|ISIRI|ISLITERAL|ISNUMERIC|ISURI|LANGMATCHES|LANG|LCASE|LIMIT|LOAD|MAX|MD5|MINUS|MINUTES|MIN|MONTH|MOVE|NAMED|NOT|NOW|OFFSET|OPTIONAL|ORDER|PREFIX|RAND|REDUCED|REGEX|REPLACE|ROUND|SAMETERM|SAMPLE|SECONDS|SELECT|SEPARATOR|SERVICE|SHA1|SHA256|SHA384|SHA512|SILENT|STRAFTER|STRBEFORE|STRDT|STRENDS|STRLANG|STRLEN|STRSTARTS|STRUUID|STR|SUBSTR|SUM|TIMEZONE|TO|TZ|UCASE|UNDEF|UNION|URI|USING|UUID|VALUES|WHERE|WITH|YEAR/#
/Users/admin/builder/spi-builder-workspace/.dependencies/checkouts/swift-sparql-syntax/Sources/SPARQLSyntax/SPARQLLexer.swift:364:26: error: result builder 'AlternationBuilder' does not implement any 'buildBlock' or a combination of 'buildPartialBlock(first:)' and 'buildPartialBlock(accumulated:next:)' with sufficient availability for this call site [#ResultBuilderMethods]
362 | let r = Regex {
363 | Capture {
364 | ChoiceOf {
| `- error: result builder 'AlternationBuilder' does not implement any 'buildBlock' or a combination of 'buildPartialBlock(first:)' and 'buildPartialBlock(accumulated:next:)' with sufficient availability for this call site [#ResultBuilderMethods]
365 | windowKeywords2
366 | #/ABS|ADD|ALL|ASC|ASK|AS|AVG|BASE|BIND|BNODE|BOUND|BY|CEIL|CLEAR|COALESCE|CONCAT|CONSTRUCT|CONTAINS|COPY|COUNT|CREATE|DATATYPE|DAY|DEFAULT|DELETE|DELETE WHERE|DESCRIBE|DESC|DISTINCT|DISTINCT|DROP|ENCODE_FOR_URI|EXISTS|FILTER|FLOOR|FROM|GRAPH|GROUP_CONCAT|GROUP|HAVING|HOURS|IF|INSERT|INSERT|DATA|INTO|IN|IRI|ISBLANK|ISIRI|ISLITERAL|ISNUMERIC|ISURI|LANGMATCHES|LANG|LCASE|LIMIT|LOAD|MAX|MD5|MINUS|MINUTES|MIN|MONTH|MOVE|NAMED|NOT|NOW|OFFSET|OPTIONAL|ORDER|PREFIX|RAND|REDUCED|REGEX|REPLACE|ROUND|SAMETERM|SAMPLE|SECONDS|SELECT|SEPARATOR|SERVICE|SHA1|SHA256|SHA384|SHA512|SILENT|STRAFTER|STRBEFORE|STRDT|STRENDS|STRLANG|STRLEN|STRSTARTS|STRUUID|STR|SUBSTR|SUM|TIMEZONE|TO|TZ|UCASE|UNDEF|UNION|URI|USING|UUID|VALUES|WHERE|WITH|YEAR/#
/Users/admin/builder/spi-builder-workspace/.dependencies/checkouts/swift-sparql-syntax/Sources/SPARQLSyntax/SPARQLLexer.swift:362:23: error: trailing closure passed to parameter of type 'String' that does not accept a closure
360 | nonisolated(unsafe) private static let _keywordRegex: Regex = { () -> Regex in
361 | let windowKeywords2 = #/OVER|PARTITION|RANGE|ROWS|BETWEEN|UNBOUNDED|PRECEDING|CURRENT|ROW|FOLLOWING|AND|RANK|DENSE_RANK|ROW_NUMBER|NTILE/#
362 | let r = Regex {
| `- error: trailing closure passed to parameter of type 'String' that does not accept a closure
363 | Capture {
364 | ChoiceOf {
_StringProcessing.Regex.init:2:8: note: 'init(_:)' declared here
1 | generic struct Regex {
2 | public init(_ pattern: String) throws}
| `- note: 'init(_:)' declared here
3 |
/Users/admin/builder/spi-builder-workspace/.dependencies/checkouts/swift-sparql-syntax/Sources/SPARQLSyntax/SPARQLLexer.swift:391:54: error: 'Regex' is only available in iOS 16.0 or newer
269 |
270 | // swiftlint:disable:next type_body_length
271 | public struct SPARQLLexer: IteratorProtocol, Sendable {
| `- note: add '@available' attribute to enclosing struct
272 | var includeComments: Bool
273 | var string: String
:
389 | }()
390 |
391 | nonisolated(unsafe) private static let _aRegex = #/a\b/#
| | `- error: 'Regex' is only available in iOS 16.0 or newer
| `- note: add '@available' attribute to enclosing static property
392 |
393 | nonisolated(unsafe) private static let _booleanRegex = #/(true|false)/#.anchorsMatchLineEndings().ignoresCase()
/Users/admin/builder/spi-builder-workspace/.dependencies/checkouts/swift-sparql-syntax/Sources/SPARQLSyntax/SPARQLLexer.swift:393:60: error: 'Regex' is only available in iOS 16.0 or newer
269 |
270 | // swiftlint:disable:next type_body_length
271 | public struct SPARQLLexer: IteratorProtocol, Sendable {
| `- note: add '@available' attribute to enclosing struct
272 | var includeComments: Bool
273 | var string: String
:
391 | nonisolated(unsafe) private static let _aRegex = #/a\b/#
392 |
393 | nonisolated(unsafe) private static let _booleanRegex = #/(true|false)/#.anchorsMatchLineEndings().ignoresCase()
| | `- error: 'Regex' is only available in iOS 16.0 or newer
| `- note: add '@available' attribute to enclosing static property
394 |
395 | nonisolated(unsafe) private static let prefixedNameRegex = {
/Users/admin/builder/spi-builder-workspace/.dependencies/checkouts/swift-sparql-syntax/Sources/SPARQLSyntax/SPARQLLexer.swift:393:77: error: 'anchorsMatchLineEndings' is only available in iOS 16.0 or newer
269 |
270 | // swiftlint:disable:next type_body_length
271 | public struct SPARQLLexer: IteratorProtocol, Sendable {
| `- note: add '@available' attribute to enclosing struct
272 | var includeComments: Bool
273 | var string: String
:
391 | nonisolated(unsafe) private static let _aRegex = #/a\b/#
392 |
393 | nonisolated(unsafe) private static let _booleanRegex = #/(true|false)/#.anchorsMatchLineEndings().ignoresCase()
| | `- error: 'anchorsMatchLineEndings' is only available in iOS 16.0 or newer
| `- note: add '@available' attribute to enclosing static property
394 |
395 | nonisolated(unsafe) private static let prefixedNameRegex = {
/Users/admin/builder/spi-builder-workspace/.dependencies/checkouts/swift-sparql-syntax/Sources/SPARQLSyntax/SPARQLLexer.swift:393:103: error: 'ignoresCase' is only available in iOS 16.0 or newer
269 |
270 | // swiftlint:disable:next type_body_length
271 | public struct SPARQLLexer: IteratorProtocol, Sendable {
| `- note: add '@available' attribute to enclosing struct
272 | var includeComments: Bool
273 | var string: String
:
391 | nonisolated(unsafe) private static let _aRegex = #/a\b/#
392 |
393 | nonisolated(unsafe) private static let _booleanRegex = #/(true|false)/#.anchorsMatchLineEndings().ignoresCase()
| | `- error: 'ignoresCase' is only available in iOS 16.0 or newer
| `- note: add '@available' attribute to enclosing static property
394 |
395 | nonisolated(unsafe) private static let prefixedNameRegex = {
/Users/admin/builder/spi-builder-workspace/.dependencies/checkouts/swift-sparql-syntax/Sources/SPARQLSyntax/SPARQLLexer.swift:403:38: error: result builder 'AlternationBuilder' does not implement any 'buildBlock' or a combination of 'buildPartialBlock(first:)' and 'buildPartialBlock(accumulated:next:)' with sufficient availability for this call site [#ResultBuilderMethods]
401 | let r_f900_fdcf = try! Regex(r_f900_fdcf_s)
402 |
403 | let PN_CHARS_BASE = ChoiceOf {
| `- error: result builder 'AlternationBuilder' does not implement any 'buildBlock' or a combination of 'buildPartialBlock(first:)' and 'buildPartialBlock(accumulated:next:)' with sufficient availability for this call site [#ResultBuilderMethods]
404 | #/[A-Z]/#
405 | #/[a-z]/#
/Users/admin/builder/spi-builder-workspace/.dependencies/checkouts/swift-sparql-syntax/Sources/SPARQLSyntax/SPARQLLexer.swift:403:29: error: referencing initializer 'init(_:_:)' on 'RegexComponent' requires the types 'ChoiceOf<Output>' and 'CharacterClass' be equivalent
401 | let r_f900_fdcf = try! Regex(r_f900_fdcf_s)
402 |
403 | let PN_CHARS_BASE = ChoiceOf {
| `- error: referencing initializer 'init(_:_:)' on 'RegexComponent' requires the types 'ChoiceOf<Output>' and 'CharacterClass' be equivalent
404 | #/[A-Z]/#
405 | #/[a-z]/#
RegexBuilder.RegexComponent:2:11: note: where 'Self' = 'ChoiceOf<Output>'
1 | @available(macOS 13.0, iOS 16.0, watchOS 9.0, tvOS 16.0, *)
2 | extension RegexComponent where Self == CharacterClass {
| `- note: where 'Self' = 'ChoiceOf<Output>'
3 | public init(_ first: CharacterClass, _ rest: CharacterClass...)
4 | }
/Users/admin/builder/spi-builder-workspace/.dependencies/checkouts/swift-sparql-syntax/Sources/SPARQLSyntax/SPARQLLexer.swift:403:38: error: trailing closure passed to parameter of type 'CharacterClass' that does not accept a closure
401 | let r_f900_fdcf = try! Regex(r_f900_fdcf_s)
402 |
403 | let PN_CHARS_BASE = ChoiceOf {
| `- error: trailing closure passed to parameter of type 'CharacterClass' that does not accept a closure
404 | #/[A-Z]/#
405 | #/[a-z]/#
RegexBuilder.RegexComponent.init:2:8: note: 'init(_:_:)' declared here
1 | protocol RegexComponent {
2 | public init(_ first: CharacterClass, _ rest: CharacterClass...)}
| `- note: 'init(_:_:)' declared here
3 |
/Users/admin/builder/spi-builder-workspace/.dependencies/checkouts/swift-sparql-syntax/Sources/SPARQLSyntax/SPARQLLexer.swift:403:29: error: generic parameter 'Output' could not be inferred
401 | let r_f900_fdcf = try! Regex(r_f900_fdcf_s)
402 |
403 | let PN_CHARS_BASE = ChoiceOf {
| |- error: generic parameter 'Output' could not be inferred
| `- note: explicitly specify the generic arguments to fix this issue
404 | #/[A-Z]/#
405 | #/[a-z]/#
/Users/admin/builder/spi-builder-workspace/.dependencies/checkouts/swift-sparql-syntax/Sources/SPARQLSyntax/SPARQLLexer.swift:533:56: error: 'Regex' is only available in iOS 16.0 or newer
269 |
270 | // swiftlint:disable:next type_body_length
271 | public struct SPARQLLexer: IteratorProtocol, Sendable {
| `- note: add '@available' attribute to enclosing struct
272 | var includeComments: Bool
273 | var string: String
:
531 | }()
532 |
533 | nonisolated(unsafe) private static let _iriRegex = #/<([^<>"{}|^`\x{00}-\x{20}]*)>/#
| | `- error: 'Regex' is only available in iOS 16.0 or newer
| `- note: add '@available' attribute to enclosing static property
534 |
535 | nonisolated(unsafe) private static let _doubleRegex = #/(([0-9]+[.][0-9]*[eE][+-]?[0-9]+)|([.][0-9]+[eE][+-]?[0-9]+)|([0-9]+[eE][+-]?[0-9]+))/#
/Users/admin/builder/spi-builder-workspace/.dependencies/checkouts/swift-sparql-syntax/Sources/SPARQLSyntax/SPARQLLexer.swift:535:59: error: 'Regex' is only available in iOS 16.0 or newer
269 |
270 | // swiftlint:disable:next type_body_length
271 | public struct SPARQLLexer: IteratorProtocol, Sendable {
| `- note: add '@available' attribute to enclosing struct
272 | var includeComments: Bool
273 | var string: String
:
533 | nonisolated(unsafe) private static let _iriRegex = #/<([^<>"{}|^`\x{00}-\x{20}]*)>/#
534 |
535 | nonisolated(unsafe) private static let _doubleRegex = #/(([0-9]+[.][0-9]*[eE][+-]?[0-9]+)|([.][0-9]+[eE][+-]?[0-9]+)|([0-9]+[eE][+-]?[0-9]+))/#
| | `- error: 'Regex' is only available in iOS 16.0 or newer
| `- note: add '@available' attribute to enclosing static property
536 |
537 | nonisolated(unsafe) private static let _decimalRegex = #/[0-9]*[.][0-9]+/#
/Users/admin/builder/spi-builder-workspace/.dependencies/checkouts/swift-sparql-syntax/Sources/SPARQLSyntax/SPARQLLexer.swift:537:60: error: 'Regex' is only available in iOS 16.0 or newer
269 |
270 | // swiftlint:disable:next type_body_length
271 | public struct SPARQLLexer: IteratorProtocol, Sendable {
| `- note: add '@available' attribute to enclosing struct
272 | var includeComments: Bool
273 | var string: String
:
535 | nonisolated(unsafe) private static let _doubleRegex = #/(([0-9]+[.][0-9]*[eE][+-]?[0-9]+)|([.][0-9]+[eE][+-]?[0-9]+)|([0-9]+[eE][+-]?[0-9]+))/#
536 |
537 | nonisolated(unsafe) private static let _decimalRegex = #/[0-9]*[.][0-9]+/#
| | `- error: 'Regex' is only available in iOS 16.0 or newer
| `- note: add '@available' attribute to enclosing static property
538 |
539 | nonisolated(unsafe) private static let _integerRegex = #/[0-9]+/#
/Users/admin/builder/spi-builder-workspace/.dependencies/checkouts/swift-sparql-syntax/Sources/SPARQLSyntax/SPARQLLexer.swift:539:60: error: 'Regex' is only available in iOS 16.0 or newer
269 |
270 | // swiftlint:disable:next type_body_length
271 | public struct SPARQLLexer: IteratorProtocol, Sendable {
| `- note: add '@available' attribute to enclosing struct
272 | var includeComments: Bool
273 | var string: String
:
537 | nonisolated(unsafe) private static let _decimalRegex = #/[0-9]*[.][0-9]+/#
538 |
539 | nonisolated(unsafe) private static let _integerRegex = #/[0-9]+/#
| | `- error: 'Regex' is only available in iOS 16.0 or newer
| `- note: add '@available' attribute to enclosing static property
540 |
541 | nonisolated(unsafe) private static let _anonRegex = #/\[[ \u{0a}\u{0d}\u{09}]*\]/#
/Users/admin/builder/spi-builder-workspace/.dependencies/checkouts/swift-sparql-syntax/Sources/SPARQLSyntax/SPARQLLexer.swift:541:57: error: 'Regex' is only available in iOS 16.0 or newer
269 |
270 | // swiftlint:disable:next type_body_length
271 | public struct SPARQLLexer: IteratorProtocol, Sendable {
| `- note: add '@available' attribute to enclosing struct
272 | var includeComments: Bool
273 | var string: String
:
539 | nonisolated(unsafe) private static let _integerRegex = #/[0-9]+/#
540 |
541 | nonisolated(unsafe) private static let _anonRegex = #/\[[ \u{0a}\u{0d}\u{09}]*\]/#
| | `- error: 'Regex' is only available in iOS 16.0 or newer
| `- note: add '@available' attribute to enclosing static property
542 |
543 | nonisolated(unsafe) private static let _prefixOrBaseRegex = #/(prefix|base)\b/#
/Users/admin/builder/spi-builder-workspace/.dependencies/checkouts/swift-sparql-syntax/Sources/SPARQLSyntax/SPARQLLexer.swift:543:65: error: 'Regex' is only available in iOS 16.0 or newer
269 |
270 | // swiftlint:disable:next type_body_length
271 | public struct SPARQLLexer: IteratorProtocol, Sendable {
| `- note: add '@available' attribute to enclosing struct
272 | var includeComments: Bool
273 | var string: String
:
541 | nonisolated(unsafe) private static let _anonRegex = #/\[[ \u{0a}\u{0d}\u{09}]*\]/#
542 |
543 | nonisolated(unsafe) private static let _prefixOrBaseRegex = #/(prefix|base)\b/#
| | `- error: 'Regex' is only available in iOS 16.0 or newer
| `- note: add '@available' attribute to enclosing static property
544 |
545 | nonisolated(unsafe) private static let _langRegex = #/[a-zA-Z]+(-[a-zA-Z0-9]+)*\b/#
/Users/admin/builder/spi-builder-workspace/.dependencies/checkouts/swift-sparql-syntax/Sources/SPARQLSyntax/SPARQLLexer.swift:545:57: error: 'Regex' is only available in iOS 16.0 or newer
269 |
270 | // swiftlint:disable:next type_body_length
271 | public struct SPARQLLexer: IteratorProtocol, Sendable {
| `- note: add '@available' attribute to enclosing struct
272 | var includeComments: Bool
273 | var string: String
:
543 | nonisolated(unsafe) private static let _prefixOrBaseRegex = #/(prefix|base)\b/#
544 |
545 | nonisolated(unsafe) private static let _langRegex = #/[a-zA-Z]+(-[a-zA-Z0-9]+)*\b/#
| | `- error: 'Regex' is only available in iOS 16.0 or newer
| `- note: add '@available' attribute to enclosing static property
546 |
547 | // PN_CHARS_BASE
/Users/admin/builder/spi-builder-workspace/.dependencies/checkouts/swift-sparql-syntax/Sources/SPARQLSyntax/SPARQLLexer.swift:933:63: error: 'prefixMatch(in:)' is only available in iOS 16.0 or newer
269 |
270 | // swiftlint:disable:next type_body_length
271 | public struct SPARQLLexer: IteratorProtocol, Sendable {
| `- note: add '@available' attribute to enclosing struct
272 | var includeComments: Bool
273 | var string: String
:
863 |
864 | // swiftlint:disable:next cyclomatic_complexity
865 | mutating func _getToken() throws -> PositionedSPARQLToken? {
| `- note: add '@available' attribute to enclosing instance method
866 | while true {
867 | guard var c = try peekChar() else {
:
931 | return packageToken(.anon)
932 | } else {
933 | if let match = try SPARQLLexer._anonRegex.prefixMatch(in: buffer) {
| |- error: 'prefixMatch(in:)' is only available in iOS 16.0 or newer
| `- note: add 'if #available' version check
934 | try readCharacters(count: match.0.count)
935 | return packageToken(.anon)
/Users/admin/builder/spi-builder-workspace/.dependencies/checkouts/swift-sparql-syntax/Sources/SPARQLSyntax/SPARQLLexer.swift:934:51: error: 'subscript(dynamicMember:)' is only available in iOS 16.0 or newer
269 |
270 | // swiftlint:disable:next type_body_length
271 | public struct SPARQLLexer: IteratorProtocol, Sendable {
| `- note: add '@available' attribute to enclosing struct
272 | var includeComments: Bool
273 | var string: String
:
863 |
864 | // swiftlint:disable:next cyclomatic_complexity
865 | mutating func _getToken() throws -> PositionedSPARQLToken? {
| `- note: add '@available' attribute to enclosing instance method
866 | while true {
867 | guard var c = try peekChar() else {
:
932 | } else {
933 | if let match = try SPARQLLexer._anonRegex.prefixMatch(in: buffer) {
934 | try readCharacters(count: match.0.count)
| |- error: 'subscript(dynamicMember:)' is only available in iOS 16.0 or newer
| `- note: add 'if #available' version check
935 | return packageToken(.anon)
936 | }
/Users/admin/builder/spi-builder-workspace/.dependencies/checkouts/swift-sparql-syntax/Sources/SPARQLSyntax/SPARQLLexer.swift:1021:61: error: 'prefixMatch(in:)' is only available in iOS 16.0 or newer
269 |
270 | // swiftlint:disable:next type_body_length
271 | public struct SPARQLLexer: IteratorProtocol, Sendable {
| `- note: add '@available' attribute to enclosing struct
272 | var includeComments: Bool
273 | var string: String
:
863 |
864 | // swiftlint:disable:next cyclomatic_complexity
865 | mutating func _getToken() throws -> PositionedSPARQLToken? {
| `- note: add '@available' attribute to enclosing instance method
866 | while true {
867 | guard var c = try peekChar() else {
:
1019 |
1020 | if SPARQLLexer.numberPrefix.contains(us) {
1021 | if let match = try SPARQLLexer._doubleRegex.prefixMatch(in: buffer) {
| |- error: 'prefixMatch(in:)' is only available in iOS 16.0 or newer
| `- note: add 'if #available' version check
1022 | let value = String(match.0)
1023 | try readCharacters(count: value.count)
/Users/admin/builder/spi-builder-workspace/.dependencies/checkouts/swift-sparql-syntax/Sources/SPARQLSyntax/SPARQLLexer.swift:1022:40: error: 'subscript(dynamicMember:)' is only available in iOS 16.0 or newer
269 |
270 | // swiftlint:disable:next type_body_length
271 | public struct SPARQLLexer: IteratorProtocol, Sendable {
| `- note: add '@available' attribute to enclosing struct
272 | var includeComments: Bool
273 | var string: String
:
863 |
864 | // swiftlint:disable:next cyclomatic_complexity
865 | mutating func _getToken() throws -> PositionedSPARQLToken? {
| `- note: add '@available' attribute to enclosing instance method
866 | while true {
867 | guard var c = try peekChar() else {
:
1020 | if SPARQLLexer.numberPrefix.contains(us) {
1021 | if let match = try SPARQLLexer._doubleRegex.prefixMatch(in: buffer) {
1022 | let value = String(match.0)
| |- error: 'subscript(dynamicMember:)' is only available in iOS 16.0 or newer
| `- note: add 'if #available' version check
1023 | try readCharacters(count: value.count)
1024 | return packageToken(.double(value))
SwiftCompile normal arm64 /Users/admin/builder/spi-builder-workspace/.dependencies/checkouts/swift-sparql-syntax/Sources/SPARQLSyntax/RDFSerialization.swift (in target 'SPARQLSyntax' from project 'SPARQLSyntax')
cd /Users/admin/builder/spi-builder-workspace/.swiftpm/xcode
builtin-SwiftPerFileCompile RDFSerialization.swift
SwiftCompile normal arm64 /Users/admin/builder/spi-builder-workspace/.dependencies/checkouts/swift-sparql-syntax/Sources/SPARQLSyntax/SPARQLLexer.swift (in target 'SPARQLSyntax' from project 'SPARQLSyntax')
cd /Users/admin/builder/spi-builder-workspace/.swiftpm/xcode
builtin-SwiftPerFileCompile SPARQLLexer.swift
SwiftDriverJobDiscovery normal arm64 Compiling CoreFunctions.swift, CustomFunctions.swift (in target 'SQLite' from project 'SQLite.swift')
SwiftCompile normal arm64 Compiling\ XSD.swift /Users/admin/builder/spi-builder-workspace/.dependencies/checkouts/swift-sparql-syntax/Sources/SPARQLSyntax/XSD.swift (in target 'SPARQLSyntax' from project 'SPARQLSyntax')
SwiftCompile normal arm64 /Users/admin/builder/spi-builder-workspace/.dependencies/checkouts/swift-sparql-syntax/Sources/SPARQLSyntax/XSD.swift (in target 'SPARQLSyntax' from project 'SPARQLSyntax')
cd /Users/admin/builder/spi-builder-workspace/.swiftpm/xcode
builtin-SwiftPerFileCompile XSD.swift
SwiftDriverJobDiscovery normal arm64 Compiling Statement.swift, Value.swift, Cipher.swift (in target 'SQLite' from project 'SQLite.swift')
SwiftCompile normal arm64 Compiling\ PropertyPath.swift,\ Query.swift /Users/admin/builder/spi-builder-workspace/.dependencies/checkouts/swift-sparql-syntax/Sources/SPARQLSyntax/PropertyPath.swift /Users/admin/builder/spi-builder-workspace/.dependencies/checkouts/swift-sparql-syntax/Sources/SPARQLSyntax/Query.swift (in target 'SPARQLSyntax' from project 'SPARQLSyntax')
SwiftCompile normal arm64 /Users/admin/builder/spi-builder-workspace/.dependencies/checkouts/swift-sparql-syntax/Sources/SPARQLSyntax/PropertyPath.swift (in target 'SPARQLSyntax' from project 'SPARQLSyntax')
cd /Users/admin/builder/spi-builder-workspace/.swiftpm/xcode
builtin-SwiftPerFileCompile PropertyPath.swift
SwiftCompile normal arm64 /Users/admin/builder/spi-builder-workspace/.dependencies/checkouts/swift-sparql-syntax/Sources/SPARQLSyntax/Query.swift (in target 'SPARQLSyntax' from project 'SPARQLSyntax')
cd /Users/admin/builder/spi-builder-workspace/.swiftpm/xcode
builtin-SwiftPerFileCompile Query.swift
SwiftDriverJobDiscovery normal arm64 Emitting module for IDPPlanner (in target 'IDPPlanner' from project 'IDPPlanner')
SwiftDriver\ Compilation\ Requirements IDPPlanner normal arm64 com.apple.xcode.tools.swift.compiler (in target 'IDPPlanner' from project 'IDPPlanner')
cd /Users/admin/builder/spi-builder-workspace/.swiftpm/xcode
builtin-Swift-Compilation-Requirements -- /Applications/Xcode-27.0.0-Release.Candidate.app/Contents/Developer/Toolchains/XcodeDefault.xctoolchain/usr/bin/swiftc -parse-as-library -module-name IDPPlanner -Onone @/Users/admin/builder/spi-builder-workspace/.derivedData/Build/Intermediates.noindex/IDPPlanner.build/Debug-iphoneos/IDPPlanner-t.build/Objects-normal/arm64/IDPPlanner.SwiftFileList -DSWIFT_PACKAGE -DDEBUG -DSWIFT_MODULE_RESOURCE_BUNDLE_UNAVAILABLE -DXcode -plugin-path /Applications/Xcode-27.0.0-Release.Candidate.app/Contents/Developer/Toolchains/XcodeDefault.xctoolchain/usr/lib/swift/host/plugins/testing -enable-experimental-feature DebugDescriptionMacro -sdk /Applications/Xcode-27.0.0-Release.Candidate.app/Contents/Developer/Platforms/iPhoneOS.platform/Developer/SDKs/iPhoneOS27.0.sdk -target arm64-apple-ios15.0 -g -module-cache-path /Users/admin/builder/spi-builder-workspace/.derivedData/ModuleCache.noindex -Xfrontend -serialize-debugging-options -enable-testing -suppress-warnings -index-store-path /Users/admin/builder/spi-builder-workspace/.derivedData/Index.noindex/DataStore -Xcc -D_LIBCPP_HARDENING_MODE\=_LIBCPP_HARDENING_MODE_DEBUG -swift-version 5 -I /Users/admin/builder/spi-builder-workspace/.derivedData/Build/Products/Debug-iphoneos -Isystem /Applications/Xcode-27.0.0-Release.Candidate.app/Contents/Developer/Platforms/iPhoneOS.platform/Developer/usr/lib -F /Users/admin/builder/spi-builder-workspace/.derivedData/Build/Products/Debug-iphoneos -F /Applications/Xcode-27.0.0-Release.Candidate.app/Contents/Developer/Platforms/iPhoneOS.platform/Developer/Library/Frameworks -F /Applications/Xcode-27.0.0-Release.Candidate.app/Contents/Developer/Platforms/iPhoneOS.platform/Developer/SDKs/iPhoneOS27.0.sdk/Developer/Library/Frameworks -c -j10 -enable-batch-mode -incremental -Xcc -ivfsstatcache -Xcc /Users/admin/builder/spi-builder-workspace/.derivedData/SDKStatCaches.noindex/iphoneos27.0-24A430-e829b21a6f8c9b70876ba0858053c04440ceaa042ed91876912b2eeea4e3aa14.sdkstatcache -output-file-map /Users/admin/builder/spi-builder-workspace/.derivedData/Build/Intermediates.noindex/IDPPlanner.build/Debug-iphoneos/IDPPlanner-t.build/Objects-normal/arm64/IDPPlanner-OutputFileMap.json -save-temps -no-color-diagnostics -explicit-module-build -module-cache-path /Users/admin/builder/spi-builder-workspace/.derivedData/Build/Intermediates.noindex/SwiftExplicitPrecompiledModules -clang-scanner-module-cache-path /Users/admin/builder/spi-builder-workspace/.derivedData/ModuleCache.noindex -sdk-module-cache-path /Users/admin/builder/spi-builder-workspace/.derivedData/SDKExplicitPrecompiledModules -emit-dependencies -emit-module -emit-module-path /Users/admin/builder/spi-builder-workspace/.derivedData/Build/Intermediates.noindex/IDPPlanner.build/Debug-iphoneos/IDPPlanner-t.build/Objects-normal/arm64/IDPPlanner.swiftmodule -serialize-diagnostics -dependency-scan-serialize-diagnostics-path /Users/admin/builder/spi-builder-workspace/.derivedData/Build/Intermediates.noindex/IDPPlanner.build/Debug-iphoneos/IDPPlanner-t.build/Objects-normal/arm64/IDPPlanner-dependency-scan.dia -validate-clang-modules-once -clang-build-session-file /Users/admin/builder/spi-builder-workspace/.derivedData/ModuleCache.noindex/Session.modulevalidation -Xcc -fmodules-prune-interval\=86400 -Xcc -fmodules-prune-after\=345600 -emit-const-values -const-gather-protocols-list /Users/admin/builder/spi-builder-workspace/.derivedData/Build/Intermediates.noindex/IDPPlanner.build/Debug-iphoneos/IDPPlanner-t.build/Objects-normal/arm64/IDPPlanner_const_extract_protocols.json -Xcc -I/Users/admin/builder/spi-builder-workspace/.derivedData/Build/Products/Debug-iphoneos/include -Xcc -I/Users/admin/builder/spi-builder-workspace/.derivedData/Build/Intermediates.noindex/IDPPlanner.build/Debug-iphoneos/IDPPlanner-t.build/DerivedSources-normal/arm64 -Xcc -I/Users/admin/builder/spi-builder-workspace/.derivedData/Build/Intermediates.noindex/IDPPlanner.build/Debug-iphoneos/IDPPlanner-t.build/DerivedSources/arm64 -Xcc -I/Users/admin/builder/spi-builder-workspace/.derivedData/Build/Intermediates.noindex/IDPPlanner.build/Debug-iphoneos/IDPPlanner-t.build/DerivedSources -Xcc -DSWIFT_PACKAGE -Xcc -DDEBUG\=1 -emit-objc-header -emit-objc-header-path /Users/admin/builder/spi-builder-workspace/.derivedData/Build/Intermediates.noindex/IDPPlanner.build/Debug-iphoneos/IDPPlanner-t.build/Objects-normal/arm64/IDPPlanner-Swift.h -working-directory /Users/admin/builder/spi-builder-workspace/.swiftpm/xcode -experimental-emit-module-separately -disable-cmo
CompileC /Users/admin/builder/spi-builder-workspace/.derivedData/Build/Intermediates.noindex/SQLite.swift.build/Debug-iphoneos/SQLiteObjc-t.build/Objects-normal/arm64/SQLite-Bridging.o /Users/admin/builder/spi-builder-workspace/.dependencies/checkouts/SQLite.swift/Sources/SQLiteObjc/SQLite-Bridging.m normal arm64 objective-c com.apple.compilers.llvm.clang.1_0.compiler (in target 'SQLiteObjc' from project 'SQLite.swift')
cd /Users/admin/builder/spi-builder-workspace/.swiftpm/xcode
Using response file: /Users/admin/builder/spi-builder-workspace/.derivedData/Build/Intermediates.noindex/SQLite.swift.build/Debug-iphoneos/SQLiteObjc-t.build/Objects-normal/arm64/e6072d4f65d7061329687fe24e3d63a7-common-args.resp
/Applications/Xcode-27.0.0-Release.Candidate.app/Contents/Developer/Toolchains/XcodeDefault.xctoolchain/usr/bin/clang -x objective-c -ivfsstatcache /Users/admin/builder/spi-builder-workspace/.derivedData/SDKStatCaches.noindex/iphoneos27.0-24A430-e829b21a6f8c9b70876ba0858053c04440ceaa042ed91876912b2eeea4e3aa14.sdkstatcache -target arm64-apple-ios15.0 -fmessage-length\=0 -fdiagnostics-show-note-include-stack -fmacro-backtrace-limit\=0 -fno-color-diagnostics -fmodules-prune-interval\=86400 -fmodules-prune-after\=345600 -fbuild-session-file\=/Users/admin/builder/spi-builder-workspace/.derivedData/ModuleCache.noindex/Session.modulevalidation -fmodules-validate-once-per-build-session -Wnon-modular-include-in-framework-module -Werror\=non-modular-include-in-framework-module -Wno-trigraphs -Wno-missing-field-initializers -Wno-missing-prototypes -Wno-return-type -Wno-implicit-atomic-properties -Wno-objc-interface-ivars -Wno-arc-repeated-use-of-weak -Wno-missing-braces -Wparentheses -Wswitch -Wno-unused-function -Wno-unused-label -Wno-unused-parameter -Wno-unused-variable -Wunused-value -Wno-empty-body -Wno-uninitialized -Wno-unknown-pragmas -w -Wno-shadow -Wno-four-char-constants -Wno-conversion -Wno-constant-conversion -Wno-int-conversion -Wno-bool-conversion -Wno-enum-conversion -Wno-float-conversion -Wno-non-literal-null-conversion -Wno-objc-literal-conversion -Wshorten-64-to-32 -Wpointer-sign -Wno-newline-eof -Wno-selector -Wno-strict-selector-match -Wno-undeclared-selector -Wno-deprecated-implementations -Wno-implicit-fallthrough -isysroot /Applications/Xcode-27.0.0-Release.Candidate.app/Contents/Developer/Platforms/iPhoneOS.platform/Developer/SDKs/iPhoneOS27.0.sdk -fstrict-aliasing -Wprotocol -Wdeprecated-declarations -Wno-sign-conversion -Wno-infinite-recursion -Wno-comma -Wno-block-capture-autoreleasing -Wno-strict-prototypes -Wno-semicolon-before-method-body -index-store-path /Users/admin/builder/spi-builder-workspace/.derivedData/Index.noindex/DataStore @/Users/admin/builder/spi-builder-workspace/.derivedData/Build/Intermediates.noindex/SQLite.swift.build/Debug-iphoneos/SQLiteObjc-t.build/Objects-normal/arm64/e6072d4f65d7061329687fe24e3d63a7-common-args.resp -MMD -MT dependencies -MF /Users/admin/builder/spi-builder-workspace/.derivedData/Build/Intermediates.noindex/SQLite.swift.build/Debug-iphoneos/SQLiteObjc-t.build/Objects-normal/arm64/SQLite-Bridging.d --serialize-diagnostics /Users/admin/builder/spi-builder-workspace/.derivedData/Build/Intermediates.noindex/SQLite.swift.build/Debug-iphoneos/SQLiteObjc-t.build/Objects-normal/arm64/SQLite-Bridging.dia -c /Users/admin/builder/spi-builder-workspace/.dependencies/checkouts/SQLite.swift/Sources/SQLiteObjc/SQLite-Bridging.m -o /Users/admin/builder/spi-builder-workspace/.derivedData/Build/Intermediates.noindex/SQLite.swift.build/Debug-iphoneos/SQLiteObjc-t.build/Objects-normal/arm64/SQLite-Bridging.o -index-unit-output-path /SQLite.swift.build/Debug-iphoneos/SQLiteObjc-t.build/Objects-normal/arm64/SQLite-Bridging.o
SwiftMergeGeneratedHeaders /Users/admin/builder/spi-builder-workspace/.derivedData/Build/Intermediates.noindex/GeneratedModuleMaps-iphoneos/IDPPlanner-Swift.h /Users/admin/builder/spi-builder-workspace/.derivedData/Build/Intermediates.noindex/IDPPlanner.build/Debug-iphoneos/IDPPlanner-t.build/Objects-normal/arm64/IDPPlanner-Swift.h (in target 'IDPPlanner' from project 'IDPPlanner')
cd /Users/admin/builder/spi-builder-workspace/.dependencies/checkouts/IDPPlanner
builtin-swiftHeaderTool -arch arm64 /Users/admin/builder/spi-builder-workspace/.derivedData/Build/Intermediates.noindex/IDPPlanner.build/Debug-iphoneos/IDPPlanner-t.build/Objects-normal/arm64/IDPPlanner-Swift.h -o /Users/admin/builder/spi-builder-workspace/.derivedData/Build/Intermediates.noindex/GeneratedModuleMaps-iphoneos/IDPPlanner-Swift.h
Ld /Users/admin/builder/spi-builder-workspace/.derivedData/Build/Products/Debug-iphoneos/SQLiteObjc.o normal (in target 'SQLiteObjc' from project 'SQLite.swift')
cd /Users/admin/builder/spi-builder-workspace/.dependencies/checkouts/SQLite.swift
/Applications/Xcode-27.0.0-Release.Candidate.app/Contents/Developer/Toolchains/XcodeDefault.xctoolchain/usr/bin/clang -Xlinker -reproducible -target arm64-apple-ios15.0 -r -isysroot /Applications/Xcode-27.0.0-Release.Candidate.app/Contents/Developer/Platforms/iPhoneOS.platform/Developer/SDKs/iPhoneOS27.0.sdk -O0 -w -Xlinker -no_warn_duplicate_libraries -F/Users/admin/builder/spi-builder-workspace/.derivedData/Build/Intermediates.noindex/EagerLinkingTBDs/Debug-iphoneos -F/Users/admin/builder/spi-builder-workspace/.derivedData/Build/Products/Debug-iphoneos -iframework /Applications/Xcode-27.0.0-Release.Candidate.app/Contents/Developer/Platforms/iPhoneOS.platform/Developer/Library/Frameworks -iframework /Applications/Xcode-27.0.0-Release.Candidate.app/Contents/Developer/Platforms/iPhoneOS.platform/Developer/SDKs/iPhoneOS27.0.sdk/Developer/Library/Frameworks -filelist /Users/admin/builder/spi-builder-workspace/.derivedData/Build/Intermediates.noindex/SQLite.swift.build/Debug-iphoneos/SQLiteObjc-t.build/Objects-normal/arm64/SQLiteObjc.LinkFileList -nostdlib -Xlinker -object_path_lto -Xlinker /Users/admin/builder/spi-builder-workspace/.derivedData/Build/Intermediates.noindex/SQLite.swift.build/Debug-iphoneos/SQLiteObjc-t.build/Objects-normal/arm64/SQLiteObjc_lto.o -Xlinker -no_deduplicate -Xlinker -dependency_info -Xlinker /Users/admin/builder/spi-builder-workspace/.derivedData/Build/Intermediates.noindex/SQLite.swift.build/Debug-iphoneos/SQLiteObjc-t.build/Objects-normal/arm64/SQLiteObjc_dependency_info.dat -fobjc-arc -fobjc-link-runtime -o /Users/admin/builder/spi-builder-workspace/.derivedData/Build/Products/Debug-iphoneos/SQLiteObjc.o
Copy /Users/admin/builder/spi-builder-workspace/.derivedData/Build/Products/Debug-iphoneos/IDPPlanner.swiftmodule/arm64-apple-ios.swiftmodule /Users/admin/builder/spi-builder-workspace/.derivedData/Build/Intermediates.noindex/IDPPlanner.build/Debug-iphoneos/IDPPlanner-t.build/Objects-normal/arm64/IDPPlanner.swiftmodule (in target 'IDPPlanner' from project 'IDPPlanner')
cd /Users/admin/builder/spi-builder-workspace/.dependencies/checkouts/IDPPlanner
builtin-copy -exclude .DS_Store -exclude CVS -exclude .svn -exclude .git -exclude .hg -resolve-src-symlinks -rename /Users/admin/builder/spi-builder-workspace/.derivedData/Build/Intermediates.noindex/IDPPlanner.build/Debug-iphoneos/IDPPlanner-t.build/Objects-normal/arm64/IDPPlanner.swiftmodule /Users/admin/builder/spi-builder-workspace/.derivedData/Build/Products/Debug-iphoneos/IDPPlanner.swiftmodule/arm64-apple-ios.swiftmodule
SwiftDriverJobDiscovery normal arm64 Compiling SPARQLSyntax.swift (in target 'SPARQLSyntax' from project 'SPARQLSyntax')
Copy /Users/admin/builder/spi-builder-workspace/.derivedData/Build/Products/Debug-iphoneos/IDPPlanner.swiftmodule/arm64-apple-ios.swiftdoc /Users/admin/builder/spi-builder-workspace/.derivedData/Build/Intermediates.noindex/IDPPlanner.build/Debug-iphoneos/IDPPlanner-t.build/Objects-normal/arm64/IDPPlanner.swiftdoc (in target 'IDPPlanner' from project 'IDPPlanner')
cd /Users/admin/builder/spi-builder-workspace/.dependencies/checkouts/IDPPlanner
builtin-copy -exclude .DS_Store -exclude CVS -exclude .svn -exclude .git -exclude .hg -resolve-src-symlinks -rename /Users/admin/builder/spi-builder-workspace/.derivedData/Build/Intermediates.noindex/IDPPlanner.build/Debug-iphoneos/IDPPlanner-t.build/Objects-normal/arm64/IDPPlanner.swiftdoc /Users/admin/builder/spi-builder-workspace/.derivedData/Build/Products/Debug-iphoneos/IDPPlanner.swiftmodule/arm64-apple-ios.swiftdoc
Copy /Users/admin/builder/spi-builder-workspace/.derivedData/Build/Products/Debug-iphoneos/IDPPlanner.swiftmodule/arm64-apple-ios.abi.json /Users/admin/builder/spi-builder-workspace/.derivedData/Build/Intermediates.noindex/IDPPlanner.build/Debug-iphoneos/IDPPlanner-t.build/Objects-normal/arm64/IDPPlanner.abi.json (in target 'IDPPlanner' from project 'IDPPlanner')
cd /Users/admin/builder/spi-builder-workspace/.dependencies/checkouts/IDPPlanner
builtin-copy -exclude .DS_Store -exclude CVS -exclude .svn -exclude .git -exclude .hg -resolve-src-symlinks -rename /Users/admin/builder/spi-builder-workspace/.derivedData/Build/Intermediates.noindex/IDPPlanner.build/Debug-iphoneos/IDPPlanner-t.build/Objects-normal/arm64/IDPPlanner.abi.json /Users/admin/builder/spi-builder-workspace/.derivedData/Build/Products/Debug-iphoneos/IDPPlanner.swiftmodule/arm64-apple-ios.abi.json
Copy /Users/admin/builder/spi-builder-workspace/.derivedData/Build/Products/Debug-iphoneos/IDPPlanner.swiftmodule/Project/arm64-apple-ios.swiftsourceinfo /Users/admin/builder/spi-builder-workspace/.derivedData/Build/Intermediates.noindex/IDPPlanner.build/Debug-iphoneos/IDPPlanner-t.build/Objects-normal/arm64/IDPPlanner.swiftsourceinfo (in target 'IDPPlanner' from project 'IDPPlanner')
cd /Users/admin/builder/spi-builder-workspace/.dependencies/checkouts/IDPPlanner
builtin-copy -exclude .DS_Store -exclude CVS -exclude .svn -exclude .git -exclude .hg -resolve-src-symlinks -rename /Users/admin/builder/spi-builder-workspace/.derivedData/Build/Intermediates.noindex/IDPPlanner.build/Debug-iphoneos/IDPPlanner-t.build/Objects-normal/arm64/IDPPlanner.swiftsourceinfo /Users/admin/builder/spi-builder-workspace/.derivedData/Build/Products/Debug-iphoneos/IDPPlanner.swiftmodule/Project/arm64-apple-ios.swiftsourceinfo
SwiftCompile normal arm64 Compiling\ RDF.swift,\ RDFPatterns.swift /Users/admin/builder/spi-builder-workspace/.dependencies/checkouts/swift-sparql-syntax/Sources/SPARQLSyntax/RDF.swift /Users/admin/builder/spi-builder-workspace/.dependencies/checkouts/swift-sparql-syntax/Sources/SPARQLSyntax/RDFPatterns.swift (in target 'SPARQLSyntax' from project 'SPARQLSyntax')
/Users/admin/builder/spi-builder-workspace/.dependencies/checkouts/swift-sparql-syntax/Sources/SPARQLSyntax/RDF.swift:266:16: error: 'Regex' is only available in iOS 16.0 or newer
165 | }
166 |
167 | public struct Term: CustomStringConvertible, CustomDebugStringConvertible, Hashable, Codable, Sendable {
| `- note: add '@available' attribute to enclosing struct
168 | public var value: String
169 | public var type: TermType
:
263 | }
264 |
265 | nonisolated(unsafe) private static let _integerPattern: Regex = {
| `- note: add '@available' attribute to enclosing static property
266 | return #/^[-+]?[0-9]+$/#.anchorsMatchLineEndings()
| |- error: 'Regex' is only available in iOS 16.0 or newer
| `- note: add 'if #available' version check
267 | }()
268 |
/Users/admin/builder/spi-builder-workspace/.dependencies/checkouts/swift-sparql-syntax/Sources/SPARQLSyntax/RDF.swift:266:34: error: 'anchorsMatchLineEndings' is only available in iOS 16.0 or newer
165 | }
166 |
167 | public struct Term: CustomStringConvertible, CustomDebugStringConvertible, Hashable, Codable, Sendable {
| `- note: add '@available' attribute to enclosing struct
168 | public var value: String
169 | public var type: TermType
:
263 | }
264 |
265 | nonisolated(unsafe) private static let _integerPattern: Regex = {
| `- note: add '@available' attribute to enclosing static property
266 | return #/^[-+]?[0-9]+$/#.anchorsMatchLineEndings()
| |- error: 'anchorsMatchLineEndings' is only available in iOS 16.0 or newer
| `- note: add 'if #available' version check
267 | }()
268 |
/Users/admin/builder/spi-builder-workspace/.dependencies/checkouts/swift-sparql-syntax/Sources/SPARQLSyntax/RDF.swift:265:61: error: 'Regex' is only available in iOS 16.0 or newer
165 | }
166 |
167 | public struct Term: CustomStringConvertible, CustomDebugStringConvertible, Hashable, Codable, Sendable {
| `- note: add '@available' attribute to enclosing struct
168 | public var value: String
169 | public var type: TermType
:
263 | }
264 |
265 | nonisolated(unsafe) private static let _integerPattern: Regex = {
| | `- error: 'Regex' is only available in iOS 16.0 or newer
| `- note: add '@available' attribute to enclosing static property
266 | return #/^[-+]?[0-9]+$/#.anchorsMatchLineEndings()
267 | }()
/Users/admin/builder/spi-builder-workspace/.dependencies/checkouts/swift-sparql-syntax/Sources/SPARQLSyntax/RDF.swift:270:16: error: 'Regex' is only available in iOS 16.0 or newer
165 | }
166 |
167 | public struct Term: CustomStringConvertible, CustomDebugStringConvertible, Hashable, Codable, Sendable {
| `- note: add '@available' attribute to enclosing struct
168 | public var value: String
169 | public var type: TermType
:
267 | }()
268 |
269 | nonisolated(unsafe) private static let _decimalPattern: Regex = {
| `- note: add '@available' attribute to enclosing static property
270 | return #/^[-+]?([0-9]+([.][0-9]*)?|[.]\d+)$/#.anchorsMatchLineEndings()
| |- error: 'Regex' is only available in iOS 16.0 or newer
| `- note: add 'if #available' version check
271 | }()
272 |
/Users/admin/builder/spi-builder-workspace/.dependencies/checkouts/swift-sparql-syntax/Sources/SPARQLSyntax/RDF.swift:270:55: error: 'anchorsMatchLineEndings' is only available in iOS 16.0 or newer
165 | }
166 |
167 | public struct Term: CustomStringConvertible, CustomDebugStringConvertible, Hashable, Codable, Sendable {
| `- note: add '@available' attribute to enclosing struct
168 | public var value: String
169 | public var type: TermType
:
267 | }()
268 |
269 | nonisolated(unsafe) private static let _decimalPattern: Regex = {
| `- note: add '@available' attribute to enclosing static property
270 | return #/^[-+]?([0-9]+([.][0-9]*)?|[.]\d+)$/#.anchorsMatchLineEndings()
| |- error: 'anchorsMatchLineEndings' is only available in iOS 16.0 or newer
| `- note: add 'if #available' version check
271 | }()
272 |
/Users/admin/builder/spi-builder-workspace/.dependencies/checkouts/swift-sparql-syntax/Sources/SPARQLSyntax/RDF.swift:269:61: error: 'Regex' is only available in iOS 16.0 or newer
165 | }
166 |
167 | public struct Term: CustomStringConvertible, CustomDebugStringConvertible, Hashable, Codable, Sendable {
| `- note: add '@available' attribute to enclosing struct
168 | public var value: String
169 | public var type: TermType
:
267 | }()
268 |
269 | nonisolated(unsafe) private static let _decimalPattern: Regex = {
| | `- error: 'Regex' is only available in iOS 16.0 or newer
| `- note: add '@available' attribute to enclosing static property
270 | return #/^[-+]?([0-9]+([.][0-9]*)?|[.]\d+)$/#.anchorsMatchLineEndings()
271 | }()
/Users/admin/builder/spi-builder-workspace/.dependencies/checkouts/swift-sparql-syntax/Sources/SPARQLSyntax/RDF.swift:274:16: error: 'Regex' is only available in iOS 16.0 or newer
165 | }
166 |
167 | public struct Term: CustomStringConvertible, CustomDebugStringConvertible, Hashable, Codable, Sendable {
| `- note: add '@available' attribute to enclosing struct
168 | public var value: String
169 | public var type: TermType
:
271 | }()
272 |
273 | nonisolated(unsafe) private static let _doublePattern: Regex = {
| `- note: add '@available' attribute to enclosing static property
274 | return #/^[-+]?(\d+([.]\d*)?|[.]\d+)([eE]([-+])?\d+)?$/#.anchorsMatchLineEndings()
| |- error: 'Regex' is only available in iOS 16.0 or newer
| `- note: add 'if #available' version check
275 | }()
276 |
/Users/admin/builder/spi-builder-workspace/.dependencies/checkouts/swift-sparql-syntax/Sources/SPARQLSyntax/RDF.swift:274:66: error: 'anchorsMatchLineEndings' is only available in iOS 16.0 or newer
165 | }
166 |
167 | public struct Term: CustomStringConvertible, CustomDebugStringConvertible, Hashable, Codable, Sendable {
| `- note: add '@available' attribute to enclosing struct
168 | public var value: String
169 | public var type: TermType
:
271 | }()
272 |
273 | nonisolated(unsafe) private static let _doublePattern: Regex = {
| `- note: add '@available' attribute to enclosing static property
274 | return #/^[-+]?(\d+([.]\d*)?|[.]\d+)([eE]([-+])?\d+)?$/#.anchorsMatchLineEndings()
| |- error: 'anchorsMatchLineEndings' is only available in iOS 16.0 or newer
| `- note: add 'if #available' version check
275 | }()
276 |
SwiftCompile normal arm64 /Users/admin/builder/spi-builder-workspace/.dependencies/checkouts/swift-sparql-syntax/Sources/SPARQLSyntax/RDF.swift (in target 'SPARQLSyntax' from project 'SPARQLSyntax')
cd /Users/admin/builder/spi-builder-workspace/.swiftpm/xcode
builtin-SwiftPerFileCompile RDF.swift
SwiftCompile normal arm64 /Users/admin/builder/spi-builder-workspace/.dependencies/checkouts/swift-sparql-syntax/Sources/SPARQLSyntax/RDFPatterns.swift (in target 'SPARQLSyntax' from project 'SPARQLSyntax')
cd /Users/admin/builder/spi-builder-workspace/.swiftpm/xcode
builtin-SwiftPerFileCompile RDFPatterns.swift
SwiftCompile normal arm64 Compiling\ Aggregation.swift,\ Algebra.swift /Users/admin/builder/spi-builder-workspace/.dependencies/checkouts/swift-sparql-syntax/Sources/SPARQLSyntax/Aggregation.swift /Users/admin/builder/spi-builder-workspace/.dependencies/checkouts/swift-sparql-syntax/Sources/SPARQLSyntax/Algebra.swift (in target 'SPARQLSyntax' from project 'SPARQLSyntax')
SwiftCompile normal arm64 /Users/admin/builder/spi-builder-workspace/.dependencies/checkouts/swift-sparql-syntax/Sources/SPARQLSyntax/Aggregation.swift (in target 'SPARQLSyntax' from project 'SPARQLSyntax')
cd /Users/admin/builder/spi-builder-workspace/.swiftpm/xcode
builtin-SwiftPerFileCompile Aggregation.swift
SwiftCompile normal arm64 /Users/admin/builder/spi-builder-workspace/.dependencies/checkouts/swift-sparql-syntax/Sources/SPARQLSyntax/Algebra.swift (in target 'SPARQLSyntax' from project 'SPARQLSyntax')
cd /Users/admin/builder/spi-builder-workspace/.swiftpm/xcode
builtin-SwiftPerFileCompile Algebra.swift
SwiftDriverJobDiscovery normal arm64 Compiling Blob.swift, Connection.swift, Errors.swift (in target 'SQLite' from project 'SQLite.swift')
SwiftCompile normal arm64 Compiling\ SPARQLParser.swift /Users/admin/builder/spi-builder-workspace/.dependencies/checkouts/swift-sparql-syntax/Sources/SPARQLSyntax/SPARQLParser.swift (in target 'SPARQLSyntax' from project 'SPARQLSyntax')
SwiftCompile normal arm64 /Users/admin/builder/spi-builder-workspace/.dependencies/checkouts/swift-sparql-syntax/Sources/SPARQLSyntax/SPARQLParser.swift (in target 'SPARQLSyntax' from project 'SPARQLSyntax')
cd /Users/admin/builder/spi-builder-workspace/.swiftpm/xcode
builtin-SwiftPerFileCompile SPARQLParser.swift
SwiftDriver\ Compilation SQLite normal arm64 com.apple.xcode.tools.swift.compiler (in target 'SQLite' from project 'SQLite.swift')
cd /Users/admin/builder/spi-builder-workspace/.swiftpm/xcode
builtin-Swift-Compilation -- /Applications/Xcode-27.0.0-Release.Candidate.app/Contents/Developer/Toolchains/XcodeDefault.xctoolchain/usr/bin/swiftc -parse-as-library -module-name SQLite -Onone @/Users/admin/builder/spi-builder-workspace/.derivedData/Build/Intermediates.noindex/SQLite.swift.build/Debug-iphoneos/SQLite-t.build/Objects-normal/arm64/SQLite.SwiftFileList -DSWIFT_PACKAGE -DDEBUG -DSWIFT_MODULE_RESOURCE_BUNDLE_UNAVAILABLE -Xcc -fmodule-map-file\=/Users/admin/builder/spi-builder-workspace/.derivedData/Build/Intermediates.noindex/GeneratedModuleMaps-iphoneos/SQLiteObjc.modulemap -DXcode -plugin-path /Applications/Xcode-27.0.0-Release.Candidate.app/Contents/Developer/Toolchains/XcodeDefault.xctoolchain/usr/lib/swift/host/plugins/testing -enable-experimental-feature DebugDescriptionMacro -sdk /Applications/Xcode-27.0.0-Release.Candidate.app/Contents/Developer/Platforms/iPhoneOS.platform/Developer/SDKs/iPhoneOS27.0.sdk -target arm64-apple-ios15.0 -g -module-cache-path /Users/admin/builder/spi-builder-workspace/.derivedData/ModuleCache.noindex -Xfrontend -serialize-debugging-options -enable-testing -suppress-warnings -index-store-path /Users/admin/builder/spi-builder-workspace/.derivedData/Index.noindex/DataStore -Xcc -D_LIBCPP_HARDENING_MODE\=_LIBCPP_HARDENING_MODE_DEBUG -swift-version 4 -I /Users/admin/builder/spi-builder-workspace/.derivedData/Build/Products/Debug-iphoneos -Isystem /Applications/Xcode-27.0.0-Release.Candidate.app/Contents/Developer/Platforms/iPhoneOS.platform/Developer/usr/lib -F /Users/admin/builder/spi-builder-workspace/.derivedData/Build/Products/Debug-iphoneos/PackageFrameworks -F /Users/admin/builder/spi-builder-workspace/.derivedData/Build/Products/Debug-iphoneos -F /Applications/Xcode-27.0.0-Release.Candidate.app/Contents/Developer/Platforms/iPhoneOS.platform/Developer/Library/Frameworks -F /Applications/Xcode-27.0.0-Release.Candidate.app/Contents/Developer/Platforms/iPhoneOS.platform/Developer/SDKs/iPhoneOS27.0.sdk/Developer/Library/Frameworks -c -j10 -enable-batch-mode -incremental -Xcc -ivfsstatcache -Xcc /Users/admin/builder/spi-builder-workspace/.derivedData/SDKStatCaches.noindex/iphoneos27.0-24A430-e829b21a6f8c9b70876ba0858053c04440ceaa042ed91876912b2eeea4e3aa14.sdkstatcache -output-file-map /Users/admin/builder/spi-builder-workspace/.derivedData/Build/Intermediates.noindex/SQLite.swift.build/Debug-iphoneos/SQLite-t.build/Objects-normal/arm64/SQLite-OutputFileMap.json -save-temps -no-color-diagnostics -emit-dependencies -emit-module -emit-module-path /Users/admin/builder/spi-builder-workspace/.derivedData/Build/Intermediates.noindex/SQLite.swift.build/Debug-iphoneos/SQLite-t.build/Objects-normal/arm64/SQLite.swiftmodule -serialize-diagnostics -validate-clang-modules-once -clang-build-session-file /Users/admin/builder/spi-builder-workspace/.derivedData/ModuleCache.noindex/Session.modulevalidation -Xcc -fmodules-prune-interval\=86400 -Xcc -fmodules-prune-after\=345600 -emit-const-values -const-gather-protocols-list /Users/admin/builder/spi-builder-workspace/.derivedData/Build/Intermediates.noindex/SQLite.swift.build/Debug-iphoneos/SQLite-t.build/Objects-normal/arm64/SQLite_const_extract_protocols.json -Xcc -I/Users/admin/builder/spi-builder-workspace/.dependencies/checkouts/SQLite.swift/Sources/SQLiteObjc/include -Xcc -I/Users/admin/builder/spi-builder-workspace/.derivedData/Build/Products/Debug-iphoneos/include -Xcc -I/Users/admin/builder/spi-builder-workspace/.derivedData/Build/Intermediates.noindex/SQLite.swift.build/Debug-iphoneos/SQLite-t.build/DerivedSources-normal/arm64 -Xcc -I/Users/admin/builder/spi-builder-workspace/.derivedData/Build/Intermediates.noindex/SQLite.swift.build/Debug-iphoneos/SQLite-t.build/DerivedSources/arm64 -Xcc -I/Users/admin/builder/spi-builder-workspace/.derivedData/Build/Intermediates.noindex/SQLite.swift.build/Debug-iphoneos/SQLite-t.build/DerivedSources -Xcc -DSWIFT_PACKAGE -Xcc -DDEBUG\=1 -emit-objc-header -emit-objc-header-path /Users/admin/builder/spi-builder-workspace/.derivedData/Build/Intermediates.noindex/SQLite.swift.build/Debug-iphoneos/SQLite-t.build/Objects-normal/arm64/SQLite-Swift.h -working-directory /Users/admin/builder/spi-builder-workspace/.swiftpm/xcode -experimental-emit-module-separately -disable-cmo
SwiftDriverJobDiscovery normal arm64 Compiling XSD.swift (in target 'SPARQLSyntax' from project 'SPARQLSyntax')
SwiftCompile normal arm64 Compiling\ Expression.swift,\ IRI.swift /Users/admin/builder/spi-builder-workspace/.dependencies/checkouts/swift-sparql-syntax/Sources/SPARQLSyntax/Expression.swift /Users/admin/builder/spi-builder-workspace/.dependencies/checkouts/swift-sparql-syntax/Sources/SPARQLSyntax/IRI.swift (in target 'SPARQLSyntax' from project 'SPARQLSyntax')
SwiftCompile normal arm64 /Users/admin/builder/spi-builder-workspace/.dependencies/checkouts/swift-sparql-syntax/Sources/SPARQLSyntax/Expression.swift (in target 'SPARQLSyntax' from project 'SPARQLSyntax')
cd /Users/admin/builder/spi-builder-workspace/.swiftpm/xcode
builtin-SwiftPerFileCompile Expression.swift
SwiftCompile normal arm64 /Users/admin/builder/spi-builder-workspace/.dependencies/checkouts/swift-sparql-syntax/Sources/SPARQLSyntax/IRI.swift (in target 'SPARQLSyntax' from project 'SPARQLSyntax')
cd /Users/admin/builder/spi-builder-workspace/.swiftpm/xcode
builtin-SwiftPerFileCompile IRI.swift
SwiftCompile normal arm64 Compiling\ SPARQLSerializer.swift /Users/admin/builder/spi-builder-workspace/.dependencies/checkouts/swift-sparql-syntax/Sources/SPARQLSyntax/SPARQLSerializer.swift (in target 'SPARQLSyntax' from project 'SPARQLSyntax')
SwiftCompile normal arm64 /Users/admin/builder/spi-builder-workspace/.dependencies/checkouts/swift-sparql-syntax/Sources/SPARQLSyntax/SPARQLSerializer.swift (in target 'SPARQLSyntax' from project 'SPARQLSyntax')
cd /Users/admin/builder/spi-builder-workspace/.swiftpm/xcode
builtin-SwiftPerFileCompile SPARQLSerializer.swift
PruneExplicitPrecompiledModules /Users/admin/builder/spi-builder-workspace/.derivedData/Build/Intermediates.noindex/ExplicitPrecompiledModules
PruneExplicitPrecompiledModules /Users/admin/builder/spi-builder-workspace/.derivedData/Build/Intermediates.noindex/SwiftExplicitPrecompiledModules
PruneExplicitPrecompiledModules /Users/admin/builder/spi-builder-workspace/.derivedData/SDKExplicitPrecompiledModules
2026-09-17 08:53:59.027 xcodebuild[2015:9722] [MT] IDERunDestination: Supported platforms for the buildables in the current scheme is empty.
** BUILD FAILED **
The following build commands failed:
SwiftEmitModule normal arm64 Emitting\ module\ for\ SPARQLSyntax (in target 'SPARQLSyntax' from project 'SPARQLSyntax')
SwiftCompile normal arm64 (in target 'SPARQLSyntax' from project 'SPARQLSyntax')
Building workspace kineo-endpoint with scheme kineo-endpoint-Package
(3 failures)
Command line invocation:
/Applications/Xcode-27.0.0-Release.Candidate.app/Contents/Developer/usr/bin/xcodebuild -IDEClonedSourcePackagesDirPathOverride=/Users/admin/builder/spi-builder-workspace/.dependencies -resolvePackageDependencies
Resolve Package Graph
ignoring declared target(s) 'swift-nio-ssl-support' in the system packageignoring declared target(s) 'swift-nio-zlib-support' in the system packageyou may be able to install openssl using your system-packager:
brew install libressl
couldn't find pc file for zlib
Resolved source packages:
HTTP: https://github.com/vapor/http.git @ 3.4.0
CryptoSwift: https://github.com/krzyzanowskim/CryptoSwift.git @ 1.5.1
WebSocket: https://github.com/vapor/websocket.git @ 1.1.2
SQLite.swift: https://github.com/stephencelis/SQLite.swift.git @ 0.11.6
TemplateKit: https://github.com/vapor/template-kit.git @ 1.5.0
SPARQLSyntax: https://github.com/kasei/swift-sparql-syntax.git @ 0.2.12
Cserd: https://github.com/kasei/swift-serd.git @ 0.0.4
Vapor: https://github.com/vapor/vapor.git @ 3.3.3
swift-argument-parser: https://github.com/apple/swift-argument-parser @ 1.8.2
swift-nio-zlib-support: https://github.com/apple/swift-nio-zlib-support.git @ 1.0.0
swift-numerics: https://github.com/apple/swift-numerics @ 0.1.0
kineo-endpoint: /Users/admin/builder/spi-builder-workspace
Core: https://github.com/vapor/core.git @ 3.10.1
Service: https://github.com/vapor/service.git @ 1.0.2
swift-nio-ssl: https://github.com/apple/swift-nio-ssl.git @ 1.4.0
swift-nio: https://github.com/apple/swift-nio.git @ 1.14.4
Multipart: https://github.com/vapor/multipart.git @ 3.1.3
HTMLString: https://github.com/alexaubry/HTMLString @ 4.0.2
CLMDB: https://github.com/agisboye/CLMDB.git @ 0.9.33
IDPPlanner: https://github.com/kasei/IDPPlanner.git @ 0.0.5
Console: https://github.com/vapor/console.git @ 3.1.1
Validation: https://github.com/vapor/validation.git @ 2.1.1
swift-nio-ssl-support: https://github.com/apple/swift-nio-ssl-support.git @ 1.0.0
Kineo: https://github.com/kasei/kineo.git @ 0.0.109
Crypto: https://github.com/vapor/crypto.git @ 3.4.1
Diomede: https://github.com/kasei/diomede.git @ 0.0.66
DatabaseKit: https://github.com/vapor/database-kit.git @ 1.3.3
URITemplate: https://github.com/kylef/URITemplate.swift.git @ 3.0.1
swift-algorithms: https://github.com/apple/swift-algorithms @ 0.1.1
Routing: https://github.com/vapor/routing.git @ 3.1.0
URLEncodedForm: https://github.com/vapor/url-encoded-form.git @ 1.1.0
Spectre: https://github.com/kylef/Spectre.git @ 0.10.1
PathKit: https://github.com/kylef/PathKit.git @ 1.0.1
resolved source packages: HTTP, CryptoSwift, WebSocket, SQLite.swift, TemplateKit, SPARQLSyntax, Cserd, Vapor, swift-argument-parser, swift-nio-zlib-support, swift-numerics, kineo-endpoint, Core, Service, swift-nio-ssl, swift-nio, Multipart, HTMLString, CLMDB, IDPPlanner, Console, Validation, swift-nio-ssl-support, Kineo, Crypto, Diomede, DatabaseKit, URITemplate, swift-algorithms, Routing, URLEncodedForm, Spectre, PathKit
2026-09-17 08:54:12.227 xcodebuild[2458:11858] [MT] IDERunDestination: Supported platforms for the buildables in the current scheme is empty.
{
"dependencies" : [
{
"identity" : "kineo",
"requirement" : {
"range" : [
{
"lower_bound" : "0.0.94",
"upper_bound" : "0.1.0"
}
]
},
"type" : "sourceControl",
"url" : "https://github.com/kasei/kineo.git"
},
{
"identity" : "vapor",
"requirement" : {
"range" : [
{
"lower_bound" : "3.2.0",
"upper_bound" : "4.0.0"
}
]
},
"type" : "sourceControl",
"url" : "https://github.com/vapor/vapor.git"
},
{
"identity" : "htmlstring",
"requirement" : {
"range" : [
{
"lower_bound" : "4.0.0",
"upper_bound" : "4.1.0"
}
]
},
"type" : "sourceControl",
"url" : "https://github.com/alexaubry/HTMLString"
},
{
"identity" : "diomede",
"requirement" : {
"range" : [
{
"lower_bound" : "0.0.59",
"upper_bound" : "0.1.0"
}
]
},
"type" : "sourceControl",
"url" : "https://github.com/kasei/diomede.git"
}
],
"manifest_display_name" : "kineo-endpoint",
"name" : "kineo-endpoint",
"path" : "/Users/admin/builder/spi-builder-workspace",
"platforms" : [
{
"name" : "macos",
"version" : "10.15"
}
],
"products" : [
{
"name" : "KineoEndpoint",
"targets" : [
"KineoEndpoint"
],
"type" : {
"library" : [
"automatic"
]
}
},
{
"name" : "kineo-endpoint",
"targets" : [
"kineo-endpoint"
],
"type" : {
"executable" : null
}
},
{
"name" : "kineo-create-db",
"targets" : [
"kineo-create-db"
],
"type" : {
"executable" : null
}
}
],
"targets" : [
{
"c99name" : "kineo_endpoint",
"module_type" : "SwiftTarget",
"name" : "kineo-endpoint",
"path" : "Sources/kineo-endpoint",
"product_dependencies" : [
"Vapor"
],
"product_memberships" : [
"kineo-endpoint"
],
"sources" : [
"main.swift"
],
"target_dependencies" : [
"KineoEndpoint"
],
"type" : "executable"
},
{
"c99name" : "kineo_create_db",
"module_type" : "SwiftTarget",
"name" : "kineo-create-db",
"path" : "Sources/kineo-create-db",
"product_memberships" : [
"kineo-create-db"
],
"sources" : [
"main.swift"
],
"target_dependencies" : [
"KineoEndpoint"
],
"type" : "executable"
},
{
"c99name" : "KineoEndpoint",
"module_type" : "SwiftTarget",
"name" : "KineoEndpoint",
"path" : "Sources/KineoEndpoint",
"product_dependencies" : [
"Kineo",
"Vapor",
"DiomedeQuadStore",
"HTMLString"
],
"product_memberships" : [
"KineoEndpoint",
"kineo-endpoint",
"kineo-create-db"
],
"sources" : [
"KineoEndpoint.swift",
"SPARQLHTML.swift"
],
"type" : "library"
}
],
"tools_version" : "5.2"
}
{
"workspace" : {
"name" : "kineo-endpoint",
"schemes" : [
"kineo-create-db",
"kineo-endpoint",
"kineo-endpoint-Package",
"KineoEndpoint"
]
}
}
2026-09-17 08:54:15.338 xcodebuild[2481:11987] [MT] IDERunDestination: Supported platforms for the buildables in the current scheme is empty.
Running build ...
env DEVELOPER_DIR=/Applications/Xcode-27.0.0-Release.Candidate.app xcrun xcodebuild -IDEClonedSourcePackagesDirPathOverride=$PWD/.dependencies -skipMacroValidation -skipPackagePluginValidation -derivedDataPath $PWD/.derivedData build -scheme kineo-endpoint-Package -destination generic/platform=iOS
Command line invocation:
/Applications/Xcode-27.0.0-Release.Candidate.app/Contents/Developer/usr/bin/xcodebuild -IDEClonedSourcePackagesDirPathOverride=/Users/admin/builder/spi-builder-workspace/.dependencies -skipMacroValidation -skipPackagePluginValidation -derivedDataPath /Users/admin/builder/spi-builder-workspace/.derivedData build -scheme kineo-endpoint-Package -destination generic/platform=iOS
Resolve Package Graph
ignoring declared target(s) 'swift-nio-ssl-support' in the system packageignoring declared target(s) 'swift-nio-zlib-support' in the system packageyou may be able to install openssl using your system-packager:
brew install libressl
couldn't find pc file for zlib
Resolved source packages:
TemplateKit: https://github.com/vapor/template-kit.git @ 1.5.0
Validation: https://github.com/vapor/validation.git @ 2.1.1
CLMDB: https://github.com/agisboye/CLMDB.git @ 0.9.33
DatabaseKit: https://github.com/vapor/database-kit.git @ 1.3.3
swift-argument-parser: https://github.com/apple/swift-argument-parser @ 1.8.2
Console: https://github.com/vapor/console.git @ 3.1.1
URITemplate: https://github.com/kylef/URITemplate.swift.git @ 3.0.1
Service: https://github.com/vapor/service.git @ 1.0.2
swift-nio: https://github.com/apple/swift-nio.git @ 1.14.4
SQLite.swift: https://github.com/stephencelis/SQLite.swift.git @ 0.11.6
PathKit: https://github.com/kylef/PathKit.git @ 1.0.1
Crypto: https://github.com/vapor/crypto.git @ 3.4.1
Core: https://github.com/vapor/core.git @ 3.10.1
HTMLString: https://github.com/alexaubry/HTMLString @ 4.0.2
swift-nio-ssl-support: https://github.com/apple/swift-nio-ssl-support.git @ 1.0.0
kineo-endpoint: /Users/admin/builder/spi-builder-workspace
Cserd: https://github.com/kasei/swift-serd.git @ 0.0.4
swift-numerics: https://github.com/apple/swift-numerics @ 0.1.0
Vapor: https://github.com/vapor/vapor.git @ 3.3.3
swift-nio-zlib-support: https://github.com/apple/swift-nio-zlib-support.git @ 1.0.0
SPARQLSyntax: https://github.com/kasei/swift-sparql-syntax.git @ 0.2.12
Spectre: https://github.com/kylef/Spectre.git @ 0.10.1
swift-nio-ssl: https://github.com/apple/swift-nio-ssl.git @ 1.4.0
Routing: https://github.com/vapor/routing.git @ 3.1.0
Multipart: https://github.com/vapor/multipart.git @ 3.1.3
WebSocket: https://github.com/vapor/websocket.git @ 1.1.2
swift-algorithms: https://github.com/apple/swift-algorithms @ 0.1.1
URLEncodedForm: https://github.com/vapor/url-encoded-form.git @ 1.1.0
Diomede: https://github.com/kasei/diomede.git @ 0.0.66
HTTP: https://github.com/vapor/http.git @ 3.4.0
CryptoSwift: https://github.com/krzyzanowskim/CryptoSwift.git @ 1.5.1
IDPPlanner: https://github.com/kasei/IDPPlanner.git @ 0.0.5
Kineo: https://github.com/kasei/kineo.git @ 0.0.109
ComputePackagePrebuildTargetDependencyGraph
Prepare packages
CreateBuildRequest
SendProjectDescription
CreateBuildOperation
ComputeTargetDependencyGraph
note: Building targets in dependency order
note: Target dependency graph (97 targets)
Target 'kineo-create-db-product' in project 'kineo-endpoint'
➜ Explicit dependency on target 'KineoEndpoint' in project 'kineo-endpoint'
➜ Explicit dependency on target 'Kineo-product' in project 'Kineo'
➜ Explicit dependency on target 'Vapor-product' in project 'Vapor'
➜ Explicit dependency on target 'DiomedeQuadStore-product' in project 'Diomede'
➜ Explicit dependency on target 'HTMLString-product' in project 'HTMLString'
Target 'kineo-endpoint-product' in project 'kineo-endpoint'
➜ Explicit dependency on target 'KineoEndpoint' in project 'kineo-endpoint'
➜ Explicit dependency on target 'Kineo-product' in project 'Kineo'
➜ Explicit dependency on target 'Vapor-product' in project 'Vapor'
➜ Explicit dependency on target 'DiomedeQuadStore-product' in project 'Diomede'
➜ Explicit dependency on target 'HTMLString-product' in project 'HTMLString'
Target 'KineoEndpoint-product' in project 'kineo-endpoint'
➜ Explicit dependency on target 'KineoEndpoint' in project 'kineo-endpoint'
➜ Explicit dependency on target 'Kineo-product' in project 'Kineo'
➜ Explicit dependency on target 'Vapor-product' in project 'Vapor'
➜ Explicit dependency on target 'DiomedeQuadStore-product' in project 'Diomede'
➜ Explicit dependency on target 'HTMLString-product' in project 'HTMLString'
Target 'KineoEndpoint' in project 'kineo-endpoint'
➜ Explicit dependency on target 'Kineo-product' in project 'Kineo'
➜ Explicit dependency on target 'Vapor-product' in project 'Vapor'
➜ Explicit dependency on target 'DiomedeQuadStore-product' in project 'Diomede'
➜ Explicit dependency on target 'HTMLString-product' in project 'HTMLString'
Target 'HTMLString-product' in project 'HTMLString'
➜ Explicit dependency on target 'HTMLString' in project 'HTMLString'
Target 'HTMLString' in project 'HTMLString' (no dependencies)
Target 'Vapor-product' in project 'Vapor'
➜ Explicit dependency on target 'Vapor' in project 'Vapor'
➜ Explicit dependency on target 'Async-product' in project 'Core'
➜ Explicit dependency on target 'Command-product' in project 'Console'
➜ Explicit dependency on target 'Console-product' in project 'Console'
➜ Explicit dependency on target 'COperatingSystem-product' in project 'Core'
➜ Explicit dependency on target 'Crypto-product' in project 'Crypto'
➜ Explicit dependency on target 'DatabaseKit-product' in project 'DatabaseKit'
➜ Explicit dependency on target 'Debugging-product' in project 'Core'
➜ Explicit dependency on target 'HTTP-product' in project 'HTTP'
➜ Explicit dependency on target 'Logging-product' in project 'Console'
➜ Explicit dependency on target 'Multipart-product' in project 'Multipart'
➜ Explicit dependency on target 'Routing-product' in project 'Routing'
➜ Explicit dependency on target 'Service-product' in project 'Service'
➜ Explicit dependency on target 'TemplateKit-product' in project 'TemplateKit'
➜ Explicit dependency on target 'URLEncodedForm-product' in project 'URLEncodedForm'
➜ Explicit dependency on target 'Validation-product' in project 'Validation'
➜ Explicit dependency on target 'WebSocket-product' in project 'WebSocket'
Target 'Vapor' in project 'Vapor'
➜ Explicit dependency on target 'Async-product' in project 'Core'
➜ Explicit dependency on target 'Command-product' in project 'Console'
➜ Explicit dependency on target 'Console-product' in project 'Console'
➜ Explicit dependency on target 'COperatingSystem-product' in project 'Core'
➜ Explicit dependency on target 'Crypto-product' in project 'Crypto'
➜ Explicit dependency on target 'DatabaseKit-product' in project 'DatabaseKit'
➜ Explicit dependency on target 'Debugging-product' in project 'Core'
➜ Explicit dependency on target 'HTTP-product' in project 'HTTP'
➜ Explicit dependency on target 'Logging-product' in project 'Console'
➜ Explicit dependency on target 'Multipart-product' in project 'Multipart'
➜ Explicit dependency on target 'Routing-product' in project 'Routing'
➜ Explicit dependency on target 'Service-product' in project 'Service'
➜ Explicit dependency on target 'TemplateKit-product' in project 'TemplateKit'
➜ Explicit dependency on target 'URLEncodedForm-product' in project 'URLEncodedForm'
➜ Explicit dependency on target 'Validation-product' in project 'Validation'
➜ Explicit dependency on target 'WebSocket-product' in project 'WebSocket'
Target 'WebSocket-product' in project 'WebSocket'
➜ Explicit dependency on target 'WebSocket' in project 'WebSocket'
➜ Explicit dependency on target 'Core-product' in project 'Core'
➜ Explicit dependency on target 'Crypto-product' in project 'Crypto'
➜ Explicit dependency on target 'HTTP-product' in project 'HTTP'
➜ Explicit dependency on target 'NIO-product' in project 'swift-nio'
➜ Explicit dependency on target 'NIOWebSocket-product' in project 'swift-nio'
Target 'WebSocket' in project 'WebSocket'
➜ Explicit dependency on target 'Core-product' in project 'Core'
➜ Explicit dependency on target 'Crypto-product' in project 'Crypto'
➜ Explicit dependency on target 'HTTP-product' in project 'HTTP'
➜ Explicit dependency on target 'NIO-product' in project 'swift-nio'
➜ Explicit dependency on target 'NIOWebSocket-product' in project 'swift-nio'
Target 'NIOWebSocket-product' in project 'swift-nio'
➜ Explicit dependency on target 'NIOWebSocket' in project 'swift-nio'
➜ Explicit dependency on target 'CNIOLinux' in project 'swift-nio'
➜ Explicit dependency on target 'CNIODarwin' in project 'swift-nio'
➜ Explicit dependency on target 'CNIOAtomics' in project 'swift-nio'
➜ Explicit dependency on target 'NIOConcurrencyHelpers' in project 'swift-nio'
➜ Explicit dependency on target 'NIOPriorityQueue' in project 'swift-nio'
➜ Explicit dependency on target 'CNIOSHA1' in project 'swift-nio'
➜ Explicit dependency on target 'NIO' in project 'swift-nio'
➜ Explicit dependency on target 'CNIOHTTPParser' in project 'swift-nio'
➜ Explicit dependency on target 'CNIOZlib' in project 'swift-nio'
➜ Explicit dependency on target 'NIOHTTP1' in project 'swift-nio'
Target 'NIOWebSocket' in project 'swift-nio'
➜ Explicit dependency on target 'swift-nio-zlib-support' in project 'swift-nio-zlib-support'
➜ Explicit dependency on target 'CNIOLinux' in project 'swift-nio'
➜ Explicit dependency on target 'CNIODarwin' in project 'swift-nio'
➜ Explicit dependency on target 'CNIOAtomics' in project 'swift-nio'
➜ Explicit dependency on target 'NIOConcurrencyHelpers' in project 'swift-nio'
➜ Explicit dependency on target 'NIOPriorityQueue' in project 'swift-nio'
➜ Explicit dependency on target 'CNIOSHA1' in project 'swift-nio'
➜ Explicit dependency on target 'NIO' in project 'swift-nio'
➜ Explicit dependency on target 'CNIOHTTPParser' in project 'swift-nio'
➜ Explicit dependency on target 'CNIOZlib' in project 'swift-nio'
➜ Explicit dependency on target 'NIOHTTP1' in project 'swift-nio'
Target 'Validation-product' in project 'Validation'
➜ Explicit dependency on target 'Validation' in project 'Validation'
➜ Explicit dependency on target 'Core-product' in project 'Core'
Target 'Validation' in project 'Validation'
➜ Explicit dependency on target 'Core-product' in project 'Core'
Target 'URLEncodedForm-product' in project 'URLEncodedForm'
➜ Explicit dependency on target 'URLEncodedForm' in project 'URLEncodedForm'
➜ Explicit dependency on target 'Core-product' in project 'Core'
Target 'URLEncodedForm' in project 'URLEncodedForm'
➜ Explicit dependency on target 'Core-product' in project 'Core'
Target 'TemplateKit-product' in project 'TemplateKit'
➜ Explicit dependency on target 'TemplateKit' in project 'TemplateKit'
➜ Explicit dependency on target 'Async-product' in project 'Core'
➜ Explicit dependency on target 'Bits-product' in project 'Core'
➜ Explicit dependency on target 'Core-product' in project 'Core'
➜ Explicit dependency on target 'Service-product' in project 'Service'
Target 'TemplateKit' in project 'TemplateKit'
➜ Explicit dependency on target 'Async-product' in project 'Core'
➜ Explicit dependency on target 'Bits-product' in project 'Core'
➜ Explicit dependency on target 'Core-product' in project 'Core'
➜ Explicit dependency on target 'Service-product' in project 'Service'
Target 'Routing-product' in project 'Routing'
➜ Explicit dependency on target 'Routing' in project 'Routing'
➜ Explicit dependency on target 'Bits-product' in project 'Core'
➜ Explicit dependency on target 'Debugging-product' in project 'Core'
➜ Explicit dependency on target 'Service-product' in project 'Service'
Target 'Routing' in project 'Routing'
➜ Explicit dependency on target 'Bits-product' in project 'Core'
➜ Explicit dependency on target 'Debugging-product' in project 'Core'
➜ Explicit dependency on target 'Service-product' in project 'Service'
Target 'Multipart-product' in project 'Multipart'
➜ Explicit dependency on target 'Multipart' in project 'Multipart'
➜ Explicit dependency on target 'Bits-product' in project 'Core'
➜ Explicit dependency on target 'Core-product' in project 'Core'
➜ Explicit dependency on target 'Debugging-product' in project 'Core'
Target 'Multipart' in project 'Multipart'
➜ Explicit dependency on target 'Bits-product' in project 'Core'
➜ Explicit dependency on target 'Core-product' in project 'Core'
➜ Explicit dependency on target 'Debugging-product' in project 'Core'
Target 'Logging-product' in project 'Console'
➜ Explicit dependency on target 'Logging' in project 'Console'
➜ Explicit dependency on target 'Core-product' in project 'Core'
Target 'HTTP-product' in project 'HTTP'
➜ Explicit dependency on target 'HTTP' in project 'HTTP'
➜ Explicit dependency on target 'Async-product' in project 'Core'
➜ Explicit dependency on target 'Bits-product' in project 'Core'
➜ Explicit dependency on target 'Core-product' in project 'Core'
➜ Explicit dependency on target 'Debugging-product' in project 'Core'
➜ Explicit dependency on target 'NIO-product' in project 'swift-nio'
➜ Explicit dependency on target 'NIOOpenSSL-product' in project 'swift-nio-ssl'
➜ Explicit dependency on target 'NIOHTTP1-product' in project 'swift-nio'
Target 'HTTP' in project 'HTTP'
➜ Explicit dependency on target 'Async-product' in project 'Core'
➜ Explicit dependency on target 'Bits-product' in project 'Core'
➜ Explicit dependency on target 'Core-product' in project 'Core'
➜ Explicit dependency on target 'Debugging-product' in project 'Core'
➜ Explicit dependency on target 'NIO-product' in project 'swift-nio'
➜ Explicit dependency on target 'NIOOpenSSL-product' in project 'swift-nio-ssl'
➜ Explicit dependency on target 'NIOHTTP1-product' in project 'swift-nio'
Target 'NIOHTTP1-product' in project 'swift-nio'
➜ Explicit dependency on target 'NIOHTTP1' in project 'swift-nio'
➜ Explicit dependency on target 'CNIOLinux' in project 'swift-nio'
➜ Explicit dependency on target 'CNIODarwin' in project 'swift-nio'
➜ Explicit dependency on target 'CNIOAtomics' in project 'swift-nio'
➜ Explicit dependency on target 'NIOConcurrencyHelpers' in project 'swift-nio'
➜ Explicit dependency on target 'NIOPriorityQueue' in project 'swift-nio'
➜ Explicit dependency on target 'CNIOSHA1' in project 'swift-nio'
➜ Explicit dependency on target 'NIO' in project 'swift-nio'
➜ Explicit dependency on target 'CNIOHTTPParser' in project 'swift-nio'
➜ Explicit dependency on target 'CNIOZlib' in project 'swift-nio'
Target 'NIOHTTP1' in project 'swift-nio'
➜ Explicit dependency on target 'swift-nio-zlib-support' in project 'swift-nio-zlib-support'
➜ Explicit dependency on target 'CNIOLinux' in project 'swift-nio'
➜ Explicit dependency on target 'CNIODarwin' in project 'swift-nio'
➜ Explicit dependency on target 'CNIOAtomics' in project 'swift-nio'
➜ Explicit dependency on target 'NIOConcurrencyHelpers' in project 'swift-nio'
➜ Explicit dependency on target 'NIOPriorityQueue' in project 'swift-nio'
➜ Explicit dependency on target 'CNIOSHA1' in project 'swift-nio'
➜ Explicit dependency on target 'NIO' in project 'swift-nio'
➜ Explicit dependency on target 'CNIOHTTPParser' in project 'swift-nio'
➜ Explicit dependency on target 'CNIOZlib' in project 'swift-nio'
Target 'CNIOZlib' in project 'swift-nio'
➜ Explicit dependency on target 'swift-nio-zlib-support' in project 'swift-nio-zlib-support'
Target 'CNIOHTTPParser' in project 'swift-nio'
➜ Explicit dependency on target 'swift-nio-zlib-support' in project 'swift-nio-zlib-support'
Target 'NIOOpenSSL-product' in project 'swift-nio-ssl'
➜ Explicit dependency on target 'NIOOpenSSL' in project 'swift-nio-ssl'
➜ Explicit dependency on target 'CNIOOpenSSL' in project 'swift-nio-ssl'
➜ Explicit dependency on target 'NIO-product' in project 'swift-nio'
➜ Explicit dependency on target 'NIOConcurrencyHelpers-product' in project 'swift-nio'
➜ Explicit dependency on target 'NIOTLS-product' in project 'swift-nio'
Target 'NIOOpenSSL' in project 'swift-nio-ssl'
➜ Explicit dependency on target 'swift-nio-ssl-support' in project 'swift-nio-ssl-support'
➜ Explicit dependency on target 'CNIOOpenSSL' in project 'swift-nio-ssl'
➜ Explicit dependency on target 'NIO-product' in project 'swift-nio'
➜ Explicit dependency on target 'NIOConcurrencyHelpers-product' in project 'swift-nio'
➜ Explicit dependency on target 'NIOTLS-product' in project 'swift-nio'
Target 'NIOTLS-product' in project 'swift-nio'
➜ Explicit dependency on target 'NIOTLS' in project 'swift-nio'
➜ Explicit dependency on target 'CNIOLinux' in project 'swift-nio'
➜ Explicit dependency on target 'CNIODarwin' in project 'swift-nio'
➜ Explicit dependency on target 'CNIOAtomics' in project 'swift-nio'
➜ Explicit dependency on target 'NIOConcurrencyHelpers' in project 'swift-nio'
➜ Explicit dependency on target 'NIOPriorityQueue' in project 'swift-nio'
➜ Explicit dependency on target 'CNIOSHA1' in project 'swift-nio'
➜ Explicit dependency on target 'NIO' in project 'swift-nio'
Target 'NIOTLS' in project 'swift-nio'
➜ Explicit dependency on target 'swift-nio-zlib-support' in project 'swift-nio-zlib-support'
➜ Explicit dependency on target 'CNIOLinux' in project 'swift-nio'
➜ Explicit dependency on target 'CNIODarwin' in project 'swift-nio'
➜ Explicit dependency on target 'CNIOAtomics' in project 'swift-nio'
➜ Explicit dependency on target 'NIOConcurrencyHelpers' in project 'swift-nio'
➜ Explicit dependency on target 'NIOPriorityQueue' in project 'swift-nio'
➜ Explicit dependency on target 'CNIOSHA1' in project 'swift-nio'
➜ Explicit dependency on target 'NIO' in project 'swift-nio'
Target 'NIOConcurrencyHelpers-product' in project 'swift-nio'
➜ Explicit dependency on target 'NIOConcurrencyHelpers' in project 'swift-nio'
➜ Explicit dependency on target 'CNIOAtomics' in project 'swift-nio'
Target 'CNIOOpenSSL' in project 'swift-nio-ssl'
➜ Explicit dependency on target 'swift-nio-ssl-support' in project 'swift-nio-ssl-support'
Target 'DatabaseKit-product' in project 'DatabaseKit'
➜ Explicit dependency on target 'DatabaseKit' in project 'DatabaseKit'
➜ Explicit dependency on target 'Async-product' in project 'Core'
➜ Explicit dependency on target 'Service-product' in project 'Service'
Target 'DatabaseKit' in project 'DatabaseKit'
➜ Explicit dependency on target 'Async-product' in project 'Core'
➜ Explicit dependency on target 'Service-product' in project 'Service'
Target 'Crypto-product' in project 'Crypto'
➜ Explicit dependency on target 'Crypto' in project 'Crypto'
➜ Explicit dependency on target 'CBase32' in project 'Crypto'
➜ Explicit dependency on target 'CBcrypt' in project 'Crypto'
➜ Explicit dependency on target 'CCryptoOpenSSL' in project 'Crypto'
➜ Explicit dependency on target 'Random' in project 'Crypto'
➜ Explicit dependency on target 'Bits-product' in project 'Core'
➜ Explicit dependency on target 'Async-product' in project 'Core'
➜ Explicit dependency on target 'Core-product' in project 'Core'
➜ Explicit dependency on target 'COperatingSystem-product' in project 'Core'
➜ Explicit dependency on target 'Debugging-product' in project 'Core'
Target 'Crypto' in project 'Crypto'
➜ Explicit dependency on target 'swift-nio-ssl-support' in project 'swift-nio-ssl-support'
➜ Explicit dependency on target 'CBase32' in project 'Crypto'
➜ Explicit dependency on target 'CBcrypt' in project 'Crypto'
➜ Explicit dependency on target 'CCryptoOpenSSL' in project 'Crypto'
➜ Explicit dependency on target 'Random' in project 'Crypto'
➜ Explicit dependency on target 'Bits-product' in project 'Core'
➜ Explicit dependency on target 'Async-product' in project 'Core'
➜ Explicit dependency on target 'Core-product' in project 'Core'
➜ Explicit dependency on target 'COperatingSystem-product' in project 'Core'
➜ Explicit dependency on target 'Debugging-product' in project 'Core'
Target 'Random' in project 'Crypto'
➜ Explicit dependency on target 'swift-nio-ssl-support' in project 'swift-nio-ssl-support'
➜ Explicit dependency on target 'Bits-product' in project 'Core'
Target 'Bits-product' in project 'Core'
➜ Explicit dependency on target 'Bits' in project 'Core'
➜ Explicit dependency on target 'Debugging' in project 'Core'
➜ Explicit dependency on target 'NIO-product' in project 'swift-nio'
Target 'CCryptoOpenSSL' in project 'Crypto'
➜ Explicit dependency on target 'swift-nio-ssl-support' in project 'swift-nio-ssl-support'
Target 'CBcrypt' in project 'Crypto'
➜ Explicit dependency on target 'swift-nio-ssl-support' in project 'swift-nio-ssl-support'
Target 'CBase32' in project 'Crypto'
➜ Explicit dependency on target 'swift-nio-ssl-support' in project 'swift-nio-ssl-support'
Target 'swift-nio-ssl-support' in project 'swift-nio-ssl-support' (no dependencies)
Target 'Console-product' in project 'Console'
➜ Explicit dependency on target 'Console' in project 'Console'
➜ Explicit dependency on target 'Logging' in project 'Console'
➜ Explicit dependency on target 'Core-product' in project 'Core'
➜ Explicit dependency on target 'COperatingSystem-product' in project 'Core'
➜ Explicit dependency on target 'Service-product' in project 'Service'
Target 'Command-product' in project 'Console'
➜ Explicit dependency on target 'Command' in project 'Console'
➜ Explicit dependency on target 'Logging' in project 'Console'
➜ Explicit dependency on target 'Console' in project 'Console'
➜ Explicit dependency on target 'Core-product' in project 'Core'
➜ Explicit dependency on target 'COperatingSystem-product' in project 'Core'
➜ Explicit dependency on target 'Service-product' in project 'Service'
Target 'Command' in project 'Console'
➜ Explicit dependency on target 'Logging' in project 'Console'
➜ Explicit dependency on target 'Console' in project 'Console'
➜ Explicit dependency on target 'Core-product' in project 'Core'
➜ Explicit dependency on target 'COperatingSystem-product' in project 'Core'
➜ Explicit dependency on target 'Service-product' in project 'Service'
Target 'Console' in project 'Console'
➜ Explicit dependency on target 'Logging' in project 'Console'
➜ Explicit dependency on target 'Core-product' in project 'Core'
➜ Explicit dependency on target 'COperatingSystem-product' in project 'Core'
➜ Explicit dependency on target 'Service-product' in project 'Service'
Target 'Service-product' in project 'Service'
➜ Explicit dependency on target 'Service' in project 'Service'
➜ Explicit dependency on target 'Async-product' in project 'Core'
➜ Explicit dependency on target 'Core-product' in project 'Core'
➜ Explicit dependency on target 'Debugging-product' in project 'Core'
Target 'Service' in project 'Service'
➜ Explicit dependency on target 'Async-product' in project 'Core'
➜ Explicit dependency on target 'Core-product' in project 'Core'
➜ Explicit dependency on target 'Debugging-product' in project 'Core'
Target 'Debugging-product' in project 'Core'
➜ Explicit dependency on target 'Debugging' in project 'Core'
Target 'COperatingSystem-product' in project 'Core'
➜ Explicit dependency on target 'COperatingSystem' in project 'Core'
Target 'Logging' in project 'Console'
➜ Explicit dependency on target 'Core-product' in project 'Core'
Target 'Core-product' in project 'Core'
➜ Explicit dependency on target 'Core' in project 'Core'
➜ Explicit dependency on target 'Async' in project 'Core'
➜ Explicit dependency on target 'Debugging' in project 'Core'
➜ Explicit dependency on target 'Bits' in project 'Core'
➜ Explicit dependency on target 'COperatingSystem' in project 'Core'
➜ Explicit dependency on target 'NIO-product' in project 'swift-nio'
➜ Explicit dependency on target 'NIOFoundationCompat-product' in project 'swift-nio'
Target 'Core' in project 'Core'
➜ Explicit dependency on target 'Async' in project 'Core'
➜ Explicit dependency on target 'Debugging' in project 'Core'
➜ Explicit dependency on target 'Bits' in project 'Core'
➜ Explicit dependency on target 'COperatingSystem' in project 'Core'
➜ Explicit dependency on target 'NIO-product' in project 'swift-nio'
➜ Explicit dependency on target 'NIOFoundationCompat-product' in project 'swift-nio'
Target 'NIOFoundationCompat-product' in project 'swift-nio'
➜ Explicit dependency on target 'NIOFoundationCompat' in project 'swift-nio'
➜ Explicit dependency on target 'CNIOLinux' in project 'swift-nio'
➜ Explicit dependency on target 'CNIODarwin' in project 'swift-nio'
➜ Explicit dependency on target 'CNIOAtomics' in project 'swift-nio'
➜ Explicit dependency on target 'NIOConcurrencyHelpers' in project 'swift-nio'
➜ Explicit dependency on target 'NIOPriorityQueue' in project 'swift-nio'
➜ Explicit dependency on target 'CNIOSHA1' in project 'swift-nio'
➜ Explicit dependency on target 'NIO' in project 'swift-nio'
Target 'NIOFoundationCompat' in project 'swift-nio'
➜ Explicit dependency on target 'swift-nio-zlib-support' in project 'swift-nio-zlib-support'
➜ Explicit dependency on target 'CNIOLinux' in project 'swift-nio'
➜ Explicit dependency on target 'CNIODarwin' in project 'swift-nio'
➜ Explicit dependency on target 'CNIOAtomics' in project 'swift-nio'
➜ Explicit dependency on target 'NIOConcurrencyHelpers' in project 'swift-nio'
➜ Explicit dependency on target 'NIOPriorityQueue' in project 'swift-nio'
➜ Explicit dependency on target 'CNIOSHA1' in project 'swift-nio'
➜ Explicit dependency on target 'NIO' in project 'swift-nio'
Target 'COperatingSystem' in project 'Core' (no dependencies)
Target 'Bits' in project 'Core'
➜ Explicit dependency on target 'Debugging' in project 'Core'
➜ Explicit dependency on target 'NIO-product' in project 'swift-nio'
Target 'Debugging' in project 'Core' (no dependencies)
Target 'Async-product' in project 'Core'
➜ Explicit dependency on target 'Async' in project 'Core'
➜ Explicit dependency on target 'NIO-product' in project 'swift-nio'
Target 'Async' in project 'Core'
➜ Explicit dependency on target 'NIO-product' in project 'swift-nio'
Target 'NIO-product' in project 'swift-nio'
➜ Explicit dependency on target 'NIO' in project 'swift-nio'
➜ Explicit dependency on target 'CNIOLinux' in project 'swift-nio'
➜ Explicit dependency on target 'CNIODarwin' in project 'swift-nio'
➜ Explicit dependency on target 'CNIOAtomics' in project 'swift-nio'
➜ Explicit dependency on target 'NIOConcurrencyHelpers' in project 'swift-nio'
➜ Explicit dependency on target 'NIOPriorityQueue' in project 'swift-nio'
➜ Explicit dependency on target 'CNIOSHA1' in project 'swift-nio'
Target 'NIO' in project 'swift-nio'
➜ Explicit dependency on target 'swift-nio-zlib-support' in project 'swift-nio-zlib-support'
➜ Explicit dependency on target 'CNIOLinux' in project 'swift-nio'
➜ Explicit dependency on target 'CNIODarwin' in project 'swift-nio'
➜ Explicit dependency on target 'CNIOAtomics' in project 'swift-nio'
➜ Explicit dependency on target 'NIOConcurrencyHelpers' in project 'swift-nio'
➜ Explicit dependency on target 'NIOPriorityQueue' in project 'swift-nio'
➜ Explicit dependency on target 'CNIOSHA1' in project 'swift-nio'
Target 'CNIOSHA1' in project 'swift-nio'
➜ Explicit dependency on target 'swift-nio-zlib-support' in project 'swift-nio-zlib-support'
Target 'NIOPriorityQueue' in project 'swift-nio'
➜ Explicit dependency on target 'swift-nio-zlib-support' in project 'swift-nio-zlib-support'
Target 'NIOConcurrencyHelpers' in project 'swift-nio'
➜ Explicit dependency on target 'swift-nio-zlib-support' in project 'swift-nio-zlib-support'
➜ Explicit dependency on target 'CNIOAtomics' in project 'swift-nio'
Target 'CNIOAtomics' in project 'swift-nio'
➜ Explicit dependency on target 'swift-nio-zlib-support' in project 'swift-nio-zlib-support'
Target 'CNIODarwin' in project 'swift-nio'
➜ Explicit dependency on target 'swift-nio-zlib-support' in project 'swift-nio-zlib-support'
Target 'CNIOLinux' in project 'swift-nio'
➜ Explicit dependency on target 'swift-nio-zlib-support' in project 'swift-nio-zlib-support'
Target 'swift-nio-zlib-support' in project 'swift-nio-zlib-support' (no dependencies)
Target 'Kineo-product' in project 'Kineo'
➜ Explicit dependency on target 'Kineo' in project 'Kineo'
➜ Explicit dependency on target 'CryptoSwift-product' in project 'CryptoSwift'
➜ Explicit dependency on target 'SPARQLSyntax-product' in project 'SPARQLSyntax'
➜ Explicit dependency on target 'URITemplate-product' in project 'URITemplate'
➜ Explicit dependency on target 'serd-product' in project 'Cserd'
➜ Explicit dependency on target 'SQLite-product' in project 'SQLite.swift'
➜ Explicit dependency on target 'DiomedeQuadStore-product' in project 'Diomede'
➜ Explicit dependency on target 'IDPPlanner-product' in project 'IDPPlanner'
➜ Explicit dependency on target 'Algorithms-product' in project 'swift-algorithms'
Target 'Kineo' in project 'Kineo'
➜ Explicit dependency on target 'CryptoSwift-product' in project 'CryptoSwift'
➜ Explicit dependency on target 'SPARQLSyntax-product' in project 'SPARQLSyntax'
➜ Explicit dependency on target 'URITemplate-product' in project 'URITemplate'
➜ Explicit dependency on target 'serd-product' in project 'Cserd'
➜ Explicit dependency on target 'SQLite-product' in project 'SQLite.swift'
➜ Explicit dependency on target 'DiomedeQuadStore-product' in project 'Diomede'
➜ Explicit dependency on target 'IDPPlanner-product' in project 'IDPPlanner'
➜ Explicit dependency on target 'Algorithms-product' in project 'swift-algorithms'
Target 'Algorithms-product' in project 'swift-algorithms'
➜ Explicit dependency on target 'Algorithms' in project 'swift-algorithms'
➜ Explicit dependency on target 'RealModule-product' in project 'swift-numerics'
Target 'Algorithms' in project 'swift-algorithms'
➜ Explicit dependency on target 'RealModule-product' in project 'swift-numerics'
Target 'RealModule-product' in project 'swift-numerics'
➜ Explicit dependency on target 'RealModule' in project 'swift-numerics'
➜ Explicit dependency on target '_NumericsShims' in project 'swift-numerics'
Target 'RealModule' in project 'swift-numerics'
➜ Explicit dependency on target '_NumericsShims' in project 'swift-numerics'
Target '_NumericsShims' in project 'swift-numerics' (no dependencies)
Target 'IDPPlanner-product' in project 'IDPPlanner'
➜ Explicit dependency on target 'IDPPlanner' in project 'IDPPlanner'
Target 'IDPPlanner' in project 'IDPPlanner' (no dependencies)
Target 'DiomedeQuadStore-product' in project 'Diomede'
➜ Explicit dependency on target 'DiomedeQuadStore' in project 'Diomede'
➜ Explicit dependency on target 'Diomede' in project 'Diomede'
➜ Explicit dependency on target 'LMDB-product' in project 'CLMDB'
➜ Explicit dependency on target 'SPARQLSyntax-product' in project 'SPARQLSyntax'
➜ Explicit dependency on target 'CryptoSwift-product' in project 'CryptoSwift'
Target 'DiomedeQuadStore' in project 'Diomede'
➜ Explicit dependency on target 'Diomede' in project 'Diomede'
➜ Explicit dependency on target 'LMDB-product' in project 'CLMDB'
➜ Explicit dependency on target 'SPARQLSyntax-product' in project 'SPARQLSyntax'
➜ Explicit dependency on target 'CryptoSwift-product' in project 'CryptoSwift'
Target 'Diomede' in project 'Diomede'
➜ Explicit dependency on target 'LMDB-product' in project 'CLMDB'
➜ Explicit dependency on target 'SPARQLSyntax-product' in project 'SPARQLSyntax'
Target 'LMDB-product' in project 'CLMDB'
➜ Explicit dependency on target 'LMDB' in project 'CLMDB'
Target 'LMDB' in project 'CLMDB' (no dependencies)
Target 'SQLite-product' in project 'SQLite.swift'
➜ Explicit dependency on target 'SQLite' in project 'SQLite.swift'
➜ Explicit dependency on target 'SQLiteObjc' in project 'SQLite.swift'
Target 'SQLite' in project 'SQLite.swift'
➜ Explicit dependency on target 'SQLiteObjc' in project 'SQLite.swift'
Target 'SQLiteObjc' in project 'SQLite.swift' (no dependencies)
Target 'URITemplate-product' in project 'URITemplate'
➜ Explicit dependency on target 'URITemplate' in project 'URITemplate'
Target 'URITemplate' in project 'URITemplate' (no dependencies)
Target 'SPARQLSyntax-product' in project 'SPARQLSyntax'
➜ Explicit dependency on target 'SPARQLSyntax' in project 'SPARQLSyntax'
➜ Explicit dependency on target 'serd-product' in project 'Cserd'
Target 'SPARQLSyntax' in project 'SPARQLSyntax'
➜ Explicit dependency on target 'serd-product' in project 'Cserd'
Target 'serd-product' in project 'Cserd'
➜ Explicit dependency on target 'serd' in project 'Cserd'
Target 'serd' in project 'Cserd' (no dependencies)
Target 'CryptoSwift-product' in project 'CryptoSwift'
➜ Explicit dependency on target 'CryptoSwift' in project 'CryptoSwift'
Target 'CryptoSwift' in project 'CryptoSwift' (no dependencies)
GatherProvisioningInputs
CreateBuildDescription
ClangStatCache /Applications/Xcode-27.0.0-Release.Candidate.app/Contents/Developer/Toolchains/XcodeDefault.xctoolchain/usr/bin/clang-stat-cache /Applications/Xcode-27.0.0-Release.Candidate.app/Contents/Developer/Platforms/iPhoneOS.platform/Developer/SDKs/iPhoneOS27.0.sdk /Users/admin/builder/spi-builder-workspace/.derivedData/SDKStatCaches.noindex/iphoneos27.0-24A430-e829b21a6f8c9b70876ba0858053c04440ceaa042ed91876912b2eeea4e3aa14.sdkstatcache
cd /Users/admin/builder/spi-builder-workspace/.swiftpm/xcode
/Applications/Xcode-27.0.0-Release.Candidate.app/Contents/Developer/Toolchains/XcodeDefault.xctoolchain/usr/bin/clang-stat-cache /Applications/Xcode-27.0.0-Release.Candidate.app/Contents/Developer/Platforms/iPhoneOS.platform/Developer/SDKs/iPhoneOS27.0.sdk -o /Users/admin/builder/spi-builder-workspace/.derivedData/SDKStatCaches.noindex/iphoneos27.0-24A430-e829b21a6f8c9b70876ba0858053c04440ceaa042ed91876912b2eeea4e3aa14.sdkstatcache
ScanDependencies /Users/admin/builder/spi-builder-workspace/.derivedData/Build/Intermediates.noindex/CLMDB.build/Debug-iphoneos/LMDB-t.build/Objects-normal/arm64/mdb.o /Users/admin/builder/spi-builder-workspace/.dependencies/checkouts/CLMDB/Sources/LMDB/mdb.c normal arm64 c com.apple.compilers.llvm.clang.1_0.compiler (in target 'LMDB' from project 'CLMDB')
cd /Users/admin/builder/spi-builder-workspace/.swiftpm/xcode
Using response file: /Users/admin/builder/spi-builder-workspace/.derivedData/Build/Intermediates.noindex/CLMDB.build/Debug-iphoneos/LMDB-t.build/Objects-normal/arm64/7187679823f38a2a940e0043cdf9d637-common-args.resp
builtin-ScanDependencies -o /Users/admin/builder/spi-builder-workspace/.derivedData/Build/Intermediates.noindex/CLMDB.build/Debug-iphoneos/LMDB-t.build/Objects-normal/arm64/mdb.o.scan -- /Applications/Xcode-27.0.0-Release.Candidate.app/Contents/Developer/Toolchains/XcodeDefault.xctoolchain/usr/bin/clang -x c -ivfsstatcache /Users/admin/builder/spi-builder-workspace/.derivedData/SDKStatCaches.noindex/iphoneos27.0-24A430-e829b21a6f8c9b70876ba0858053c04440ceaa042ed91876912b2eeea4e3aa14.sdkstatcache -target arm64-apple-ios15.0 -fmessage-length\=0 -fdiagnostics-show-note-include-stack -fmacro-backtrace-limit\=0 -fno-color-diagnostics -fmodules-prune-interval\=86400 -fmodules-prune-after\=345600 -fbuild-session-file\=/Users/admin/builder/spi-builder-workspace/.derivedData/ModuleCache.noindex/Session.modulevalidation -fmodules-validate-once-per-build-session -Wnon-modular-include-in-framework-module -Werror\=non-modular-include-in-framework-module -Wno-trigraphs -Wno-missing-field-initializers -Wno-missing-prototypes -Wno-return-type -Wno-missing-braces -Wparentheses -Wswitch -Wno-unused-function -Wno-unused-label -Wno-unused-parameter -Wno-unused-variable -Wunused-value -Wno-empty-body -Wno-uninitialized -Wno-unknown-pragmas -w -Wno-shadow -Wno-four-char-constants -Wno-conversion -Wno-constant-conversion -Wno-int-conversion -Wno-bool-conversion -Wno-enum-conversion -Wno-float-conversion -Wno-non-literal-null-conversion -Wno-objc-literal-conversion -Wshorten-64-to-32 -Wpointer-sign -Wno-newline-eof -Wno-implicit-fallthrough -isysroot /Applications/Xcode-27.0.0-Release.Candidate.app/Contents/Developer/Platforms/iPhoneOS.platform/Developer/SDKs/iPhoneOS27.0.sdk -fstrict-aliasing -Wdeprecated-declarations -Wno-sign-conversion -Wno-infinite-recursion -Wno-comma -Wno-block-capture-autoreleasing -Wno-strict-prototypes -Wno-semicolon-before-method-body -index-store-path /Users/admin/builder/spi-builder-workspace/.derivedData/Index.noindex/DataStore @/Users/admin/builder/spi-builder-workspace/.derivedData/Build/Intermediates.noindex/CLMDB.build/Debug-iphoneos/LMDB-t.build/Objects-normal/arm64/7187679823f38a2a940e0043cdf9d637-common-args.resp -MMD -MT dependencies -MF /Users/admin/builder/spi-builder-workspace/.derivedData/Build/Intermediates.noindex/CLMDB.build/Debug-iphoneos/LMDB-t.build/Objects-normal/arm64/mdb.d --serialize-diagnostics /Users/admin/builder/spi-builder-workspace/.derivedData/Build/Intermediates.noindex/CLMDB.build/Debug-iphoneos/LMDB-t.build/Objects-normal/arm64/mdb.dia -c /Users/admin/builder/spi-builder-workspace/.dependencies/checkouts/CLMDB/Sources/LMDB/mdb.c -o /Users/admin/builder/spi-builder-workspace/.derivedData/Build/Intermediates.noindex/CLMDB.build/Debug-iphoneos/LMDB-t.build/Objects-normal/arm64/mdb.o -index-unit-output-path /CLMDB.build/Debug-iphoneos/LMDB-t.build/Objects-normal/arm64/mdb.o
ScanDependencies /Users/admin/builder/spi-builder-workspace/.derivedData/Build/Intermediates.noindex/CLMDB.build/Debug-iphoneos/LMDB-t.build/Objects-normal/arm64/midl.o /Users/admin/builder/spi-builder-workspace/.dependencies/checkouts/CLMDB/Sources/LMDB/midl.c normal arm64 c com.apple.compilers.llvm.clang.1_0.compiler (in target 'LMDB' from project 'CLMDB')
cd /Users/admin/builder/spi-builder-workspace/.swiftpm/xcode
Using response file: /Users/admin/builder/spi-builder-workspace/.derivedData/Build/Intermediates.noindex/CLMDB.build/Debug-iphoneos/LMDB-t.build/Objects-normal/arm64/7187679823f38a2a940e0043cdf9d637-common-args.resp
builtin-ScanDependencies -o /Users/admin/builder/spi-builder-workspace/.derivedData/Build/Intermediates.noindex/CLMDB.build/Debug-iphoneos/LMDB-t.build/Objects-normal/arm64/midl.o.scan -- /Applications/Xcode-27.0.0-Release.Candidate.app/Contents/Developer/Toolchains/XcodeDefault.xctoolchain/usr/bin/clang -x c -ivfsstatcache /Users/admin/builder/spi-builder-workspace/.derivedData/SDKStatCaches.noindex/iphoneos27.0-24A430-e829b21a6f8c9b70876ba0858053c04440ceaa042ed91876912b2eeea4e3aa14.sdkstatcache -target arm64-apple-ios15.0 -fmessage-length\=0 -fdiagnostics-show-note-include-stack -fmacro-backtrace-limit\=0 -fno-color-diagnostics -fmodules-prune-interval\=86400 -fmodules-prune-after\=345600 -fbuild-session-file\=/Users/admin/builder/spi-builder-workspace/.derivedData/ModuleCache.noindex/Session.modulevalidation -fmodules-validate-once-per-build-session -Wnon-modular-include-in-framework-module -Werror\=non-modular-include-in-framework-module -Wno-trigraphs -Wno-missing-field-initializers -Wno-missing-prototypes -Wno-return-type -Wno-missing-braces -Wparentheses -Wswitch -Wno-unused-function -Wno-unused-label -Wno-unused-parameter -Wno-unused-variable -Wunused-value -Wno-empty-body -Wno-uninitialized -Wno-unknown-pragmas -w -Wno-shadow -Wno-four-char-constants -Wno-conversion -Wno-constant-conversion -Wno-int-conversion -Wno-bool-conversion -Wno-enum-conversion -Wno-float-conversion -Wno-non-literal-null-conversion -Wno-objc-literal-conversion -Wshorten-64-to-32 -Wpointer-sign -Wno-newline-eof -Wno-implicit-fallthrough -isysroot /Applications/Xcode-27.0.0-Release.Candidate.app/Contents/Developer/Platforms/iPhoneOS.platform/Developer/SDKs/iPhoneOS27.0.sdk -fstrict-aliasing -Wdeprecated-declarations -Wno-sign-conversion -Wno-infinite-recursion -Wno-comma -Wno-block-capture-autoreleasing -Wno-strict-prototypes -Wno-semicolon-before-method-body -index-store-path /Users/admin/builder/spi-builder-workspace/.derivedData/Index.noindex/DataStore @/Users/admin/builder/spi-builder-workspace/.derivedData/Build/Intermediates.noindex/CLMDB.build/Debug-iphoneos/LMDB-t.build/Objects-normal/arm64/7187679823f38a2a940e0043cdf9d637-common-args.resp -MMD -MT dependencies -MF /Users/admin/builder/spi-builder-workspace/.derivedData/Build/Intermediates.noindex/CLMDB.build/Debug-iphoneos/LMDB-t.build/Objects-normal/arm64/midl.d --serialize-diagnostics /Users/admin/builder/spi-builder-workspace/.derivedData/Build/Intermediates.noindex/CLMDB.build/Debug-iphoneos/LMDB-t.build/Objects-normal/arm64/midl.dia -c /Users/admin/builder/spi-builder-workspace/.dependencies/checkouts/CLMDB/Sources/LMDB/midl.c -o /Users/admin/builder/spi-builder-workspace/.derivedData/Build/Intermediates.noindex/CLMDB.build/Debug-iphoneos/LMDB-t.build/Objects-normal/arm64/midl.o -index-unit-output-path /CLMDB.build/Debug-iphoneos/LMDB-t.build/Objects-normal/arm64/midl.o
ScanDependencies /Users/admin/builder/spi-builder-workspace/.derivedData/Build/Intermediates.noindex/swift-nio.build/Debug-iphoneos/CNIOZlib-t.build/Objects-normal/arm64/empty.o /Users/admin/builder/spi-builder-workspace/.dependencies/checkouts/swift-nio/Sources/CNIOZlib/empty.c normal arm64 c com.apple.compilers.llvm.clang.1_0.compiler (in target 'CNIOZlib' from project 'swift-nio')
cd /Users/admin/builder/spi-builder-workspace/.swiftpm/xcode
Using response file: /Users/admin/builder/spi-builder-workspace/.derivedData/Build/Intermediates.noindex/swift-nio.build/Debug-iphoneos/CNIOZlib-t.build/Objects-normal/arm64/7187679823f38a2a940e0043cdf9d637-common-args.resp
builtin-ScanDependencies -o /Users/admin/builder/spi-builder-workspace/.derivedData/Build/Intermediates.noindex/swift-nio.build/Debug-iphoneos/CNIOZlib-t.build/Objects-normal/arm64/empty.o.scan -- /Applications/Xcode-27.0.0-Release.Candidate.app/Contents/Developer/Toolchains/XcodeDefault.xctoolchain/usr/bin/clang -x c -ivfsstatcache /Users/admin/builder/spi-builder-workspace/.derivedData/SDKStatCaches.noindex/iphoneos27.0-24A430-e829b21a6f8c9b70876ba0858053c04440ceaa042ed91876912b2eeea4e3aa14.sdkstatcache -target arm64-apple-ios15.0 -fmessage-length\=0 -fdiagnostics-show-note-include-stack -fmacro-backtrace-limit\=0 -fno-color-diagnostics -fmodules-prune-interval\=86400 -fmodules-prune-after\=345600 -fbuild-session-file\=/Users/admin/builder/spi-builder-workspace/.derivedData/ModuleCache.noindex/Session.modulevalidation -fmodules-validate-once-per-build-session -Wnon-modular-include-in-framework-module -Werror\=non-modular-include-in-framework-module -Wno-trigraphs -Wno-missing-field-initializers -Wno-missing-prototypes -Wno-return-type -Wno-missing-braces -Wparentheses -Wswitch -Wno-unused-function -Wno-unused-label -Wno-unused-parameter -Wno-unused-variable -Wunused-value -Wno-empty-body -Wno-uninitialized -Wno-unknown-pragmas -w -Wno-shadow -Wno-four-char-constants -Wno-conversion -Wno-constant-conversion -Wno-int-conversion -Wno-bool-conversion -Wno-enum-conversion -Wno-float-conversion -Wno-non-literal-null-conversion -Wno-objc-literal-conversion -Wshorten-64-to-32 -Wpointer-sign -Wno-newline-eof -Wno-implicit-fallthrough -isysroot /Applications/Xcode-27.0.0-Release.Candidate.app/Contents/Developer/Platforms/iPhoneOS.platform/Developer/SDKs/iPhoneOS27.0.sdk -fstrict-aliasing -Wdeprecated-declarations -Wno-sign-conversion -Wno-infinite-recursion -Wno-comma -Wno-block-capture-autoreleasing -Wno-strict-prototypes -Wno-semicolon-before-method-body -index-store-path /Users/admin/builder/spi-builder-workspace/.derivedData/Index.noindex/DataStore @/Users/admin/builder/spi-builder-workspace/.derivedData/Build/Intermediates.noindex/swift-nio.build/Debug-iphoneos/CNIOZlib-t.build/Objects-normal/arm64/7187679823f38a2a940e0043cdf9d637-common-args.resp -MMD -MT dependencies -MF /Users/admin/builder/spi-builder-workspace/.derivedData/Build/Intermediates.noindex/swift-nio.build/Debug-iphoneos/CNIOZlib-t.build/Objects-normal/arm64/empty.d --serialize-diagnostics /Users/admin/builder/spi-builder-workspace/.derivedData/Build/Intermediates.noindex/swift-nio.build/Debug-iphoneos/CNIOZlib-t.build/Objects-normal/arm64/empty.dia -c /Users/admin/builder/spi-builder-workspace/.dependencies/checkouts/swift-nio/Sources/CNIOZlib/empty.c -o /Users/admin/builder/spi-builder-workspace/.derivedData/Build/Intermediates.noindex/swift-nio.build/Debug-iphoneos/CNIOZlib-t.build/Objects-normal/arm64/empty.o -index-unit-output-path /swift-nio.build/Debug-iphoneos/CNIOZlib-t.build/Objects-normal/arm64/empty.o
ScanDependencies /Users/admin/builder/spi-builder-workspace/.derivedData/Build/Intermediates.noindex/swift-nio.build/Debug-iphoneos/CNIOSHA1-t.build/Objects-normal/arm64/c_nio_sha1.o /Users/admin/builder/spi-builder-workspace/.dependencies/checkouts/swift-nio/Sources/CNIOSHA1/c_nio_sha1.c normal arm64 c com.apple.compilers.llvm.clang.1_0.compiler (in target 'CNIOSHA1' from project 'swift-nio')
cd /Users/admin/builder/spi-builder-workspace/.swiftpm/xcode
Using response file: /Users/admin/builder/spi-builder-workspace/.derivedData/Build/Intermediates.noindex/swift-nio.build/Debug-iphoneos/CNIOSHA1-t.build/Objects-normal/arm64/7187679823f38a2a940e0043cdf9d637-common-args.resp
builtin-ScanDependencies -o /Users/admin/builder/spi-builder-workspace/.derivedData/Build/Intermediates.noindex/swift-nio.build/Debug-iphoneos/CNIOSHA1-t.build/Objects-normal/arm64/c_nio_sha1.o.scan -- /Applications/Xcode-27.0.0-Release.Candidate.app/Contents/Developer/Toolchains/XcodeDefault.xctoolchain/usr/bin/clang -x c -ivfsstatcache /Users/admin/builder/spi-builder-workspace/.derivedData/SDKStatCaches.noindex/iphoneos27.0-24A430-e829b21a6f8c9b70876ba0858053c04440ceaa042ed91876912b2eeea4e3aa14.sdkstatcache -target arm64-apple-ios15.0 -fmessage-length\=0 -fdiagnostics-show-note-include-stack -fmacro-backtrace-limit\=0 -fno-color-diagnostics -fmodules-prune-interval\=86400 -fmodules-prune-after\=345600 -fbuild-session-file\=/Users/admin/builder/spi-builder-workspace/.derivedData/ModuleCache.noindex/Session.modulevalidation -fmodules-validate-once-per-build-session -Wnon-modular-include-in-framework-module -Werror\=non-modular-include-in-framework-module -Wno-trigraphs -Wno-missing-field-initializers -Wno-missing-prototypes -Wno-return-type -Wno-missing-braces -Wparentheses -Wswitch -Wno-unused-function -Wno-unused-label -Wno-unused-parameter -Wno-unused-variable -Wunused-value -Wno-empty-body -Wno-uninitialized -Wno-unknown-pragmas -w -Wno-shadow -Wno-four-char-constants -Wno-conversion -Wno-constant-conversion -Wno-int-conversion -Wno-bool-conversion -Wno-enum-conversion -Wno-float-conversion -Wno-non-literal-null-conversion -Wno-objc-literal-conversion -Wshorten-64-to-32 -Wpointer-sign -Wno-newline-eof -Wno-implicit-fallthrough -isysroot /Applications/Xcode-27.0.0-Release.Candidate.app/Contents/Developer/Platforms/iPhoneOS.platform/Developer/SDKs/iPhoneOS27.0.sdk -fstrict-aliasing -Wdeprecated-declarations -Wno-sign-conversion -Wno-infinite-recursion -Wno-comma -Wno-block-capture-autoreleasing -Wno-strict-prototypes -Wno-semicolon-before-method-body -index-store-path /Users/admin/builder/spi-builder-workspace/.derivedData/Index.noindex/DataStore @/Users/admin/builder/spi-builder-workspace/.derivedData/Build/Intermediates.noindex/swift-nio.build/Debug-iphoneos/CNIOSHA1-t.build/Objects-normal/arm64/7187679823f38a2a940e0043cdf9d637-common-args.resp -MMD -MT dependencies -MF /Users/admin/builder/spi-builder-workspace/.derivedData/Build/Intermediates.noindex/swift-nio.build/Debug-iphoneos/CNIOSHA1-t.build/Objects-normal/arm64/c_nio_sha1.d --serialize-diagnostics /Users/admin/builder/spi-builder-workspace/.derivedData/Build/Intermediates.noindex/swift-nio.build/Debug-iphoneos/CNIOSHA1-t.build/Objects-normal/arm64/c_nio_sha1.dia -c /Users/admin/builder/spi-builder-workspace/.dependencies/checkouts/swift-nio/Sources/CNIOSHA1/c_nio_sha1.c -o /Users/admin/builder/spi-builder-workspace/.derivedData/Build/Intermediates.noindex/swift-nio.build/Debug-iphoneos/CNIOSHA1-t.build/Objects-normal/arm64/c_nio_sha1.o -index-unit-output-path /swift-nio.build/Debug-iphoneos/CNIOSHA1-t.build/Objects-normal/arm64/c_nio_sha1.o
ScanDependencies /Users/admin/builder/spi-builder-workspace/.derivedData/Build/Intermediates.noindex/swift-nio-ssl.build/Debug-iphoneos/CNIOOpenSSL-t.build/Objects-normal/arm64/shims.o /Users/admin/builder/spi-builder-workspace/.dependencies/checkouts/swift-nio-ssl/Sources/CNIOOpenSSL/shims.c normal arm64 c com.apple.compilers.llvm.clang.1_0.compiler (in target 'CNIOOpenSSL' from project 'swift-nio-ssl')
cd /Users/admin/builder/spi-builder-workspace/.swiftpm/xcode
Using response file: /Users/admin/builder/spi-builder-workspace/.derivedData/Build/Intermediates.noindex/swift-nio-ssl.build/Debug-iphoneos/CNIOOpenSSL-t.build/Objects-normal/arm64/7187679823f38a2a940e0043cdf9d637-common-args.resp
builtin-ScanDependencies -o /Users/admin/builder/spi-builder-workspace/.derivedData/Build/Intermediates.noindex/swift-nio-ssl.build/Debug-iphoneos/CNIOOpenSSL-t.build/Objects-normal/arm64/shims.o.scan -- /Applications/Xcode-27.0.0-Release.Candidate.app/Contents/Developer/Toolchains/XcodeDefault.xctoolchain/usr/bin/clang -x c -ivfsstatcache /Users/admin/builder/spi-builder-workspace/.derivedData/SDKStatCaches.noindex/iphoneos27.0-24A430-e829b21a6f8c9b70876ba0858053c04440ceaa042ed91876912b2eeea4e3aa14.sdkstatcache -target arm64-apple-ios15.0 -fmessage-length\=0 -fdiagnostics-show-note-include-stack -fmacro-backtrace-limit\=0 -fno-color-diagnostics -fmodules-prune-interval\=86400 -fmodules-prune-after\=345600 -fbuild-session-file\=/Users/admin/builder/spi-builder-workspace/.derivedData/ModuleCache.noindex/Session.modulevalidation -fmodules-validate-once-per-build-session -Wnon-modular-include-in-framework-module -Werror\=non-modular-include-in-framework-module -Wno-trigraphs -Wno-missing-field-initializers -Wno-missing-prototypes -Wno-return-type -Wno-missing-braces -Wparentheses -Wswitch -Wno-unused-function -Wno-unused-label -Wno-unused-parameter -Wno-unused-variable -Wunused-value -Wno-empty-body -Wno-uninitialized -Wno-unknown-pragmas -w -Wno-shadow -Wno-four-char-constants -Wno-conversion -Wno-constant-conversion -Wno-int-conversion -Wno-bool-conversion -Wno-enum-conversion -Wno-float-conversion -Wno-non-literal-null-conversion -Wno-objc-literal-conversion -Wshorten-64-to-32 -Wpointer-sign -Wno-newline-eof -Wno-implicit-fallthrough -isysroot /Applications/Xcode-27.0.0-Release.Candidate.app/Contents/Developer/Platforms/iPhoneOS.platform/Developer/SDKs/iPhoneOS27.0.sdk -fstrict-aliasing -Wdeprecated-declarations -Wno-sign-conversion -Wno-infinite-recursion -Wno-comma -Wno-block-capture-autoreleasing -Wno-strict-prototypes -Wno-semicolon-before-method-body -index-store-path /Users/admin/builder/spi-builder-workspace/.derivedData/Index.noindex/DataStore @/Users/admin/builder/spi-builder-workspace/.derivedData/Build/Intermediates.noindex/swift-nio-ssl.build/Debug-iphoneos/CNIOOpenSSL-t.build/Objects-normal/arm64/7187679823f38a2a940e0043cdf9d637-common-args.resp -MMD -MT dependencies -MF /Users/admin/builder/spi-builder-workspace/.derivedData/Build/Intermediates.noindex/swift-nio-ssl.build/Debug-iphoneos/CNIOOpenSSL-t.build/Objects-normal/arm64/shims.d --serialize-diagnostics /Users/admin/builder/spi-builder-workspace/.derivedData/Build/Intermediates.noindex/swift-nio-ssl.build/Debug-iphoneos/CNIOOpenSSL-t.build/Objects-normal/arm64/shims.dia -c /Users/admin/builder/spi-builder-workspace/.dependencies/checkouts/swift-nio-ssl/Sources/CNIOOpenSSL/shims.c -o /Users/admin/builder/spi-builder-workspace/.derivedData/Build/Intermediates.noindex/swift-nio-ssl.build/Debug-iphoneos/CNIOOpenSSL-t.build/Objects-normal/arm64/shims.o -index-unit-output-path /swift-nio-ssl.build/Debug-iphoneos/CNIOOpenSSL-t.build/Objects-normal/arm64/shims.o
/Users/admin/builder/spi-builder-workspace/.dependencies/checkouts/swift-nio-ssl/Sources/CNIOOpenSSL/include/c_nio_openssl.h:17:10: error: 'openssl/conf.h' file not found (in target 'CNIOOpenSSL' from project 'swift-nio-ssl')
/Users/admin/builder/spi-builder-workspace/.dependencies/checkouts/swift-nio-ssl/Sources/CNIOOpenSSL/shims.c:16:10: note: in file included from /Users/admin/builder/spi-builder-workspace/.dependencies/checkouts/swift-nio-ssl/Sources/CNIOOpenSSL/shims.c:16:
ScanDependencies /Users/admin/builder/spi-builder-workspace/.derivedData/Build/Intermediates.noindex/swift-nio-ssl.build/Debug-iphoneos/CNIOOpenSSL-t.build/Objects-normal/arm64/helpers.o /Users/admin/builder/spi-builder-workspace/.dependencies/checkouts/swift-nio-ssl/Sources/CNIOOpenSSL/helpers.c normal arm64 c com.apple.compilers.llvm.clang.1_0.compiler (in target 'CNIOOpenSSL' from project 'swift-nio-ssl')
cd /Users/admin/builder/spi-builder-workspace/.swiftpm/xcode
Using response file: /Users/admin/builder/spi-builder-workspace/.derivedData/Build/Intermediates.noindex/swift-nio-ssl.build/Debug-iphoneos/CNIOOpenSSL-t.build/Objects-normal/arm64/7187679823f38a2a940e0043cdf9d637-common-args.resp
builtin-ScanDependencies -o /Users/admin/builder/spi-builder-workspace/.derivedData/Build/Intermediates.noindex/swift-nio-ssl.build/Debug-iphoneos/CNIOOpenSSL-t.build/Objects-normal/arm64/helpers.o.scan -- /Applications/Xcode-27.0.0-Release.Candidate.app/Contents/Developer/Toolchains/XcodeDefault.xctoolchain/usr/bin/clang -x c -ivfsstatcache /Users/admin/builder/spi-builder-workspace/.derivedData/SDKStatCaches.noindex/iphoneos27.0-24A430-e829b21a6f8c9b70876ba0858053c04440ceaa042ed91876912b2eeea4e3aa14.sdkstatcache -target arm64-apple-ios15.0 -fmessage-length\=0 -fdiagnostics-show-note-include-stack -fmacro-backtrace-limit\=0 -fno-color-diagnostics -fmodules-prune-interval\=86400 -fmodules-prune-after\=345600 -fbuild-session-file\=/Users/admin/builder/spi-builder-workspace/.derivedData/ModuleCache.noindex/Session.modulevalidation -fmodules-validate-once-per-build-session -Wnon-modular-include-in-framework-module -Werror\=non-modular-include-in-framework-module -Wno-trigraphs -Wno-missing-field-initializers -Wno-missing-prototypes -Wno-return-type -Wno-missing-braces -Wparentheses -Wswitch -Wno-unused-function -Wno-unused-label -Wno-unused-parameter -Wno-unused-variable -Wunused-value -Wno-empty-body -Wno-uninitialized -Wno-unknown-pragmas -w -Wno-shadow -Wno-four-char-constants -Wno-conversion -Wno-constant-conversion -Wno-int-conversion -Wno-bool-conversion -Wno-enum-conversion -Wno-float-conversion -Wno-non-literal-null-conversion -Wno-objc-literal-conversion -Wshorten-64-to-32 -Wpointer-sign -Wno-newline-eof -Wno-implicit-fallthrough -isysroot /Applications/Xcode-27.0.0-Release.Candidate.app/Contents/Developer/Platforms/iPhoneOS.platform/Developer/SDKs/iPhoneOS27.0.sdk -fstrict-aliasing -Wdeprecated-declarations -Wno-sign-conversion -Wno-infinite-recursion -Wno-comma -Wno-block-capture-autoreleasing -Wno-strict-prototypes -Wno-semicolon-before-method-body -index-store-path /Users/admin/builder/spi-builder-workspace/.derivedData/Index.noindex/DataStore @/Users/admin/builder/spi-builder-workspace/.derivedData/Build/Intermediates.noindex/swift-nio-ssl.build/Debug-iphoneos/CNIOOpenSSL-t.build/Objects-normal/arm64/7187679823f38a2a940e0043cdf9d637-common-args.resp -MMD -MT dependencies -MF /Users/admin/builder/spi-builder-workspace/.derivedData/Build/Intermediates.noindex/swift-nio-ssl.build/Debug-iphoneos/CNIOOpenSSL-t.build/Objects-normal/arm64/helpers.d --serialize-diagnostics /Users/admin/builder/spi-builder-workspace/.derivedData/Build/Intermediates.noindex/swift-nio-ssl.build/Debug-iphoneos/CNIOOpenSSL-t.build/Objects-normal/arm64/helpers.dia -c /Users/admin/builder/spi-builder-workspace/.dependencies/checkouts/swift-nio-ssl/Sources/CNIOOpenSSL/helpers.c -o /Users/admin/builder/spi-builder-workspace/.derivedData/Build/Intermediates.noindex/swift-nio-ssl.build/Debug-iphoneos/CNIOOpenSSL-t.build/Objects-normal/arm64/helpers.o -index-unit-output-path /swift-nio-ssl.build/Debug-iphoneos/CNIOOpenSSL-t.build/Objects-normal/arm64/helpers.o
/Users/admin/builder/spi-builder-workspace/.dependencies/checkouts/swift-nio-ssl/Sources/CNIOOpenSSL/include/c_nio_openssl.h:17:10: error: 'openssl/conf.h' file not found (in target 'CNIOOpenSSL' from project 'swift-nio-ssl')
/Users/admin/builder/spi-builder-workspace/.dependencies/checkouts/swift-nio-ssl/Sources/CNIOOpenSSL/helpers.c:14:10: note: in file included from /Users/admin/builder/spi-builder-workspace/.dependencies/checkouts/swift-nio-ssl/Sources/CNIOOpenSSL/helpers.c:14:
ScanDependencies /Users/admin/builder/spi-builder-workspace/.derivedData/Build/Intermediates.noindex/swift-nio.build/Debug-iphoneos/CNIOLinux-t.build/Objects-normal/arm64/shim.o /Users/admin/builder/spi-builder-workspace/.dependencies/checkouts/swift-nio/Sources/CNIOLinux/shim.c normal arm64 c com.apple.compilers.llvm.clang.1_0.compiler (in target 'CNIOLinux' from project 'swift-nio')
cd /Users/admin/builder/spi-builder-workspace/.swiftpm/xcode
Using response file: /Users/admin/builder/spi-builder-workspace/.derivedData/Build/Intermediates.noindex/swift-nio.build/Debug-iphoneos/CNIOLinux-t.build/Objects-normal/arm64/7187679823f38a2a940e0043cdf9d637-common-args.resp
builtin-ScanDependencies -o /Users/admin/builder/spi-builder-workspace/.derivedData/Build/Intermediates.noindex/swift-nio.build/Debug-iphoneos/CNIOLinux-t.build/Objects-normal/arm64/shim.o.scan -- /Applications/Xcode-27.0.0-Release.Candidate.app/Contents/Developer/Toolchains/XcodeDefault.xctoolchain/usr/bin/clang -x c -ivfsstatcache /Users/admin/builder/spi-builder-workspace/.derivedData/SDKStatCaches.noindex/iphoneos27.0-24A430-e829b21a6f8c9b70876ba0858053c04440ceaa042ed91876912b2eeea4e3aa14.sdkstatcache -target arm64-apple-ios15.0 -fmessage-length\=0 -fdiagnostics-show-note-include-stack -fmacro-backtrace-limit\=0 -fno-color-diagnostics -fmodules-prune-interval\=86400 -fmodules-prune-after\=345600 -fbuild-session-file\=/Users/admin/builder/spi-builder-workspace/.derivedData/ModuleCache.noindex/Session.modulevalidation -fmodules-validate-once-per-build-session -Wnon-modular-include-in-framework-module -Werror\=non-modular-include-in-framework-module -Wno-trigraphs -Wno-missing-field-initializers -Wno-missing-prototypes -Wno-return-type -Wno-missing-braces -Wparentheses -Wswitch -Wno-unused-function -Wno-unused-label -Wno-unused-parameter -Wno-unused-variable -Wunused-value -Wno-empty-body -Wno-uninitialized -Wno-unknown-pragmas -w -Wno-shadow -Wno-four-char-constants -Wno-conversion -Wno-constant-conversion -Wno-int-conversion -Wno-bool-conversion -Wno-enum-conversion -Wno-float-conversion -Wno-non-literal-null-conversion -Wno-objc-literal-conversion -Wshorten-64-to-32 -Wpointer-sign -Wno-newline-eof -Wno-implicit-fallthrough -isysroot /Applications/Xcode-27.0.0-Release.Candidate.app/Contents/Developer/Platforms/iPhoneOS.platform/Developer/SDKs/iPhoneOS27.0.sdk -fstrict-aliasing -Wdeprecated-declarations -Wno-sign-conversion -Wno-infinite-recursion -Wno-comma -Wno-block-capture-autoreleasing -Wno-strict-prototypes -Wno-semicolon-before-method-body -index-store-path /Users/admin/builder/spi-builder-workspace/.derivedData/Index.noindex/DataStore @/Users/admin/builder/spi-builder-workspace/.derivedData/Build/Intermediates.noindex/swift-nio.build/Debug-iphoneos/CNIOLinux-t.build/Objects-normal/arm64/7187679823f38a2a940e0043cdf9d637-common-args.resp -MMD -MT dependencies -MF /Users/admin/builder/spi-builder-workspace/.derivedData/Build/Intermediates.noindex/swift-nio.build/Debug-iphoneos/CNIOLinux-t.build/Objects-normal/arm64/shim.d --serialize-diagnostics /Users/admin/builder/spi-builder-workspace/.derivedData/Build/Intermediates.noindex/swift-nio.build/Debug-iphoneos/CNIOLinux-t.build/Objects-normal/arm64/shim.dia -c /Users/admin/builder/spi-builder-workspace/.dependencies/checkouts/swift-nio/Sources/CNIOLinux/shim.c -o /Users/admin/builder/spi-builder-workspace/.derivedData/Build/Intermediates.noindex/swift-nio.build/Debug-iphoneos/CNIOLinux-t.build/Objects-normal/arm64/shim.o -index-unit-output-path /swift-nio.build/Debug-iphoneos/CNIOLinux-t.build/Objects-normal/arm64/shim.o
ScanDependencies /Users/admin/builder/spi-builder-workspace/.derivedData/Build/Intermediates.noindex/swift-nio.build/Debug-iphoneos/CNIOLinux-t.build/Objects-normal/arm64/ifaddrs-android.o /Users/admin/builder/spi-builder-workspace/.dependencies/checkouts/swift-nio/Sources/CNIOLinux/ifaddrs-android.c normal arm64 c com.apple.compilers.llvm.clang.1_0.compiler (in target 'CNIOLinux' from project 'swift-nio')
cd /Users/admin/builder/spi-builder-workspace/.swiftpm/xcode
Using response file: /Users/admin/builder/spi-builder-workspace/.derivedData/Build/Intermediates.noindex/swift-nio.build/Debug-iphoneos/CNIOLinux-t.build/Objects-normal/arm64/7187679823f38a2a940e0043cdf9d637-common-args.resp
builtin-ScanDependencies -o /Users/admin/builder/spi-builder-workspace/.derivedData/Build/Intermediates.noindex/swift-nio.build/Debug-iphoneos/CNIOLinux-t.build/Objects-normal/arm64/ifaddrs-android.o.scan -- /Applications/Xcode-27.0.0-Release.Candidate.app/Contents/Developer/Toolchains/XcodeDefault.xctoolchain/usr/bin/clang -x c -ivfsstatcache /Users/admin/builder/spi-builder-workspace/.derivedData/SDKStatCaches.noindex/iphoneos27.0-24A430-e829b21a6f8c9b70876ba0858053c04440ceaa042ed91876912b2eeea4e3aa14.sdkstatcache -target arm64-apple-ios15.0 -fmessage-length\=0 -fdiagnostics-show-note-include-stack -fmacro-backtrace-limit\=0 -fno-color-diagnostics -fmodules-prune-interval\=86400 -fmodules-prune-after\=345600 -fbuild-session-file\=/Users/admin/builder/spi-builder-workspace/.derivedData/ModuleCache.noindex/Session.modulevalidation -fmodules-validate-once-per-build-session -Wnon-modular-include-in-framework-module -Werror\=non-modular-include-in-framework-module -Wno-trigraphs -Wno-missing-field-initializers -Wno-missing-prototypes -Wno-return-type -Wno-missing-braces -Wparentheses -Wswitch -Wno-unused-function -Wno-unused-label -Wno-unused-parameter -Wno-unused-variable -Wunused-value -Wno-empty-body -Wno-uninitialized -Wno-unknown-pragmas -w -Wno-shadow -Wno-four-char-constants -Wno-conversion -Wno-constant-conversion -Wno-int-conversion -Wno-bool-conversion -Wno-enum-conversion -Wno-float-conversion -Wno-non-literal-null-conversion -Wno-objc-literal-conversion -Wshorten-64-to-32 -Wpointer-sign -Wno-newline-eof -Wno-implicit-fallthrough -isysroot /Applications/Xcode-27.0.0-Release.Candidate.app/Contents/Developer/Platforms/iPhoneOS.platform/Developer/SDKs/iPhoneOS27.0.sdk -fstrict-aliasing -Wdeprecated-declarations -Wno-sign-conversion -Wno-infinite-recursion -Wno-comma -Wno-block-capture-autoreleasing -Wno-strict-prototypes -Wno-semicolon-before-method-body -index-store-path /Users/admin/builder/spi-builder-workspace/.derivedData/Index.noindex/DataStore @/Users/admin/builder/spi-builder-workspace/.derivedData/Build/Intermediates.noindex/swift-nio.build/Debug-iphoneos/CNIOLinux-t.build/Objects-normal/arm64/7187679823f38a2a940e0043cdf9d637-common-args.resp -MMD -MT dependencies -MF /Users/admin/builder/spi-builder-workspace/.derivedData/Build/Intermediates.noindex/swift-nio.build/Debug-iphoneos/CNIOLinux-t.build/Objects-normal/arm64/ifaddrs-android.d --serialize-diagnostics /Users/admin/builder/spi-builder-workspace/.derivedData/Build/Intermediates.noindex/swift-nio.build/Debug-iphoneos/CNIOLinux-t.build/Objects-normal/arm64/ifaddrs-android.dia -c /Users/admin/builder/spi-builder-workspace/.dependencies/checkouts/swift-nio/Sources/CNIOLinux/ifaddrs-android.c -o /Users/admin/builder/spi-builder-workspace/.derivedData/Build/Intermediates.noindex/swift-nio.build/Debug-iphoneos/CNIOLinux-t.build/Objects-normal/arm64/ifaddrs-android.o -index-unit-output-path /swift-nio.build/Debug-iphoneos/CNIOLinux-t.build/Objects-normal/arm64/ifaddrs-android.o
ScanDependencies /Users/admin/builder/spi-builder-workspace/.derivedData/Build/Intermediates.noindex/swift-nio.build/Debug-iphoneos/CNIOHTTPParser-t.build/Objects-normal/arm64/c_nio_http_parser.o /Users/admin/builder/spi-builder-workspace/.dependencies/checkouts/swift-nio/Sources/CNIOHTTPParser/c_nio_http_parser.c normal arm64 c com.apple.compilers.llvm.clang.1_0.compiler (in target 'CNIOHTTPParser' from project 'swift-nio')
cd /Users/admin/builder/spi-builder-workspace/.swiftpm/xcode
Using response file: /Users/admin/builder/spi-builder-workspace/.derivedData/Build/Intermediates.noindex/swift-nio.build/Debug-iphoneos/CNIOHTTPParser-t.build/Objects-normal/arm64/7187679823f38a2a940e0043cdf9d637-common-args.resp
builtin-ScanDependencies -o /Users/admin/builder/spi-builder-workspace/.derivedData/Build/Intermediates.noindex/swift-nio.build/Debug-iphoneos/CNIOHTTPParser-t.build/Objects-normal/arm64/c_nio_http_parser.o.scan -- /Applications/Xcode-27.0.0-Release.Candidate.app/Contents/Developer/Toolchains/XcodeDefault.xctoolchain/usr/bin/clang -x c -ivfsstatcache /Users/admin/builder/spi-builder-workspace/.derivedData/SDKStatCaches.noindex/iphoneos27.0-24A430-e829b21a6f8c9b70876ba0858053c04440ceaa042ed91876912b2eeea4e3aa14.sdkstatcache -target arm64-apple-ios15.0 -fmessage-length\=0 -fdiagnostics-show-note-include-stack -fmacro-backtrace-limit\=0 -fno-color-diagnostics -fmodules-prune-interval\=86400 -fmodules-prune-after\=345600 -fbuild-session-file\=/Users/admin/builder/spi-builder-workspace/.derivedData/ModuleCache.noindex/Session.modulevalidation -fmodules-validate-once-per-build-session -Wnon-modular-include-in-framework-module -Werror\=non-modular-include-in-framework-module -Wno-trigraphs -Wno-missing-field-initializers -Wno-missing-prototypes -Wno-return-type -Wno-missing-braces -Wparentheses -Wswitch -Wno-unused-function -Wno-unused-label -Wno-unused-parameter -Wno-unused-variable -Wunused-value -Wno-empty-body -Wno-uninitialized -Wno-unknown-pragmas -w -Wno-shadow -Wno-four-char-constants -Wno-conversion -Wno-constant-conversion -Wno-int-conversion -Wno-bool-conversion -Wno-enum-conversion -Wno-float-conversion -Wno-non-literal-null-conversion -Wno-objc-literal-conversion -Wshorten-64-to-32 -Wpointer-sign -Wno-newline-eof -Wno-implicit-fallthrough -isysroot /Applications/Xcode-27.0.0-Release.Candidate.app/Contents/Developer/Platforms/iPhoneOS.platform/Developer/SDKs/iPhoneOS27.0.sdk -fstrict-aliasing -Wdeprecated-declarations -Wno-sign-conversion -Wno-infinite-recursion -Wno-comma -Wno-block-capture-autoreleasing -Wno-strict-prototypes -Wno-semicolon-before-method-body -index-store-path /Users/admin/builder/spi-builder-workspace/.derivedData/Index.noindex/DataStore @/Users/admin/builder/spi-builder-workspace/.derivedData/Build/Intermediates.noindex/swift-nio.build/Debug-iphoneos/CNIOHTTPParser-t.build/Objects-normal/arm64/7187679823f38a2a940e0043cdf9d637-common-args.resp -MMD -MT dependencies -MF /Users/admin/builder/spi-builder-workspace/.derivedData/Build/Intermediates.noindex/swift-nio.build/Debug-iphoneos/CNIOHTTPParser-t.build/Objects-normal/arm64/c_nio_http_parser.d --serialize-diagnostics /Users/admin/builder/spi-builder-workspace/.derivedData/Build/Intermediates.noindex/swift-nio.build/Debug-iphoneos/CNIOHTTPParser-t.build/Objects-normal/arm64/c_nio_http_parser.dia -c /Users/admin/builder/spi-builder-workspace/.dependencies/checkouts/swift-nio/Sources/CNIOHTTPParser/c_nio_http_parser.c -o /Users/admin/builder/spi-builder-workspace/.derivedData/Build/Intermediates.noindex/swift-nio.build/Debug-iphoneos/CNIOHTTPParser-t.build/Objects-normal/arm64/c_nio_http_parser.o -index-unit-output-path /swift-nio.build/Debug-iphoneos/CNIOHTTPParser-t.build/Objects-normal/arm64/c_nio_http_parser.o
ScanDependencies /Users/admin/builder/spi-builder-workspace/.derivedData/Build/Intermediates.noindex/swift-nio.build/Debug-iphoneos/CNIODarwin-t.build/Objects-normal/arm64/shim.o /Users/admin/builder/spi-builder-workspace/.dependencies/checkouts/swift-nio/Sources/CNIODarwin/shim.c normal arm64 c com.apple.compilers.llvm.clang.1_0.compiler (in target 'CNIODarwin' from project 'swift-nio')
cd /Users/admin/builder/spi-builder-workspace/.swiftpm/xcode
Using response file: /Users/admin/builder/spi-builder-workspace/.derivedData/Build/Intermediates.noindex/swift-nio.build/Debug-iphoneos/CNIODarwin-t.build/Objects-normal/arm64/7187679823f38a2a940e0043cdf9d637-common-args.resp
builtin-ScanDependencies -o /Users/admin/builder/spi-builder-workspace/.derivedData/Build/Intermediates.noindex/swift-nio.build/Debug-iphoneos/CNIODarwin-t.build/Objects-normal/arm64/shim.o.scan -- /Applications/Xcode-27.0.0-Release.Candidate.app/Contents/Developer/Toolchains/XcodeDefault.xctoolchain/usr/bin/clang -x c -ivfsstatcache /Users/admin/builder/spi-builder-workspace/.derivedData/SDKStatCaches.noindex/iphoneos27.0-24A430-e829b21a6f8c9b70876ba0858053c04440ceaa042ed91876912b2eeea4e3aa14.sdkstatcache -target arm64-apple-ios15.0 -fmessage-length\=0 -fdiagnostics-show-note-include-stack -fmacro-backtrace-limit\=0 -fno-color-diagnostics -fmodules-prune-interval\=86400 -fmodules-prune-after\=345600 -fbuild-session-file\=/Users/admin/builder/spi-builder-workspace/.derivedData/ModuleCache.noindex/Session.modulevalidation -fmodules-validate-once-per-build-session -Wnon-modular-include-in-framework-module -Werror\=non-modular-include-in-framework-module -Wno-trigraphs -Wno-missing-field-initializers -Wno-missing-prototypes -Wno-return-type -Wno-missing-braces -Wparentheses -Wswitch -Wno-unused-function -Wno-unused-label -Wno-unused-parameter -Wno-unused-variable -Wunused-value -Wno-empty-body -Wno-uninitialized -Wno-unknown-pragmas -w -Wno-shadow -Wno-four-char-constants -Wno-conversion -Wno-constant-conversion -Wno-int-conversion -Wno-bool-conversion -Wno-enum-conversion -Wno-float-conversion -Wno-non-literal-null-conversion -Wno-objc-literal-conversion -Wshorten-64-to-32 -Wpointer-sign -Wno-newline-eof -Wno-implicit-fallthrough -isysroot /Applications/Xcode-27.0.0-Release.Candidate.app/Contents/Developer/Platforms/iPhoneOS.platform/Developer/SDKs/iPhoneOS27.0.sdk -fstrict-aliasing -Wdeprecated-declarations -Wno-sign-conversion -Wno-infinite-recursion -Wno-comma -Wno-block-capture-autoreleasing -Wno-strict-prototypes -Wno-semicolon-before-method-body -index-store-path /Users/admin/builder/spi-builder-workspace/.derivedData/Index.noindex/DataStore @/Users/admin/builder/spi-builder-workspace/.derivedData/Build/Intermediates.noindex/swift-nio.build/Debug-iphoneos/CNIODarwin-t.build/Objects-normal/arm64/7187679823f38a2a940e0043cdf9d637-common-args.resp -MMD -MT dependencies -MF /Users/admin/builder/spi-builder-workspace/.derivedData/Build/Intermediates.noindex/swift-nio.build/Debug-iphoneos/CNIODarwin-t.build/Objects-normal/arm64/shim.d --serialize-diagnostics /Users/admin/builder/spi-builder-workspace/.derivedData/Build/Intermediates.noindex/swift-nio.build/Debug-iphoneos/CNIODarwin-t.build/Objects-normal/arm64/shim.dia -c /Users/admin/builder/spi-builder-workspace/.dependencies/checkouts/swift-nio/Sources/CNIODarwin/shim.c -o /Users/admin/builder/spi-builder-workspace/.derivedData/Build/Intermediates.noindex/swift-nio.build/Debug-iphoneos/CNIODarwin-t.build/Objects-normal/arm64/shim.o -index-unit-output-path /swift-nio.build/Debug-iphoneos/CNIODarwin-t.build/Objects-normal/arm64/shim.o
Ld /Users/admin/builder/spi-builder-workspace/.derivedData/Build/Products/Debug-iphoneos/URITemplate.o normal (in target 'URITemplate' from project 'URITemplate')
cd /Users/admin/builder/spi-builder-workspace/.dependencies/checkouts/URITemplate.swift
/Applications/Xcode-27.0.0-Release.Candidate.app/Contents/Developer/Toolchains/XcodeDefault.xctoolchain/usr/bin/clang -Xlinker -reproducible -target arm64-apple-ios15.0 -r -isysroot /Applications/Xcode-27.0.0-Release.Candidate.app/Contents/Developer/Platforms/iPhoneOS.platform/Developer/SDKs/iPhoneOS27.0.sdk -O0 -w -Xlinker -no_warn_duplicate_libraries -F/Users/admin/builder/spi-builder-workspace/.derivedData/Build/Intermediates.noindex/EagerLinkingTBDs/Debug-iphoneos -F/Users/admin/builder/spi-builder-workspace/.derivedData/Build/Products/Debug-iphoneos -iframework /Applications/Xcode-27.0.0-Release.Candidate.app/Contents/Developer/Platforms/iPhoneOS.platform/Developer/Library/Frameworks -iframework /Applications/Xcode-27.0.0-Release.Candidate.app/Contents/Developer/Platforms/iPhoneOS.platform/Developer/SDKs/iPhoneOS27.0.sdk/Developer/Library/Frameworks -filelist /Users/admin/builder/spi-builder-workspace/.derivedData/Build/Intermediates.noindex/URITemplate.build/Debug-iphoneos/URITemplate-t.build/Objects-normal/arm64/URITemplate.LinkFileList -nostdlib -Xlinker -object_path_lto -Xlinker /Users/admin/builder/spi-builder-workspace/.derivedData/Build/Intermediates.noindex/URITemplate.build/Debug-iphoneos/URITemplate-t.build/Objects-normal/arm64/URITemplate_lto.o -Xlinker -no_deduplicate -Xlinker -dependency_info -Xlinker /Users/admin/builder/spi-builder-workspace/.derivedData/Build/Intermediates.noindex/URITemplate.build/Debug-iphoneos/URITemplate-t.build/Objects-normal/arm64/URITemplate_dependency_info.dat -fobjc-link-runtime -L/Applications/Xcode-27.0.0-Release.Candidate.app/Contents/Developer/Toolchains/XcodeDefault.xctoolchain/usr/lib/swift/iphoneos -L/usr/lib/swift -Xlinker -add_ast_path -Xlinker /Users/admin/builder/spi-builder-workspace/.derivedData/Build/Intermediates.noindex/URITemplate.build/Debug-iphoneos/URITemplate-t.build/Objects-normal/arm64/URITemplate.swiftmodule -o /Users/admin/builder/spi-builder-workspace/.derivedData/Build/Products/Debug-iphoneos/URITemplate.o
SwiftDriver SPARQLSyntax normal arm64 com.apple.xcode.tools.swift.compiler (in target 'SPARQLSyntax' from project 'SPARQLSyntax')
cd /Users/admin/builder/spi-builder-workspace/.swiftpm/xcode
builtin-SwiftDriver -- /Applications/Xcode-27.0.0-Release.Candidate.app/Contents/Developer/Toolchains/XcodeDefault.xctoolchain/usr/bin/swiftc -parse-as-library -module-name SPARQLSyntax -Onone @/Users/admin/builder/spi-builder-workspace/.derivedData/Build/Intermediates.noindex/SPARQLSyntax.build/Debug-iphoneos/SPARQLSyntax-t.build/Objects-normal/arm64/SPARQLSyntax.SwiftFileList -DSWIFT_PACKAGE -DDEBUG -DSWIFT_MODULE_RESOURCE_BUNDLE_UNAVAILABLE -Xcc -fmodule-map-file\=/Users/admin/builder/spi-builder-workspace/.derivedData/Build/Intermediates.noindex/GeneratedModuleMaps-iphoneos/serd.modulemap -DXcode -plugin-path /Applications/Xcode-27.0.0-Release.Candidate.app/Contents/Developer/Toolchains/XcodeDefault.xctoolchain/usr/lib/swift/host/plugins/testing -enable-experimental-feature DebugDescriptionMacro -sdk /Applications/Xcode-27.0.0-Release.Candidate.app/Contents/Developer/Platforms/iPhoneOS.platform/Developer/SDKs/iPhoneOS27.0.sdk -target arm64-apple-ios15.0 -g -module-cache-path /Users/admin/builder/spi-builder-workspace/.derivedData/ModuleCache.noindex -Xfrontend -serialize-debugging-options -enable-testing -suppress-warnings -index-store-path /Users/admin/builder/spi-builder-workspace/.derivedData/Index.noindex/DataStore -Xcc -D_LIBCPP_HARDENING_MODE\=_LIBCPP_HARDENING_MODE_DEBUG -swift-version 6 -I /Users/admin/builder/spi-builder-workspace/.derivedData/Build/Products/Debug-iphoneos -Isystem /Applications/Xcode-27.0.0-Release.Candidate.app/Contents/Developer/Platforms/iPhoneOS.platform/Developer/usr/lib -F /Users/admin/builder/spi-builder-workspace/.derivedData/Build/Products/Debug-iphoneos/PackageFrameworks -F /Users/admin/builder/spi-builder-workspace/.derivedData/Build/Products/Debug-iphoneos -F /Applications/Xcode-27.0.0-Release.Candidate.app/Contents/Developer/Platforms/iPhoneOS.platform/Developer/Library/Frameworks -F /Applications/Xcode-27.0.0-Release.Candidate.app/Contents/Developer/Platforms/iPhoneOS.platform/Developer/SDKs/iPhoneOS27.0.sdk/Developer/Library/Frameworks -c -j10 -enable-batch-mode -incremental -Xcc -ivfsstatcache -Xcc /Users/admin/builder/spi-builder-workspace/.derivedData/SDKStatCaches.noindex/iphoneos27.0-24A430-e829b21a6f8c9b70876ba0858053c04440ceaa042ed91876912b2eeea4e3aa14.sdkstatcache -output-file-map /Users/admin/builder/spi-builder-workspace/.derivedData/Build/Intermediates.noindex/SPARQLSyntax.build/Debug-iphoneos/SPARQLSyntax-t.build/Objects-normal/arm64/SPARQLSyntax-OutputFileMap.json -save-temps -no-color-diagnostics -explicit-module-build -module-cache-path /Users/admin/builder/spi-builder-workspace/.derivedData/Build/Intermediates.noindex/SwiftExplicitPrecompiledModules -clang-scanner-module-cache-path /Users/admin/builder/spi-builder-workspace/.derivedData/ModuleCache.noindex -sdk-module-cache-path /Users/admin/builder/spi-builder-workspace/.derivedData/SDKExplicitPrecompiledModules -emit-dependencies -emit-module -emit-module-path /Users/admin/builder/spi-builder-workspace/.derivedData/Build/Intermediates.noindex/SPARQLSyntax.build/Debug-iphoneos/SPARQLSyntax-t.build/Objects-normal/arm64/SPARQLSyntax.swiftmodule -serialize-diagnostics -dependency-scan-serialize-diagnostics-path /Users/admin/builder/spi-builder-workspace/.derivedData/Build/Intermediates.noindex/SPARQLSyntax.build/Debug-iphoneos/SPARQLSyntax-t.build/Objects-normal/arm64/SPARQLSyntax-dependency-scan.dia -user-module-version 0.2.12 -validate-clang-modules-once -clang-build-session-file /Users/admin/builder/spi-builder-workspace/.derivedData/ModuleCache.noindex/Session.modulevalidation -Xcc -fmodules-prune-interval\=86400 -Xcc -fmodules-prune-after\=345600 -package-name swift_sparql_syntax -emit-const-values -const-gather-protocols-list /Users/admin/builder/spi-builder-workspace/.derivedData/Build/Intermediates.noindex/SPARQLSyntax.build/Debug-iphoneos/SPARQLSyntax-t.build/Objects-normal/arm64/SPARQLSyntax_const_extract_protocols.json -Xcc -I/Users/admin/builder/spi-builder-workspace/.dependencies/checkouts/swift-serd/Sources/serd/include -Xcc -I/Users/admin/builder/spi-builder-workspace/.derivedData/Build/Products/Debug-iphoneos/include -Xcc -I/Users/admin/builder/spi-builder-workspace/.derivedData/Build/Intermediates.noindex/SPARQLSyntax.build/Debug-iphoneos/SPARQLSyntax-t.build/DerivedSources-normal/arm64 -Xcc -I/Users/admin/builder/spi-builder-workspace/.derivedData/Build/Intermediates.noindex/SPARQLSyntax.build/Debug-iphoneos/SPARQLSyntax-t.build/DerivedSources/arm64 -Xcc -I/Users/admin/builder/spi-builder-workspace/.derivedData/Build/Intermediates.noindex/SPARQLSyntax.build/Debug-iphoneos/SPARQLSyntax-t.build/DerivedSources -Xcc -DSWIFT_PACKAGE -Xcc -DDEBUG\=1 -emit-objc-header -emit-objc-header-path /Users/admin/builder/spi-builder-workspace/.derivedData/Build/Intermediates.noindex/SPARQLSyntax.build/Debug-iphoneos/SPARQLSyntax-t.build/Objects-normal/arm64/SPARQLSyntax-Swift.h -working-directory /Users/admin/builder/spi-builder-workspace/.swiftpm/xcode -experimental-emit-module-separately -disable-cmo
SwiftDriver RealModule normal arm64 com.apple.xcode.tools.swift.compiler (in target 'RealModule' from project 'swift-numerics')
cd /Users/admin/builder/spi-builder-workspace/.swiftpm/xcode
builtin-SwiftDriver -- /Applications/Xcode-27.0.0-Release.Candidate.app/Contents/Developer/Toolchains/XcodeDefault.xctoolchain/usr/bin/swiftc -parse-as-library -module-name RealModule -Onone @/Users/admin/builder/spi-builder-workspace/.derivedData/Build/Intermediates.noindex/swift-numerics.build/Debug-iphoneos/RealModule-t.build/Objects-normal/arm64/RealModule.SwiftFileList -DSWIFT_PACKAGE -DDEBUG -DSWIFT_MODULE_RESOURCE_BUNDLE_UNAVAILABLE -Xcc -fmodule-map-file\=/Users/admin/builder/spi-builder-workspace/.dependencies/checkouts/swift-numerics/Sources/_NumericsShims/include/module.modulemap -DXcode -plugin-path /Applications/Xcode-27.0.0-Release.Candidate.app/Contents/Developer/Toolchains/XcodeDefault.xctoolchain/usr/lib/swift/host/plugins/testing -enable-experimental-feature DebugDescriptionMacro -sdk /Applications/Xcode-27.0.0-Release.Candidate.app/Contents/Developer/Platforms/iPhoneOS.platform/Developer/SDKs/iPhoneOS27.0.sdk -target arm64-apple-ios15.0 -g -module-cache-path /Users/admin/builder/spi-builder-workspace/.derivedData/ModuleCache.noindex -Xfrontend -serialize-debugging-options -enable-testing -suppress-warnings -index-store-path /Users/admin/builder/spi-builder-workspace/.derivedData/Index.noindex/DataStore -Xcc -D_LIBCPP_HARDENING_MODE\=_LIBCPP_HARDENING_MODE_DEBUG -swift-version 5 -I /Users/admin/builder/spi-builder-workspace/.derivedData/Build/Products/Debug-iphoneos -Isystem /Applications/Xcode-27.0.0-Release.Candidate.app/Contents/Developer/Platforms/iPhoneOS.platform/Developer/usr/lib -F /Users/admin/builder/spi-builder-workspace/.derivedData/Build/Products/Debug-iphoneos/PackageFrameworks -F /Users/admin/builder/spi-builder-workspace/.derivedData/Build/Products/Debug-iphoneos -F /Applications/Xcode-27.0.0-Release.Candidate.app/Contents/Developer/Platforms/iPhoneOS.platform/Developer/Library/Frameworks -F /Applications/Xcode-27.0.0-Release.Candidate.app/Contents/Developer/Platforms/iPhoneOS.platform/Developer/SDKs/iPhoneOS27.0.sdk/Developer/Library/Frameworks -c -j10 -enable-batch-mode -incremental -Xcc -ivfsstatcache -Xcc /Users/admin/builder/spi-builder-workspace/.derivedData/SDKStatCaches.noindex/iphoneos27.0-24A430-e829b21a6f8c9b70876ba0858053c04440ceaa042ed91876912b2eeea4e3aa14.sdkstatcache -output-file-map /Users/admin/builder/spi-builder-workspace/.derivedData/Build/Intermediates.noindex/swift-numerics.build/Debug-iphoneos/RealModule-t.build/Objects-normal/arm64/RealModule-OutputFileMap.json -save-temps -no-color-diagnostics -explicit-module-build -module-cache-path /Users/admin/builder/spi-builder-workspace/.derivedData/Build/Intermediates.noindex/SwiftExplicitPrecompiledModules -clang-scanner-module-cache-path /Users/admin/builder/spi-builder-workspace/.derivedData/ModuleCache.noindex -sdk-module-cache-path /Users/admin/builder/spi-builder-workspace/.derivedData/SDKExplicitPrecompiledModules -emit-dependencies -emit-module -emit-module-path /Users/admin/builder/spi-builder-workspace/.derivedData/Build/Intermediates.noindex/swift-numerics.build/Debug-iphoneos/RealModule-t.build/Objects-normal/arm64/RealModule.swiftmodule -serialize-diagnostics -dependency-scan-serialize-diagnostics-path /Users/admin/builder/spi-builder-workspace/.derivedData/Build/Intermediates.noindex/swift-numerics.build/Debug-iphoneos/RealModule-t.build/Objects-normal/arm64/RealModule-dependency-scan.dia -validate-clang-modules-once -clang-build-session-file /Users/admin/builder/spi-builder-workspace/.derivedData/ModuleCache.noindex/Session.modulevalidation -Xcc -fmodules-prune-interval\=86400 -Xcc -fmodules-prune-after\=345600 -emit-const-values -const-gather-protocols-list /Users/admin/builder/spi-builder-workspace/.derivedData/Build/Intermediates.noindex/swift-numerics.build/Debug-iphoneos/RealModule-t.build/Objects-normal/arm64/RealModule_const_extract_protocols.json -Xcc -I/Users/admin/builder/spi-builder-workspace/.dependencies/checkouts/swift-numerics/Sources/_NumericsShims/include -Xcc -I/Users/admin/builder/spi-builder-workspace/.derivedData/Build/Products/Debug-iphoneos/include -Xcc -I/Users/admin/builder/spi-builder-workspace/.derivedData/Build/Intermediates.noindex/swift-numerics.build/Debug-iphoneos/RealModule-t.build/DerivedSources-normal/arm64 -Xcc -I/Users/admin/builder/spi-builder-workspace/.derivedData/Build/Intermediates.noindex/swift-numerics.build/Debug-iphoneos/RealModule-t.build/DerivedSources/arm64 -Xcc -I/Users/admin/builder/spi-builder-workspace/.derivedData/Build/Intermediates.noindex/swift-numerics.build/Debug-iphoneos/RealModule-t.build/DerivedSources -Xcc -DSWIFT_PACKAGE -Xcc -DDEBUG\=1 -emit-objc-header -emit-objc-header-path /Users/admin/builder/spi-builder-workspace/.derivedData/Build/Intermediates.noindex/swift-numerics.build/Debug-iphoneos/RealModule-t.build/Objects-normal/arm64/RealModule-Swift.h -working-directory /Users/admin/builder/spi-builder-workspace/.swiftpm/xcode -experimental-emit-module-separately -disable-cmo
SwiftDriver NIOPriorityQueue normal arm64 com.apple.xcode.tools.swift.compiler (in target 'NIOPriorityQueue' from project 'swift-nio')
cd /Users/admin/builder/spi-builder-workspace/.swiftpm/xcode
builtin-SwiftDriver -- /Applications/Xcode-27.0.0-Release.Candidate.app/Contents/Developer/Toolchains/XcodeDefault.xctoolchain/usr/bin/swiftc -parse-as-library -module-name NIOPriorityQueue -Onone @/Users/admin/builder/spi-builder-workspace/.derivedData/Build/Intermediates.noindex/swift-nio.build/Debug-iphoneos/NIOPriorityQueue-t.build/Objects-normal/arm64/NIOPriorityQueue.SwiftFileList -DSWIFT_PACKAGE -DDEBUG -DSWIFT_MODULE_RESOURCE_BUNDLE_UNAVAILABLE -Xcc -fmodule-map-file\=/Users/admin/builder/spi-builder-workspace/.dependencies/checkouts/swift-nio-zlib-support/module.modulemap -DXcode -plugin-path /Applications/Xcode-27.0.0-Release.Candidate.app/Contents/Developer/Toolchains/XcodeDefault.xctoolchain/usr/lib/swift/host/plugins/testing -enable-experimental-feature DebugDescriptionMacro -sdk /Applications/Xcode-27.0.0-Release.Candidate.app/Contents/Developer/Platforms/iPhoneOS.platform/Developer/SDKs/iPhoneOS27.0.sdk -target arm64-apple-ios15.0 -g -module-cache-path /Users/admin/builder/spi-builder-workspace/.derivedData/ModuleCache.noindex -Xfrontend -serialize-debugging-options -enable-testing -suppress-warnings -index-store-path /Users/admin/builder/spi-builder-workspace/.derivedData/Index.noindex/DataStore -Xcc -D_LIBCPP_HARDENING_MODE\=_LIBCPP_HARDENING_MODE_DEBUG -swift-version 4 -I /Users/admin/builder/spi-builder-workspace/.derivedData/Build/Products/Debug-iphoneos -Isystem /Applications/Xcode-27.0.0-Release.Candidate.app/Contents/Developer/Platforms/iPhoneOS.platform/Developer/usr/lib -F /Users/admin/builder/spi-builder-workspace/.derivedData/Build/Products/Debug-iphoneos -F /Applications/Xcode-27.0.0-Release.Candidate.app/Contents/Developer/Platforms/iPhoneOS.platform/Developer/Library/Frameworks -F /Applications/Xcode-27.0.0-Release.Candidate.app/Contents/Developer/Platforms/iPhoneOS.platform/Developer/SDKs/iPhoneOS27.0.sdk/Developer/Library/Frameworks -c -j10 -enable-batch-mode -incremental -Xcc -ivfsstatcache -Xcc /Users/admin/builder/spi-builder-workspace/.derivedData/SDKStatCaches.noindex/iphoneos27.0-24A430-e829b21a6f8c9b70876ba0858053c04440ceaa042ed91876912b2eeea4e3aa14.sdkstatcache -output-file-map /Users/admin/builder/spi-builder-workspace/.derivedData/Build/Intermediates.noindex/swift-nio.build/Debug-iphoneos/NIOPriorityQueue-t.build/Objects-normal/arm64/NIOPriorityQueue-OutputFileMap.json -save-temps -no-color-diagnostics -emit-dependencies -emit-module -emit-module-path /Users/admin/builder/spi-builder-workspace/.derivedData/Build/Intermediates.noindex/swift-nio.build/Debug-iphoneos/NIOPriorityQueue-t.build/Objects-normal/arm64/NIOPriorityQueue.swiftmodule -serialize-diagnostics -validate-clang-modules-once -clang-build-session-file /Users/admin/builder/spi-builder-workspace/.derivedData/ModuleCache.noindex/Session.modulevalidation -Xcc -fmodules-prune-interval\=86400 -Xcc -fmodules-prune-after\=345600 -emit-const-values -const-gather-protocols-list /Users/admin/builder/spi-builder-workspace/.derivedData/Build/Intermediates.noindex/swift-nio.build/Debug-iphoneos/NIOPriorityQueue-t.build/Objects-normal/arm64/NIOPriorityQueue_const_extract_protocols.json -Xcc -I/Users/admin/builder/spi-builder-workspace/.derivedData/Build/Products/Debug-iphoneos/include -Xcc -I/Users/admin/builder/spi-builder-workspace/.derivedData/Build/Intermediates.noindex/swift-nio.build/Debug-iphoneos/NIOPriorityQueue-t.build/DerivedSources-normal/arm64 -Xcc -I/Users/admin/builder/spi-builder-workspace/.derivedData/Build/Intermediates.noindex/swift-nio.build/Debug-iphoneos/NIOPriorityQueue-t.build/DerivedSources/arm64 -Xcc -I/Users/admin/builder/spi-builder-workspace/.derivedData/Build/Intermediates.noindex/swift-nio.build/Debug-iphoneos/NIOPriorityQueue-t.build/DerivedSources -Xcc -DSWIFT_PACKAGE -Xcc -DDEBUG\=1 -emit-objc-header -emit-objc-header-path /Users/admin/builder/spi-builder-workspace/.derivedData/Build/Intermediates.noindex/swift-nio.build/Debug-iphoneos/NIOPriorityQueue-t.build/Objects-normal/arm64/NIOPriorityQueue-Swift.h -working-directory /Users/admin/builder/spi-builder-workspace/.swiftpm/xcode -experimental-emit-module-separately -disable-cmo
PruneExplicitPrecompiledModules /Users/admin/builder/spi-builder-workspace/.derivedData/Build/Intermediates.noindex/ExplicitPrecompiledModules
PruneExplicitPrecompiledModules /Users/admin/builder/spi-builder-workspace/.derivedData/SDKExplicitPrecompiledModules
PruneExplicitPrecompiledModules /Users/admin/builder/spi-builder-workspace/.derivedData/Build/Intermediates.noindex/SwiftExplicitPrecompiledModules
2026-09-17 08:54:18.109 xcodebuild[2497:12074] [MT] IDERunDestination: Supported platforms for the buildables in the current scheme is empty.
** BUILD FAILED **
The following build commands failed:
ScanDependencies /Users/admin/builder/spi-builder-workspace/.derivedData/Build/Intermediates.noindex/swift-nio-ssl.build/Debug-iphoneos/CNIOOpenSSL-t.build/Objects-normal/arm64/shims.o /Users/admin/builder/spi-builder-workspace/.dependencies/checkouts/swift-nio-ssl/Sources/CNIOOpenSSL/shims.c normal arm64 c com.apple.compilers.llvm.clang.1_0.compiler (in target 'CNIOOpenSSL' from project 'swift-nio-ssl')
ScanDependencies /Users/admin/builder/spi-builder-workspace/.derivedData/Build/Intermediates.noindex/swift-nio-ssl.build/Debug-iphoneos/CNIOOpenSSL-t.build/Objects-normal/arm64/helpers.o /Users/admin/builder/spi-builder-workspace/.dependencies/checkouts/swift-nio-ssl/Sources/CNIOOpenSSL/helpers.c normal arm64 c com.apple.compilers.llvm.clang.1_0.compiler (in target 'CNIOOpenSSL' from project 'swift-nio-ssl')
Building workspace kineo-endpoint with scheme kineo-endpoint-Package
(3 failures)
BUILD FAILURE 6.4 iOS