Build Information
Failed to build PerfectAPIClient, reference 1.3.0 (75c532), with Swift 6.4 for macOS (Xcode) using Xcode 27.0 on 20 Sep 2026 01:31:05 UTC.
Build Command
env DEVELOPER_DIR=/Applications/Xcode-27.0.0-Release.Candidate.app xcrun xcodebuild -IDEClonedSourcePackagesDirPathOverride=$PWD/.dependencies -skipMacroValidation -skipPackagePluginValidation -derivedDataPath $PWD/.derivedData build -scheme PerfectAPIClient -destination platform=macOS,arch=arm64Build Log
ScanDependencies /Users/admin/builder/spi-builder-workspace/.derivedData/Build/Intermediates.noindex/COpenSSL.build/Debug/COpenSSL-t.build/Objects-normal/arm64/aes_.o /Users/admin/builder/spi-builder-workspace/.dependencies/checkouts/Perfect-COpenSSL/COpenSSL/aes_.c normal arm64 c com.apple.compilers.llvm.clang.1_0.compiler (in target 'COpenSSL' from project 'COpenSSL')
cd /Users/admin/builder/spi-builder-workspace/.swiftpm/xcode
Using response file: /Users/admin/builder/spi-builder-workspace/.derivedData/Build/Intermediates.noindex/COpenSSL.build/Debug/COpenSSL-t.build/Objects-normal/arm64/7187679823f38a2a940e0043cdf9d637-common-args.resp
builtin-ScanDependencies -o /Users/admin/builder/spi-builder-workspace/.derivedData/Build/Intermediates.noindex/COpenSSL.build/Debug/COpenSSL-t.build/Objects-normal/arm64/aes_.o.scan -- /Applications/Xcode-27.0.0-Release.Candidate.app/Contents/Developer/Toolchains/XcodeDefault.xctoolchain/usr/bin/clang -x c -ivfsstatcache /Users/admin/builder/spi-builder-workspace/.derivedData/SDKStatCaches.noindex/macosx27.0-26A425-e829b21a6f8c9b70876ba0858053c0446a22442a12e9d48fe1a705f55a1adfc4.sdkstatcache -target arm64-apple-macos12.0 -fmessage-length\=0 -fdiagnostics-show-note-include-stack -fmacro-backtrace-limit\=0 -fno-color-diagnostics -fmodules-prune-interval\=86400 -fmodules-prune-after\=345600 -fbuild-session-file\=/Users/admin/builder/spi-builder-workspace/.derivedData/ModuleCache.noindex/Session.modulevalidation -fmodules-validate-once-per-build-session -Wnon-modular-include-in-framework-module -Werror\=non-modular-include-in-framework-module -Wno-trigraphs -Wno-missing-field-initializers -Wno-missing-prototypes -Wno-return-type -Wno-missing-braces -Wparentheses -Wswitch -Wno-unused-function -Wno-unused-label -Wno-unused-parameter -Wno-unused-variable -Wunused-value -Wno-empty-body -Wno-uninitialized -Wno-unknown-pragmas -w -Wno-shadow -Wno-four-char-constants -Wno-conversion -Wno-constant-conversion -Wno-int-conversion -Wno-bool-conversion -Wno-enum-conversion -Wno-float-conversion -Wno-non-literal-null-conversion -Wno-objc-literal-conversion -Wshorten-64-to-32 -Wpointer-sign -Wno-newline-eof -Wno-implicit-fallthrough -isysroot /Applications/Xcode-27.0.0-Release.Candidate.app/Contents/Developer/Platforms/MacOSX.platform/Developer/SDKs/MacOSX27.0.sdk -fstrict-aliasing -Wdeprecated-declarations -Wno-sign-conversion -Wno-infinite-recursion -Wno-comma -Wno-block-capture-autoreleasing -Wno-strict-prototypes -Wno-semicolon-before-method-body -index-store-path /Users/admin/builder/spi-builder-workspace/.derivedData/Index.noindex/DataStore @/Users/admin/builder/spi-builder-workspace/.derivedData/Build/Intermediates.noindex/COpenSSL.build/Debug/COpenSSL-t.build/Objects-normal/arm64/7187679823f38a2a940e0043cdf9d637-common-args.resp -MMD -MT dependencies -MF /Users/admin/builder/spi-builder-workspace/.derivedData/Build/Intermediates.noindex/COpenSSL.build/Debug/COpenSSL-t.build/Objects-normal/arm64/aes_.d --serialize-diagnostics /Users/admin/builder/spi-builder-workspace/.derivedData/Build/Intermediates.noindex/COpenSSL.build/Debug/COpenSSL-t.build/Objects-normal/arm64/aes_.dia -c /Users/admin/builder/spi-builder-workspace/.dependencies/checkouts/Perfect-COpenSSL/COpenSSL/aes_.c -o /Users/admin/builder/spi-builder-workspace/.derivedData/Build/Intermediates.noindex/COpenSSL.build/Debug/COpenSSL-t.build/Objects-normal/arm64/aes_.o -index-unit-output-path /COpenSSL.build/Debug/COpenSSL-t.build/Objects-normal/arm64/aes_.o
ScanDependencies /Users/admin/builder/spi-builder-workspace/.derivedData/Build/Intermediates.noindex/COpenSSL.build/Debug/COpenSSL-t.build/Objects-normal/arm64/a_.o /Users/admin/builder/spi-builder-workspace/.dependencies/checkouts/Perfect-COpenSSL/COpenSSL/a_.c normal arm64 c com.apple.compilers.llvm.clang.1_0.compiler (in target 'COpenSSL' from project 'COpenSSL')
cd /Users/admin/builder/spi-builder-workspace/.swiftpm/xcode
Using response file: /Users/admin/builder/spi-builder-workspace/.derivedData/Build/Intermediates.noindex/COpenSSL.build/Debug/COpenSSL-t.build/Objects-normal/arm64/7187679823f38a2a940e0043cdf9d637-common-args.resp
builtin-ScanDependencies -o /Users/admin/builder/spi-builder-workspace/.derivedData/Build/Intermediates.noindex/COpenSSL.build/Debug/COpenSSL-t.build/Objects-normal/arm64/a_.o.scan -- /Applications/Xcode-27.0.0-Release.Candidate.app/Contents/Developer/Toolchains/XcodeDefault.xctoolchain/usr/bin/clang -x c -ivfsstatcache /Users/admin/builder/spi-builder-workspace/.derivedData/SDKStatCaches.noindex/macosx27.0-26A425-e829b21a6f8c9b70876ba0858053c0446a22442a12e9d48fe1a705f55a1adfc4.sdkstatcache -target arm64-apple-macos12.0 -fmessage-length\=0 -fdiagnostics-show-note-include-stack -fmacro-backtrace-limit\=0 -fno-color-diagnostics -fmodules-prune-interval\=86400 -fmodules-prune-after\=345600 -fbuild-session-file\=/Users/admin/builder/spi-builder-workspace/.derivedData/ModuleCache.noindex/Session.modulevalidation -fmodules-validate-once-per-build-session -Wnon-modular-include-in-framework-module -Werror\=non-modular-include-in-framework-module -Wno-trigraphs -Wno-missing-field-initializers -Wno-missing-prototypes -Wno-return-type -Wno-missing-braces -Wparentheses -Wswitch -Wno-unused-function -Wno-unused-label -Wno-unused-parameter -Wno-unused-variable -Wunused-value -Wno-empty-body -Wno-uninitialized -Wno-unknown-pragmas -w -Wno-shadow -Wno-four-char-constants -Wno-conversion -Wno-constant-conversion -Wno-int-conversion -Wno-bool-conversion -Wno-enum-conversion -Wno-float-conversion -Wno-non-literal-null-conversion -Wno-objc-literal-conversion -Wshorten-64-to-32 -Wpointer-sign -Wno-newline-eof -Wno-implicit-fallthrough -isysroot /Applications/Xcode-27.0.0-Release.Candidate.app/Contents/Developer/Platforms/MacOSX.platform/Developer/SDKs/MacOSX27.0.sdk -fstrict-aliasing -Wdeprecated-declarations -Wno-sign-conversion -Wno-infinite-recursion -Wno-comma -Wno-block-capture-autoreleasing -Wno-strict-prototypes -Wno-semicolon-before-method-body -index-store-path /Users/admin/builder/spi-builder-workspace/.derivedData/Index.noindex/DataStore @/Users/admin/builder/spi-builder-workspace/.derivedData/Build/Intermediates.noindex/COpenSSL.build/Debug/COpenSSL-t.build/Objects-normal/arm64/7187679823f38a2a940e0043cdf9d637-common-args.resp -MMD -MT dependencies -MF /Users/admin/builder/spi-builder-workspace/.derivedData/Build/Intermediates.noindex/COpenSSL.build/Debug/COpenSSL-t.build/Objects-normal/arm64/a_.d --serialize-diagnostics /Users/admin/builder/spi-builder-workspace/.derivedData/Build/Intermediates.noindex/COpenSSL.build/Debug/COpenSSL-t.build/Objects-normal/arm64/a_.dia -c /Users/admin/builder/spi-builder-workspace/.dependencies/checkouts/Perfect-COpenSSL/COpenSSL/a_.c -o /Users/admin/builder/spi-builder-workspace/.derivedData/Build/Intermediates.noindex/COpenSSL.build/Debug/COpenSSL-t.build/Objects-normal/arm64/a_.o -index-unit-output-path /COpenSSL.build/Debug/COpenSSL-t.build/Objects-normal/arm64/a_.o
CompileC /Users/admin/builder/spi-builder-workspace/.derivedData/Build/Intermediates.noindex/COpenSSL.build/Debug/COpenSSL-t.build/Objects-normal/arm64/asn1_.o /Users/admin/builder/spi-builder-workspace/.dependencies/checkouts/Perfect-COpenSSL/COpenSSL/asn1_.c normal arm64 c com.apple.compilers.llvm.clang.1_0.compiler (in target 'COpenSSL' from project 'COpenSSL')
cd /Users/admin/builder/spi-builder-workspace/.swiftpm/xcode
Using response file: /Users/admin/builder/spi-builder-workspace/.derivedData/Build/Intermediates.noindex/COpenSSL.build/Debug/COpenSSL-t.build/Objects-normal/arm64/7187679823f38a2a940e0043cdf9d637-common-args.resp
/Applications/Xcode-27.0.0-Release.Candidate.app/Contents/Developer/Toolchains/XcodeDefault.xctoolchain/usr/bin/clang -x c -ivfsstatcache /Users/admin/builder/spi-builder-workspace/.derivedData/SDKStatCaches.noindex/macosx27.0-26A425-e829b21a6f8c9b70876ba0858053c0446a22442a12e9d48fe1a705f55a1adfc4.sdkstatcache -target arm64-apple-macos12.0 -fmessage-length\=0 -fdiagnostics-show-note-include-stack -fmacro-backtrace-limit\=0 -fno-color-diagnostics -fmodules-prune-interval\=86400 -fmodules-prune-after\=345600 -fbuild-session-file\=/Users/admin/builder/spi-builder-workspace/.derivedData/ModuleCache.noindex/Session.modulevalidation -fmodules-validate-once-per-build-session -Wnon-modular-include-in-framework-module -Werror\=non-modular-include-in-framework-module -Wno-trigraphs -Wno-missing-field-initializers -Wno-missing-prototypes -Wno-return-type -Wno-missing-braces -Wparentheses -Wswitch -Wno-unused-function -Wno-unused-label -Wno-unused-parameter -Wno-unused-variable -Wunused-value -Wno-empty-body -Wno-uninitialized -Wno-unknown-pragmas -w -Wno-shadow -Wno-four-char-constants -Wno-conversion -Wno-constant-conversion -Wno-int-conversion -Wno-bool-conversion -Wno-enum-conversion -Wno-float-conversion -Wno-non-literal-null-conversion -Wno-objc-literal-conversion -Wshorten-64-to-32 -Wpointer-sign -Wno-newline-eof -Wno-implicit-fallthrough -isysroot /Applications/Xcode-27.0.0-Release.Candidate.app/Contents/Developer/Platforms/MacOSX.platform/Developer/SDKs/MacOSX27.0.sdk -fstrict-aliasing -Wdeprecated-declarations -Wno-sign-conversion -Wno-infinite-recursion -Wno-comma -Wno-block-capture-autoreleasing -Wno-strict-prototypes -Wno-semicolon-before-method-body -index-store-path /Users/admin/builder/spi-builder-workspace/.derivedData/Index.noindex/DataStore @/Users/admin/builder/spi-builder-workspace/.derivedData/Build/Intermediates.noindex/COpenSSL.build/Debug/COpenSSL-t.build/Objects-normal/arm64/7187679823f38a2a940e0043cdf9d637-common-args.resp -MMD -MT dependencies -MF /Users/admin/builder/spi-builder-workspace/.derivedData/Build/Intermediates.noindex/COpenSSL.build/Debug/COpenSSL-t.build/Objects-normal/arm64/asn1_.d --serialize-diagnostics /Users/admin/builder/spi-builder-workspace/.derivedData/Build/Intermediates.noindex/COpenSSL.build/Debug/COpenSSL-t.build/Objects-normal/arm64/asn1_.dia -c /Users/admin/builder/spi-builder-workspace/.dependencies/checkouts/Perfect-COpenSSL/COpenSSL/asn1_.c -o /Users/admin/builder/spi-builder-workspace/.derivedData/Build/Intermediates.noindex/COpenSSL.build/Debug/COpenSSL-t.build/Objects-normal/arm64/asn1_.o -index-unit-output-path /COpenSSL.build/Debug/COpenSSL-t.build/Objects-normal/arm64/asn1_.o
CompileC /Users/admin/builder/spi-builder-workspace/.derivedData/Build/Intermediates.noindex/COpenSSL.build/Debug/COpenSSL-t.build/Objects-normal/arm64/aes_.o /Users/admin/builder/spi-builder-workspace/.dependencies/checkouts/Perfect-COpenSSL/COpenSSL/aes_.c normal arm64 c com.apple.compilers.llvm.clang.1_0.compiler (in target 'COpenSSL' from project 'COpenSSL')
cd /Users/admin/builder/spi-builder-workspace/.swiftpm/xcode
Using response file: /Users/admin/builder/spi-builder-workspace/.derivedData/Build/Intermediates.noindex/COpenSSL.build/Debug/COpenSSL-t.build/Objects-normal/arm64/7187679823f38a2a940e0043cdf9d637-common-args.resp
/Applications/Xcode-27.0.0-Release.Candidate.app/Contents/Developer/Toolchains/XcodeDefault.xctoolchain/usr/bin/clang -x c -ivfsstatcache /Users/admin/builder/spi-builder-workspace/.derivedData/SDKStatCaches.noindex/macosx27.0-26A425-e829b21a6f8c9b70876ba0858053c0446a22442a12e9d48fe1a705f55a1adfc4.sdkstatcache -target arm64-apple-macos12.0 -fmessage-length\=0 -fdiagnostics-show-note-include-stack -fmacro-backtrace-limit\=0 -fno-color-diagnostics -fmodules-prune-interval\=86400 -fmodules-prune-after\=345600 -fbuild-session-file\=/Users/admin/builder/spi-builder-workspace/.derivedData/ModuleCache.noindex/Session.modulevalidation -fmodules-validate-once-per-build-session -Wnon-modular-include-in-framework-module -Werror\=non-modular-include-in-framework-module -Wno-trigraphs -Wno-missing-field-initializers -Wno-missing-prototypes -Wno-return-type -Wno-missing-braces -Wparentheses -Wswitch -Wno-unused-function -Wno-unused-label -Wno-unused-parameter -Wno-unused-variable -Wunused-value -Wno-empty-body -Wno-uninitialized -Wno-unknown-pragmas -w -Wno-shadow -Wno-four-char-constants -Wno-conversion -Wno-constant-conversion -Wno-int-conversion -Wno-bool-conversion -Wno-enum-conversion -Wno-float-conversion -Wno-non-literal-null-conversion -Wno-objc-literal-conversion -Wshorten-64-to-32 -Wpointer-sign -Wno-newline-eof -Wno-implicit-fallthrough -isysroot /Applications/Xcode-27.0.0-Release.Candidate.app/Contents/Developer/Platforms/MacOSX.platform/Developer/SDKs/MacOSX27.0.sdk -fstrict-aliasing -Wdeprecated-declarations -Wno-sign-conversion -Wno-infinite-recursion -Wno-comma -Wno-block-capture-autoreleasing -Wno-strict-prototypes -Wno-semicolon-before-method-body -index-store-path /Users/admin/builder/spi-builder-workspace/.derivedData/Index.noindex/DataStore @/Users/admin/builder/spi-builder-workspace/.derivedData/Build/Intermediates.noindex/COpenSSL.build/Debug/COpenSSL-t.build/Objects-normal/arm64/7187679823f38a2a940e0043cdf9d637-common-args.resp -MMD -MT dependencies -MF /Users/admin/builder/spi-builder-workspace/.derivedData/Build/Intermediates.noindex/COpenSSL.build/Debug/COpenSSL-t.build/Objects-normal/arm64/aes_.d --serialize-diagnostics /Users/admin/builder/spi-builder-workspace/.derivedData/Build/Intermediates.noindex/COpenSSL.build/Debug/COpenSSL-t.build/Objects-normal/arm64/aes_.dia -c /Users/admin/builder/spi-builder-workspace/.dependencies/checkouts/Perfect-COpenSSL/COpenSSL/aes_.c -o /Users/admin/builder/spi-builder-workspace/.derivedData/Build/Intermediates.noindex/COpenSSL.build/Debug/COpenSSL-t.build/Objects-normal/arm64/aes_.o -index-unit-output-path /COpenSSL.build/Debug/COpenSSL-t.build/Objects-normal/arm64/aes_.o
Ld /Users/admin/builder/spi-builder-workspace/.derivedData/Build/Products/Debug/PerfectThread.o normal (in target 'PerfectThread' from project 'PerfectThread')
cd /Users/admin/builder/spi-builder-workspace/.dependencies/checkouts/Perfect-Thread
/Applications/Xcode-27.0.0-Release.Candidate.app/Contents/Developer/Toolchains/XcodeDefault.xctoolchain/usr/bin/clang -Xlinker -reproducible -target arm64-apple-macos12.0 -r -isysroot /Applications/Xcode-27.0.0-Release.Candidate.app/Contents/Developer/Platforms/MacOSX.platform/Developer/SDKs/MacOSX27.0.sdk -O0 -w -Xlinker -no_warn_duplicate_libraries -F/Users/admin/builder/spi-builder-workspace/.derivedData/Build/Intermediates.noindex/EagerLinkingTBDs/Debug -F/Users/admin/builder/spi-builder-workspace/.derivedData/Build/Products/Debug -iframework /Applications/Xcode-27.0.0-Release.Candidate.app/Contents/Developer/Platforms/MacOSX.platform/Developer/Library/Frameworks -filelist /Users/admin/builder/spi-builder-workspace/.derivedData/Build/Intermediates.noindex/PerfectThread.build/Debug/PerfectThread-t.build/Objects-normal/arm64/PerfectThread.LinkFileList -nostdlib -Xlinker -object_path_lto -Xlinker /Users/admin/builder/spi-builder-workspace/.derivedData/Build/Intermediates.noindex/PerfectThread.build/Debug/PerfectThread-t.build/Objects-normal/arm64/PerfectThread_lto.o -Xlinker -no_deduplicate -Xlinker -debug_variant -Xlinker -dependency_info -Xlinker /Users/admin/builder/spi-builder-workspace/.derivedData/Build/Intermediates.noindex/PerfectThread.build/Debug/PerfectThread-t.build/Objects-normal/arm64/PerfectThread_dependency_info.dat -fobjc-link-runtime -L/Applications/Xcode-27.0.0-Release.Candidate.app/Contents/Developer/Toolchains/XcodeDefault.xctoolchain/usr/lib/swift/macosx -L/usr/lib/swift -Xlinker -add_ast_path -Xlinker /Users/admin/builder/spi-builder-workspace/.derivedData/Build/Intermediates.noindex/PerfectThread.build/Debug/PerfectThread-t.build/Objects-normal/arm64/PerfectThread.swiftmodule -o /Users/admin/builder/spi-builder-workspace/.derivedData/Build/Products/Debug/PerfectThread.o
Ld /Users/admin/builder/spi-builder-workspace/.derivedData/Build/Products/Debug/PerfectLib.o normal (in target 'PerfectLib' from project 'PerfectLib')
cd /Users/admin/builder/spi-builder-workspace/.dependencies/checkouts/PerfectLib
/Applications/Xcode-27.0.0-Release.Candidate.app/Contents/Developer/Toolchains/XcodeDefault.xctoolchain/usr/bin/clang -Xlinker -reproducible -target arm64-apple-macos12.0 -r -isysroot /Applications/Xcode-27.0.0-Release.Candidate.app/Contents/Developer/Platforms/MacOSX.platform/Developer/SDKs/MacOSX27.0.sdk -O0 -w -Xlinker -no_warn_duplicate_libraries -F/Users/admin/builder/spi-builder-workspace/.derivedData/Build/Intermediates.noindex/EagerLinkingTBDs/Debug -F/Users/admin/builder/spi-builder-workspace/.derivedData/Build/Products/Debug -iframework /Applications/Xcode-27.0.0-Release.Candidate.app/Contents/Developer/Platforms/MacOSX.platform/Developer/Library/Frameworks -filelist /Users/admin/builder/spi-builder-workspace/.derivedData/Build/Intermediates.noindex/PerfectLib.build/Debug/PerfectLib-t.build/Objects-normal/arm64/PerfectLib.LinkFileList -nostdlib -Xlinker -object_path_lto -Xlinker /Users/admin/builder/spi-builder-workspace/.derivedData/Build/Intermediates.noindex/PerfectLib.build/Debug/PerfectLib-t.build/Objects-normal/arm64/PerfectLib_lto.o -Xlinker -no_deduplicate -Xlinker -debug_variant -Xlinker -dependency_info -Xlinker /Users/admin/builder/spi-builder-workspace/.derivedData/Build/Intermediates.noindex/PerfectLib.build/Debug/PerfectLib-t.build/Objects-normal/arm64/PerfectLib_dependency_info.dat -fobjc-link-runtime -L/Applications/Xcode-27.0.0-Release.Candidate.app/Contents/Developer/Toolchains/XcodeDefault.xctoolchain/usr/lib/swift/macosx -L/usr/lib/swift -Xlinker -add_ast_path -Xlinker /Users/admin/builder/spi-builder-workspace/.derivedData/Build/Intermediates.noindex/PerfectLib.build/Debug/PerfectLib-t.build/Objects-normal/arm64/PerfectLib.swiftmodule -o /Users/admin/builder/spi-builder-workspace/.derivedData/Build/Products/Debug/PerfectLib.o
CompileC /Users/admin/builder/spi-builder-workspace/.derivedData/Build/Intermediates.noindex/COpenSSL.build/Debug/COpenSSL-t.build/Objects-normal/arm64/ameth_lib.o /Users/admin/builder/spi-builder-workspace/.dependencies/checkouts/Perfect-COpenSSL/COpenSSL/ameth_lib.c normal arm64 c com.apple.compilers.llvm.clang.1_0.compiler (in target 'COpenSSL' from project 'COpenSSL')
cd /Users/admin/builder/spi-builder-workspace/.swiftpm/xcode
Using response file: /Users/admin/builder/spi-builder-workspace/.derivedData/Build/Intermediates.noindex/COpenSSL.build/Debug/COpenSSL-t.build/Objects-normal/arm64/7187679823f38a2a940e0043cdf9d637-common-args.resp
/Applications/Xcode-27.0.0-Release.Candidate.app/Contents/Developer/Toolchains/XcodeDefault.xctoolchain/usr/bin/clang -x c -ivfsstatcache /Users/admin/builder/spi-builder-workspace/.derivedData/SDKStatCaches.noindex/macosx27.0-26A425-e829b21a6f8c9b70876ba0858053c0446a22442a12e9d48fe1a705f55a1adfc4.sdkstatcache -target arm64-apple-macos12.0 -fmessage-length\=0 -fdiagnostics-show-note-include-stack -fmacro-backtrace-limit\=0 -fno-color-diagnostics -fmodules-prune-interval\=86400 -fmodules-prune-after\=345600 -fbuild-session-file\=/Users/admin/builder/spi-builder-workspace/.derivedData/ModuleCache.noindex/Session.modulevalidation -fmodules-validate-once-per-build-session -Wnon-modular-include-in-framework-module -Werror\=non-modular-include-in-framework-module -Wno-trigraphs -Wno-missing-field-initializers -Wno-missing-prototypes -Wno-return-type -Wno-missing-braces -Wparentheses -Wswitch -Wno-unused-function -Wno-unused-label -Wno-unused-parameter -Wno-unused-variable -Wunused-value -Wno-empty-body -Wno-uninitialized -Wno-unknown-pragmas -w -Wno-shadow -Wno-four-char-constants -Wno-conversion -Wno-constant-conversion -Wno-int-conversion -Wno-bool-conversion -Wno-enum-conversion -Wno-float-conversion -Wno-non-literal-null-conversion -Wno-objc-literal-conversion -Wshorten-64-to-32 -Wpointer-sign -Wno-newline-eof -Wno-implicit-fallthrough -isysroot /Applications/Xcode-27.0.0-Release.Candidate.app/Contents/Developer/Platforms/MacOSX.platform/Developer/SDKs/MacOSX27.0.sdk -fstrict-aliasing -Wdeprecated-declarations -Wno-sign-conversion -Wno-infinite-recursion -Wno-comma -Wno-block-capture-autoreleasing -Wno-strict-prototypes -Wno-semicolon-before-method-body -index-store-path /Users/admin/builder/spi-builder-workspace/.derivedData/Index.noindex/DataStore @/Users/admin/builder/spi-builder-workspace/.derivedData/Build/Intermediates.noindex/COpenSSL.build/Debug/COpenSSL-t.build/Objects-normal/arm64/7187679823f38a2a940e0043cdf9d637-common-args.resp -MMD -MT dependencies -MF /Users/admin/builder/spi-builder-workspace/.derivedData/Build/Intermediates.noindex/COpenSSL.build/Debug/COpenSSL-t.build/Objects-normal/arm64/ameth_lib.d --serialize-diagnostics /Users/admin/builder/spi-builder-workspace/.derivedData/Build/Intermediates.noindex/COpenSSL.build/Debug/COpenSSL-t.build/Objects-normal/arm64/ameth_lib.dia -c /Users/admin/builder/spi-builder-workspace/.dependencies/checkouts/Perfect-COpenSSL/COpenSSL/ameth_lib.c -o /Users/admin/builder/spi-builder-workspace/.derivedData/Build/Intermediates.noindex/COpenSSL.build/Debug/COpenSSL-t.build/Objects-normal/arm64/ameth_lib.o -index-unit-output-path /COpenSSL.build/Debug/COpenSSL-t.build/Objects-normal/arm64/ameth_lib.o
CompileC /Users/admin/builder/spi-builder-workspace/.derivedData/Build/Intermediates.noindex/COpenSSL.build/Debug/COpenSSL-t.build/Objects-normal/arm64/a_.o /Users/admin/builder/spi-builder-workspace/.dependencies/checkouts/Perfect-COpenSSL/COpenSSL/a_.c normal arm64 c com.apple.compilers.llvm.clang.1_0.compiler (in target 'COpenSSL' from project 'COpenSSL')
cd /Users/admin/builder/spi-builder-workspace/.swiftpm/xcode
Using response file: /Users/admin/builder/spi-builder-workspace/.derivedData/Build/Intermediates.noindex/COpenSSL.build/Debug/COpenSSL-t.build/Objects-normal/arm64/7187679823f38a2a940e0043cdf9d637-common-args.resp
/Applications/Xcode-27.0.0-Release.Candidate.app/Contents/Developer/Toolchains/XcodeDefault.xctoolchain/usr/bin/clang -x c -ivfsstatcache /Users/admin/builder/spi-builder-workspace/.derivedData/SDKStatCaches.noindex/macosx27.0-26A425-e829b21a6f8c9b70876ba0858053c0446a22442a12e9d48fe1a705f55a1adfc4.sdkstatcache -target arm64-apple-macos12.0 -fmessage-length\=0 -fdiagnostics-show-note-include-stack -fmacro-backtrace-limit\=0 -fno-color-diagnostics -fmodules-prune-interval\=86400 -fmodules-prune-after\=345600 -fbuild-session-file\=/Users/admin/builder/spi-builder-workspace/.derivedData/ModuleCache.noindex/Session.modulevalidation -fmodules-validate-once-per-build-session -Wnon-modular-include-in-framework-module -Werror\=non-modular-include-in-framework-module -Wno-trigraphs -Wno-missing-field-initializers -Wno-missing-prototypes -Wno-return-type -Wno-missing-braces -Wparentheses -Wswitch -Wno-unused-function -Wno-unused-label -Wno-unused-parameter -Wno-unused-variable -Wunused-value -Wno-empty-body -Wno-uninitialized -Wno-unknown-pragmas -w -Wno-shadow -Wno-four-char-constants -Wno-conversion -Wno-constant-conversion -Wno-int-conversion -Wno-bool-conversion -Wno-enum-conversion -Wno-float-conversion -Wno-non-literal-null-conversion -Wno-objc-literal-conversion -Wshorten-64-to-32 -Wpointer-sign -Wno-newline-eof -Wno-implicit-fallthrough -isysroot /Applications/Xcode-27.0.0-Release.Candidate.app/Contents/Developer/Platforms/MacOSX.platform/Developer/SDKs/MacOSX27.0.sdk -fstrict-aliasing -Wdeprecated-declarations -Wno-sign-conversion -Wno-infinite-recursion -Wno-comma -Wno-block-capture-autoreleasing -Wno-strict-prototypes -Wno-semicolon-before-method-body -index-store-path /Users/admin/builder/spi-builder-workspace/.derivedData/Index.noindex/DataStore @/Users/admin/builder/spi-builder-workspace/.derivedData/Build/Intermediates.noindex/COpenSSL.build/Debug/COpenSSL-t.build/Objects-normal/arm64/7187679823f38a2a940e0043cdf9d637-common-args.resp -MMD -MT dependencies -MF /Users/admin/builder/spi-builder-workspace/.derivedData/Build/Intermediates.noindex/COpenSSL.build/Debug/COpenSSL-t.build/Objects-normal/arm64/a_.d --serialize-diagnostics /Users/admin/builder/spi-builder-workspace/.derivedData/Build/Intermediates.noindex/COpenSSL.build/Debug/COpenSSL-t.build/Objects-normal/arm64/a_.dia -c /Users/admin/builder/spi-builder-workspace/.dependencies/checkouts/Perfect-COpenSSL/COpenSSL/a_.c -o /Users/admin/builder/spi-builder-workspace/.derivedData/Build/Intermediates.noindex/COpenSSL.build/Debug/COpenSSL-t.build/Objects-normal/arm64/a_.o -index-unit-output-path /COpenSSL.build/Debug/COpenSSL-t.build/Objects-normal/arm64/a_.o
ExtractAppIntentsMetadata (in target 'PerfectThread' from project 'PerfectThread')
cd /Users/admin/builder/spi-builder-workspace/.dependencies/checkouts/Perfect-Thread
/Applications/Xcode-27.0.0-Release.Candidate.app/Contents/Developer/Toolchains/XcodeDefault.xctoolchain/usr/bin/appintentsmetadataprocessor --toolchain-dir /var/run/com.apple.security.cryptexd/mnt/com.apple.MobileAsset.MetalToolchain-v27.1.266.1.4raYeX/Metal.xctoolchain --module-name PerfectThread --sdk-root /Applications/Xcode-27.0.0-Release.Candidate.app/Contents/Developer/Platforms/MacOSX.platform/Developer/SDKs/MacOSX27.0.sdk --xcode-version 27A266a --platform-family macOS --deployment-target 12.0 --bundle-identifier perfect-thread.PerfectThread --output /Users/admin/builder/spi-builder-workspace/.derivedData/Build/Products/Debug/PerfectThread.appintents --target-triple arm64-apple-macos12.0 --binary-file /Users/admin/builder/spi-builder-workspace/.derivedData/Build/Products/Debug/PerfectThread.o --dependency-file /Users/admin/builder/spi-builder-workspace/.derivedData/Build/Intermediates.noindex/PerfectThread.build/Debug/PerfectThread-t.build/Objects-normal/arm64/PerfectThread_dependency_info.dat --stringsdata-file /Users/admin/builder/spi-builder-workspace/.derivedData/Build/Intermediates.noindex/PerfectThread.build/Debug/PerfectThread-t.build/Objects-normal/arm64/ExtractedAppShortcutsMetadata.stringsdata --source-file-list /Users/admin/builder/spi-builder-workspace/.derivedData/Build/Intermediates.noindex/PerfectThread.build/Debug/PerfectThread-t.build/Objects-normal/arm64/PerfectThread.SwiftFileList --metadata-file-list /Users/admin/builder/spi-builder-workspace/.derivedData/Build/Intermediates.noindex/PerfectThread.build/Debug/PerfectThread-t.build/PerfectThread.DependencyMetadataFileList --static-metadata-file-list /Users/admin/builder/spi-builder-workspace/.derivedData/Build/Intermediates.noindex/PerfectThread.build/Debug/PerfectThread-t.build/PerfectThread.DependencyStaticMetadataFileList --swift-const-vals-list /Users/admin/builder/spi-builder-workspace/.derivedData/Build/Intermediates.noindex/PerfectThread.build/Debug/PerfectThread-t.build/Objects-normal/arm64/PerfectThread.SwiftConstValuesFileList --force --compile-time-extraction --deployment-aware-processing --no-app-shortcuts-localization
2026-09-19 21:30:55.565 appintentsmetadataprocessor[1365:6852] Starting appintentsmetadataprocessor export
2026-09-19 21:30:55.672 appintentsmetadataprocessor[1365:6852] Extracted no relevant App Intents symbols, skipping writing output
Ld /Users/admin/builder/spi-builder-workspace/.derivedData/Build/Products/Debug/ObjectMapper.o normal (in target 'ObjectMapper' from project 'ObjectMapper')
cd /Users/admin/builder/spi-builder-workspace/.dependencies/checkouts/ObjectMapper
/Applications/Xcode-27.0.0-Release.Candidate.app/Contents/Developer/Toolchains/XcodeDefault.xctoolchain/usr/bin/clang -Xlinker -reproducible -target arm64-apple-macos12.0 -r -isysroot /Applications/Xcode-27.0.0-Release.Candidate.app/Contents/Developer/Platforms/MacOSX.platform/Developer/SDKs/MacOSX27.0.sdk -O0 -w -Xlinker -no_warn_duplicate_libraries -F/Users/admin/builder/spi-builder-workspace/.derivedData/Build/Intermediates.noindex/EagerLinkingTBDs/Debug -F/Users/admin/builder/spi-builder-workspace/.derivedData/Build/Products/Debug -iframework /Applications/Xcode-27.0.0-Release.Candidate.app/Contents/Developer/Platforms/MacOSX.platform/Developer/Library/Frameworks -filelist /Users/admin/builder/spi-builder-workspace/.derivedData/Build/Intermediates.noindex/ObjectMapper.build/Debug/ObjectMapper-t.build/Objects-normal/arm64/ObjectMapper.LinkFileList -nostdlib -Xlinker -object_path_lto -Xlinker /Users/admin/builder/spi-builder-workspace/.derivedData/Build/Intermediates.noindex/ObjectMapper.build/Debug/ObjectMapper-t.build/Objects-normal/arm64/ObjectMapper_lto.o -Xlinker -no_deduplicate -Xlinker -debug_variant -Xlinker -dependency_info -Xlinker /Users/admin/builder/spi-builder-workspace/.derivedData/Build/Intermediates.noindex/ObjectMapper.build/Debug/ObjectMapper-t.build/Objects-normal/arm64/ObjectMapper_dependency_info.dat -fobjc-link-runtime -L/Applications/Xcode-27.0.0-Release.Candidate.app/Contents/Developer/Toolchains/XcodeDefault.xctoolchain/usr/lib/swift/macosx -L/usr/lib/swift -Xlinker -add_ast_path -Xlinker /Users/admin/builder/spi-builder-workspace/.derivedData/Build/Intermediates.noindex/ObjectMapper.build/Debug/ObjectMapper-t.build/Objects-normal/arm64/ObjectMapper.swiftmodule -o /Users/admin/builder/spi-builder-workspace/.derivedData/Build/Products/Debug/ObjectMapper.o
ExtractAppIntentsMetadata (in target 'PerfectLib' from project 'PerfectLib')
cd /Users/admin/builder/spi-builder-workspace/.dependencies/checkouts/PerfectLib
/Applications/Xcode-27.0.0-Release.Candidate.app/Contents/Developer/Toolchains/XcodeDefault.xctoolchain/usr/bin/appintentsmetadataprocessor --toolchain-dir /var/run/com.apple.security.cryptexd/mnt/com.apple.MobileAsset.MetalToolchain-v27.1.266.1.4raYeX/Metal.xctoolchain --module-name PerfectLib --sdk-root /Applications/Xcode-27.0.0-Release.Candidate.app/Contents/Developer/Platforms/MacOSX.platform/Developer/SDKs/MacOSX27.0.sdk --xcode-version 27A266a --platform-family macOS --deployment-target 12.0 --bundle-identifier perfectlib.PerfectLib --output /Users/admin/builder/spi-builder-workspace/.derivedData/Build/Products/Debug/PerfectLib.appintents --target-triple arm64-apple-macos12.0 --binary-file /Users/admin/builder/spi-builder-workspace/.derivedData/Build/Products/Debug/PerfectLib.o --dependency-file /Users/admin/builder/spi-builder-workspace/.derivedData/Build/Intermediates.noindex/PerfectLib.build/Debug/PerfectLib-t.build/Objects-normal/arm64/PerfectLib_dependency_info.dat --stringsdata-file /Users/admin/builder/spi-builder-workspace/.derivedData/Build/Intermediates.noindex/PerfectLib.build/Debug/PerfectLib-t.build/Objects-normal/arm64/ExtractedAppShortcutsMetadata.stringsdata --source-file-list /Users/admin/builder/spi-builder-workspace/.derivedData/Build/Intermediates.noindex/PerfectLib.build/Debug/PerfectLib-t.build/Objects-normal/arm64/PerfectLib.SwiftFileList --metadata-file-list /Users/admin/builder/spi-builder-workspace/.derivedData/Build/Intermediates.noindex/PerfectLib.build/Debug/PerfectLib-t.build/PerfectLib.DependencyMetadataFileList --static-metadata-file-list /Users/admin/builder/spi-builder-workspace/.derivedData/Build/Intermediates.noindex/PerfectLib.build/Debug/PerfectLib-t.build/PerfectLib.DependencyStaticMetadataFileList --swift-const-vals-list /Users/admin/builder/spi-builder-workspace/.derivedData/Build/Intermediates.noindex/PerfectLib.build/Debug/PerfectLib-t.build/Objects-normal/arm64/PerfectLib.SwiftConstValuesFileList --force --compile-time-extraction --deployment-aware-processing --no-app-shortcuts-localization
2026-09-19 21:30:55.565 appintentsmetadataprocessor[1367:6854] Starting appintentsmetadataprocessor export
2026-09-19 21:30:55.672 appintentsmetadataprocessor[1367:6854] Extracted no relevant App Intents symbols, skipping writing output
SwiftDriver PerfectCrypto normal arm64 com.apple.xcode.tools.swift.compiler (in target 'PerfectCrypto' from project 'PerfectCrypto')
cd /Users/admin/builder/spi-builder-workspace/.swiftpm/xcode
builtin-SwiftDriver -- /Applications/Xcode-27.0.0-Release.Candidate.app/Contents/Developer/Toolchains/XcodeDefault.xctoolchain/usr/bin/swiftc -parse-as-library -module-name PerfectCrypto -Onone @/Users/admin/builder/spi-builder-workspace/.derivedData/Build/Intermediates.noindex/PerfectCrypto.build/Debug/PerfectCrypto-t.build/Objects-normal/arm64/PerfectCrypto.SwiftFileList -DSWIFT_PACKAGE -DDEBUG -DSWIFT_MODULE_RESOURCE_BUNDLE_UNAVAILABLE -Xcc -fmodule-map-file\=/Users/admin/builder/spi-builder-workspace/.dependencies/checkouts/Perfect-COpenSSL/COpenSSL/include/module.modulemap -DXcode -plugin-path /Applications/Xcode-27.0.0-Release.Candidate.app/Contents/Developer/Toolchains/XcodeDefault.xctoolchain/usr/lib/swift/host/plugins/testing -enable-experimental-feature DebugDescriptionMacro -sdk /Applications/Xcode-27.0.0-Release.Candidate.app/Contents/Developer/Platforms/MacOSX.platform/Developer/SDKs/MacOSX27.0.sdk -target arm64-apple-macos12.0 -g -module-cache-path /Users/admin/builder/spi-builder-workspace/.derivedData/ModuleCache.noindex -Xfrontend -serialize-debugging-options -profile-coverage-mapping -profile-generate -enable-testing -suppress-warnings -index-store-path /Users/admin/builder/spi-builder-workspace/.derivedData/Index.noindex/DataStore -Xcc -D_LIBCPP_HARDENING_MODE\=_LIBCPP_HARDENING_MODE_DEBUG -swift-version 4 -I /Users/admin/builder/spi-builder-workspace/.derivedData/Build/Products/Debug -Isystem /Applications/Xcode-27.0.0-Release.Candidate.app/Contents/Developer/Platforms/MacOSX.platform/Developer/usr/lib -F /Users/admin/builder/spi-builder-workspace/.derivedData/Build/Products/Debug/PackageFrameworks -F /Users/admin/builder/spi-builder-workspace/.derivedData/Build/Products/Debug -F /Applications/Xcode-27.0.0-Release.Candidate.app/Contents/Developer/Platforms/MacOSX.platform/Developer/Library/Frameworks -c -j10 -enable-batch-mode -incremental -Xcc -ivfsstatcache -Xcc /Users/admin/builder/spi-builder-workspace/.derivedData/SDKStatCaches.noindex/macosx27.0-26A425-e829b21a6f8c9b70876ba0858053c0446a22442a12e9d48fe1a705f55a1adfc4.sdkstatcache -output-file-map /Users/admin/builder/spi-builder-workspace/.derivedData/Build/Intermediates.noindex/PerfectCrypto.build/Debug/PerfectCrypto-t.build/Objects-normal/arm64/PerfectCrypto-OutputFileMap.json -save-temps -no-color-diagnostics -emit-dependencies -emit-module -emit-module-path /Users/admin/builder/spi-builder-workspace/.derivedData/Build/Intermediates.noindex/PerfectCrypto.build/Debug/PerfectCrypto-t.build/Objects-normal/arm64/PerfectCrypto.swiftmodule -serialize-diagnostics -validate-clang-modules-once -clang-build-session-file /Users/admin/builder/spi-builder-workspace/.derivedData/ModuleCache.noindex/Session.modulevalidation -Xcc -fmodules-prune-interval\=86400 -Xcc -fmodules-prune-after\=345600 -emit-const-values -const-gather-protocols-list /Users/admin/builder/spi-builder-workspace/.derivedData/Build/Intermediates.noindex/PerfectCrypto.build/Debug/PerfectCrypto-t.build/Objects-normal/arm64/PerfectCrypto_const_extract_protocols.json -Xcc -I/Users/admin/builder/spi-builder-workspace/.dependencies/checkouts/Perfect-COpenSSL/COpenSSL/include -Xcc -I/Users/admin/builder/spi-builder-workspace/.derivedData/Build/Products/Debug/include -Xcc -I/Users/admin/builder/spi-builder-workspace/.derivedData/Build/Intermediates.noindex/PerfectCrypto.build/Debug/PerfectCrypto-t.build/DerivedSources-normal/arm64 -Xcc -I/Users/admin/builder/spi-builder-workspace/.derivedData/Build/Intermediates.noindex/PerfectCrypto.build/Debug/PerfectCrypto-t.build/DerivedSources/arm64 -Xcc -I/Users/admin/builder/spi-builder-workspace/.derivedData/Build/Intermediates.noindex/PerfectCrypto.build/Debug/PerfectCrypto-t.build/DerivedSources -Xcc -DSWIFT_PACKAGE -Xcc -DDEBUG\=1 -emit-objc-header -emit-objc-header-path /Users/admin/builder/spi-builder-workspace/.derivedData/Build/Intermediates.noindex/PerfectCrypto.build/Debug/PerfectCrypto-t.build/Objects-normal/arm64/PerfectCrypto-Swift.h -working-directory /Users/admin/builder/spi-builder-workspace/.swiftpm/xcode -experimental-emit-module-separately -disable-cmo
ExtractAppIntentsMetadata (in target 'ObjectMapper' from project 'ObjectMapper')
cd /Users/admin/builder/spi-builder-workspace/.dependencies/checkouts/ObjectMapper
/Applications/Xcode-27.0.0-Release.Candidate.app/Contents/Developer/Toolchains/XcodeDefault.xctoolchain/usr/bin/appintentsmetadataprocessor --toolchain-dir /var/run/com.apple.security.cryptexd/mnt/com.apple.MobileAsset.MetalToolchain-v27.1.266.1.4raYeX/Metal.xctoolchain --module-name ObjectMapper --sdk-root /Applications/Xcode-27.0.0-Release.Candidate.app/Contents/Developer/Platforms/MacOSX.platform/Developer/SDKs/MacOSX27.0.sdk --xcode-version 27A266a --platform-family macOS --deployment-target 12.0 --bundle-identifier objectmapper.ObjectMapper --output /Users/admin/builder/spi-builder-workspace/.derivedData/Build/Products/Debug/ObjectMapper.appintents --target-triple arm64-apple-macos12.0 --binary-file /Users/admin/builder/spi-builder-workspace/.derivedData/Build/Products/Debug/ObjectMapper.o --dependency-file /Users/admin/builder/spi-builder-workspace/.derivedData/Build/Intermediates.noindex/ObjectMapper.build/Debug/ObjectMapper-t.build/Objects-normal/arm64/ObjectMapper_dependency_info.dat --stringsdata-file /Users/admin/builder/spi-builder-workspace/.derivedData/Build/Intermediates.noindex/ObjectMapper.build/Debug/ObjectMapper-t.build/Objects-normal/arm64/ExtractedAppShortcutsMetadata.stringsdata --source-file-list /Users/admin/builder/spi-builder-workspace/.derivedData/Build/Intermediates.noindex/ObjectMapper.build/Debug/ObjectMapper-t.build/Objects-normal/arm64/ObjectMapper.SwiftFileList --metadata-file-list /Users/admin/builder/spi-builder-workspace/.derivedData/Build/Intermediates.noindex/ObjectMapper.build/Debug/ObjectMapper-t.build/ObjectMapper.DependencyMetadataFileList --static-metadata-file-list /Users/admin/builder/spi-builder-workspace/.derivedData/Build/Intermediates.noindex/ObjectMapper.build/Debug/ObjectMapper-t.build/ObjectMapper.DependencyStaticMetadataFileList --swift-const-vals-list /Users/admin/builder/spi-builder-workspace/.derivedData/Build/Intermediates.noindex/ObjectMapper.build/Debug/ObjectMapper-t.build/Objects-normal/arm64/ObjectMapper.SwiftConstValuesFileList --force --compile-time-extraction --deployment-aware-processing --no-app-shortcuts-localization
2026-09-19 21:30:55.565 appintentsmetadataprocessor[1369:6865] Starting appintentsmetadataprocessor export
2026-09-19 21:30:55.672 appintentsmetadataprocessor[1369:6865] Extracted no relevant App Intents symbols, skipping writing output
SwiftCompile normal arm64 Compiling\ PerfectCrypto.swift /Users/admin/builder/spi-builder-workspace/.dependencies/checkouts/Perfect-Crypto/Sources/PerfectCrypto/PerfectCrypto.swift (in target 'PerfectCrypto' from project 'PerfectCrypto')
SwiftCompile normal arm64 /Users/admin/builder/spi-builder-workspace/.dependencies/checkouts/Perfect-Crypto/Sources/PerfectCrypto/PerfectCrypto.swift (in target 'PerfectCrypto' from project 'PerfectCrypto')
cd /Users/admin/builder/spi-builder-workspace/.swiftpm/xcode
builtin-SwiftPerFileCompile PerfectCrypto.swift
SwiftEmitModule normal arm64 Emitting\ module\ for\ PerfectCrypto (in target 'PerfectCrypto' from project 'PerfectCrypto')
SwiftCompile normal arm64 (in target 'PerfectCrypto' from project 'PerfectCrypto')
cd /Users/admin/builder/spi-builder-workspace/.swiftpm/xcode
SwiftCompile normal arm64 Compiling\ JWT.swift /Users/admin/builder/spi-builder-workspace/.dependencies/checkouts/Perfect-Crypto/Sources/PerfectCrypto/JWT.swift (in target 'PerfectCrypto' from project 'PerfectCrypto')
SwiftCompile normal arm64 /Users/admin/builder/spi-builder-workspace/.dependencies/checkouts/Perfect-Crypto/Sources/PerfectCrypto/JWT.swift (in target 'PerfectCrypto' from project 'PerfectCrypto')
cd /Users/admin/builder/spi-builder-workspace/.swiftpm/xcode
builtin-SwiftPerFileCompile JWT.swift
SwiftCompile normal arm64 Compiling\ Algorithms.swift /Users/admin/builder/spi-builder-workspace/.dependencies/checkouts/Perfect-Crypto/Sources/PerfectCrypto/Algorithms.swift (in target 'PerfectCrypto' from project 'PerfectCrypto')
SwiftCompile normal arm64 /Users/admin/builder/spi-builder-workspace/.dependencies/checkouts/Perfect-Crypto/Sources/PerfectCrypto/Algorithms.swift (in target 'PerfectCrypto' from project 'PerfectCrypto')
cd /Users/admin/builder/spi-builder-workspace/.swiftpm/xcode
builtin-SwiftPerFileCompile Algorithms.swift
SwiftCompile normal arm64 Compiling\ OpenSSLInternal.swift /Users/admin/builder/spi-builder-workspace/.dependencies/checkouts/Perfect-Crypto/Sources/PerfectCrypto/OpenSSLInternal.swift (in target 'PerfectCrypto' from project 'PerfectCrypto')
SwiftCompile normal arm64 /Users/admin/builder/spi-builder-workspace/.dependencies/checkouts/Perfect-Crypto/Sources/PerfectCrypto/OpenSSLInternal.swift (in target 'PerfectCrypto' from project 'PerfectCrypto')
cd /Users/admin/builder/spi-builder-workspace/.swiftpm/xcode
builtin-SwiftPerFileCompile OpenSSLInternal.swift
SwiftCompile normal arm64 Compiling\ Extensions.swift /Users/admin/builder/spi-builder-workspace/.dependencies/checkouts/Perfect-Crypto/Sources/PerfectCrypto/Extensions.swift (in target 'PerfectCrypto' from project 'PerfectCrypto')
SwiftCompile normal arm64 /Users/admin/builder/spi-builder-workspace/.dependencies/checkouts/Perfect-Crypto/Sources/PerfectCrypto/Extensions.swift (in target 'PerfectCrypto' from project 'PerfectCrypto')
cd /Users/admin/builder/spi-builder-workspace/.swiftpm/xcode
builtin-SwiftPerFileCompile Extensions.swift
SwiftCompile normal arm64 Compiling\ Keys.swift /Users/admin/builder/spi-builder-workspace/.dependencies/checkouts/Perfect-Crypto/Sources/PerfectCrypto/Keys.swift (in target 'PerfectCrypto' from project 'PerfectCrypto')
SwiftCompile normal arm64 /Users/admin/builder/spi-builder-workspace/.dependencies/checkouts/Perfect-Crypto/Sources/PerfectCrypto/Keys.swift (in target 'PerfectCrypto' from project 'PerfectCrypto')
cd /Users/admin/builder/spi-builder-workspace/.swiftpm/xcode
builtin-SwiftPerFileCompile Keys.swift
SwiftCompile normal arm64 Compiling\ JWK.swift /Users/admin/builder/spi-builder-workspace/.dependencies/checkouts/Perfect-Crypto/Sources/PerfectCrypto/JWK.swift (in target 'PerfectCrypto' from project 'PerfectCrypto')
SwiftCompile normal arm64 /Users/admin/builder/spi-builder-workspace/.dependencies/checkouts/Perfect-Crypto/Sources/PerfectCrypto/JWK.swift (in target 'PerfectCrypto' from project 'PerfectCrypto')
cd /Users/admin/builder/spi-builder-workspace/.swiftpm/xcode
builtin-SwiftPerFileCompile JWK.swift
SwiftCompile normal arm64 Compiling\ ByteIO.swift /Users/admin/builder/spi-builder-workspace/.dependencies/checkouts/Perfect-Crypto/Sources/PerfectCrypto/ByteIO.swift (in target 'PerfectCrypto' from project 'PerfectCrypto')
SwiftCompile normal arm64 /Users/admin/builder/spi-builder-workspace/.dependencies/checkouts/Perfect-Crypto/Sources/PerfectCrypto/ByteIO.swift (in target 'PerfectCrypto' from project 'PerfectCrypto')
cd /Users/admin/builder/spi-builder-workspace/.swiftpm/xcode
builtin-SwiftPerFileCompile ByteIO.swift
Ld /Users/admin/builder/spi-builder-workspace/.derivedData/Build/Products/Debug/COpenSSL.o normal (in target 'COpenSSL' from project 'COpenSSL')
cd /Users/admin/builder/spi-builder-workspace/.dependencies/checkouts/Perfect-COpenSSL
/Applications/Xcode-27.0.0-Release.Candidate.app/Contents/Developer/Toolchains/XcodeDefault.xctoolchain/usr/bin/clang -Xlinker -reproducible -target arm64-apple-macos12.0 -r -isysroot /Applications/Xcode-27.0.0-Release.Candidate.app/Contents/Developer/Platforms/MacOSX.platform/Developer/SDKs/MacOSX27.0.sdk -O0 -w -Xlinker -no_warn_duplicate_libraries -F/Users/admin/builder/spi-builder-workspace/.derivedData/Build/Intermediates.noindex/EagerLinkingTBDs/Debug -F/Users/admin/builder/spi-builder-workspace/.derivedData/Build/Products/Debug -iframework /Applications/Xcode-27.0.0-Release.Candidate.app/Contents/Developer/Platforms/MacOSX.platform/Developer/Library/Frameworks -filelist /Users/admin/builder/spi-builder-workspace/.derivedData/Build/Intermediates.noindex/COpenSSL.build/Debug/COpenSSL-t.build/Objects-normal/arm64/COpenSSL.LinkFileList -nostdlib -Xlinker -object_path_lto -Xlinker /Users/admin/builder/spi-builder-workspace/.derivedData/Build/Intermediates.noindex/COpenSSL.build/Debug/COpenSSL-t.build/Objects-normal/arm64/COpenSSL_lto.o -Xlinker -no_deduplicate -Xlinker -debug_variant -Xlinker -dependency_info -Xlinker /Users/admin/builder/spi-builder-workspace/.derivedData/Build/Intermediates.noindex/COpenSSL.build/Debug/COpenSSL-t.build/Objects-normal/arm64/COpenSSL_dependency_info.dat -o /Users/admin/builder/spi-builder-workspace/.derivedData/Build/Products/Debug/COpenSSL.o
SwiftDriverJobDiscovery normal arm64 Compiling PerfectCrypto.swift (in target 'PerfectCrypto' from project 'PerfectCrypto')
SwiftDriverJobDiscovery normal arm64 Compiling Algorithms.swift (in target 'PerfectCrypto' from project 'PerfectCrypto')
SwiftDriverJobDiscovery normal arm64 Compiling Extensions.swift (in target 'PerfectCrypto' from project 'PerfectCrypto')
SwiftDriverJobDiscovery normal arm64 Emitting module for PerfectCrypto (in target 'PerfectCrypto' from project 'PerfectCrypto')
SwiftDriver\ Compilation\ Requirements PerfectCrypto normal arm64 com.apple.xcode.tools.swift.compiler (in target 'PerfectCrypto' from project 'PerfectCrypto')
cd /Users/admin/builder/spi-builder-workspace/.swiftpm/xcode
builtin-Swift-Compilation-Requirements -- /Applications/Xcode-27.0.0-Release.Candidate.app/Contents/Developer/Toolchains/XcodeDefault.xctoolchain/usr/bin/swiftc -parse-as-library -module-name PerfectCrypto -Onone @/Users/admin/builder/spi-builder-workspace/.derivedData/Build/Intermediates.noindex/PerfectCrypto.build/Debug/PerfectCrypto-t.build/Objects-normal/arm64/PerfectCrypto.SwiftFileList -DSWIFT_PACKAGE -DDEBUG -DSWIFT_MODULE_RESOURCE_BUNDLE_UNAVAILABLE -Xcc -fmodule-map-file\=/Users/admin/builder/spi-builder-workspace/.dependencies/checkouts/Perfect-COpenSSL/COpenSSL/include/module.modulemap -DXcode -plugin-path /Applications/Xcode-27.0.0-Release.Candidate.app/Contents/Developer/Toolchains/XcodeDefault.xctoolchain/usr/lib/swift/host/plugins/testing -enable-experimental-feature DebugDescriptionMacro -sdk /Applications/Xcode-27.0.0-Release.Candidate.app/Contents/Developer/Platforms/MacOSX.platform/Developer/SDKs/MacOSX27.0.sdk -target arm64-apple-macos12.0 -g -module-cache-path /Users/admin/builder/spi-builder-workspace/.derivedData/ModuleCache.noindex -Xfrontend -serialize-debugging-options -profile-coverage-mapping -profile-generate -enable-testing -suppress-warnings -index-store-path /Users/admin/builder/spi-builder-workspace/.derivedData/Index.noindex/DataStore -Xcc -D_LIBCPP_HARDENING_MODE\=_LIBCPP_HARDENING_MODE_DEBUG -swift-version 4 -I /Users/admin/builder/spi-builder-workspace/.derivedData/Build/Products/Debug -Isystem /Applications/Xcode-27.0.0-Release.Candidate.app/Contents/Developer/Platforms/MacOSX.platform/Developer/usr/lib -F /Users/admin/builder/spi-builder-workspace/.derivedData/Build/Products/Debug/PackageFrameworks -F /Users/admin/builder/spi-builder-workspace/.derivedData/Build/Products/Debug -F /Applications/Xcode-27.0.0-Release.Candidate.app/Contents/Developer/Platforms/MacOSX.platform/Developer/Library/Frameworks -c -j10 -enable-batch-mode -incremental -Xcc -ivfsstatcache -Xcc /Users/admin/builder/spi-builder-workspace/.derivedData/SDKStatCaches.noindex/macosx27.0-26A425-e829b21a6f8c9b70876ba0858053c0446a22442a12e9d48fe1a705f55a1adfc4.sdkstatcache -output-file-map /Users/admin/builder/spi-builder-workspace/.derivedData/Build/Intermediates.noindex/PerfectCrypto.build/Debug/PerfectCrypto-t.build/Objects-normal/arm64/PerfectCrypto-OutputFileMap.json -save-temps -no-color-diagnostics -emit-dependencies -emit-module -emit-module-path /Users/admin/builder/spi-builder-workspace/.derivedData/Build/Intermediates.noindex/PerfectCrypto.build/Debug/PerfectCrypto-t.build/Objects-normal/arm64/PerfectCrypto.swiftmodule -serialize-diagnostics -validate-clang-modules-once -clang-build-session-file /Users/admin/builder/spi-builder-workspace/.derivedData/ModuleCache.noindex/Session.modulevalidation -Xcc -fmodules-prune-interval\=86400 -Xcc -fmodules-prune-after\=345600 -emit-const-values -const-gather-protocols-list /Users/admin/builder/spi-builder-workspace/.derivedData/Build/Intermediates.noindex/PerfectCrypto.build/Debug/PerfectCrypto-t.build/Objects-normal/arm64/PerfectCrypto_const_extract_protocols.json -Xcc -I/Users/admin/builder/spi-builder-workspace/.dependencies/checkouts/Perfect-COpenSSL/COpenSSL/include -Xcc -I/Users/admin/builder/spi-builder-workspace/.derivedData/Build/Products/Debug/include -Xcc -I/Users/admin/builder/spi-builder-workspace/.derivedData/Build/Intermediates.noindex/PerfectCrypto.build/Debug/PerfectCrypto-t.build/DerivedSources-normal/arm64 -Xcc -I/Users/admin/builder/spi-builder-workspace/.derivedData/Build/Intermediates.noindex/PerfectCrypto.build/Debug/PerfectCrypto-t.build/DerivedSources/arm64 -Xcc -I/Users/admin/builder/spi-builder-workspace/.derivedData/Build/Intermediates.noindex/PerfectCrypto.build/Debug/PerfectCrypto-t.build/DerivedSources -Xcc -DSWIFT_PACKAGE -Xcc -DDEBUG\=1 -emit-objc-header -emit-objc-header-path /Users/admin/builder/spi-builder-workspace/.derivedData/Build/Intermediates.noindex/PerfectCrypto.build/Debug/PerfectCrypto-t.build/Objects-normal/arm64/PerfectCrypto-Swift.h -working-directory /Users/admin/builder/spi-builder-workspace/.swiftpm/xcode -experimental-emit-module-separately -disable-cmo
SwiftMergeGeneratedHeaders /Users/admin/builder/spi-builder-workspace/.derivedData/Build/Intermediates.noindex/GeneratedModuleMaps/PerfectCrypto-Swift.h /Users/admin/builder/spi-builder-workspace/.derivedData/Build/Intermediates.noindex/PerfectCrypto.build/Debug/PerfectCrypto-t.build/Objects-normal/arm64/PerfectCrypto-Swift.h (in target 'PerfectCrypto' from project 'PerfectCrypto')
cd /Users/admin/builder/spi-builder-workspace/.dependencies/checkouts/Perfect-Crypto
builtin-swiftHeaderTool -arch arm64 /Users/admin/builder/spi-builder-workspace/.derivedData/Build/Intermediates.noindex/PerfectCrypto.build/Debug/PerfectCrypto-t.build/Objects-normal/arm64/PerfectCrypto-Swift.h -o /Users/admin/builder/spi-builder-workspace/.derivedData/Build/Intermediates.noindex/GeneratedModuleMaps/PerfectCrypto-Swift.h
Copy /Users/admin/builder/spi-builder-workspace/.derivedData/Build/Products/Debug/PerfectCrypto.swiftmodule/arm64-apple-macos.abi.json /Users/admin/builder/spi-builder-workspace/.derivedData/Build/Intermediates.noindex/PerfectCrypto.build/Debug/PerfectCrypto-t.build/Objects-normal/arm64/PerfectCrypto.abi.json (in target 'PerfectCrypto' from project 'PerfectCrypto')
cd /Users/admin/builder/spi-builder-workspace/.dependencies/checkouts/Perfect-Crypto
builtin-copy -exclude .DS_Store -exclude CVS -exclude .svn -exclude .git -exclude .hg -resolve-src-symlinks -rename /Users/admin/builder/spi-builder-workspace/.derivedData/Build/Intermediates.noindex/PerfectCrypto.build/Debug/PerfectCrypto-t.build/Objects-normal/arm64/PerfectCrypto.abi.json /Users/admin/builder/spi-builder-workspace/.derivedData/Build/Products/Debug/PerfectCrypto.swiftmodule/arm64-apple-macos.abi.json
Copy /Users/admin/builder/spi-builder-workspace/.derivedData/Build/Products/Debug/PerfectCrypto.swiftmodule/arm64-apple-macos.swiftdoc /Users/admin/builder/spi-builder-workspace/.derivedData/Build/Intermediates.noindex/PerfectCrypto.build/Debug/PerfectCrypto-t.build/Objects-normal/arm64/PerfectCrypto.swiftdoc (in target 'PerfectCrypto' from project 'PerfectCrypto')
cd /Users/admin/builder/spi-builder-workspace/.dependencies/checkouts/Perfect-Crypto
builtin-copy -exclude .DS_Store -exclude CVS -exclude .svn -exclude .git -exclude .hg -resolve-src-symlinks -rename /Users/admin/builder/spi-builder-workspace/.derivedData/Build/Intermediates.noindex/PerfectCrypto.build/Debug/PerfectCrypto-t.build/Objects-normal/arm64/PerfectCrypto.swiftdoc /Users/admin/builder/spi-builder-workspace/.derivedData/Build/Products/Debug/PerfectCrypto.swiftmodule/arm64-apple-macos.swiftdoc
Copy /Users/admin/builder/spi-builder-workspace/.derivedData/Build/Products/Debug/PerfectCrypto.swiftmodule/arm64-apple-macos.swiftmodule /Users/admin/builder/spi-builder-workspace/.derivedData/Build/Intermediates.noindex/PerfectCrypto.build/Debug/PerfectCrypto-t.build/Objects-normal/arm64/PerfectCrypto.swiftmodule (in target 'PerfectCrypto' from project 'PerfectCrypto')
cd /Users/admin/builder/spi-builder-workspace/.dependencies/checkouts/Perfect-Crypto
builtin-copy -exclude .DS_Store -exclude CVS -exclude .svn -exclude .git -exclude .hg -resolve-src-symlinks -rename /Users/admin/builder/spi-builder-workspace/.derivedData/Build/Intermediates.noindex/PerfectCrypto.build/Debug/PerfectCrypto-t.build/Objects-normal/arm64/PerfectCrypto.swiftmodule /Users/admin/builder/spi-builder-workspace/.derivedData/Build/Products/Debug/PerfectCrypto.swiftmodule/arm64-apple-macos.swiftmodule
Copy /Users/admin/builder/spi-builder-workspace/.derivedData/Build/Products/Debug/PerfectCrypto.swiftmodule/Project/arm64-apple-macos.swiftsourceinfo /Users/admin/builder/spi-builder-workspace/.derivedData/Build/Intermediates.noindex/PerfectCrypto.build/Debug/PerfectCrypto-t.build/Objects-normal/arm64/PerfectCrypto.swiftsourceinfo (in target 'PerfectCrypto' from project 'PerfectCrypto')
cd /Users/admin/builder/spi-builder-workspace/.dependencies/checkouts/Perfect-Crypto
builtin-copy -exclude .DS_Store -exclude CVS -exclude .svn -exclude .git -exclude .hg -resolve-src-symlinks -rename /Users/admin/builder/spi-builder-workspace/.derivedData/Build/Intermediates.noindex/PerfectCrypto.build/Debug/PerfectCrypto-t.build/Objects-normal/arm64/PerfectCrypto.swiftsourceinfo /Users/admin/builder/spi-builder-workspace/.derivedData/Build/Products/Debug/PerfectCrypto.swiftmodule/Project/arm64-apple-macos.swiftsourceinfo
SwiftDriver PerfectNet normal arm64 com.apple.xcode.tools.swift.compiler (in target 'PerfectNet' from project 'PerfectNet')
cd /Users/admin/builder/spi-builder-workspace/.swiftpm/xcode
builtin-SwiftDriver -- /Applications/Xcode-27.0.0-Release.Candidate.app/Contents/Developer/Toolchains/XcodeDefault.xctoolchain/usr/bin/swiftc -parse-as-library -module-name PerfectNet -Onone @/Users/admin/builder/spi-builder-workspace/.derivedData/Build/Intermediates.noindex/PerfectNet.build/Debug/PerfectNet-t.build/Objects-normal/arm64/PerfectNet.SwiftFileList -DSWIFT_PACKAGE -DDEBUG -DSWIFT_MODULE_RESOURCE_BUNDLE_UNAVAILABLE -Xcc -fmodule-map-file\=/Users/admin/builder/spi-builder-workspace/.dependencies/checkouts/Perfect-COpenSSL/COpenSSL/include/module.modulemap -DXcode -plugin-path /Applications/Xcode-27.0.0-Release.Candidate.app/Contents/Developer/Toolchains/XcodeDefault.xctoolchain/usr/lib/swift/host/plugins/testing -enable-experimental-feature DebugDescriptionMacro -sdk /Applications/Xcode-27.0.0-Release.Candidate.app/Contents/Developer/Platforms/MacOSX.platform/Developer/SDKs/MacOSX27.0.sdk -target arm64-apple-macos12.0 -g -module-cache-path /Users/admin/builder/spi-builder-workspace/.derivedData/ModuleCache.noindex -Xfrontend -serialize-debugging-options -profile-coverage-mapping -profile-generate -enable-testing -suppress-warnings -index-store-path /Users/admin/builder/spi-builder-workspace/.derivedData/Index.noindex/DataStore -Xcc -D_LIBCPP_HARDENING_MODE\=_LIBCPP_HARDENING_MODE_DEBUG -swift-version 4 -I /Users/admin/builder/spi-builder-workspace/.derivedData/Build/Products/Debug -Isystem /Applications/Xcode-27.0.0-Release.Candidate.app/Contents/Developer/Platforms/MacOSX.platform/Developer/usr/lib -F /Users/admin/builder/spi-builder-workspace/.derivedData/Build/Products/Debug/PackageFrameworks -F /Users/admin/builder/spi-builder-workspace/.derivedData/Build/Products/Debug -F /Applications/Xcode-27.0.0-Release.Candidate.app/Contents/Developer/Platforms/MacOSX.platform/Developer/Library/Frameworks -c -j10 -enable-batch-mode -incremental -Xcc -ivfsstatcache -Xcc /Users/admin/builder/spi-builder-workspace/.derivedData/SDKStatCaches.noindex/macosx27.0-26A425-e829b21a6f8c9b70876ba0858053c0446a22442a12e9d48fe1a705f55a1adfc4.sdkstatcache -output-file-map /Users/admin/builder/spi-builder-workspace/.derivedData/Build/Intermediates.noindex/PerfectNet.build/Debug/PerfectNet-t.build/Objects-normal/arm64/PerfectNet-OutputFileMap.json -save-temps -no-color-diagnostics -emit-dependencies -emit-module -emit-module-path /Users/admin/builder/spi-builder-workspace/.derivedData/Build/Intermediates.noindex/PerfectNet.build/Debug/PerfectNet-t.build/Objects-normal/arm64/PerfectNet.swiftmodule -serialize-diagnostics -validate-clang-modules-once -clang-build-session-file /Users/admin/builder/spi-builder-workspace/.derivedData/ModuleCache.noindex/Session.modulevalidation -Xcc -fmodules-prune-interval\=86400 -Xcc -fmodules-prune-after\=345600 -emit-const-values -const-gather-protocols-list /Users/admin/builder/spi-builder-workspace/.derivedData/Build/Intermediates.noindex/PerfectNet.build/Debug/PerfectNet-t.build/Objects-normal/arm64/PerfectNet_const_extract_protocols.json -Xcc -I/Users/admin/builder/spi-builder-workspace/.dependencies/checkouts/Perfect-COpenSSL/COpenSSL/include -Xcc -I/Users/admin/builder/spi-builder-workspace/.derivedData/Build/Products/Debug/include -Xcc -I/Users/admin/builder/spi-builder-workspace/.derivedData/Build/Intermediates.noindex/PerfectNet.build/Debug/PerfectNet-t.build/DerivedSources-normal/arm64 -Xcc -I/Users/admin/builder/spi-builder-workspace/.derivedData/Build/Intermediates.noindex/PerfectNet.build/Debug/PerfectNet-t.build/DerivedSources/arm64 -Xcc -I/Users/admin/builder/spi-builder-workspace/.derivedData/Build/Intermediates.noindex/PerfectNet.build/Debug/PerfectNet-t.build/DerivedSources -Xcc -DSWIFT_PACKAGE -Xcc -DDEBUG\=1 -emit-objc-header -emit-objc-header-path /Users/admin/builder/spi-builder-workspace/.derivedData/Build/Intermediates.noindex/PerfectNet.build/Debug/PerfectNet-t.build/Objects-normal/arm64/PerfectNet-Swift.h -working-directory /Users/admin/builder/spi-builder-workspace/.swiftpm/xcode -experimental-emit-module-separately -disable-cmo
SwiftCompile normal arm64 Compiling\ Net.swift /Users/admin/builder/spi-builder-workspace/.dependencies/checkouts/Perfect-Net/Sources/PerfectNet/Net.swift (in target 'PerfectNet' from project 'PerfectNet')
SwiftCompile normal arm64 /Users/admin/builder/spi-builder-workspace/.dependencies/checkouts/Perfect-Net/Sources/PerfectNet/Net.swift (in target 'PerfectNet' from project 'PerfectNet')
cd /Users/admin/builder/spi-builder-workspace/.swiftpm/xcode
builtin-SwiftPerFileCompile Net.swift
SwiftEmitModule normal arm64 Emitting\ module\ for\ PerfectNet (in target 'PerfectNet' from project 'PerfectNet')
SwiftCompile normal arm64 (in target 'PerfectNet' from project 'PerfectNet')
cd /Users/admin/builder/spi-builder-workspace/.swiftpm/xcode
SwiftCompile normal arm64 Compiling\ NetNamedPipe.swift /Users/admin/builder/spi-builder-workspace/.dependencies/checkouts/Perfect-Net/Sources/PerfectNet/NetNamedPipe.swift (in target 'PerfectNet' from project 'PerfectNet')
SwiftCompile normal arm64 /Users/admin/builder/spi-builder-workspace/.dependencies/checkouts/Perfect-Net/Sources/PerfectNet/NetNamedPipe.swift (in target 'PerfectNet' from project 'PerfectNet')
cd /Users/admin/builder/spi-builder-workspace/.swiftpm/xcode
builtin-SwiftPerFileCompile NetNamedPipe.swift
SwiftCompile normal arm64 Compiling\ NetEvent.swift /Users/admin/builder/spi-builder-workspace/.dependencies/checkouts/Perfect-Net/Sources/PerfectNet/NetEvent.swift (in target 'PerfectNet' from project 'PerfectNet')
SwiftCompile normal arm64 /Users/admin/builder/spi-builder-workspace/.dependencies/checkouts/Perfect-Net/Sources/PerfectNet/NetEvent.swift (in target 'PerfectNet' from project 'PerfectNet')
cd /Users/admin/builder/spi-builder-workspace/.swiftpm/xcode
builtin-SwiftPerFileCompile NetEvent.swift
SwiftCompile normal arm64 Compiling\ NetUDP.swift /Users/admin/builder/spi-builder-workspace/.dependencies/checkouts/Perfect-Net/Sources/PerfectNet/NetUDP.swift (in target 'PerfectNet' from project 'PerfectNet')
SwiftCompile normal arm64 /Users/admin/builder/spi-builder-workspace/.dependencies/checkouts/Perfect-Net/Sources/PerfectNet/NetUDP.swift (in target 'PerfectNet' from project 'PerfectNet')
cd /Users/admin/builder/spi-builder-workspace/.swiftpm/xcode
builtin-SwiftPerFileCompile NetUDP.swift
SwiftCompile normal arm64 Compiling\ NetTCPSSL.swift /Users/admin/builder/spi-builder-workspace/.dependencies/checkouts/Perfect-Net/Sources/PerfectNet/NetTCPSSL.swift (in target 'PerfectNet' from project 'PerfectNet')
SwiftCompile normal arm64 /Users/admin/builder/spi-builder-workspace/.dependencies/checkouts/Perfect-Net/Sources/PerfectNet/NetTCPSSL.swift (in target 'PerfectNet' from project 'PerfectNet')
cd /Users/admin/builder/spi-builder-workspace/.swiftpm/xcode
builtin-SwiftPerFileCompile NetTCPSSL.swift
SwiftDriverJobDiscovery normal arm64 Compiling JWK.swift (in target 'PerfectCrypto' from project 'PerfectCrypto')
SwiftCompile normal arm64 Compiling\ NetTCP.swift /Users/admin/builder/spi-builder-workspace/.dependencies/checkouts/Perfect-Net/Sources/PerfectNet/NetTCP.swift (in target 'PerfectNet' from project 'PerfectNet')
SwiftCompile normal arm64 /Users/admin/builder/spi-builder-workspace/.dependencies/checkouts/Perfect-Net/Sources/PerfectNet/NetTCP.swift (in target 'PerfectNet' from project 'PerfectNet')
cd /Users/admin/builder/spi-builder-workspace/.swiftpm/xcode
builtin-SwiftPerFileCompile NetTCP.swift
SwiftDriverJobDiscovery normal arm64 Compiling Keys.swift (in target 'PerfectCrypto' from project 'PerfectCrypto')
SwiftCompile normal arm64 Compiling\ NetAddress.swift /Users/admin/builder/spi-builder-workspace/.dependencies/checkouts/Perfect-Net/Sources/PerfectNet/NetAddress.swift (in target 'PerfectNet' from project 'PerfectNet')
SwiftCompile normal arm64 /Users/admin/builder/spi-builder-workspace/.dependencies/checkouts/Perfect-Net/Sources/PerfectNet/NetAddress.swift (in target 'PerfectNet' from project 'PerfectNet')
cd /Users/admin/builder/spi-builder-workspace/.swiftpm/xcode
builtin-SwiftPerFileCompile NetAddress.swift
SwiftDriverJobDiscovery normal arm64 Compiling JWT.swift (in target 'PerfectCrypto' from project 'PerfectCrypto')
SwiftDriverJobDiscovery normal arm64 Compiling ByteIO.swift (in target 'PerfectCrypto' from project 'PerfectCrypto')
SwiftDriverJobDiscovery normal arm64 Compiling OpenSSLInternal.swift (in target 'PerfectCrypto' from project 'PerfectCrypto')
SwiftDriver\ Compilation PerfectCrypto normal arm64 com.apple.xcode.tools.swift.compiler (in target 'PerfectCrypto' from project 'PerfectCrypto')
cd /Users/admin/builder/spi-builder-workspace/.swiftpm/xcode
builtin-Swift-Compilation -- /Applications/Xcode-27.0.0-Release.Candidate.app/Contents/Developer/Toolchains/XcodeDefault.xctoolchain/usr/bin/swiftc -parse-as-library -module-name PerfectCrypto -Onone @/Users/admin/builder/spi-builder-workspace/.derivedData/Build/Intermediates.noindex/PerfectCrypto.build/Debug/PerfectCrypto-t.build/Objects-normal/arm64/PerfectCrypto.SwiftFileList -DSWIFT_PACKAGE -DDEBUG -DSWIFT_MODULE_RESOURCE_BUNDLE_UNAVAILABLE -Xcc -fmodule-map-file\=/Users/admin/builder/spi-builder-workspace/.dependencies/checkouts/Perfect-COpenSSL/COpenSSL/include/module.modulemap -DXcode -plugin-path /Applications/Xcode-27.0.0-Release.Candidate.app/Contents/Developer/Toolchains/XcodeDefault.xctoolchain/usr/lib/swift/host/plugins/testing -enable-experimental-feature DebugDescriptionMacro -sdk /Applications/Xcode-27.0.0-Release.Candidate.app/Contents/Developer/Platforms/MacOSX.platform/Developer/SDKs/MacOSX27.0.sdk -target arm64-apple-macos12.0 -g -module-cache-path /Users/admin/builder/spi-builder-workspace/.derivedData/ModuleCache.noindex -Xfrontend -serialize-debugging-options -profile-coverage-mapping -profile-generate -enable-testing -suppress-warnings -index-store-path /Users/admin/builder/spi-builder-workspace/.derivedData/Index.noindex/DataStore -Xcc -D_LIBCPP_HARDENING_MODE\=_LIBCPP_HARDENING_MODE_DEBUG -swift-version 4 -I /Users/admin/builder/spi-builder-workspace/.derivedData/Build/Products/Debug -Isystem /Applications/Xcode-27.0.0-Release.Candidate.app/Contents/Developer/Platforms/MacOSX.platform/Developer/usr/lib -F /Users/admin/builder/spi-builder-workspace/.derivedData/Build/Products/Debug/PackageFrameworks -F /Users/admin/builder/spi-builder-workspace/.derivedData/Build/Products/Debug -F /Applications/Xcode-27.0.0-Release.Candidate.app/Contents/Developer/Platforms/MacOSX.platform/Developer/Library/Frameworks -c -j10 -enable-batch-mode -incremental -Xcc -ivfsstatcache -Xcc /Users/admin/builder/spi-builder-workspace/.derivedData/SDKStatCaches.noindex/macosx27.0-26A425-e829b21a6f8c9b70876ba0858053c0446a22442a12e9d48fe1a705f55a1adfc4.sdkstatcache -output-file-map /Users/admin/builder/spi-builder-workspace/.derivedData/Build/Intermediates.noindex/PerfectCrypto.build/Debug/PerfectCrypto-t.build/Objects-normal/arm64/PerfectCrypto-OutputFileMap.json -save-temps -no-color-diagnostics -emit-dependencies -emit-module -emit-module-path /Users/admin/builder/spi-builder-workspace/.derivedData/Build/Intermediates.noindex/PerfectCrypto.build/Debug/PerfectCrypto-t.build/Objects-normal/arm64/PerfectCrypto.swiftmodule -serialize-diagnostics -validate-clang-modules-once -clang-build-session-file /Users/admin/builder/spi-builder-workspace/.derivedData/ModuleCache.noindex/Session.modulevalidation -Xcc -fmodules-prune-interval\=86400 -Xcc -fmodules-prune-after\=345600 -emit-const-values -const-gather-protocols-list /Users/admin/builder/spi-builder-workspace/.derivedData/Build/Intermediates.noindex/PerfectCrypto.build/Debug/PerfectCrypto-t.build/Objects-normal/arm64/PerfectCrypto_const_extract_protocols.json -Xcc -I/Users/admin/builder/spi-builder-workspace/.dependencies/checkouts/Perfect-COpenSSL/COpenSSL/include -Xcc -I/Users/admin/builder/spi-builder-workspace/.derivedData/Build/Products/Debug/include -Xcc -I/Users/admin/builder/spi-builder-workspace/.derivedData/Build/Intermediates.noindex/PerfectCrypto.build/Debug/PerfectCrypto-t.build/DerivedSources-normal/arm64 -Xcc -I/Users/admin/builder/spi-builder-workspace/.derivedData/Build/Intermediates.noindex/PerfectCrypto.build/Debug/PerfectCrypto-t.build/DerivedSources/arm64 -Xcc -I/Users/admin/builder/spi-builder-workspace/.derivedData/Build/Intermediates.noindex/PerfectCrypto.build/Debug/PerfectCrypto-t.build/DerivedSources -Xcc -DSWIFT_PACKAGE -Xcc -DDEBUG\=1 -emit-objc-header -emit-objc-header-path /Users/admin/builder/spi-builder-workspace/.derivedData/Build/Intermediates.noindex/PerfectCrypto.build/Debug/PerfectCrypto-t.build/Objects-normal/arm64/PerfectCrypto-Swift.h -working-directory /Users/admin/builder/spi-builder-workspace/.swiftpm/xcode -experimental-emit-module-separately -disable-cmo
Ld /Users/admin/builder/spi-builder-workspace/.derivedData/Build/Products/Debug/PerfectCrypto.o normal (in target 'PerfectCrypto' from project 'PerfectCrypto')
cd /Users/admin/builder/spi-builder-workspace/.dependencies/checkouts/Perfect-Crypto
/Applications/Xcode-27.0.0-Release.Candidate.app/Contents/Developer/Toolchains/XcodeDefault.xctoolchain/usr/bin/clang -Xlinker -reproducible -target arm64-apple-macos12.0 -r -isysroot /Applications/Xcode-27.0.0-Release.Candidate.app/Contents/Developer/Platforms/MacOSX.platform/Developer/SDKs/MacOSX27.0.sdk -O0 -w -Xlinker -no_warn_duplicate_libraries -F/Users/admin/builder/spi-builder-workspace/.derivedData/Build/Intermediates.noindex/EagerLinkingTBDs/Debug -F/Users/admin/builder/spi-builder-workspace/.derivedData/Build/Products/Debug/PackageFrameworks -F/Users/admin/builder/spi-builder-workspace/.derivedData/Build/Products/Debug -iframework /Applications/Xcode-27.0.0-Release.Candidate.app/Contents/Developer/Platforms/MacOSX.platform/Developer/Library/Frameworks -filelist /Users/admin/builder/spi-builder-workspace/.derivedData/Build/Intermediates.noindex/PerfectCrypto.build/Debug/PerfectCrypto-t.build/Objects-normal/arm64/PerfectCrypto.LinkFileList -nostdlib -Xlinker -object_path_lto -Xlinker /Users/admin/builder/spi-builder-workspace/.derivedData/Build/Intermediates.noindex/PerfectCrypto.build/Debug/PerfectCrypto-t.build/Objects-normal/arm64/PerfectCrypto_lto.o -Xlinker -no_deduplicate -Xlinker -debug_variant -Xlinker -dependency_info -Xlinker /Users/admin/builder/spi-builder-workspace/.derivedData/Build/Intermediates.noindex/PerfectCrypto.build/Debug/PerfectCrypto-t.build/Objects-normal/arm64/PerfectCrypto_dependency_info.dat -fobjc-link-runtime -L/Applications/Xcode-27.0.0-Release.Candidate.app/Contents/Developer/Toolchains/XcodeDefault.xctoolchain/usr/lib/swift/macosx -L/usr/lib/swift -Xlinker -add_ast_path -Xlinker /Users/admin/builder/spi-builder-workspace/.derivedData/Build/Intermediates.noindex/PerfectCrypto.build/Debug/PerfectCrypto-t.build/Objects-normal/arm64/PerfectCrypto.swiftmodule -o /Users/admin/builder/spi-builder-workspace/.derivedData/Build/Products/Debug/PerfectCrypto.o
ExtractAppIntentsMetadata (in target 'PerfectCrypto' from project 'PerfectCrypto')
cd /Users/admin/builder/spi-builder-workspace/.dependencies/checkouts/Perfect-Crypto
/Applications/Xcode-27.0.0-Release.Candidate.app/Contents/Developer/Toolchains/XcodeDefault.xctoolchain/usr/bin/appintentsmetadataprocessor --toolchain-dir /var/run/com.apple.security.cryptexd/mnt/com.apple.MobileAsset.MetalToolchain-v27.1.266.1.4raYeX/Metal.xctoolchain --module-name PerfectCrypto --sdk-root /Applications/Xcode-27.0.0-Release.Candidate.app/Contents/Developer/Platforms/MacOSX.platform/Developer/SDKs/MacOSX27.0.sdk --xcode-version 27A266a --platform-family macOS --deployment-target 12.0 --bundle-identifier perfect-crypto.PerfectCrypto --output /Users/admin/builder/spi-builder-workspace/.derivedData/Build/Products/Debug/PerfectCrypto.appintents --target-triple arm64-apple-macos12.0 --binary-file /Users/admin/builder/spi-builder-workspace/.derivedData/Build/Products/Debug/PerfectCrypto.o --dependency-file /Users/admin/builder/spi-builder-workspace/.derivedData/Build/Intermediates.noindex/PerfectCrypto.build/Debug/PerfectCrypto-t.build/Objects-normal/arm64/PerfectCrypto_dependency_info.dat --stringsdata-file /Users/admin/builder/spi-builder-workspace/.derivedData/Build/Intermediates.noindex/PerfectCrypto.build/Debug/PerfectCrypto-t.build/Objects-normal/arm64/ExtractedAppShortcutsMetadata.stringsdata --source-file-list /Users/admin/builder/spi-builder-workspace/.derivedData/Build/Intermediates.noindex/PerfectCrypto.build/Debug/PerfectCrypto-t.build/Objects-normal/arm64/PerfectCrypto.SwiftFileList --metadata-file-list /Users/admin/builder/spi-builder-workspace/.derivedData/Build/Intermediates.noindex/PerfectCrypto.build/Debug/PerfectCrypto-t.build/PerfectCrypto.DependencyMetadataFileList --static-metadata-file-list /Users/admin/builder/spi-builder-workspace/.derivedData/Build/Intermediates.noindex/PerfectCrypto.build/Debug/PerfectCrypto-t.build/PerfectCrypto.DependencyStaticMetadataFileList --swift-const-vals-list /Users/admin/builder/spi-builder-workspace/.derivedData/Build/Intermediates.noindex/PerfectCrypto.build/Debug/PerfectCrypto-t.build/Objects-normal/arm64/PerfectCrypto.SwiftConstValuesFileList --force --compile-time-extraction --deployment-aware-processing --no-app-shortcuts-localization
2026-09-19 21:30:56.404 appintentsmetadataprocessor[1391:6946] Starting appintentsmetadataprocessor export
2026-09-19 21:30:56.471 appintentsmetadataprocessor[1391:6946] Extracted no relevant App Intents symbols, skipping writing output
SwiftDriverJobDiscovery normal arm64 Compiling NetUDP.swift (in target 'PerfectNet' from project 'PerfectNet')
SwiftDriverJobDiscovery normal arm64 Emitting module for PerfectNet (in target 'PerfectNet' from project 'PerfectNet')
SwiftDriver\ Compilation\ Requirements PerfectNet normal arm64 com.apple.xcode.tools.swift.compiler (in target 'PerfectNet' from project 'PerfectNet')
cd /Users/admin/builder/spi-builder-workspace/.swiftpm/xcode
builtin-Swift-Compilation-Requirements -- /Applications/Xcode-27.0.0-Release.Candidate.app/Contents/Developer/Toolchains/XcodeDefault.xctoolchain/usr/bin/swiftc -parse-as-library -module-name PerfectNet -Onone @/Users/admin/builder/spi-builder-workspace/.derivedData/Build/Intermediates.noindex/PerfectNet.build/Debug/PerfectNet-t.build/Objects-normal/arm64/PerfectNet.SwiftFileList -DSWIFT_PACKAGE -DDEBUG -DSWIFT_MODULE_RESOURCE_BUNDLE_UNAVAILABLE -Xcc -fmodule-map-file\=/Users/admin/builder/spi-builder-workspace/.dependencies/checkouts/Perfect-COpenSSL/COpenSSL/include/module.modulemap -DXcode -plugin-path /Applications/Xcode-27.0.0-Release.Candidate.app/Contents/Developer/Toolchains/XcodeDefault.xctoolchain/usr/lib/swift/host/plugins/testing -enable-experimental-feature DebugDescriptionMacro -sdk /Applications/Xcode-27.0.0-Release.Candidate.app/Contents/Developer/Platforms/MacOSX.platform/Developer/SDKs/MacOSX27.0.sdk -target arm64-apple-macos12.0 -g -module-cache-path /Users/admin/builder/spi-builder-workspace/.derivedData/ModuleCache.noindex -Xfrontend -serialize-debugging-options -profile-coverage-mapping -profile-generate -enable-testing -suppress-warnings -index-store-path /Users/admin/builder/spi-builder-workspace/.derivedData/Index.noindex/DataStore -Xcc -D_LIBCPP_HARDENING_MODE\=_LIBCPP_HARDENING_MODE_DEBUG -swift-version 4 -I /Users/admin/builder/spi-builder-workspace/.derivedData/Build/Products/Debug -Isystem /Applications/Xcode-27.0.0-Release.Candidate.app/Contents/Developer/Platforms/MacOSX.platform/Developer/usr/lib -F /Users/admin/builder/spi-builder-workspace/.derivedData/Build/Products/Debug/PackageFrameworks -F /Users/admin/builder/spi-builder-workspace/.derivedData/Build/Products/Debug -F /Applications/Xcode-27.0.0-Release.Candidate.app/Contents/Developer/Platforms/MacOSX.platform/Developer/Library/Frameworks -c -j10 -enable-batch-mode -incremental -Xcc -ivfsstatcache -Xcc /Users/admin/builder/spi-builder-workspace/.derivedData/SDKStatCaches.noindex/macosx27.0-26A425-e829b21a6f8c9b70876ba0858053c0446a22442a12e9d48fe1a705f55a1adfc4.sdkstatcache -output-file-map /Users/admin/builder/spi-builder-workspace/.derivedData/Build/Intermediates.noindex/PerfectNet.build/Debug/PerfectNet-t.build/Objects-normal/arm64/PerfectNet-OutputFileMap.json -save-temps -no-color-diagnostics -emit-dependencies -emit-module -emit-module-path /Users/admin/builder/spi-builder-workspace/.derivedData/Build/Intermediates.noindex/PerfectNet.build/Debug/PerfectNet-t.build/Objects-normal/arm64/PerfectNet.swiftmodule -serialize-diagnostics -validate-clang-modules-once -clang-build-session-file /Users/admin/builder/spi-builder-workspace/.derivedData/ModuleCache.noindex/Session.modulevalidation -Xcc -fmodules-prune-interval\=86400 -Xcc -fmodules-prune-after\=345600 -emit-const-values -const-gather-protocols-list /Users/admin/builder/spi-builder-workspace/.derivedData/Build/Intermediates.noindex/PerfectNet.build/Debug/PerfectNet-t.build/Objects-normal/arm64/PerfectNet_const_extract_protocols.json -Xcc -I/Users/admin/builder/spi-builder-workspace/.dependencies/checkouts/Perfect-COpenSSL/COpenSSL/include -Xcc -I/Users/admin/builder/spi-builder-workspace/.derivedData/Build/Products/Debug/include -Xcc -I/Users/admin/builder/spi-builder-workspace/.derivedData/Build/Intermediates.noindex/PerfectNet.build/Debug/PerfectNet-t.build/DerivedSources-normal/arm64 -Xcc -I/Users/admin/builder/spi-builder-workspace/.derivedData/Build/Intermediates.noindex/PerfectNet.build/Debug/PerfectNet-t.build/DerivedSources/arm64 -Xcc -I/Users/admin/builder/spi-builder-workspace/.derivedData/Build/Intermediates.noindex/PerfectNet.build/Debug/PerfectNet-t.build/DerivedSources -Xcc -DSWIFT_PACKAGE -Xcc -DDEBUG\=1 -emit-objc-header -emit-objc-header-path /Users/admin/builder/spi-builder-workspace/.derivedData/Build/Intermediates.noindex/PerfectNet.build/Debug/PerfectNet-t.build/Objects-normal/arm64/PerfectNet-Swift.h -working-directory /Users/admin/builder/spi-builder-workspace/.swiftpm/xcode -experimental-emit-module-separately -disable-cmo
SwiftMergeGeneratedHeaders /Users/admin/builder/spi-builder-workspace/.derivedData/Build/Intermediates.noindex/GeneratedModuleMaps/PerfectNet-Swift.h /Users/admin/builder/spi-builder-workspace/.derivedData/Build/Intermediates.noindex/PerfectNet.build/Debug/PerfectNet-t.build/Objects-normal/arm64/PerfectNet-Swift.h (in target 'PerfectNet' from project 'PerfectNet')
cd /Users/admin/builder/spi-builder-workspace/.dependencies/checkouts/Perfect-Net
builtin-swiftHeaderTool -arch arm64 /Users/admin/builder/spi-builder-workspace/.derivedData/Build/Intermediates.noindex/PerfectNet.build/Debug/PerfectNet-t.build/Objects-normal/arm64/PerfectNet-Swift.h -o /Users/admin/builder/spi-builder-workspace/.derivedData/Build/Intermediates.noindex/GeneratedModuleMaps/PerfectNet-Swift.h
Copy /Users/admin/builder/spi-builder-workspace/.derivedData/Build/Products/Debug/PerfectNet.swiftmodule/arm64-apple-macos.swiftmodule /Users/admin/builder/spi-builder-workspace/.derivedData/Build/Intermediates.noindex/PerfectNet.build/Debug/PerfectNet-t.build/Objects-normal/arm64/PerfectNet.swiftmodule (in target 'PerfectNet' from project 'PerfectNet')
cd /Users/admin/builder/spi-builder-workspace/.dependencies/checkouts/Perfect-Net
builtin-copy -exclude .DS_Store -exclude CVS -exclude .svn -exclude .git -exclude .hg -resolve-src-symlinks -rename /Users/admin/builder/spi-builder-workspace/.derivedData/Build/Intermediates.noindex/PerfectNet.build/Debug/PerfectNet-t.build/Objects-normal/arm64/PerfectNet.swiftmodule /Users/admin/builder/spi-builder-workspace/.derivedData/Build/Products/Debug/PerfectNet.swiftmodule/arm64-apple-macos.swiftmodule
Copy /Users/admin/builder/spi-builder-workspace/.derivedData/Build/Products/Debug/PerfectNet.swiftmodule/arm64-apple-macos.swiftdoc /Users/admin/builder/spi-builder-workspace/.derivedData/Build/Intermediates.noindex/PerfectNet.build/Debug/PerfectNet-t.build/Objects-normal/arm64/PerfectNet.swiftdoc (in target 'PerfectNet' from project 'PerfectNet')
cd /Users/admin/builder/spi-builder-workspace/.dependencies/checkouts/Perfect-Net
builtin-copy -exclude .DS_Store -exclude CVS -exclude .svn -exclude .git -exclude .hg -resolve-src-symlinks -rename /Users/admin/builder/spi-builder-workspace/.derivedData/Build/Intermediates.noindex/PerfectNet.build/Debug/PerfectNet-t.build/Objects-normal/arm64/PerfectNet.swiftdoc /Users/admin/builder/spi-builder-workspace/.derivedData/Build/Products/Debug/PerfectNet.swiftmodule/arm64-apple-macos.swiftdoc
Copy /Users/admin/builder/spi-builder-workspace/.derivedData/Build/Products/Debug/PerfectNet.swiftmodule/arm64-apple-macos.abi.json /Users/admin/builder/spi-builder-workspace/.derivedData/Build/Intermediates.noindex/PerfectNet.build/Debug/PerfectNet-t.build/Objects-normal/arm64/PerfectNet.abi.json (in target 'PerfectNet' from project 'PerfectNet')
cd /Users/admin/builder/spi-builder-workspace/.dependencies/checkouts/Perfect-Net
builtin-copy -exclude .DS_Store -exclude CVS -exclude .svn -exclude .git -exclude .hg -resolve-src-symlinks -rename /Users/admin/builder/spi-builder-workspace/.derivedData/Build/Intermediates.noindex/PerfectNet.build/Debug/PerfectNet-t.build/Objects-normal/arm64/PerfectNet.abi.json /Users/admin/builder/spi-builder-workspace/.derivedData/Build/Products/Debug/PerfectNet.swiftmodule/arm64-apple-macos.abi.json
Copy /Users/admin/builder/spi-builder-workspace/.derivedData/Build/Products/Debug/PerfectNet.swiftmodule/Project/arm64-apple-macos.swiftsourceinfo /Users/admin/builder/spi-builder-workspace/.derivedData/Build/Intermediates.noindex/PerfectNet.build/Debug/PerfectNet-t.build/Objects-normal/arm64/PerfectNet.swiftsourceinfo (in target 'PerfectNet' from project 'PerfectNet')
cd /Users/admin/builder/spi-builder-workspace/.dependencies/checkouts/Perfect-Net
builtin-copy -exclude .DS_Store -exclude CVS -exclude .svn -exclude .git -exclude .hg -resolve-src-symlinks -rename /Users/admin/builder/spi-builder-workspace/.derivedData/Build/Intermediates.noindex/PerfectNet.build/Debug/PerfectNet-t.build/Objects-normal/arm64/PerfectNet.swiftsourceinfo /Users/admin/builder/spi-builder-workspace/.derivedData/Build/Products/Debug/PerfectNet.swiftmodule/Project/arm64-apple-macos.swiftsourceinfo
SwiftDriver PerfectHTTP normal arm64 com.apple.xcode.tools.swift.compiler (in target 'PerfectHTTP' from project 'PerfectHTTP')
cd /Users/admin/builder/spi-builder-workspace/.swiftpm/xcode
builtin-SwiftDriver -- /Applications/Xcode-27.0.0-Release.Candidate.app/Contents/Developer/Toolchains/XcodeDefault.xctoolchain/usr/bin/swiftc -parse-as-library -module-name PerfectHTTP -Onone @/Users/admin/builder/spi-builder-workspace/.derivedData/Build/Intermediates.noindex/PerfectHTTP.build/Debug/PerfectHTTP-t.build/Objects-normal/arm64/PerfectHTTP.SwiftFileList -DSWIFT_PACKAGE -DDEBUG -DSWIFT_MODULE_RESOURCE_BUNDLE_UNAVAILABLE -Xcc -fmodule-map-file\=/Users/admin/builder/spi-builder-workspace/.dependencies/checkouts/Perfect-COpenSSL/COpenSSL/include/module.modulemap -DXcode -plugin-path /Applications/Xcode-27.0.0-Release.Candidate.app/Contents/Developer/Toolchains/XcodeDefault.xctoolchain/usr/lib/swift/host/plugins/testing -enable-experimental-feature DebugDescriptionMacro -sdk /Applications/Xcode-27.0.0-Release.Candidate.app/Contents/Developer/Platforms/MacOSX.platform/Developer/SDKs/MacOSX27.0.sdk -target arm64-apple-macos12.0 -g -module-cache-path /Users/admin/builder/spi-builder-workspace/.derivedData/ModuleCache.noindex -Xfrontend -serialize-debugging-options -profile-coverage-mapping -profile-generate -enable-testing -suppress-warnings -index-store-path /Users/admin/builder/spi-builder-workspace/.derivedData/Index.noindex/DataStore -Xcc -D_LIBCPP_HARDENING_MODE\=_LIBCPP_HARDENING_MODE_DEBUG -swift-version 4 -I /Users/admin/builder/spi-builder-workspace/.derivedData/Build/Products/Debug -Isystem /Applications/Xcode-27.0.0-Release.Candidate.app/Contents/Developer/Platforms/MacOSX.platform/Developer/usr/lib -F /Users/admin/builder/spi-builder-workspace/.derivedData/Build/Products/Debug/PackageFrameworks -F /Users/admin/builder/spi-builder-workspace/.derivedData/Build/Products/Debug -F /Applications/Xcode-27.0.0-Release.Candidate.app/Contents/Developer/Platforms/MacOSX.platform/Developer/Library/Frameworks -c -j10 -enable-batch-mode -incremental -Xcc -ivfsstatcache -Xcc /Users/admin/builder/spi-builder-workspace/.derivedData/SDKStatCaches.noindex/macosx27.0-26A425-e829b21a6f8c9b70876ba0858053c0446a22442a12e9d48fe1a705f55a1adfc4.sdkstatcache -output-file-map /Users/admin/builder/spi-builder-workspace/.derivedData/Build/Intermediates.noindex/PerfectHTTP.build/Debug/PerfectHTTP-t.build/Objects-normal/arm64/PerfectHTTP-OutputFileMap.json -save-temps -no-color-diagnostics -emit-dependencies -emit-module -emit-module-path /Users/admin/builder/spi-builder-workspace/.derivedData/Build/Intermediates.noindex/PerfectHTTP.build/Debug/PerfectHTTP-t.build/Objects-normal/arm64/PerfectHTTP.swiftmodule -serialize-diagnostics -validate-clang-modules-once -clang-build-session-file /Users/admin/builder/spi-builder-workspace/.derivedData/ModuleCache.noindex/Session.modulevalidation -Xcc -fmodules-prune-interval\=86400 -Xcc -fmodules-prune-after\=345600 -emit-const-values -const-gather-protocols-list /Users/admin/builder/spi-builder-workspace/.derivedData/Build/Intermediates.noindex/PerfectHTTP.build/Debug/PerfectHTTP-t.build/Objects-normal/arm64/PerfectHTTP_const_extract_protocols.json -Xcc -I/Users/admin/builder/spi-builder-workspace/.dependencies/checkouts/Perfect-COpenSSL/COpenSSL/include -Xcc -I/Users/admin/builder/spi-builder-workspace/.derivedData/Build/Products/Debug/include -Xcc -I/Users/admin/builder/spi-builder-workspace/.derivedData/Build/Intermediates.noindex/PerfectHTTP.build/Debug/PerfectHTTP-t.build/DerivedSources-normal/arm64 -Xcc -I/Users/admin/builder/spi-builder-workspace/.derivedData/Build/Intermediates.noindex/PerfectHTTP.build/Debug/PerfectHTTP-t.build/DerivedSources/arm64 -Xcc -I/Users/admin/builder/spi-builder-workspace/.derivedData/Build/Intermediates.noindex/PerfectHTTP.build/Debug/PerfectHTTP-t.build/DerivedSources -Xcc -DSWIFT_PACKAGE -Xcc -DDEBUG\=1 -emit-objc-header -emit-objc-header-path /Users/admin/builder/spi-builder-workspace/.derivedData/Build/Intermediates.noindex/PerfectHTTP.build/Debug/PerfectHTTP-t.build/Objects-normal/arm64/PerfectHTTP-Swift.h -working-directory /Users/admin/builder/spi-builder-workspace/.swiftpm/xcode -experimental-emit-module-separately -disable-cmo
SwiftEmitModule normal arm64 Emitting\ module\ for\ PerfectHTTP (in target 'PerfectHTTP' from project 'PerfectHTTP')
SwiftCompile normal arm64 (in target 'PerfectHTTP' from project 'PerfectHTTP')
cd /Users/admin/builder/spi-builder-workspace/.swiftpm/xcode
SwiftCompile normal arm64 Compiling\ TypedRoutes.swift /Users/admin/builder/spi-builder-workspace/.dependencies/checkouts/Perfect-HTTP/Sources/PerfectHTTP/TypedRoutes.swift (in target 'PerfectHTTP' from project 'PerfectHTTP')
SwiftCompile normal arm64 /Users/admin/builder/spi-builder-workspace/.dependencies/checkouts/Perfect-HTTP/Sources/PerfectHTTP/TypedRoutes.swift (in target 'PerfectHTTP' from project 'PerfectHTTP')
cd /Users/admin/builder/spi-builder-workspace/.swiftpm/xcode
builtin-SwiftPerFileCompile TypedRoutes.swift
SwiftCompile normal arm64 Compiling\ MimeType.swift /Users/admin/builder/spi-builder-workspace/.dependencies/checkouts/Perfect-HTTP/Sources/PerfectHTTP/MimeType.swift (in target 'PerfectHTTP' from project 'PerfectHTTP')
SwiftCompile normal arm64 /Users/admin/builder/spi-builder-workspace/.dependencies/checkouts/Perfect-HTTP/Sources/PerfectHTTP/MimeType.swift (in target 'PerfectHTTP' from project 'PerfectHTTP')
cd /Users/admin/builder/spi-builder-workspace/.swiftpm/xcode
builtin-SwiftPerFileCompile MimeType.swift
SwiftCompile normal arm64 Compiling\ HTTPResponse.swift /Users/admin/builder/spi-builder-workspace/.dependencies/checkouts/Perfect-HTTP/Sources/PerfectHTTP/HTTPResponse.swift (in target 'PerfectHTTP' from project 'PerfectHTTP')
SwiftCompile normal arm64 /Users/admin/builder/spi-builder-workspace/.dependencies/checkouts/Perfect-HTTP/Sources/PerfectHTTP/HTTPResponse.swift (in target 'PerfectHTTP' from project 'PerfectHTTP')
cd /Users/admin/builder/spi-builder-workspace/.swiftpm/xcode
builtin-SwiftPerFileCompile HTTPResponse.swift
SwiftCompile normal arm64 Compiling\ HTTPMethod.swift /Users/admin/builder/spi-builder-workspace/.dependencies/checkouts/Perfect-HTTP/Sources/PerfectHTTP/HTTPMethod.swift (in target 'PerfectHTTP' from project 'PerfectHTTP')
SwiftCompile normal arm64 /Users/admin/builder/spi-builder-workspace/.dependencies/checkouts/Perfect-HTTP/Sources/PerfectHTTP/HTTPMethod.swift (in target 'PerfectHTTP' from project 'PerfectHTTP')
cd /Users/admin/builder/spi-builder-workspace/.swiftpm/xcode
builtin-SwiftPerFileCompile HTTPMethod.swift
SwiftDriverJobDiscovery normal arm64 Compiling Net.swift (in target 'PerfectNet' from project 'PerfectNet')
SwiftCompile normal arm64 Compiling\ HTTPFilter.swift /Users/admin/builder/spi-builder-workspace/.dependencies/checkouts/Perfect-HTTP/Sources/PerfectHTTP/HTTPFilter.swift (in target 'PerfectHTTP' from project 'PerfectHTTP')
SwiftCompile normal arm64 /Users/admin/builder/spi-builder-workspace/.dependencies/checkouts/Perfect-HTTP/Sources/PerfectHTTP/HTTPFilter.swift (in target 'PerfectHTTP' from project 'PerfectHTTP')
cd /Users/admin/builder/spi-builder-workspace/.swiftpm/xcode
builtin-SwiftPerFileCompile HTTPFilter.swift
SwiftDriverJobDiscovery normal arm64 Compiling NetNamedPipe.swift (in target 'PerfectNet' from project 'PerfectNet')
SwiftCompile normal arm64 Compiling\ HTTPRequest.swift /Users/admin/builder/spi-builder-workspace/.dependencies/checkouts/Perfect-HTTP/Sources/PerfectHTTP/HTTPRequest.swift (in target 'PerfectHTTP' from project 'PerfectHTTP')
SwiftCompile normal arm64 /Users/admin/builder/spi-builder-workspace/.dependencies/checkouts/Perfect-HTTP/Sources/PerfectHTTP/HTTPRequest.swift (in target 'PerfectHTTP' from project 'PerfectHTTP')
cd /Users/admin/builder/spi-builder-workspace/.swiftpm/xcode
builtin-SwiftPerFileCompile HTTPRequest.swift
SwiftDriverJobDiscovery normal arm64 Compiling NetEvent.swift (in target 'PerfectNet' from project 'PerfectNet')
SwiftCompile normal arm64 Compiling\ StaticFileHandler.swift /Users/admin/builder/spi-builder-workspace/.dependencies/checkouts/Perfect-HTTP/Sources/PerfectHTTP/StaticFileHandler.swift (in target 'PerfectHTTP' from project 'PerfectHTTP')
SwiftCompile normal arm64 /Users/admin/builder/spi-builder-workspace/.dependencies/checkouts/Perfect-HTTP/Sources/PerfectHTTP/StaticFileHandler.swift (in target 'PerfectHTTP' from project 'PerfectHTTP')
cd /Users/admin/builder/spi-builder-workspace/.swiftpm/xcode
builtin-SwiftPerFileCompile StaticFileHandler.swift
SwiftDriverJobDiscovery normal arm64 Compiling NetAddress.swift (in target 'PerfectNet' from project 'PerfectNet')
SwiftCompile normal arm64 Compiling\ MimeReader.swift /Users/admin/builder/spi-builder-workspace/.dependencies/checkouts/Perfect-HTTP/Sources/PerfectHTTP/MimeReader.swift (in target 'PerfectHTTP' from project 'PerfectHTTP')
SwiftCompile normal arm64 /Users/admin/builder/spi-builder-workspace/.dependencies/checkouts/Perfect-HTTP/Sources/PerfectHTTP/MimeReader.swift (in target 'PerfectHTTP' from project 'PerfectHTTP')
cd /Users/admin/builder/spi-builder-workspace/.swiftpm/xcode
builtin-SwiftPerFileCompile MimeReader.swift
SwiftDriverJobDiscovery normal arm64 Compiling NetTCP.swift (in target 'PerfectNet' from project 'PerfectNet')
SwiftCompile normal arm64 Compiling\ HTTPHeaders.swift /Users/admin/builder/spi-builder-workspace/.dependencies/checkouts/Perfect-HTTP/Sources/PerfectHTTP/HTTPHeaders.swift (in target 'PerfectHTTP' from project 'PerfectHTTP')
SwiftCompile normal arm64 /Users/admin/builder/spi-builder-workspace/.dependencies/checkouts/Perfect-HTTP/Sources/PerfectHTTP/HTTPHeaders.swift (in target 'PerfectHTTP' from project 'PerfectHTTP')
cd /Users/admin/builder/spi-builder-workspace/.swiftpm/xcode
builtin-SwiftPerFileCompile HTTPHeaders.swift
SwiftDriverJobDiscovery normal arm64 Compiling HTTPMethod.swift (in target 'PerfectHTTP' from project 'PerfectHTTP')
SwiftCompile normal arm64 Compiling\ Routing.swift /Users/admin/builder/spi-builder-workspace/.dependencies/checkouts/Perfect-HTTP/Sources/PerfectHTTP/Routing.swift (in target 'PerfectHTTP' from project 'PerfectHTTP')
SwiftCompile normal arm64 /Users/admin/builder/spi-builder-workspace/.dependencies/checkouts/Perfect-HTTP/Sources/PerfectHTTP/Routing.swift (in target 'PerfectHTTP' from project 'PerfectHTTP')
cd /Users/admin/builder/spi-builder-workspace/.swiftpm/xcode
builtin-SwiftPerFileCompile Routing.swift
SwiftDriverJobDiscovery normal arm64 Compiling HTTPFilter.swift (in target 'PerfectHTTP' from project 'PerfectHTTP')
SwiftDriverJobDiscovery normal arm64 Compiling HTTPRequest.swift (in target 'PerfectHTTP' from project 'PerfectHTTP')
SwiftDriverJobDiscovery normal arm64 Emitting module for PerfectHTTP (in target 'PerfectHTTP' from project 'PerfectHTTP')
SwiftDriver\ Compilation\ Requirements PerfectHTTP normal arm64 com.apple.xcode.tools.swift.compiler (in target 'PerfectHTTP' from project 'PerfectHTTP')
cd /Users/admin/builder/spi-builder-workspace/.swiftpm/xcode
builtin-Swift-Compilation-Requirements -- /Applications/Xcode-27.0.0-Release.Candidate.app/Contents/Developer/Toolchains/XcodeDefault.xctoolchain/usr/bin/swiftc -parse-as-library -module-name PerfectHTTP -Onone @/Users/admin/builder/spi-builder-workspace/.derivedData/Build/Intermediates.noindex/PerfectHTTP.build/Debug/PerfectHTTP-t.build/Objects-normal/arm64/PerfectHTTP.SwiftFileList -DSWIFT_PACKAGE -DDEBUG -DSWIFT_MODULE_RESOURCE_BUNDLE_UNAVAILABLE -Xcc -fmodule-map-file\=/Users/admin/builder/spi-builder-workspace/.dependencies/checkouts/Perfect-COpenSSL/COpenSSL/include/module.modulemap -DXcode -plugin-path /Applications/Xcode-27.0.0-Release.Candidate.app/Contents/Developer/Toolchains/XcodeDefault.xctoolchain/usr/lib/swift/host/plugins/testing -enable-experimental-feature DebugDescriptionMacro -sdk /Applications/Xcode-27.0.0-Release.Candidate.app/Contents/Developer/Platforms/MacOSX.platform/Developer/SDKs/MacOSX27.0.sdk -target arm64-apple-macos12.0 -g -module-cache-path /Users/admin/builder/spi-builder-workspace/.derivedData/ModuleCache.noindex -Xfrontend -serialize-debugging-options -profile-coverage-mapping -profile-generate -enable-testing -suppress-warnings -index-store-path /Users/admin/builder/spi-builder-workspace/.derivedData/Index.noindex/DataStore -Xcc -D_LIBCPP_HARDENING_MODE\=_LIBCPP_HARDENING_MODE_DEBUG -swift-version 4 -I /Users/admin/builder/spi-builder-workspace/.derivedData/Build/Products/Debug -Isystem /Applications/Xcode-27.0.0-Release.Candidate.app/Contents/Developer/Platforms/MacOSX.platform/Developer/usr/lib -F /Users/admin/builder/spi-builder-workspace/.derivedData/Build/Products/Debug/PackageFrameworks -F /Users/admin/builder/spi-builder-workspace/.derivedData/Build/Products/Debug -F /Applications/Xcode-27.0.0-Release.Candidate.app/Contents/Developer/Platforms/MacOSX.platform/Developer/Library/Frameworks -c -j10 -enable-batch-mode -incremental -Xcc -ivfsstatcache -Xcc /Users/admin/builder/spi-builder-workspace/.derivedData/SDKStatCaches.noindex/macosx27.0-26A425-e829b21a6f8c9b70876ba0858053c0446a22442a12e9d48fe1a705f55a1adfc4.sdkstatcache -output-file-map /Users/admin/builder/spi-builder-workspace/.derivedData/Build/Intermediates.noindex/PerfectHTTP.build/Debug/PerfectHTTP-t.build/Objects-normal/arm64/PerfectHTTP-OutputFileMap.json -save-temps -no-color-diagnostics -emit-dependencies -emit-module -emit-module-path /Users/admin/builder/spi-builder-workspace/.derivedData/Build/Intermediates.noindex/PerfectHTTP.build/Debug/PerfectHTTP-t.build/Objects-normal/arm64/PerfectHTTP.swiftmodule -serialize-diagnostics -validate-clang-modules-once -clang-build-session-file /Users/admin/builder/spi-builder-workspace/.derivedData/ModuleCache.noindex/Session.modulevalidation -Xcc -fmodules-prune-interval\=86400 -Xcc -fmodules-prune-after\=345600 -emit-const-values -const-gather-protocols-list /Users/admin/builder/spi-builder-workspace/.derivedData/Build/Intermediates.noindex/PerfectHTTP.build/Debug/PerfectHTTP-t.build/Objects-normal/arm64/PerfectHTTP_const_extract_protocols.json -Xcc -I/Users/admin/builder/spi-builder-workspace/.dependencies/checkouts/Perfect-COpenSSL/COpenSSL/include -Xcc -I/Users/admin/builder/spi-builder-workspace/.derivedData/Build/Products/Debug/include -Xcc -I/Users/admin/builder/spi-builder-workspace/.derivedData/Build/Intermediates.noindex/PerfectHTTP.build/Debug/PerfectHTTP-t.build/DerivedSources-normal/arm64 -Xcc -I/Users/admin/builder/spi-builder-workspace/.derivedData/Build/Intermediates.noindex/PerfectHTTP.build/Debug/PerfectHTTP-t.build/DerivedSources/arm64 -Xcc -I/Users/admin/builder/spi-builder-workspace/.derivedData/Build/Intermediates.noindex/PerfectHTTP.build/Debug/PerfectHTTP-t.build/DerivedSources -Xcc -DSWIFT_PACKAGE -Xcc -DDEBUG\=1 -emit-objc-header -emit-objc-header-path /Users/admin/builder/spi-builder-workspace/.derivedData/Build/Intermediates.noindex/PerfectHTTP.build/Debug/PerfectHTTP-t.build/Objects-normal/arm64/PerfectHTTP-Swift.h -working-directory /Users/admin/builder/spi-builder-workspace/.swiftpm/xcode -experimental-emit-module-separately -disable-cmo
SwiftMergeGeneratedHeaders /Users/admin/builder/spi-builder-workspace/.derivedData/Build/Intermediates.noindex/GeneratedModuleMaps/PerfectHTTP-Swift.h /Users/admin/builder/spi-builder-workspace/.derivedData/Build/Intermediates.noindex/PerfectHTTP.build/Debug/PerfectHTTP-t.build/Objects-normal/arm64/PerfectHTTP-Swift.h (in target 'PerfectHTTP' from project 'PerfectHTTP')
cd /Users/admin/builder/spi-builder-workspace/.dependencies/checkouts/Perfect-HTTP
builtin-swiftHeaderTool -arch arm64 /Users/admin/builder/spi-builder-workspace/.derivedData/Build/Intermediates.noindex/PerfectHTTP.build/Debug/PerfectHTTP-t.build/Objects-normal/arm64/PerfectHTTP-Swift.h -o /Users/admin/builder/spi-builder-workspace/.derivedData/Build/Intermediates.noindex/GeneratedModuleMaps/PerfectHTTP-Swift.h
Copy /Users/admin/builder/spi-builder-workspace/.derivedData/Build/Products/Debug/PerfectHTTP.swiftmodule/arm64-apple-macos.swiftmodule /Users/admin/builder/spi-builder-workspace/.derivedData/Build/Intermediates.noindex/PerfectHTTP.build/Debug/PerfectHTTP-t.build/Objects-normal/arm64/PerfectHTTP.swiftmodule (in target 'PerfectHTTP' from project 'PerfectHTTP')
cd /Users/admin/builder/spi-builder-workspace/.dependencies/checkouts/Perfect-HTTP
builtin-copy -exclude .DS_Store -exclude CVS -exclude .svn -exclude .git -exclude .hg -resolve-src-symlinks -rename /Users/admin/builder/spi-builder-workspace/.derivedData/Build/Intermediates.noindex/PerfectHTTP.build/Debug/PerfectHTTP-t.build/Objects-normal/arm64/PerfectHTTP.swiftmodule /Users/admin/builder/spi-builder-workspace/.derivedData/Build/Products/Debug/PerfectHTTP.swiftmodule/arm64-apple-macos.swiftmodule
Copy /Users/admin/builder/spi-builder-workspace/.derivedData/Build/Products/Debug/PerfectHTTP.swiftmodule/arm64-apple-macos.swiftdoc /Users/admin/builder/spi-builder-workspace/.derivedData/Build/Intermediates.noindex/PerfectHTTP.build/Debug/PerfectHTTP-t.build/Objects-normal/arm64/PerfectHTTP.swiftdoc (in target 'PerfectHTTP' from project 'PerfectHTTP')
cd /Users/admin/builder/spi-builder-workspace/.dependencies/checkouts/Perfect-HTTP
builtin-copy -exclude .DS_Store -exclude CVS -exclude .svn -exclude .git -exclude .hg -resolve-src-symlinks -rename /Users/admin/builder/spi-builder-workspace/.derivedData/Build/Intermediates.noindex/PerfectHTTP.build/Debug/PerfectHTTP-t.build/Objects-normal/arm64/PerfectHTTP.swiftdoc /Users/admin/builder/spi-builder-workspace/.derivedData/Build/Products/Debug/PerfectHTTP.swiftmodule/arm64-apple-macos.swiftdoc
Copy /Users/admin/builder/spi-builder-workspace/.derivedData/Build/Products/Debug/PerfectHTTP.swiftmodule/arm64-apple-macos.abi.json /Users/admin/builder/spi-builder-workspace/.derivedData/Build/Intermediates.noindex/PerfectHTTP.build/Debug/PerfectHTTP-t.build/Objects-normal/arm64/PerfectHTTP.abi.json (in target 'PerfectHTTP' from project 'PerfectHTTP')
cd /Users/admin/builder/spi-builder-workspace/.dependencies/checkouts/Perfect-HTTP
builtin-copy -exclude .DS_Store -exclude CVS -exclude .svn -exclude .git -exclude .hg -resolve-src-symlinks -rename /Users/admin/builder/spi-builder-workspace/.derivedData/Build/Intermediates.noindex/PerfectHTTP.build/Debug/PerfectHTTP-t.build/Objects-normal/arm64/PerfectHTTP.abi.json /Users/admin/builder/spi-builder-workspace/.derivedData/Build/Products/Debug/PerfectHTTP.swiftmodule/arm64-apple-macos.abi.json
Copy /Users/admin/builder/spi-builder-workspace/.derivedData/Build/Products/Debug/PerfectHTTP.swiftmodule/Project/arm64-apple-macos.swiftsourceinfo /Users/admin/builder/spi-builder-workspace/.derivedData/Build/Intermediates.noindex/PerfectHTTP.build/Debug/PerfectHTTP-t.build/Objects-normal/arm64/PerfectHTTP.swiftsourceinfo (in target 'PerfectHTTP' from project 'PerfectHTTP')
cd /Users/admin/builder/spi-builder-workspace/.dependencies/checkouts/Perfect-HTTP
builtin-copy -exclude .DS_Store -exclude CVS -exclude .svn -exclude .git -exclude .hg -resolve-src-symlinks -rename /Users/admin/builder/spi-builder-workspace/.derivedData/Build/Intermediates.noindex/PerfectHTTP.build/Debug/PerfectHTTP-t.build/Objects-normal/arm64/PerfectHTTP.swiftsourceinfo /Users/admin/builder/spi-builder-workspace/.derivedData/Build/Products/Debug/PerfectHTTP.swiftmodule/Project/arm64-apple-macos.swiftsourceinfo
SwiftDriver PerfectCURL normal arm64 com.apple.xcode.tools.swift.compiler (in target 'PerfectCURL' from project 'PerfectCURL')
cd /Users/admin/builder/spi-builder-workspace/.swiftpm/xcode
builtin-SwiftDriver -- /Applications/Xcode-27.0.0-Release.Candidate.app/Contents/Developer/Toolchains/XcodeDefault.xctoolchain/usr/bin/swiftc -parse-as-library -module-name PerfectCURL -Onone @/Users/admin/builder/spi-builder-workspace/.derivedData/Build/Intermediates.noindex/PerfectCURL.build/Debug/PerfectCURL-t.build/Objects-normal/arm64/PerfectCURL.SwiftFileList -DSWIFT_PACKAGE -DDEBUG -DSWIFT_MODULE_RESOURCE_BUNDLE_UNAVAILABLE -Xcc -fmodule-map-file\=/Users/admin/builder/spi-builder-workspace/.dependencies/checkouts/Perfect-COpenSSL/COpenSSL/include/module.modulemap -Xcc -fmodule-map-file\=/Users/admin/builder/spi-builder-workspace/.dependencies/checkouts/Perfect-libcurl/module.modulemap -DXcode -plugin-path /Applications/Xcode-27.0.0-Release.Candidate.app/Contents/Developer/Toolchains/XcodeDefault.xctoolchain/usr/lib/swift/host/plugins/testing -enable-experimental-feature DebugDescriptionMacro -sdk /Applications/Xcode-27.0.0-Release.Candidate.app/Contents/Developer/Platforms/MacOSX.platform/Developer/SDKs/MacOSX27.0.sdk -target arm64-apple-macos12.0 -g -module-cache-path /Users/admin/builder/spi-builder-workspace/.derivedData/ModuleCache.noindex -Xfrontend -serialize-debugging-options -profile-coverage-mapping -profile-generate -enable-testing -suppress-warnings -index-store-path /Users/admin/builder/spi-builder-workspace/.derivedData/Index.noindex/DataStore -Xcc -D_LIBCPP_HARDENING_MODE\=_LIBCPP_HARDENING_MODE_DEBUG -swift-version 4 -I /Users/admin/builder/spi-builder-workspace/.derivedData/Build/Products/Debug -Isystem /Applications/Xcode-27.0.0-Release.Candidate.app/Contents/Developer/Platforms/MacOSX.platform/Developer/usr/lib -F /Users/admin/builder/spi-builder-workspace/.derivedData/Build/Products/Debug/PackageFrameworks -F /Users/admin/builder/spi-builder-workspace/.derivedData/Build/Products/Debug -F /Applications/Xcode-27.0.0-Release.Candidate.app/Contents/Developer/Platforms/MacOSX.platform/Developer/Library/Frameworks -c -j10 -enable-batch-mode -incremental -Xcc -ivfsstatcache -Xcc /Users/admin/builder/spi-builder-workspace/.derivedData/SDKStatCaches.noindex/macosx27.0-26A425-e829b21a6f8c9b70876ba0858053c0446a22442a12e9d48fe1a705f55a1adfc4.sdkstatcache -output-file-map /Users/admin/builder/spi-builder-workspace/.derivedData/Build/Intermediates.noindex/PerfectCURL.build/Debug/PerfectCURL-t.build/Objects-normal/arm64/PerfectCURL-OutputFileMap.json -save-temps -no-color-diagnostics -emit-dependencies -emit-module -emit-module-path /Users/admin/builder/spi-builder-workspace/.derivedData/Build/Intermediates.noindex/PerfectCURL.build/Debug/PerfectCURL-t.build/Objects-normal/arm64/PerfectCURL.swiftmodule -serialize-diagnostics -validate-clang-modules-once -clang-build-session-file /Users/admin/builder/spi-builder-workspace/.derivedData/ModuleCache.noindex/Session.modulevalidation -Xcc -fmodules-prune-interval\=86400 -Xcc -fmodules-prune-after\=345600 -emit-const-values -const-gather-protocols-list /Users/admin/builder/spi-builder-workspace/.derivedData/Build/Intermediates.noindex/PerfectCURL.build/Debug/PerfectCURL-t.build/Objects-normal/arm64/PerfectCURL_const_extract_protocols.json -Xcc -I/Users/admin/builder/spi-builder-workspace/.dependencies/checkouts/Perfect-COpenSSL/COpenSSL/include -Xcc -I/Users/admin/builder/spi-builder-workspace/.derivedData/Build/Products/Debug/include -Xcc -I/Users/admin/builder/spi-builder-workspace/.derivedData/Build/Intermediates.noindex/PerfectCURL.build/Debug/PerfectCURL-t.build/DerivedSources-normal/arm64 -Xcc -I/Users/admin/builder/spi-builder-workspace/.derivedData/Build/Intermediates.noindex/PerfectCURL.build/Debug/PerfectCURL-t.build/DerivedSources/arm64 -Xcc -I/Users/admin/builder/spi-builder-workspace/.derivedData/Build/Intermediates.noindex/PerfectCURL.build/Debug/PerfectCURL-t.build/DerivedSources -Xcc -DSWIFT_PACKAGE -Xcc -DDEBUG\=1 -emit-objc-header -emit-objc-header-path /Users/admin/builder/spi-builder-workspace/.derivedData/Build/Intermediates.noindex/PerfectCURL.build/Debug/PerfectCURL-t.build/Objects-normal/arm64/PerfectCURL-Swift.h -working-directory /Users/admin/builder/spi-builder-workspace/.swiftpm/xcode -experimental-emit-module-separately -disable-cmo
SwiftDriverJobDiscovery normal arm64 Compiling HTTPResponse.swift (in target 'PerfectHTTP' from project 'PerfectHTTP')
SwiftCompile normal arm64 Compiling\ cURL.swift /Users/admin/builder/spi-builder-workspace/.dependencies/checkouts/Perfect-CURL/Sources/PerfectCURL/cURL.swift (in target 'PerfectCURL' from project 'PerfectCURL')
SwiftCompile normal arm64 /Users/admin/builder/spi-builder-workspace/.dependencies/checkouts/Perfect-CURL/Sources/PerfectCURL/cURL.swift (in target 'PerfectCURL' from project 'PerfectCURL')
cd /Users/admin/builder/spi-builder-workspace/.swiftpm/xcode
builtin-SwiftPerFileCompile cURL.swift
SwiftEmitModule normal arm64 Emitting\ module\ for\ PerfectCURL (in target 'PerfectCURL' from project 'PerfectCURL')
SwiftCompile normal arm64 (in target 'PerfectCURL' from project 'PerfectCURL')
cd /Users/admin/builder/spi-builder-workspace/.swiftpm/xcode
SwiftCompile normal arm64 Compiling\ CURLResponseInfos.swift /Users/admin/builder/spi-builder-workspace/.dependencies/checkouts/Perfect-CURL/Sources/PerfectCURL/CURLResponseInfos.swift (in target 'PerfectCURL' from project 'PerfectCURL')
SwiftCompile normal arm64 /Users/admin/builder/spi-builder-workspace/.dependencies/checkouts/Perfect-CURL/Sources/PerfectCURL/CURLResponseInfos.swift (in target 'PerfectCURL' from project 'PerfectCURL')
cd /Users/admin/builder/spi-builder-workspace/.swiftpm/xcode
builtin-SwiftPerFileCompile CURLResponseInfos.swift
SwiftCompile normal arm64 Compiling\ CURLRequestOptions.swift /Users/admin/builder/spi-builder-workspace/.dependencies/checkouts/Perfect-CURL/Sources/PerfectCURL/CURLRequestOptions.swift (in target 'PerfectCURL' from project 'PerfectCURL')
/Users/admin/builder/spi-builder-workspace/.dependencies/checkouts/Perfect-CURL/Sources/PerfectCURL/CURLRequestOptions.swift:126:19: error: cannot find 'CURLOPT_FTP_RESPONSE_TIMEOUT' in scope
124 | curl.setOption(CURLOPT_FTPPORT, s: optString)
125 | case .ftpResponseTimeout(let optInt):
126 | curl.setOption(CURLOPT_FTP_RESPONSE_TIMEOUT, int: optInt)
| `- error: cannot find 'CURLOPT_FTP_RESPONSE_TIMEOUT' in scope
127 | case .sshPublicKey(let optString):
128 | curl.setOption(CURLOPT_SSH_PUBLIC_KEYFILE, s: optString)
Failed frontend command:
/Applications/Xcode-27.0.0-Release.Candidate.app/Contents/Developer/Toolchains/XcodeDefault.xctoolchain/usr/bin/swift-frontend -frontend -c /Users/admin/builder/spi-builder-workspace/.dependencies/checkouts/Perfect-CURL/Sources/PerfectCURL/CURLRequest.swift -primary-file /Users/admin/builder/spi-builder-workspace/.dependencies/checkouts/Perfect-CURL/Sources/PerfectCURL/CURLRequestOptions.swift /Users/admin/builder/spi-builder-workspace/.dependencies/checkouts/Perfect-CURL/Sources/PerfectCURL/CURLResponse.swift /Users/admin/builder/spi-builder-workspace/.dependencies/checkouts/Perfect-CURL/Sources/PerfectCURL/CURLResponseInfos.swift /Users/admin/builder/spi-builder-workspace/.dependencies/checkouts/Perfect-CURL/Sources/PerfectCURL/cURL.swift -emit-dependencies-path /Users/admin/builder/spi-builder-workspace/.derivedData/Build/Intermediates.noindex/PerfectCURL.build/Debug/PerfectCURL-t.build/Objects-normal/arm64/CURLRequestOptions.d -emit-const-values-path /Users/admin/builder/spi-builder-workspace/.derivedData/Build/Intermediates.noindex/PerfectCURL.build/Debug/PerfectCURL-t.build/Objects-normal/arm64/CURLRequestOptions.swiftconstvalues -emit-reference-dependencies-path /Users/admin/builder/spi-builder-workspace/.derivedData/Build/Intermediates.noindex/PerfectCURL.build/Debug/PerfectCURL-t.build/Objects-normal/arm64/CURLRequestOptions.swiftdeps -serialize-diagnostics-path /Users/admin/builder/spi-builder-workspace/.derivedData/Build/Intermediates.noindex/PerfectCURL.build/Debug/PerfectCURL-t.build/Objects-normal/arm64/CURLRequestOptions.dia -target arm64-apple-macos12.0 -Xllvm -aarch64-use-tbi -enable-objc-interop -stack-check -sdk /Applications/Xcode-27.0.0-Release.Candidate.app/Contents/Developer/Platforms/MacOSX.platform/Developer/SDKs/MacOSX27.0.sdk -I /Users/admin/builder/spi-builder-workspace/.derivedData/Build/Products/Debug -Isystem /Applications/Xcode-27.0.0-Release.Candidate.app/Contents/Developer/Platforms/MacOSX.platform/Developer/usr/lib -F /Users/admin/builder/spi-builder-workspace/.derivedData/Build/Products/Debug/PackageFrameworks -F /Users/admin/builder/spi-builder-workspace/.derivedData/Build/Products/Debug -F /Applications/Xcode-27.0.0-Release.Candidate.app/Contents/Developer/Platforms/MacOSX.platform/Developer/Library/Frameworks -module-cache-path /Users/admin/builder/spi-builder-workspace/.derivedData/ModuleCache.noindex -no-color-diagnostics -Xcc -fno-color-diagnostics -enable-testing -g -debug-info-format\=dwarf -dwarf-version\=4 -suppress-warnings -profile-generate -profile-coverage-mapping -swift-version 4 -Onone -D SWIFT_PACKAGE -D DEBUG -D SWIFT_MODULE_RESOURCE_BUNDLE_UNAVAILABLE -D Xcode -serialize-debugging-options -enable-experimental-feature DebugDescriptionMacro -empty-abi-descriptor -plugin-path /Applications/Xcode-27.0.0-Release.Candidate.app/Contents/Developer/Toolchains/XcodeDefault.xctoolchain/usr/lib/swift/host/plugins/testing -validate-clang-modules-once -clang-build-session-file /Users/admin/builder/spi-builder-workspace/.derivedData/ModuleCache.noindex/Session.modulevalidation -Xcc -working-directory -Xcc /Users/admin/builder/spi-builder-workspace/.swiftpm/xcode -enable-anonymous-context-mangled-names -file-compilation-dir /Users/admin/builder/spi-builder-workspace/.swiftpm/xcode -Xcc -fmodule-map-file\=/Users/admin/builder/spi-builder-workspace/.dependencies/checkouts/Perfect-COpenSSL/COpenSSL/include/module.modulemap -Xcc -fmodule-map-file\=/Users/admin/builder/spi-builder-workspace/.dependencies/checkouts/Perfect-libcurl/module.modulemap -Xcc -D_LIBCPP_HARDENING_MODE\=_LIBCPP_HARDENING_MODE_DEBUG -Xcc -ivfsstatcache -Xcc /Users/admin/builder/spi-builder-workspace/.derivedData/SDKStatCaches.noindex/macosx27.0-26A425-e829b21a6f8c9b70876ba0858053c0446a22442a12e9d48fe1a705f55a1adfc4.sdkstatcache -Xcc -fmodules-prune-interval\=86400 -Xcc -fmodules-prune-after\=345600 -Xcc -I/Users/admin/builder/spi-builder-workspace/.dependencies/checkouts/Perfect-COpenSSL/COpenSSL/include -Xcc -I/Users/admin/builder/spi-builder-workspace/.derivedData/Build/Products/Debug/include -Xcc -I/Users/admin/builder/spi-builder-workspace/.derivedData/Build/Intermediates.noindex/PerfectCURL.build/Debug/PerfectCURL-t.build/DerivedSources-normal/arm64 -Xcc -I/Users/admin/builder/spi-builder-workspace/.derivedData/Build/Intermediates.noindex/PerfectCURL.build/Debug/PerfectCURL-t.build/DerivedSources/arm64 -Xcc -I/Users/admin/builder/spi-builder-workspace/.derivedData/Build/Intermediates.noindex/PerfectCURL.build/Debug/PerfectCURL-t.build/DerivedSources -Xcc -DSWIFT_PACKAGE -Xcc -DDEBUG\=1 -no-auto-bridging-header-chaining -module-name PerfectCURL -const-gather-protocols-file /Users/admin/builder/spi-builder-workspace/.derivedData/Build/Intermediates.noindex/PerfectCURL.build/Debug/PerfectCURL-t.build/Objects-normal/arm64/PerfectCURL_const_extract_protocols.json -disable-clang-spi -target-sdk-version 27.0 -target-sdk-name macosx27.0 -external-plugin-path /Applications/Xcode-27.0.0-Release.Candidate.app/Contents/Developer/Platforms/MacOSX.platform/Developer/usr/lib/swift/host/plugins\#/Applications/Xcode-27.0.0-Release.Candidate.app/Contents/Developer/Platforms/MacOSX.platform/Developer/usr/bin/swift-plugin-server -external-plugin-path /Applications/Xcode-27.0.0-Release.Candidate.app/Contents/Developer/Platforms/MacOSX.platform/Developer/usr/local/lib/swift/host/plugins\#/Applications/Xcode-27.0.0-Release.Candidate.app/Contents/Developer/Platforms/MacOSX.platform/Developer/usr/bin/swift-plugin-server -in-process-plugin-server-path /Applications/Xcode-27.0.0-Release.Candidate.app/Contents/Developer/Toolchains/XcodeDefault.xctoolchain/usr/lib/swift/host/libSwiftInProcPluginServer.dylib -plugin-path /Applications/Xcode-27.0.0-Release.Candidate.app/Contents/Developer/Toolchains/XcodeDefault.xctoolchain/usr/lib/swift/host/plugins -plugin-path /Applications/Xcode-27.0.0-Release.Candidate.app/Contents/Developer/Toolchains/XcodeDefault.xctoolchain/usr/local/lib/swift/host/plugins -parse-as-library -o /Users/admin/builder/spi-builder-workspace/.derivedData/Build/Intermediates.noindex/PerfectCURL.build/Debug/PerfectCURL-t.build/Objects-normal/arm64/CURLRequestOptions.o -index-unit-output-path /PerfectCURL.build/Debug/PerfectCURL-t.build/Objects-normal/arm64/CURLRequestOptions.o -index-store-path /Users/admin/builder/spi-builder-workspace/.derivedData/Index.noindex/DataStore -index-system-modules
SwiftCompile normal arm64 /Users/admin/builder/spi-builder-workspace/.dependencies/checkouts/Perfect-CURL/Sources/PerfectCURL/CURLRequestOptions.swift (in target 'PerfectCURL' from project 'PerfectCURL')
cd /Users/admin/builder/spi-builder-workspace/.swiftpm/xcode
builtin-SwiftPerFileCompile CURLRequestOptions.swift
SwiftDriverJobDiscovery normal arm64 Compiling HTTPHeaders.swift (in target 'PerfectHTTP' from project 'PerfectHTTP')
SwiftCompile normal arm64 Compiling\ CURLResponse.swift /Users/admin/builder/spi-builder-workspace/.dependencies/checkouts/Perfect-CURL/Sources/PerfectCURL/CURLResponse.swift (in target 'PerfectCURL' from project 'PerfectCURL')
SwiftCompile normal arm64 /Users/admin/builder/spi-builder-workspace/.dependencies/checkouts/Perfect-CURL/Sources/PerfectCURL/CURLResponse.swift (in target 'PerfectCURL' from project 'PerfectCURL')
cd /Users/admin/builder/spi-builder-workspace/.swiftpm/xcode
builtin-SwiftPerFileCompile CURLResponse.swift
SwiftDriverJobDiscovery normal arm64 Compiling NetTCPSSL.swift (in target 'PerfectNet' from project 'PerfectNet')
SwiftCompile normal arm64 Compiling\ CURLRequest.swift /Users/admin/builder/spi-builder-workspace/.dependencies/checkouts/Perfect-CURL/Sources/PerfectCURL/CURLRequest.swift (in target 'PerfectCURL' from project 'PerfectCURL')
SwiftCompile normal arm64 /Users/admin/builder/spi-builder-workspace/.dependencies/checkouts/Perfect-CURL/Sources/PerfectCURL/CURLRequest.swift (in target 'PerfectCURL' from project 'PerfectCURL')
cd /Users/admin/builder/spi-builder-workspace/.swiftpm/xcode
builtin-SwiftPerFileCompile CURLRequest.swift
SwiftDriverJobDiscovery normal arm64 Compiling StaticFileHandler.swift (in target 'PerfectHTTP' from project 'PerfectHTTP')
SwiftDriver\ Compilation PerfectNet normal arm64 com.apple.xcode.tools.swift.compiler (in target 'PerfectNet' from project 'PerfectNet')
cd /Users/admin/builder/spi-builder-workspace/.swiftpm/xcode
builtin-Swift-Compilation -- /Applications/Xcode-27.0.0-Release.Candidate.app/Contents/Developer/Toolchains/XcodeDefault.xctoolchain/usr/bin/swiftc -parse-as-library -module-name PerfectNet -Onone @/Users/admin/builder/spi-builder-workspace/.derivedData/Build/Intermediates.noindex/PerfectNet.build/Debug/PerfectNet-t.build/Objects-normal/arm64/PerfectNet.SwiftFileList -DSWIFT_PACKAGE -DDEBUG -DSWIFT_MODULE_RESOURCE_BUNDLE_UNAVAILABLE -Xcc -fmodule-map-file\=/Users/admin/builder/spi-builder-workspace/.dependencies/checkouts/Perfect-COpenSSL/COpenSSL/include/module.modulemap -DXcode -plugin-path /Applications/Xcode-27.0.0-Release.Candidate.app/Contents/Developer/Toolchains/XcodeDefault.xctoolchain/usr/lib/swift/host/plugins/testing -enable-experimental-feature DebugDescriptionMacro -sdk /Applications/Xcode-27.0.0-Release.Candidate.app/Contents/Developer/Platforms/MacOSX.platform/Developer/SDKs/MacOSX27.0.sdk -target arm64-apple-macos12.0 -g -module-cache-path /Users/admin/builder/spi-builder-workspace/.derivedData/ModuleCache.noindex -Xfrontend -serialize-debugging-options -profile-coverage-mapping -profile-generate -enable-testing -suppress-warnings -index-store-path /Users/admin/builder/spi-builder-workspace/.derivedData/Index.noindex/DataStore -Xcc -D_LIBCPP_HARDENING_MODE\=_LIBCPP_HARDENING_MODE_DEBUG -swift-version 4 -I /Users/admin/builder/spi-builder-workspace/.derivedData/Build/Products/Debug -Isystem /Applications/Xcode-27.0.0-Release.Candidate.app/Contents/Developer/Platforms/MacOSX.platform/Developer/usr/lib -F /Users/admin/builder/spi-builder-workspace/.derivedData/Build/Products/Debug/PackageFrameworks -F /Users/admin/builder/spi-builder-workspace/.derivedData/Build/Products/Debug -F /Applications/Xcode-27.0.0-Release.Candidate.app/Contents/Developer/Platforms/MacOSX.platform/Developer/Library/Frameworks -c -j10 -enable-batch-mode -incremental -Xcc -ivfsstatcache -Xcc /Users/admin/builder/spi-builder-workspace/.derivedData/SDKStatCaches.noindex/macosx27.0-26A425-e829b21a6f8c9b70876ba0858053c0446a22442a12e9d48fe1a705f55a1adfc4.sdkstatcache -output-file-map /Users/admin/builder/spi-builder-workspace/.derivedData/Build/Intermediates.noindex/PerfectNet.build/Debug/PerfectNet-t.build/Objects-normal/arm64/PerfectNet-OutputFileMap.json -save-temps -no-color-diagnostics -emit-dependencies -emit-module -emit-module-path /Users/admin/builder/spi-builder-workspace/.derivedData/Build/Intermediates.noindex/PerfectNet.build/Debug/PerfectNet-t.build/Objects-normal/arm64/PerfectNet.swiftmodule -serialize-diagnostics -validate-clang-modules-once -clang-build-session-file /Users/admin/builder/spi-builder-workspace/.derivedData/ModuleCache.noindex/Session.modulevalidation -Xcc -fmodules-prune-interval\=86400 -Xcc -fmodules-prune-after\=345600 -emit-const-values -const-gather-protocols-list /Users/admin/builder/spi-builder-workspace/.derivedData/Build/Intermediates.noindex/PerfectNet.build/Debug/PerfectNet-t.build/Objects-normal/arm64/PerfectNet_const_extract_protocols.json -Xcc -I/Users/admin/builder/spi-builder-workspace/.dependencies/checkouts/Perfect-COpenSSL/COpenSSL/include -Xcc -I/Users/admin/builder/spi-builder-workspace/.derivedData/Build/Products/Debug/include -Xcc -I/Users/admin/builder/spi-builder-workspace/.derivedData/Build/Intermediates.noindex/PerfectNet.build/Debug/PerfectNet-t.build/DerivedSources-normal/arm64 -Xcc -I/Users/admin/builder/spi-builder-workspace/.derivedData/Build/Intermediates.noindex/PerfectNet.build/Debug/PerfectNet-t.build/DerivedSources/arm64 -Xcc -I/Users/admin/builder/spi-builder-workspace/.derivedData/Build/Intermediates.noindex/PerfectNet.build/Debug/PerfectNet-t.build/DerivedSources -Xcc -DSWIFT_PACKAGE -Xcc -DDEBUG\=1 -emit-objc-header -emit-objc-header-path /Users/admin/builder/spi-builder-workspace/.derivedData/Build/Intermediates.noindex/PerfectNet.build/Debug/PerfectNet-t.build/Objects-normal/arm64/PerfectNet-Swift.h -working-directory /Users/admin/builder/spi-builder-workspace/.swiftpm/xcode -experimental-emit-module-separately -disable-cmo
SwiftDriverJobDiscovery normal arm64 Compiling MimeReader.swift (in target 'PerfectHTTP' from project 'PerfectHTTP')
Ld /Users/admin/builder/spi-builder-workspace/.derivedData/Build/Products/Debug/PerfectNet.o normal (in target 'PerfectNet' from project 'PerfectNet')
cd /Users/admin/builder/spi-builder-workspace/.dependencies/checkouts/Perfect-Net
/Applications/Xcode-27.0.0-Release.Candidate.app/Contents/Developer/Toolchains/XcodeDefault.xctoolchain/usr/bin/clang -Xlinker -reproducible -target arm64-apple-macos12.0 -r -isysroot /Applications/Xcode-27.0.0-Release.Candidate.app/Contents/Developer/Platforms/MacOSX.platform/Developer/SDKs/MacOSX27.0.sdk -O0 -w -Xlinker -no_warn_duplicate_libraries -F/Users/admin/builder/spi-builder-workspace/.derivedData/Build/Intermediates.noindex/EagerLinkingTBDs/Debug -F/Users/admin/builder/spi-builder-workspace/.derivedData/Build/Products/Debug/PackageFrameworks -F/Users/admin/builder/spi-builder-workspace/.derivedData/Build/Products/Debug -iframework /Applications/Xcode-27.0.0-Release.Candidate.app/Contents/Developer/Platforms/MacOSX.platform/Developer/Library/Frameworks -filelist /Users/admin/builder/spi-builder-workspace/.derivedData/Build/Intermediates.noindex/PerfectNet.build/Debug/PerfectNet-t.build/Objects-normal/arm64/PerfectNet.LinkFileList -nostdlib -Xlinker -object_path_lto -Xlinker /Users/admin/builder/spi-builder-workspace/.derivedData/Build/Intermediates.noindex/PerfectNet.build/Debug/PerfectNet-t.build/Objects-normal/arm64/PerfectNet_lto.o -Xlinker -no_deduplicate -Xlinker -debug_variant -Xlinker -dependency_info -Xlinker /Users/admin/builder/spi-builder-workspace/.derivedData/Build/Intermediates.noindex/PerfectNet.build/Debug/PerfectNet-t.build/Objects-normal/arm64/PerfectNet_dependency_info.dat -fobjc-link-runtime -L/Applications/Xcode-27.0.0-Release.Candidate.app/Contents/Developer/Toolchains/XcodeDefault.xctoolchain/usr/lib/swift/macosx -L/usr/lib/swift -Xlinker -add_ast_path -Xlinker /Users/admin/builder/spi-builder-workspace/.derivedData/Build/Intermediates.noindex/PerfectNet.build/Debug/PerfectNet-t.build/Objects-normal/arm64/PerfectNet.swiftmodule -o /Users/admin/builder/spi-builder-workspace/.derivedData/Build/Products/Debug/PerfectNet.o
ExtractAppIntentsMetadata (in target 'PerfectNet' from project 'PerfectNet')
cd /Users/admin/builder/spi-builder-workspace/.dependencies/checkouts/Perfect-Net
/Applications/Xcode-27.0.0-Release.Candidate.app/Contents/Developer/Toolchains/XcodeDefault.xctoolchain/usr/bin/appintentsmetadataprocessor --toolchain-dir /var/run/com.apple.security.cryptexd/mnt/com.apple.MobileAsset.MetalToolchain-v27.1.266.1.4raYeX/Metal.xctoolchain --module-name PerfectNet --sdk-root /Applications/Xcode-27.0.0-Release.Candidate.app/Contents/Developer/Platforms/MacOSX.platform/Developer/SDKs/MacOSX27.0.sdk --xcode-version 27A266a --platform-family macOS --deployment-target 12.0 --bundle-identifier perfect-net.PerfectNet --output /Users/admin/builder/spi-builder-workspace/.derivedData/Build/Products/Debug/PerfectNet.appintents --target-triple arm64-apple-macos12.0 --binary-file /Users/admin/builder/spi-builder-workspace/.derivedData/Build/Products/Debug/PerfectNet.o --dependency-file /Users/admin/builder/spi-builder-workspace/.derivedData/Build/Intermediates.noindex/PerfectNet.build/Debug/PerfectNet-t.build/Objects-normal/arm64/PerfectNet_dependency_info.dat --stringsdata-file /Users/admin/builder/spi-builder-workspace/.derivedData/Build/Intermediates.noindex/PerfectNet.build/Debug/PerfectNet-t.build/Objects-normal/arm64/ExtractedAppShortcutsMetadata.stringsdata --source-file-list /Users/admin/builder/spi-builder-workspace/.derivedData/Build/Intermediates.noindex/PerfectNet.build/Debug/PerfectNet-t.build/Objects-normal/arm64/PerfectNet.SwiftFileList --metadata-file-list /Users/admin/builder/spi-builder-workspace/.derivedData/Build/Intermediates.noindex/PerfectNet.build/Debug/PerfectNet-t.build/PerfectNet.DependencyMetadataFileList --static-metadata-file-list /Users/admin/builder/spi-builder-workspace/.derivedData/Build/Intermediates.noindex/PerfectNet.build/Debug/PerfectNet-t.build/PerfectNet.DependencyStaticMetadataFileList --swift-const-vals-list /Users/admin/builder/spi-builder-workspace/.derivedData/Build/Intermediates.noindex/PerfectNet.build/Debug/PerfectNet-t.build/Objects-normal/arm64/PerfectNet.SwiftConstValuesFileList --force --compile-time-extraction --deployment-aware-processing --no-app-shortcuts-localization
2026-09-19 21:30:57.121 appintentsmetadataprocessor[1411:7013] Starting appintentsmetadataprocessor export
2026-09-19 21:30:57.195 appintentsmetadataprocessor[1411:7013] Extracted no relevant App Intents symbols, skipping writing output
SwiftDriverJobDiscovery normal arm64 Compiling TypedRoutes.swift (in target 'PerfectHTTP' from project 'PerfectHTTP')
SwiftDriverJobDiscovery normal arm64 Compiling Routing.swift (in target 'PerfectHTTP' from project 'PerfectHTTP')
SwiftDriverJobDiscovery normal arm64 Emitting module for PerfectCURL (in target 'PerfectCURL' from project 'PerfectCURL')
SwiftDriver\ Compilation\ Requirements PerfectCURL normal arm64 com.apple.xcode.tools.swift.compiler (in target 'PerfectCURL' from project 'PerfectCURL')
cd /Users/admin/builder/spi-builder-workspace/.swiftpm/xcode
builtin-Swift-Compilation-Requirements -- /Applications/Xcode-27.0.0-Release.Candidate.app/Contents/Developer/Toolchains/XcodeDefault.xctoolchain/usr/bin/swiftc -parse-as-library -module-name PerfectCURL -Onone @/Users/admin/builder/spi-builder-workspace/.derivedData/Build/Intermediates.noindex/PerfectCURL.build/Debug/PerfectCURL-t.build/Objects-normal/arm64/PerfectCURL.SwiftFileList -DSWIFT_PACKAGE -DDEBUG -DSWIFT_MODULE_RESOURCE_BUNDLE_UNAVAILABLE -Xcc -fmodule-map-file\=/Users/admin/builder/spi-builder-workspace/.dependencies/checkouts/Perfect-COpenSSL/COpenSSL/include/module.modulemap -Xcc -fmodule-map-file\=/Users/admin/builder/spi-builder-workspace/.dependencies/checkouts/Perfect-libcurl/module.modulemap -DXcode -plugin-path /Applications/Xcode-27.0.0-Release.Candidate.app/Contents/Developer/Toolchains/XcodeDefault.xctoolchain/usr/lib/swift/host/plugins/testing -enable-experimental-feature DebugDescriptionMacro -sdk /Applications/Xcode-27.0.0-Release.Candidate.app/Contents/Developer/Platforms/MacOSX.platform/Developer/SDKs/MacOSX27.0.sdk -target arm64-apple-macos12.0 -g -module-cache-path /Users/admin/builder/spi-builder-workspace/.derivedData/ModuleCache.noindex -Xfrontend -serialize-debugging-options -profile-coverage-mapping -profile-generate -enable-testing -suppress-warnings -index-store-path /Users/admin/builder/spi-builder-workspace/.derivedData/Index.noindex/DataStore -Xcc -D_LIBCPP_HARDENING_MODE\=_LIBCPP_HARDENING_MODE_DEBUG -swift-version 4 -I /Users/admin/builder/spi-builder-workspace/.derivedData/Build/Products/Debug -Isystem /Applications/Xcode-27.0.0-Release.Candidate.app/Contents/Developer/Platforms/MacOSX.platform/Developer/usr/lib -F /Users/admin/builder/spi-builder-workspace/.derivedData/Build/Products/Debug/PackageFrameworks -F /Users/admin/builder/spi-builder-workspace/.derivedData/Build/Products/Debug -F /Applications/Xcode-27.0.0-Release.Candidate.app/Contents/Developer/Platforms/MacOSX.platform/Developer/Library/Frameworks -c -j10 -enable-batch-mode -incremental -Xcc -ivfsstatcache -Xcc /Users/admin/builder/spi-builder-workspace/.derivedData/SDKStatCaches.noindex/macosx27.0-26A425-e829b21a6f8c9b70876ba0858053c0446a22442a12e9d48fe1a705f55a1adfc4.sdkstatcache -output-file-map /Users/admin/builder/spi-builder-workspace/.derivedData/Build/Intermediates.noindex/PerfectCURL.build/Debug/PerfectCURL-t.build/Objects-normal/arm64/PerfectCURL-OutputFileMap.json -save-temps -no-color-diagnostics -emit-dependencies -emit-module -emit-module-path /Users/admin/builder/spi-builder-workspace/.derivedData/Build/Intermediates.noindex/PerfectCURL.build/Debug/PerfectCURL-t.build/Objects-normal/arm64/PerfectCURL.swiftmodule -serialize-diagnostics -validate-clang-modules-once -clang-build-session-file /Users/admin/builder/spi-builder-workspace/.derivedData/ModuleCache.noindex/Session.modulevalidation -Xcc -fmodules-prune-interval\=86400 -Xcc -fmodules-prune-after\=345600 -emit-const-values -const-gather-protocols-list /Users/admin/builder/spi-builder-workspace/.derivedData/Build/Intermediates.noindex/PerfectCURL.build/Debug/PerfectCURL-t.build/Objects-normal/arm64/PerfectCURL_const_extract_protocols.json -Xcc -I/Users/admin/builder/spi-builder-workspace/.dependencies/checkouts/Perfect-COpenSSL/COpenSSL/include -Xcc -I/Users/admin/builder/spi-builder-workspace/.derivedData/Build/Products/Debug/include -Xcc -I/Users/admin/builder/spi-builder-workspace/.derivedData/Build/Intermediates.noindex/PerfectCURL.build/Debug/PerfectCURL-t.build/DerivedSources-normal/arm64 -Xcc -I/Users/admin/builder/spi-builder-workspace/.derivedData/Build/Intermediates.noindex/PerfectCURL.build/Debug/PerfectCURL-t.build/DerivedSources/arm64 -Xcc -I/Users/admin/builder/spi-builder-workspace/.derivedData/Build/Intermediates.noindex/PerfectCURL.build/Debug/PerfectCURL-t.build/DerivedSources -Xcc -DSWIFT_PACKAGE -Xcc -DDEBUG\=1 -emit-objc-header -emit-objc-header-path /Users/admin/builder/spi-builder-workspace/.derivedData/Build/Intermediates.noindex/PerfectCURL.build/Debug/PerfectCURL-t.build/Objects-normal/arm64/PerfectCURL-Swift.h -working-directory /Users/admin/builder/spi-builder-workspace/.swiftpm/xcode -experimental-emit-module-separately -disable-cmo
SwiftDriverJobDiscovery normal arm64 Compiling CURLResponseInfos.swift (in target 'PerfectCURL' from project 'PerfectCURL')
SwiftMergeGeneratedHeaders /Users/admin/builder/spi-builder-workspace/.derivedData/Build/Intermediates.noindex/GeneratedModuleMaps/PerfectCURL-Swift.h /Users/admin/builder/spi-builder-workspace/.derivedData/Build/Intermediates.noindex/PerfectCURL.build/Debug/PerfectCURL-t.build/Objects-normal/arm64/PerfectCURL-Swift.h (in target 'PerfectCURL' from project 'PerfectCURL')
cd /Users/admin/builder/spi-builder-workspace/.dependencies/checkouts/Perfect-CURL
builtin-swiftHeaderTool -arch arm64 /Users/admin/builder/spi-builder-workspace/.derivedData/Build/Intermediates.noindex/PerfectCURL.build/Debug/PerfectCURL-t.build/Objects-normal/arm64/PerfectCURL-Swift.h -o /Users/admin/builder/spi-builder-workspace/.derivedData/Build/Intermediates.noindex/GeneratedModuleMaps/PerfectCURL-Swift.h
Copy /Users/admin/builder/spi-builder-workspace/.derivedData/Build/Products/Debug/PerfectCURL.swiftmodule/arm64-apple-macos.swiftdoc /Users/admin/builder/spi-builder-workspace/.derivedData/Build/Intermediates.noindex/PerfectCURL.build/Debug/PerfectCURL-t.build/Objects-normal/arm64/PerfectCURL.swiftdoc (in target 'PerfectCURL' from project 'PerfectCURL')
cd /Users/admin/builder/spi-builder-workspace/.dependencies/checkouts/Perfect-CURL
builtin-copy -exclude .DS_Store -exclude CVS -exclude .svn -exclude .git -exclude .hg -resolve-src-symlinks -rename /Users/admin/builder/spi-builder-workspace/.derivedData/Build/Intermediates.noindex/PerfectCURL.build/Debug/PerfectCURL-t.build/Objects-normal/arm64/PerfectCURL.swiftdoc /Users/admin/builder/spi-builder-workspace/.derivedData/Build/Products/Debug/PerfectCURL.swiftmodule/arm64-apple-macos.swiftdoc
Copy /Users/admin/builder/spi-builder-workspace/.derivedData/Build/Products/Debug/PerfectCURL.swiftmodule/arm64-apple-macos.swiftmodule /Users/admin/builder/spi-builder-workspace/.derivedData/Build/Intermediates.noindex/PerfectCURL.build/Debug/PerfectCURL-t.build/Objects-normal/arm64/PerfectCURL.swiftmodule (in target 'PerfectCURL' from project 'PerfectCURL')
cd /Users/admin/builder/spi-builder-workspace/.dependencies/checkouts/Perfect-CURL
builtin-copy -exclude .DS_Store -exclude CVS -exclude .svn -exclude .git -exclude .hg -resolve-src-symlinks -rename /Users/admin/builder/spi-builder-workspace/.derivedData/Build/Intermediates.noindex/PerfectCURL.build/Debug/PerfectCURL-t.build/Objects-normal/arm64/PerfectCURL.swiftmodule /Users/admin/builder/spi-builder-workspace/.derivedData/Build/Products/Debug/PerfectCURL.swiftmodule/arm64-apple-macos.swiftmodule
Copy /Users/admin/builder/spi-builder-workspace/.derivedData/Build/Products/Debug/PerfectCURL.swiftmodule/arm64-apple-macos.abi.json /Users/admin/builder/spi-builder-workspace/.derivedData/Build/Intermediates.noindex/PerfectCURL.build/Debug/PerfectCURL-t.build/Objects-normal/arm64/PerfectCURL.abi.json (in target 'PerfectCURL' from project 'PerfectCURL')
cd /Users/admin/builder/spi-builder-workspace/.dependencies/checkouts/Perfect-CURL
builtin-copy -exclude .DS_Store -exclude CVS -exclude .svn -exclude .git -exclude .hg -resolve-src-symlinks -rename /Users/admin/builder/spi-builder-workspace/.derivedData/Build/Intermediates.noindex/PerfectCURL.build/Debug/PerfectCURL-t.build/Objects-normal/arm64/PerfectCURL.abi.json /Users/admin/builder/spi-builder-workspace/.derivedData/Build/Products/Debug/PerfectCURL.swiftmodule/arm64-apple-macos.abi.json
Copy /Users/admin/builder/spi-builder-workspace/.derivedData/Build/Products/Debug/PerfectCURL.swiftmodule/Project/arm64-apple-macos.swiftsourceinfo /Users/admin/builder/spi-builder-workspace/.derivedData/Build/Intermediates.noindex/PerfectCURL.build/Debug/PerfectCURL-t.build/Objects-normal/arm64/PerfectCURL.swiftsourceinfo (in target 'PerfectCURL' from project 'PerfectCURL')
cd /Users/admin/builder/spi-builder-workspace/.dependencies/checkouts/Perfect-CURL
builtin-copy -exclude .DS_Store -exclude CVS -exclude .svn -exclude .git -exclude .hg -resolve-src-symlinks -rename /Users/admin/builder/spi-builder-workspace/.derivedData/Build/Intermediates.noindex/PerfectCURL.build/Debug/PerfectCURL-t.build/Objects-normal/arm64/PerfectCURL.swiftsourceinfo /Users/admin/builder/spi-builder-workspace/.derivedData/Build/Products/Debug/PerfectCURL.swiftmodule/Project/arm64-apple-macos.swiftsourceinfo
SwiftDriver PerfectAPIClient normal arm64 com.apple.xcode.tools.swift.compiler (in target 'PerfectAPIClient' from project 'PerfectAPIClient')
cd /Users/admin/builder/spi-builder-workspace/.swiftpm/xcode
builtin-SwiftDriver -- /Applications/Xcode-27.0.0-Release.Candidate.app/Contents/Developer/Toolchains/XcodeDefault.xctoolchain/usr/bin/swiftc -parse-as-library -module-name PerfectAPIClient -Onone @/Users/admin/builder/spi-builder-workspace/.derivedData/Build/Intermediates.noindex/PerfectAPIClient.build/Debug/PerfectAPIClient-t.build/Objects-normal/arm64/PerfectAPIClient.SwiftFileList -DSWIFT_PACKAGE -DDEBUG -DSWIFT_MODULE_RESOURCE_BUNDLE_UNAVAILABLE -Xcc -fmodule-map-file\=/Users/admin/builder/spi-builder-workspace/.dependencies/checkouts/Perfect-COpenSSL/COpenSSL/include/module.modulemap -Xcc -fmodule-map-file\=/Users/admin/builder/spi-builder-workspace/.dependencies/checkouts/Perfect-libcurl/module.modulemap -DXcode -plugin-path /Applications/Xcode-27.0.0-Release.Candidate.app/Contents/Developer/Toolchains/XcodeDefault.xctoolchain/usr/lib/swift/host/plugins/testing -enable-experimental-feature DebugDescriptionMacro -sdk /Applications/Xcode-27.0.0-Release.Candidate.app/Contents/Developer/Platforms/MacOSX.platform/Developer/SDKs/MacOSX27.0.sdk -target arm64-apple-macos12.0 -g -module-cache-path /Users/admin/builder/spi-builder-workspace/.derivedData/ModuleCache.noindex -Xfrontend -serialize-debugging-options -profile-coverage-mapping -profile-generate -enable-testing -index-store-path /Users/admin/builder/spi-builder-workspace/.derivedData/Index.noindex/DataStore -Xcc -D_LIBCPP_HARDENING_MODE\=_LIBCPP_HARDENING_MODE_DEBUG -swift-version 4 -I /Users/admin/builder/spi-builder-workspace/.derivedData/Build/Products/Debug -Isystem /Applications/Xcode-27.0.0-Release.Candidate.app/Contents/Developer/Platforms/MacOSX.platform/Developer/usr/lib -F /Users/admin/builder/spi-builder-workspace/.derivedData/Build/Products/Debug/PackageFrameworks -F /Users/admin/builder/spi-builder-workspace/.derivedData/Build/Products/Debug -F /Applications/Xcode-27.0.0-Release.Candidate.app/Contents/Developer/Platforms/MacOSX.platform/Developer/Library/Frameworks -c -j10 -enable-batch-mode -incremental -Xcc -ivfsstatcache -Xcc /Users/admin/builder/spi-builder-workspace/.derivedData/SDKStatCaches.noindex/macosx27.0-26A425-e829b21a6f8c9b70876ba0858053c0446a22442a12e9d48fe1a705f55a1adfc4.sdkstatcache -output-file-map /Users/admin/builder/spi-builder-workspace/.derivedData/Build/Intermediates.noindex/PerfectAPIClient.build/Debug/PerfectAPIClient-t.build/Objects-normal/arm64/PerfectAPIClient-OutputFileMap.json -save-temps -no-color-diagnostics -emit-dependencies -emit-module -emit-module-path /Users/admin/builder/spi-builder-workspace/.derivedData/Build/Intermediates.noindex/PerfectAPIClient.build/Debug/PerfectAPIClient-t.build/Objects-normal/arm64/PerfectAPIClient.swiftmodule -serialize-diagnostics -validate-clang-modules-once -clang-build-session-file /Users/admin/builder/spi-builder-workspace/.derivedData/ModuleCache.noindex/Session.modulevalidation -Xcc -fmodules-prune-interval\=86400 -Xcc -fmodules-prune-after\=345600 -emit-const-values -const-gather-protocols-list /Users/admin/builder/spi-builder-workspace/.derivedData/Build/Intermediates.noindex/PerfectAPIClient.build/Debug/PerfectAPIClient-t.build/Objects-normal/arm64/PerfectAPIClient_const_extract_protocols.json -Xcc -I/Users/admin/builder/spi-builder-workspace/.dependencies/checkouts/Perfect-COpenSSL/COpenSSL/include -Xcc -I/Users/admin/builder/spi-builder-workspace/.derivedData/Build/Products/Debug/include -Xcc -I/Users/admin/builder/spi-builder-workspace/.derivedData/Build/Intermediates.noindex/PerfectAPIClient.build/Debug/PerfectAPIClient-t.build/DerivedSources-normal/arm64 -Xcc -I/Users/admin/builder/spi-builder-workspace/.derivedData/Build/Intermediates.noindex/PerfectAPIClient.build/Debug/PerfectAPIClient-t.build/DerivedSources/arm64 -Xcc -I/Users/admin/builder/spi-builder-workspace/.derivedData/Build/Intermediates.noindex/PerfectAPIClient.build/Debug/PerfectAPIClient-t.build/DerivedSources -Xcc -DSWIFT_PACKAGE -Xcc -DDEBUG\=1 -emit-objc-header -emit-objc-header-path /Users/admin/builder/spi-builder-workspace/.derivedData/Build/Intermediates.noindex/PerfectAPIClient.build/Debug/PerfectAPIClient-t.build/Objects-normal/arm64/PerfectAPIClient-Swift.h -working-directory /Users/admin/builder/spi-builder-workspace/.swiftpm/xcode -experimental-emit-module-separately -disable-cmo
SwiftCompile normal arm64 Compiling\ APIClient.swift /Users/admin/builder/spi-builder-workspace/Sources/PerfectAPIClient/APIClient.swift (in target 'PerfectAPIClient' from project 'PerfectAPIClient')
SwiftCompile normal arm64 /Users/admin/builder/spi-builder-workspace/Sources/PerfectAPIClient/APIClient.swift (in target 'PerfectAPIClient' from project 'PerfectAPIClient')
cd /Users/admin/builder/spi-builder-workspace/.swiftpm/xcode
builtin-SwiftPerFileCompile APIClient.swift
SwiftCompile normal arm64 Compiling\ APIClientEnvironment.swift /Users/admin/builder/spi-builder-workspace/Sources/PerfectAPIClient/Environment/APIClientEnvironment.swift (in target 'PerfectAPIClient' from project 'PerfectAPIClient')
SwiftCompile normal arm64 /Users/admin/builder/spi-builder-workspace/Sources/PerfectAPIClient/Environment/APIClientEnvironment.swift (in target 'PerfectAPIClient' from project 'PerfectAPIClient')
cd /Users/admin/builder/spi-builder-workspace/.swiftpm/xcode
builtin-SwiftPerFileCompile APIClientEnvironment.swift
SwiftCompile normal arm64 Compiling\ APIClientProtocolExtension.swift /Users/admin/builder/spi-builder-workspace/Sources/PerfectAPIClient/APIClientProtocolExtension.swift (in target 'PerfectAPIClient' from project 'PerfectAPIClient')
SwiftCompile normal arm64 /Users/admin/builder/spi-builder-workspace/Sources/PerfectAPIClient/APIClientProtocolExtension.swift (in target 'PerfectAPIClient' from project 'PerfectAPIClient')
cd /Users/admin/builder/spi-builder-workspace/.swiftpm/xcode
builtin-SwiftPerFileCompile APIClientProtocolExtension.swift
SwiftCompile normal arm64 Compiling\ APIClientEnvironmentManager.swift /Users/admin/builder/spi-builder-workspace/Sources/PerfectAPIClient/Environment/APIClientEnvironmentManager.swift (in target 'PerfectAPIClient' from project 'PerfectAPIClient')
SwiftCompile normal arm64 /Users/admin/builder/spi-builder-workspace/Sources/PerfectAPIClient/Environment/APIClientEnvironmentManager.swift (in target 'PerfectAPIClient' from project 'PerfectAPIClient')
cd /Users/admin/builder/spi-builder-workspace/.swiftpm/xcode
builtin-SwiftPerFileCompile APIClientEnvironmentManager.swift
SwiftEmitModule normal arm64 Emitting\ module\ for\ PerfectAPIClient (in target 'PerfectAPIClient' from project 'PerfectAPIClient')
SwiftCompile normal arm64 (in target 'PerfectAPIClient' from project 'PerfectAPIClient')
cd /Users/admin/builder/spi-builder-workspace/.swiftpm/xcode
PruneExplicitPrecompiledModules /Users/admin/builder/spi-builder-workspace/.derivedData/Build/Intermediates.noindex/ExplicitPrecompiledModules
PruneExplicitPrecompiledModules /Users/admin/builder/spi-builder-workspace/.derivedData/Build/Intermediates.noindex/SwiftExplicitPrecompiledModules
PruneExplicitPrecompiledModules /Users/admin/builder/spi-builder-workspace/.derivedData/SDKExplicitPrecompiledModules
2026-09-19 21:30:43.411 xcodebuild[994:5620] [MT] IDERunDestination: Supported platforms for the buildables in the current scheme is empty.
--- xcodebuild: WARNING: Using the first of multiple matching destinations:
{ platform:macOS, arch:arm64, id:6d4f1034ad8120e7c3cb39ad2af7c9f6957c7d6b, name:My Mac }
{ platform:macOS, arch:arm64, variant:Mac Catalyst, id:6d4f1034ad8120e7c3cb39ad2af7c9f6957c7d6b, name:My Mac }
{ platform:macOS, arch:arm64, variant:DriverKit, id:6d4f1034ad8120e7c3cb39ad2af7c9f6957c7d6b, name:My Mac }
{ platform:macOS, arch:arm64, variant:Designed for [iPad,iPhone], id:6d4f1034ad8120e7c3cb39ad2af7c9f6957c7d6b, name:My Mac }
** BUILD FAILED **
The following build commands failed:
SwiftCompile normal arm64 Compiling\ CURLRequestOptions.swift /Users/admin/builder/spi-builder-workspace/.dependencies/checkouts/Perfect-CURL/Sources/PerfectCURL/CURLRequestOptions.swift (in target 'PerfectCURL' from project 'PerfectCURL')
SwiftCompile normal arm64 /Users/admin/builder/spi-builder-workspace/.dependencies/checkouts/Perfect-CURL/Sources/PerfectCURL/CURLRequestOptions.swift (in target 'PerfectCURL' from project 'PerfectCURL')
Building workspace PerfectAPIClient with scheme PerfectAPIClient
(3 failures)
Command line invocation:
/Applications/Xcode-27.0.0-Release.Candidate.app/Contents/Developer/usr/bin/xcodebuild -IDEClonedSourcePackagesDirPathOverride=/Users/admin/builder/spi-builder-workspace/.dependencies -resolvePackageDependencies
Resolve Package Graph
ignoring declared target(s) 'cURL' in the system packageyou may be able to install libcurl using your system-packager:
brew install curl
Resolved source packages:
ObjectMapper: https://github.com/Hearst-DD/ObjectMapper.git @ 3.5.3
PerfectCURL: https://github.com/PerfectlySoft/Perfect-CURL.git @ 3.1.0
cURL: https://github.com/PerfectlySoft/Perfect-libcurl.git @ 2.1.0
PerfectLib: https://github.com/PerfectlySoft/PerfectLib.git @ 3.1.4
PerfectCrypto: https://github.com/PerfectlySoft/Perfect-Crypto.git @ 3.3.0
PerfectThread: https://github.com/PerfectlySoft/Perfect-Thread.git @ 3.0.7
PerfectNet: https://github.com/PerfectlySoft/Perfect-Net.git @ 3.3.0
PerfectHTTP: https://github.com/PerfectlySoft/Perfect-HTTP.git @ 3.3.0
COpenSSL: https://github.com/PerfectlySoft/Perfect-COpenSSL.git @ 4.0.2
PerfectAPIClient: /Users/admin/builder/spi-builder-workspace
resolved source packages: ObjectMapper, PerfectCURL, cURL, PerfectLib, PerfectCrypto, PerfectThread, PerfectNet, PerfectHTTP, COpenSSL, PerfectAPIClient
2026-09-19 21:30:58.520 xcodebuild[1412:7058] [MT] IDERunDestination: Supported platforms for the buildables in the current scheme is empty.
{
"dependencies" : [
{
"identity" : "perfect-http",
"requirement" : {
"range" : [
{
"lower_bound" : "3.0.0",
"upper_bound" : "4.0.0"
}
]
},
"type" : "sourceControl",
"url" : "https://github.com/PerfectlySoft/Perfect-HTTP.git"
},
{
"identity" : "perfect-curl",
"requirement" : {
"range" : [
{
"lower_bound" : "3.0.0",
"upper_bound" : "4.0.0"
}
]
},
"type" : "sourceControl",
"url" : "https://github.com/PerfectlySoft/Perfect-CURL.git"
},
{
"identity" : "objectmapper",
"requirement" : {
"range" : [
{
"lower_bound" : "3.0.0",
"upper_bound" : "4.0.0"
}
]
},
"type" : "sourceControl",
"url" : "https://github.com/Hearst-DD/ObjectMapper.git"
}
],
"manifest_display_name" : "PerfectAPIClient",
"name" : "PerfectAPIClient",
"path" : "/Users/admin/builder/spi-builder-workspace",
"platforms" : [
],
"products" : [
{
"name" : "PerfectAPIClient",
"targets" : [
"PerfectAPIClient"
],
"type" : {
"library" : [
"automatic"
]
}
}
],
"targets" : [
{
"c99name" : "PerfectAPIClientTests",
"module_type" : "SwiftTarget",
"name" : "PerfectAPIClientTests",
"path" : "Tests/PerfectAPIClientTests",
"sources" : [
"GithubAPI/GithubAPIClient.swift",
"GithubAPI/Models/Repository.swift",
"GithubAPI/Models/User.swift",
"JSONPlaceholderAPI/JSONPlaceholderAPI.swift",
"JSONPlaceholderAPI/Models/Post.swift",
"PerfectAPIClientTests.swift"
],
"target_dependencies" : [
"PerfectAPIClient"
],
"type" : "test"
},
{
"c99name" : "PerfectAPIClient",
"module_type" : "SwiftTarget",
"name" : "PerfectAPIClient",
"path" : "Sources/PerfectAPIClient",
"product_dependencies" : [
"PerfectHTTP",
"PerfectCURL",
"ObjectMapper"
],
"product_memberships" : [
"PerfectAPIClient"
],
"sources" : [
"APIClient.swift",
"APIClientProtocolExtension.swift",
"Environment/APIClientEnvironment.swift",
"Environment/APIClientEnvironmentManager.swift",
"Extensions/JSONCustomStringConvertible.swift",
"Models/APIClientError.swift",
"Models/APIClientRequest.swift",
"Models/APIClientResponse.swift",
"Result/APIClientResult.swift"
],
"type" : "library"
}
],
"tools_version" : "4.0"
}
{
"workspace" : {
"name" : "PerfectAPIClient",
"schemes" : [
"PerfectAPIClient"
]
}
}
2026-09-19 21:30:59.897 xcodebuild[1427:7135] [MT] IDERunDestination: Supported platforms for the buildables in the current scheme is empty.
Running build ...
env DEVELOPER_DIR=/Applications/Xcode-27.0.0-Release.Candidate.app xcrun xcodebuild -IDEClonedSourcePackagesDirPathOverride=$PWD/.dependencies -skipMacroValidation -skipPackagePluginValidation -derivedDataPath $PWD/.derivedData build -scheme PerfectAPIClient -destination platform=macOS,arch=arm64
Command line invocation:
/Applications/Xcode-27.0.0-Release.Candidate.app/Contents/Developer/usr/bin/xcodebuild -IDEClonedSourcePackagesDirPathOverride=/Users/admin/builder/spi-builder-workspace/.dependencies -skipMacroValidation -skipPackagePluginValidation -derivedDataPath /Users/admin/builder/spi-builder-workspace/.derivedData build -scheme PerfectAPIClient -destination platform=macOS,arch=arm64
Resolve Package Graph
ignoring declared target(s) 'cURL' in the system packageyou may be able to install libcurl using your system-packager:
brew install curl
Resolved source packages:
ObjectMapper: https://github.com/Hearst-DD/ObjectMapper.git @ 3.5.3
PerfectAPIClient: /Users/admin/builder/spi-builder-workspace
PerfectCURL: https://github.com/PerfectlySoft/Perfect-CURL.git @ 3.1.0
PerfectNet: https://github.com/PerfectlySoft/Perfect-Net.git @ 3.3.0
PerfectCrypto: https://github.com/PerfectlySoft/Perfect-Crypto.git @ 3.3.0
PerfectThread: https://github.com/PerfectlySoft/Perfect-Thread.git @ 3.0.7
cURL: https://github.com/PerfectlySoft/Perfect-libcurl.git @ 2.1.0
PerfectLib: https://github.com/PerfectlySoft/PerfectLib.git @ 3.1.4
COpenSSL: https://github.com/PerfectlySoft/Perfect-COpenSSL.git @ 4.0.2
PerfectHTTP: https://github.com/PerfectlySoft/Perfect-HTTP.git @ 3.3.0
ComputePackagePrebuildTargetDependencyGraph
Prepare packages
CreateBuildRequest
SendProjectDescription
CreateBuildOperation
ComputeTargetDependencyGraph
note: Building targets in dependency order
note: Target dependency graph (19 targets)
Target 'PerfectAPIClient-product' in project 'PerfectAPIClient'
➜ Explicit dependency on target 'PerfectAPIClient' in project 'PerfectAPIClient'
➜ Explicit dependency on target 'PerfectHTTP-product' in project 'PerfectHTTP'
➜ Explicit dependency on target 'PerfectCURL-product' in project 'PerfectCURL'
➜ Explicit dependency on target 'ObjectMapper-product' in project 'ObjectMapper'
Target 'PerfectAPIClient' in project 'PerfectAPIClient'
➜ Explicit dependency on target 'PerfectHTTP-product' in project 'PerfectHTTP'
➜ Explicit dependency on target 'PerfectCURL-product' in project 'PerfectCURL'
➜ Explicit dependency on target 'ObjectMapper-product' in project 'ObjectMapper'
Target 'ObjectMapper-product' in project 'ObjectMapper'
➜ Explicit dependency on target 'ObjectMapper' in project 'ObjectMapper'
Target 'ObjectMapper' in project 'ObjectMapper' (no dependencies)
Target 'PerfectCURL-product' in project 'PerfectCURL'
➜ Explicit dependency on target 'PerfectCURL' in project 'PerfectCURL'
➜ Explicit dependency on target 'PerfectHTTP-product' in project 'PerfectHTTP'
Target 'PerfectCURL' in project 'PerfectCURL'
➜ Explicit dependency on target 'cURL' in project 'cURL'
➜ Explicit dependency on target 'PerfectHTTP-product' in project 'PerfectHTTP'
Target 'cURL' in project 'cURL' (no dependencies)
Target 'PerfectHTTP-product' in project 'PerfectHTTP'
➜ Explicit dependency on target 'PerfectHTTP' in project 'PerfectHTTP'
➜ Explicit dependency on target 'PerfectLib-product' in project 'PerfectLib'
➜ Explicit dependency on target 'PerfectNet-product' in project 'PerfectNet'
Target 'PerfectHTTP' in project 'PerfectHTTP'
➜ Explicit dependency on target 'PerfectLib-product' in project 'PerfectLib'
➜ Explicit dependency on target 'PerfectNet-product' in project 'PerfectNet'
Target 'PerfectNet-product' in project 'PerfectNet'
➜ Explicit dependency on target 'PerfectNet' in project 'PerfectNet'
➜ Explicit dependency on target 'PerfectCrypto-product' in project 'PerfectCrypto'
➜ Explicit dependency on target 'PerfectThread-product' in project 'PerfectThread'
Target 'PerfectNet' in project 'PerfectNet'
➜ Explicit dependency on target 'PerfectCrypto-product' in project 'PerfectCrypto'
➜ Explicit dependency on target 'PerfectThread-product' in project 'PerfectThread'
Target 'PerfectCrypto-product' in project 'PerfectCrypto'
➜ Explicit dependency on target 'PerfectCrypto' in project 'PerfectCrypto'
➜ Explicit dependency on target 'PerfectLib-product' in project 'PerfectLib'
➜ Explicit dependency on target 'PerfectThread-product' in project 'PerfectThread'
➜ Explicit dependency on target 'COpenSSL-product' in project 'COpenSSL'
Target 'PerfectCrypto' in project 'PerfectCrypto'
➜ Explicit dependency on target 'PerfectLib-product' in project 'PerfectLib'
➜ Explicit dependency on target 'PerfectThread-product' in project 'PerfectThread'
➜ Explicit dependency on target 'COpenSSL-product' in project 'COpenSSL'
Target 'COpenSSL-product' in project 'COpenSSL'
➜ Explicit dependency on target 'COpenSSL' in project 'COpenSSL'
Target 'COpenSSL' in project 'COpenSSL' (no dependencies)
Target 'PerfectThread-product' in project 'PerfectThread'
➜ Explicit dependency on target 'PerfectThread' in project 'PerfectThread'
Target 'PerfectThread' in project 'PerfectThread' (no dependencies)
Target 'PerfectLib-product' in project 'PerfectLib'
➜ Explicit dependency on target 'PerfectLib' in project 'PerfectLib'
Target 'PerfectLib' in project 'PerfectLib' (no dependencies)
GatherProvisioningInputs
CreateBuildDescription
ClangStatCache /Applications/Xcode-27.0.0-Release.Candidate.app/Contents/Developer/Toolchains/XcodeDefault.xctoolchain/usr/bin/clang-stat-cache /Applications/Xcode-27.0.0-Release.Candidate.app/Contents/Developer/Platforms/MacOSX.platform/Developer/SDKs/MacOSX27.0.sdk /Users/admin/builder/spi-builder-workspace/.derivedData/SDKStatCaches.noindex/macosx27.0-26A425-e829b21a6f8c9b70876ba0858053c0446a22442a12e9d48fe1a705f55a1adfc4.sdkstatcache
cd /Users/admin/builder/spi-builder-workspace/.swiftpm/xcode
/Applications/Xcode-27.0.0-Release.Candidate.app/Contents/Developer/Toolchains/XcodeDefault.xctoolchain/usr/bin/clang-stat-cache /Applications/Xcode-27.0.0-Release.Candidate.app/Contents/Developer/Platforms/MacOSX.platform/Developer/SDKs/MacOSX27.0.sdk -o /Users/admin/builder/spi-builder-workspace/.derivedData/SDKStatCaches.noindex/macosx27.0-26A425-e829b21a6f8c9b70876ba0858053c0446a22442a12e9d48fe1a705f55a1adfc4.sdkstatcache
SwiftDriver PerfectHTTP normal arm64 com.apple.xcode.tools.swift.compiler (in target 'PerfectHTTP' from project 'PerfectHTTP')
cd /Users/admin/builder/spi-builder-workspace/.swiftpm/xcode
builtin-SwiftDriver -- /Applications/Xcode-27.0.0-Release.Candidate.app/Contents/Developer/Toolchains/XcodeDefault.xctoolchain/usr/bin/swiftc -parse-as-library -module-name PerfectHTTP -Onone @/Users/admin/builder/spi-builder-workspace/.derivedData/Build/Intermediates.noindex/PerfectHTTP.build/Debug/PerfectHTTP-t.build/Objects-normal/arm64/PerfectHTTP.SwiftFileList -DSWIFT_PACKAGE -DDEBUG -DSWIFT_MODULE_RESOURCE_BUNDLE_UNAVAILABLE -Xcc -fmodule-map-file\=/Users/admin/builder/spi-builder-workspace/.dependencies/checkouts/Perfect-COpenSSL/COpenSSL/include/module.modulemap -DXcode -plugin-path /Applications/Xcode-27.0.0-Release.Candidate.app/Contents/Developer/Toolchains/XcodeDefault.xctoolchain/usr/lib/swift/host/plugins/testing -enable-experimental-feature DebugDescriptionMacro -sdk /Applications/Xcode-27.0.0-Release.Candidate.app/Contents/Developer/Platforms/MacOSX.platform/Developer/SDKs/MacOSX27.0.sdk -target arm64-apple-macos12.0 -g -module-cache-path /Users/admin/builder/spi-builder-workspace/.derivedData/ModuleCache.noindex -Xfrontend -serialize-debugging-options -profile-coverage-mapping -profile-generate -enable-testing -suppress-warnings -index-store-path /Users/admin/builder/spi-builder-workspace/.derivedData/Index.noindex/DataStore -Xcc -D_LIBCPP_HARDENING_MODE\=_LIBCPP_HARDENING_MODE_DEBUG -swift-version 4 -I /Users/admin/builder/spi-builder-workspace/.derivedData/Build/Products/Debug -Isystem /Applications/Xcode-27.0.0-Release.Candidate.app/Contents/Developer/Platforms/MacOSX.platform/Developer/usr/lib -F /Users/admin/builder/spi-builder-workspace/.derivedData/Build/Products/Debug/PackageFrameworks -F /Users/admin/builder/spi-builder-workspace/.derivedData/Build/Products/Debug -F /Applications/Xcode-27.0.0-Release.Candidate.app/Contents/Developer/Platforms/MacOSX.platform/Developer/Library/Frameworks -c -j10 -enable-batch-mode -incremental -Xcc -ivfsstatcache -Xcc /Users/admin/builder/spi-builder-workspace/.derivedData/SDKStatCaches.noindex/macosx27.0-26A425-e829b21a6f8c9b70876ba0858053c0446a22442a12e9d48fe1a705f55a1adfc4.sdkstatcache -output-file-map /Users/admin/builder/spi-builder-workspace/.derivedData/Build/Intermediates.noindex/PerfectHTTP.build/Debug/PerfectHTTP-t.build/Objects-normal/arm64/PerfectHTTP-OutputFileMap.json -save-temps -no-color-diagnostics -emit-dependencies -emit-module -emit-module-path /Users/admin/builder/spi-builder-workspace/.derivedData/Build/Intermediates.noindex/PerfectHTTP.build/Debug/PerfectHTTP-t.build/Objects-normal/arm64/PerfectHTTP.swiftmodule -serialize-diagnostics -validate-clang-modules-once -clang-build-session-file /Users/admin/builder/spi-builder-workspace/.derivedData/ModuleCache.noindex/Session.modulevalidation -Xcc -fmodules-prune-interval\=86400 -Xcc -fmodules-prune-after\=345600 -emit-const-values -const-gather-protocols-list /Users/admin/builder/spi-builder-workspace/.derivedData/Build/Intermediates.noindex/PerfectHTTP.build/Debug/PerfectHTTP-t.build/Objects-normal/arm64/PerfectHTTP_const_extract_protocols.json -Xcc -I/Users/admin/builder/spi-builder-workspace/.dependencies/checkouts/Perfect-COpenSSL/COpenSSL/include -Xcc -I/Users/admin/builder/spi-builder-workspace/.derivedData/Build/Products/Debug/include -Xcc -I/Users/admin/builder/spi-builder-workspace/.derivedData/Build/Intermediates.noindex/PerfectHTTP.build/Debug/PerfectHTTP-t.build/DerivedSources-normal/arm64 -Xcc -I/Users/admin/builder/spi-builder-workspace/.derivedData/Build/Intermediates.noindex/PerfectHTTP.build/Debug/PerfectHTTP-t.build/DerivedSources/arm64 -Xcc -I/Users/admin/builder/spi-builder-workspace/.derivedData/Build/Intermediates.noindex/PerfectHTTP.build/Debug/PerfectHTTP-t.build/DerivedSources -Xcc -DSWIFT_PACKAGE -Xcc -DDEBUG\=1 -emit-objc-header -emit-objc-header-path /Users/admin/builder/spi-builder-workspace/.derivedData/Build/Intermediates.noindex/PerfectHTTP.build/Debug/PerfectHTTP-t.build/Objects-normal/arm64/PerfectHTTP-Swift.h -working-directory /Users/admin/builder/spi-builder-workspace/.swiftpm/xcode -experimental-emit-module-separately -disable-cmo
SwiftDriver PerfectCURL normal arm64 com.apple.xcode.tools.swift.compiler (in target 'PerfectCURL' from project 'PerfectCURL')
cd /Users/admin/builder/spi-builder-workspace/.swiftpm/xcode
builtin-SwiftDriver -- /Applications/Xcode-27.0.0-Release.Candidate.app/Contents/Developer/Toolchains/XcodeDefault.xctoolchain/usr/bin/swiftc -parse-as-library -module-name PerfectCURL -Onone @/Users/admin/builder/spi-builder-workspace/.derivedData/Build/Intermediates.noindex/PerfectCURL.build/Debug/PerfectCURL-t.build/Objects-normal/arm64/PerfectCURL.SwiftFileList -DSWIFT_PACKAGE -DDEBUG -DSWIFT_MODULE_RESOURCE_BUNDLE_UNAVAILABLE -Xcc -fmodule-map-file\=/Users/admin/builder/spi-builder-workspace/.dependencies/checkouts/Perfect-COpenSSL/COpenSSL/include/module.modulemap -Xcc -fmodule-map-file\=/Users/admin/builder/spi-builder-workspace/.dependencies/checkouts/Perfect-libcurl/module.modulemap -DXcode -plugin-path /Applications/Xcode-27.0.0-Release.Candidate.app/Contents/Developer/Toolchains/XcodeDefault.xctoolchain/usr/lib/swift/host/plugins/testing -enable-experimental-feature DebugDescriptionMacro -sdk /Applications/Xcode-27.0.0-Release.Candidate.app/Contents/Developer/Platforms/MacOSX.platform/Developer/SDKs/MacOSX27.0.sdk -target arm64-apple-macos12.0 -g -module-cache-path /Users/admin/builder/spi-builder-workspace/.derivedData/ModuleCache.noindex -Xfrontend -serialize-debugging-options -profile-coverage-mapping -profile-generate -enable-testing -suppress-warnings -index-store-path /Users/admin/builder/spi-builder-workspace/.derivedData/Index.noindex/DataStore -Xcc -D_LIBCPP_HARDENING_MODE\=_LIBCPP_HARDENING_MODE_DEBUG -swift-version 4 -I /Users/admin/builder/spi-builder-workspace/.derivedData/Build/Products/Debug -Isystem /Applications/Xcode-27.0.0-Release.Candidate.app/Contents/Developer/Platforms/MacOSX.platform/Developer/usr/lib -F /Users/admin/builder/spi-builder-workspace/.derivedData/Build/Products/Debug/PackageFrameworks -F /Users/admin/builder/spi-builder-workspace/.derivedData/Build/Products/Debug -F /Applications/Xcode-27.0.0-Release.Candidate.app/Contents/Developer/Platforms/MacOSX.platform/Developer/Library/Frameworks -c -j10 -enable-batch-mode -incremental -Xcc -ivfsstatcache -Xcc /Users/admin/builder/spi-builder-workspace/.derivedData/SDKStatCaches.noindex/macosx27.0-26A425-e829b21a6f8c9b70876ba0858053c0446a22442a12e9d48fe1a705f55a1adfc4.sdkstatcache -output-file-map /Users/admin/builder/spi-builder-workspace/.derivedData/Build/Intermediates.noindex/PerfectCURL.build/Debug/PerfectCURL-t.build/Objects-normal/arm64/PerfectCURL-OutputFileMap.json -save-temps -no-color-diagnostics -emit-dependencies -emit-module -emit-module-path /Users/admin/builder/spi-builder-workspace/.derivedData/Build/Intermediates.noindex/PerfectCURL.build/Debug/PerfectCURL-t.build/Objects-normal/arm64/PerfectCURL.swiftmodule -serialize-diagnostics -validate-clang-modules-once -clang-build-session-file /Users/admin/builder/spi-builder-workspace/.derivedData/ModuleCache.noindex/Session.modulevalidation -Xcc -fmodules-prune-interval\=86400 -Xcc -fmodules-prune-after\=345600 -emit-const-values -const-gather-protocols-list /Users/admin/builder/spi-builder-workspace/.derivedData/Build/Intermediates.noindex/PerfectCURL.build/Debug/PerfectCURL-t.build/Objects-normal/arm64/PerfectCURL_const_extract_protocols.json -Xcc -I/Users/admin/builder/spi-builder-workspace/.dependencies/checkouts/Perfect-COpenSSL/COpenSSL/include -Xcc -I/Users/admin/builder/spi-builder-workspace/.derivedData/Build/Products/Debug/include -Xcc -I/Users/admin/builder/spi-builder-workspace/.derivedData/Build/Intermediates.noindex/PerfectCURL.build/Debug/PerfectCURL-t.build/DerivedSources-normal/arm64 -Xcc -I/Users/admin/builder/spi-builder-workspace/.derivedData/Build/Intermediates.noindex/PerfectCURL.build/Debug/PerfectCURL-t.build/DerivedSources/arm64 -Xcc -I/Users/admin/builder/spi-builder-workspace/.derivedData/Build/Intermediates.noindex/PerfectCURL.build/Debug/PerfectCURL-t.build/DerivedSources -Xcc -DSWIFT_PACKAGE -Xcc -DDEBUG\=1 -emit-objc-header -emit-objc-header-path /Users/admin/builder/spi-builder-workspace/.derivedData/Build/Intermediates.noindex/PerfectCURL.build/Debug/PerfectCURL-t.build/Objects-normal/arm64/PerfectCURL-Swift.h -working-directory /Users/admin/builder/spi-builder-workspace/.swiftpm/xcode -experimental-emit-module-separately -disable-cmo
SwiftDriver PerfectAPIClient normal arm64 com.apple.xcode.tools.swift.compiler (in target 'PerfectAPIClient' from project 'PerfectAPIClient')
cd /Users/admin/builder/spi-builder-workspace/.swiftpm/xcode
builtin-SwiftDriver -- /Applications/Xcode-27.0.0-Release.Candidate.app/Contents/Developer/Toolchains/XcodeDefault.xctoolchain/usr/bin/swiftc -parse-as-library -module-name PerfectAPIClient -Onone @/Users/admin/builder/spi-builder-workspace/.derivedData/Build/Intermediates.noindex/PerfectAPIClient.build/Debug/PerfectAPIClient-t.build/Objects-normal/arm64/PerfectAPIClient.SwiftFileList -DSWIFT_PACKAGE -DDEBUG -DSWIFT_MODULE_RESOURCE_BUNDLE_UNAVAILABLE -Xcc -fmodule-map-file\=/Users/admin/builder/spi-builder-workspace/.dependencies/checkouts/Perfect-COpenSSL/COpenSSL/include/module.modulemap -Xcc -fmodule-map-file\=/Users/admin/builder/spi-builder-workspace/.dependencies/checkouts/Perfect-libcurl/module.modulemap -DXcode -plugin-path /Applications/Xcode-27.0.0-Release.Candidate.app/Contents/Developer/Toolchains/XcodeDefault.xctoolchain/usr/lib/swift/host/plugins/testing -enable-experimental-feature DebugDescriptionMacro -sdk /Applications/Xcode-27.0.0-Release.Candidate.app/Contents/Developer/Platforms/MacOSX.platform/Developer/SDKs/MacOSX27.0.sdk -target arm64-apple-macos12.0 -g -module-cache-path /Users/admin/builder/spi-builder-workspace/.derivedData/ModuleCache.noindex -Xfrontend -serialize-debugging-options -profile-coverage-mapping -profile-generate -enable-testing -index-store-path /Users/admin/builder/spi-builder-workspace/.derivedData/Index.noindex/DataStore -Xcc -D_LIBCPP_HARDENING_MODE\=_LIBCPP_HARDENING_MODE_DEBUG -swift-version 4 -I /Users/admin/builder/spi-builder-workspace/.derivedData/Build/Products/Debug -Isystem /Applications/Xcode-27.0.0-Release.Candidate.app/Contents/Developer/Platforms/MacOSX.platform/Developer/usr/lib -F /Users/admin/builder/spi-builder-workspace/.derivedData/Build/Products/Debug/PackageFrameworks -F /Users/admin/builder/spi-builder-workspace/.derivedData/Build/Products/Debug -F /Applications/Xcode-27.0.0-Release.Candidate.app/Contents/Developer/Platforms/MacOSX.platform/Developer/Library/Frameworks -c -j10 -enable-batch-mode -incremental -Xcc -ivfsstatcache -Xcc /Users/admin/builder/spi-builder-workspace/.derivedData/SDKStatCaches.noindex/macosx27.0-26A425-e829b21a6f8c9b70876ba0858053c0446a22442a12e9d48fe1a705f55a1adfc4.sdkstatcache -output-file-map /Users/admin/builder/spi-builder-workspace/.derivedData/Build/Intermediates.noindex/PerfectAPIClient.build/Debug/PerfectAPIClient-t.build/Objects-normal/arm64/PerfectAPIClient-OutputFileMap.json -save-temps -no-color-diagnostics -emit-dependencies -emit-module -emit-module-path /Users/admin/builder/spi-builder-workspace/.derivedData/Build/Intermediates.noindex/PerfectAPIClient.build/Debug/PerfectAPIClient-t.build/Objects-normal/arm64/PerfectAPIClient.swiftmodule -serialize-diagnostics -validate-clang-modules-once -clang-build-session-file /Users/admin/builder/spi-builder-workspace/.derivedData/ModuleCache.noindex/Session.modulevalidation -Xcc -fmodules-prune-interval\=86400 -Xcc -fmodules-prune-after\=345600 -emit-const-values -const-gather-protocols-list /Users/admin/builder/spi-builder-workspace/.derivedData/Build/Intermediates.noindex/PerfectAPIClient.build/Debug/PerfectAPIClient-t.build/Objects-normal/arm64/PerfectAPIClient_const_extract_protocols.json -Xcc -I/Users/admin/builder/spi-builder-workspace/.dependencies/checkouts/Perfect-COpenSSL/COpenSSL/include -Xcc -I/Users/admin/builder/spi-builder-workspace/.derivedData/Build/Products/Debug/include -Xcc -I/Users/admin/builder/spi-builder-workspace/.derivedData/Build/Intermediates.noindex/PerfectAPIClient.build/Debug/PerfectAPIClient-t.build/DerivedSources-normal/arm64 -Xcc -I/Users/admin/builder/spi-builder-workspace/.derivedData/Build/Intermediates.noindex/PerfectAPIClient.build/Debug/PerfectAPIClient-t.build/DerivedSources/arm64 -Xcc -I/Users/admin/builder/spi-builder-workspace/.derivedData/Build/Intermediates.noindex/PerfectAPIClient.build/Debug/PerfectAPIClient-t.build/DerivedSources -Xcc -DSWIFT_PACKAGE -Xcc -DDEBUG\=1 -emit-objc-header -emit-objc-header-path /Users/admin/builder/spi-builder-workspace/.derivedData/Build/Intermediates.noindex/PerfectAPIClient.build/Debug/PerfectAPIClient-t.build/Objects-normal/arm64/PerfectAPIClient-Swift.h -working-directory /Users/admin/builder/spi-builder-workspace/.swiftpm/xcode -experimental-emit-module-separately -disable-cmo
SwiftCompile normal arm64 Compiling\ APIClientProtocolExtension.swift /Users/admin/builder/spi-builder-workspace/Sources/PerfectAPIClient/APIClientProtocolExtension.swift (in target 'PerfectAPIClient' from project 'PerfectAPIClient')
SwiftCompile normal arm64 /Users/admin/builder/spi-builder-workspace/Sources/PerfectAPIClient/APIClientProtocolExtension.swift (in target 'PerfectAPIClient' from project 'PerfectAPIClient')
cd /Users/admin/builder/spi-builder-workspace/.swiftpm/xcode
builtin-SwiftPerFileCompile APIClientProtocolExtension.swift
SwiftCompile normal arm64 Compiling\ APIClient.swift /Users/admin/builder/spi-builder-workspace/Sources/PerfectAPIClient/APIClient.swift (in target 'PerfectAPIClient' from project 'PerfectAPIClient')
SwiftCompile normal arm64 /Users/admin/builder/spi-builder-workspace/Sources/PerfectAPIClient/APIClient.swift (in target 'PerfectAPIClient' from project 'PerfectAPIClient')
cd /Users/admin/builder/spi-builder-workspace/.swiftpm/xcode
builtin-SwiftPerFileCompile APIClient.swift
SwiftCompile normal arm64 Compiling\ JSONCustomStringConvertible.swift /Users/admin/builder/spi-builder-workspace/Sources/PerfectAPIClient/Extensions/JSONCustomStringConvertible.swift (in target 'PerfectAPIClient' from project 'PerfectAPIClient')
SwiftCompile normal arm64 /Users/admin/builder/spi-builder-workspace/Sources/PerfectAPIClient/Extensions/JSONCustomStringConvertible.swift (in target 'PerfectAPIClient' from project 'PerfectAPIClient')
cd /Users/admin/builder/spi-builder-workspace/.swiftpm/xcode
builtin-SwiftPerFileCompile JSONCustomStringConvertible.swift
SwiftCompile normal arm64 Compiling\ APIClientEnvironmentManager.swift /Users/admin/builder/spi-builder-workspace/Sources/PerfectAPIClient/Environment/APIClientEnvironmentManager.swift (in target 'PerfectAPIClient' from project 'PerfectAPIClient')
SwiftCompile normal arm64 /Users/admin/builder/spi-builder-workspace/Sources/PerfectAPIClient/Environment/APIClientEnvironmentManager.swift (in target 'PerfectAPIClient' from project 'PerfectAPIClient')
cd /Users/admin/builder/spi-builder-workspace/.swiftpm/xcode
builtin-SwiftPerFileCompile APIClientEnvironmentManager.swift
SwiftCompile normal arm64 Compiling\ APIClientResponse.swift /Users/admin/builder/spi-builder-workspace/Sources/PerfectAPIClient/Models/APIClientResponse.swift (in target 'PerfectAPIClient' from project 'PerfectAPIClient')
SwiftCompile normal arm64 /Users/admin/builder/spi-builder-workspace/Sources/PerfectAPIClient/Models/APIClientResponse.swift (in target 'PerfectAPIClient' from project 'PerfectAPIClient')
cd /Users/admin/builder/spi-builder-workspace/.swiftpm/xcode
builtin-SwiftPerFileCompile APIClientResponse.swift
SwiftCompile normal arm64 Compiling\ APIClientEnvironment.swift /Users/admin/builder/spi-builder-workspace/Sources/PerfectAPIClient/Environment/APIClientEnvironment.swift (in target 'PerfectAPIClient' from project 'PerfectAPIClient')
SwiftCompile normal arm64 /Users/admin/builder/spi-builder-workspace/Sources/PerfectAPIClient/Environment/APIClientEnvironment.swift (in target 'PerfectAPIClient' from project 'PerfectAPIClient')
cd /Users/admin/builder/spi-builder-workspace/.swiftpm/xcode
builtin-SwiftPerFileCompile APIClientEnvironment.swift
SwiftCompile normal arm64 Compiling\ APIClientError.swift /Users/admin/builder/spi-builder-workspace/Sources/PerfectAPIClient/Models/APIClientError.swift (in target 'PerfectAPIClient' from project 'PerfectAPIClient')
SwiftCompile normal arm64 /Users/admin/builder/spi-builder-workspace/Sources/PerfectAPIClient/Models/APIClientError.swift (in target 'PerfectAPIClient' from project 'PerfectAPIClient')
cd /Users/admin/builder/spi-builder-workspace/.swiftpm/xcode
builtin-SwiftPerFileCompile APIClientError.swift
SwiftEmitModule normal arm64 Emitting\ module\ for\ PerfectAPIClient (in target 'PerfectAPIClient' from project 'PerfectAPIClient')
SwiftCompile normal arm64 (in target 'PerfectAPIClient' from project 'PerfectAPIClient')
cd /Users/admin/builder/spi-builder-workspace/.swiftpm/xcode
SwiftCompile normal arm64 Compiling\ APIClientResult.swift /Users/admin/builder/spi-builder-workspace/Sources/PerfectAPIClient/Result/APIClientResult.swift (in target 'PerfectAPIClient' from project 'PerfectAPIClient')
SwiftCompile normal arm64 /Users/admin/builder/spi-builder-workspace/Sources/PerfectAPIClient/Result/APIClientResult.swift (in target 'PerfectAPIClient' from project 'PerfectAPIClient')
cd /Users/admin/builder/spi-builder-workspace/.swiftpm/xcode
builtin-SwiftPerFileCompile APIClientResult.swift
SwiftEmitModule normal arm64 Emitting\ module\ for\ PerfectCURL (in target 'PerfectCURL' from project 'PerfectCURL')
SwiftCompile normal arm64 (in target 'PerfectCURL' from project 'PerfectCURL')
cd /Users/admin/builder/spi-builder-workspace/.swiftpm/xcode
SwiftEmitModule normal arm64 Emitting\ module\ for\ PerfectHTTP (in target 'PerfectHTTP' from project 'PerfectHTTP')
SwiftCompile normal arm64 (in target 'PerfectHTTP' from project 'PerfectHTTP')
cd /Users/admin/builder/spi-builder-workspace/.swiftpm/xcode
SwiftCompile normal arm64 Compiling\ MimeType.swift /Users/admin/builder/spi-builder-workspace/.dependencies/checkouts/Perfect-HTTP/Sources/PerfectHTTP/MimeType.swift (in target 'PerfectHTTP' from project 'PerfectHTTP')
SwiftCompile normal arm64 /Users/admin/builder/spi-builder-workspace/.dependencies/checkouts/Perfect-HTTP/Sources/PerfectHTTP/MimeType.swift (in target 'PerfectHTTP' from project 'PerfectHTTP')
cd /Users/admin/builder/spi-builder-workspace/.swiftpm/xcode
builtin-SwiftPerFileCompile MimeType.swift
SwiftCompile normal arm64 Compiling\ cURL.swift /Users/admin/builder/spi-builder-workspace/.dependencies/checkouts/Perfect-CURL/Sources/PerfectCURL/cURL.swift (in target 'PerfectCURL' from project 'PerfectCURL')
SwiftCompile normal arm64 /Users/admin/builder/spi-builder-workspace/.dependencies/checkouts/Perfect-CURL/Sources/PerfectCURL/cURL.swift (in target 'PerfectCURL' from project 'PerfectCURL')
cd /Users/admin/builder/spi-builder-workspace/.swiftpm/xcode
builtin-SwiftPerFileCompile cURL.swift
SwiftDriverJobDiscovery normal arm64 Compiling MimeType.swift (in target 'PerfectHTTP' from project 'PerfectHTTP')
SwiftCompile normal arm64 Compiling\ HTTPMethod.swift /Users/admin/builder/spi-builder-workspace/.dependencies/checkouts/Perfect-HTTP/Sources/PerfectHTTP/HTTPMethod.swift (in target 'PerfectHTTP' from project 'PerfectHTTP')
SwiftCompile normal arm64 /Users/admin/builder/spi-builder-workspace/.dependencies/checkouts/Perfect-HTTP/Sources/PerfectHTTP/HTTPMethod.swift (in target 'PerfectHTTP' from project 'PerfectHTTP')
cd /Users/admin/builder/spi-builder-workspace/.swiftpm/xcode
builtin-SwiftPerFileCompile HTTPMethod.swift
SwiftDriverJobDiscovery normal arm64 Compiling cURL.swift (in target 'PerfectCURL' from project 'PerfectCURL')
SwiftCompile normal arm64 Compiling\ HTTPRequest.swift /Users/admin/builder/spi-builder-workspace/.dependencies/checkouts/Perfect-HTTP/Sources/PerfectHTTP/HTTPRequest.swift (in target 'PerfectHTTP' from project 'PerfectHTTP')
SwiftCompile normal arm64 /Users/admin/builder/spi-builder-workspace/.dependencies/checkouts/Perfect-HTTP/Sources/PerfectHTTP/HTTPRequest.swift (in target 'PerfectHTTP' from project 'PerfectHTTP')
cd /Users/admin/builder/spi-builder-workspace/.swiftpm/xcode
builtin-SwiftPerFileCompile HTTPRequest.swift
SwiftDriverJobDiscovery normal arm64 Compiling HTTPMethod.swift (in target 'PerfectHTTP' from project 'PerfectHTTP')
SwiftCompile normal arm64 Compiling\ HTTPResponse.swift /Users/admin/builder/spi-builder-workspace/.dependencies/checkouts/Perfect-HTTP/Sources/PerfectHTTP/HTTPResponse.swift (in target 'PerfectHTTP' from project 'PerfectHTTP')
SwiftCompile normal arm64 /Users/admin/builder/spi-builder-workspace/.dependencies/checkouts/Perfect-HTTP/Sources/PerfectHTTP/HTTPResponse.swift (in target 'PerfectHTTP' from project 'PerfectHTTP')
cd /Users/admin/builder/spi-builder-workspace/.swiftpm/xcode
builtin-SwiftPerFileCompile HTTPResponse.swift
SwiftDriverJobDiscovery normal arm64 Compiling HTTPRequest.swift (in target 'PerfectHTTP' from project 'PerfectHTTP')
SwiftCompile normal arm64 Compiling\ Routing.swift /Users/admin/builder/spi-builder-workspace/.dependencies/checkouts/Perfect-HTTP/Sources/PerfectHTTP/Routing.swift (in target 'PerfectHTTP' from project 'PerfectHTTP')
SwiftCompile normal arm64 /Users/admin/builder/spi-builder-workspace/.dependencies/checkouts/Perfect-HTTP/Sources/PerfectHTTP/Routing.swift (in target 'PerfectHTTP' from project 'PerfectHTTP')
cd /Users/admin/builder/spi-builder-workspace/.swiftpm/xcode
builtin-SwiftPerFileCompile Routing.swift
SwiftDriverJobDiscovery normal arm64 Compiling HTTPResponse.swift (in target 'PerfectHTTP' from project 'PerfectHTTP')
SwiftCompile normal arm64 Compiling\ MimeReader.swift /Users/admin/builder/spi-builder-workspace/.dependencies/checkouts/Perfect-HTTP/Sources/PerfectHTTP/MimeReader.swift (in target 'PerfectHTTP' from project 'PerfectHTTP')
SwiftCompile normal arm64 /Users/admin/builder/spi-builder-workspace/.dependencies/checkouts/Perfect-HTTP/Sources/PerfectHTTP/MimeReader.swift (in target 'PerfectHTTP' from project 'PerfectHTTP')
cd /Users/admin/builder/spi-builder-workspace/.swiftpm/xcode
builtin-SwiftPerFileCompile MimeReader.swift
SwiftDriverJobDiscovery normal arm64 Compiling APIClient.swift (in target 'PerfectAPIClient' from project 'PerfectAPIClient')
SwiftCompile normal arm64 Compiling\ StaticFileHandler.swift /Users/admin/builder/spi-builder-workspace/.dependencies/checkouts/Perfect-HTTP/Sources/PerfectHTTP/StaticFileHandler.swift (in target 'PerfectHTTP' from project 'PerfectHTTP')
SwiftCompile normal arm64 /Users/admin/builder/spi-builder-workspace/.dependencies/checkouts/Perfect-HTTP/Sources/PerfectHTTP/StaticFileHandler.swift (in target 'PerfectHTTP' from project 'PerfectHTTP')
cd /Users/admin/builder/spi-builder-workspace/.swiftpm/xcode
builtin-SwiftPerFileCompile StaticFileHandler.swift
SwiftDriverJobDiscovery normal arm64 Compiling Routing.swift (in target 'PerfectHTTP' from project 'PerfectHTTP')
SwiftCompile normal arm64 Compiling\ HTTPHeaders.swift /Users/admin/builder/spi-builder-workspace/.dependencies/checkouts/Perfect-HTTP/Sources/PerfectHTTP/HTTPHeaders.swift (in target 'PerfectHTTP' from project 'PerfectHTTP')
SwiftCompile normal arm64 /Users/admin/builder/spi-builder-workspace/.dependencies/checkouts/Perfect-HTTP/Sources/PerfectHTTP/HTTPHeaders.swift (in target 'PerfectHTTP' from project 'PerfectHTTP')
cd /Users/admin/builder/spi-builder-workspace/.swiftpm/xcode
builtin-SwiftPerFileCompile HTTPHeaders.swift
SwiftDriverJobDiscovery normal arm64 Compiling JSONCustomStringConvertible.swift (in target 'PerfectAPIClient' from project 'PerfectAPIClient')
SwiftCompile normal arm64 Compiling\ HTTPFilter.swift /Users/admin/builder/spi-builder-workspace/.dependencies/checkouts/Perfect-HTTP/Sources/PerfectHTTP/HTTPFilter.swift (in target 'PerfectHTTP' from project 'PerfectHTTP')
SwiftCompile normal arm64 /Users/admin/builder/spi-builder-workspace/.dependencies/checkouts/Perfect-HTTP/Sources/PerfectHTTP/HTTPFilter.swift (in target 'PerfectHTTP' from project 'PerfectHTTP')
cd /Users/admin/builder/spi-builder-workspace/.swiftpm/xcode
builtin-SwiftPerFileCompile HTTPFilter.swift
SwiftDriverJobDiscovery normal arm64 Compiling APIClientEnvironmentManager.swift (in target 'PerfectAPIClient' from project 'PerfectAPIClient')
SwiftCompile normal arm64 Compiling\ TypedRoutes.swift /Users/admin/builder/spi-builder-workspace/.dependencies/checkouts/Perfect-HTTP/Sources/PerfectHTTP/TypedRoutes.swift (in target 'PerfectHTTP' from project 'PerfectHTTP')
SwiftCompile normal arm64 /Users/admin/builder/spi-builder-workspace/.dependencies/checkouts/Perfect-HTTP/Sources/PerfectHTTP/TypedRoutes.swift (in target 'PerfectHTTP' from project 'PerfectHTTP')
cd /Users/admin/builder/spi-builder-workspace/.swiftpm/xcode
builtin-SwiftPerFileCompile TypedRoutes.swift
SwiftDriverJobDiscovery normal arm64 Emitting module for PerfectAPIClient (in target 'PerfectAPIClient' from project 'PerfectAPIClient')
SwiftDriver\ Compilation\ Requirements PerfectAPIClient normal arm64 com.apple.xcode.tools.swift.compiler (in target 'PerfectAPIClient' from project 'PerfectAPIClient')
cd /Users/admin/builder/spi-builder-workspace/.swiftpm/xcode
builtin-Swift-Compilation-Requirements -- /Applications/Xcode-27.0.0-Release.Candidate.app/Contents/Developer/Toolchains/XcodeDefault.xctoolchain/usr/bin/swiftc -parse-as-library -module-name PerfectAPIClient -Onone @/Users/admin/builder/spi-builder-workspace/.derivedData/Build/Intermediates.noindex/PerfectAPIClient.build/Debug/PerfectAPIClient-t.build/Objects-normal/arm64/PerfectAPIClient.SwiftFileList -DSWIFT_PACKAGE -DDEBUG -DSWIFT_MODULE_RESOURCE_BUNDLE_UNAVAILABLE -Xcc -fmodule-map-file\=/Users/admin/builder/spi-builder-workspace/.dependencies/checkouts/Perfect-COpenSSL/COpenSSL/include/module.modulemap -Xcc -fmodule-map-file\=/Users/admin/builder/spi-builder-workspace/.dependencies/checkouts/Perfect-libcurl/module.modulemap -DXcode -plugin-path /Applications/Xcode-27.0.0-Release.Candidate.app/Contents/Developer/Toolchains/XcodeDefault.xctoolchain/usr/lib/swift/host/plugins/testing -enable-experimental-feature DebugDescriptionMacro -sdk /Applications/Xcode-27.0.0-Release.Candidate.app/Contents/Developer/Platforms/MacOSX.platform/Developer/SDKs/MacOSX27.0.sdk -target arm64-apple-macos12.0 -g -module-cache-path /Users/admin/builder/spi-builder-workspace/.derivedData/ModuleCache.noindex -Xfrontend -serialize-debugging-options -profile-coverage-mapping -profile-generate -enable-testing -index-store-path /Users/admin/builder/spi-builder-workspace/.derivedData/Index.noindex/DataStore -Xcc -D_LIBCPP_HARDENING_MODE\=_LIBCPP_HARDENING_MODE_DEBUG -swift-version 4 -I /Users/admin/builder/spi-builder-workspace/.derivedData/Build/Products/Debug -Isystem /Applications/Xcode-27.0.0-Release.Candidate.app/Contents/Developer/Platforms/MacOSX.platform/Developer/usr/lib -F /Users/admin/builder/spi-builder-workspace/.derivedData/Build/Products/Debug/PackageFrameworks -F /Users/admin/builder/spi-builder-workspace/.derivedData/Build/Products/Debug -F /Applications/Xcode-27.0.0-Release.Candidate.app/Contents/Developer/Platforms/MacOSX.platform/Developer/Library/Frameworks -c -j10 -enable-batch-mode -incremental -Xcc -ivfsstatcache -Xcc /Users/admin/builder/spi-builder-workspace/.derivedData/SDKStatCaches.noindex/macosx27.0-26A425-e829b21a6f8c9b70876ba0858053c0446a22442a12e9d48fe1a705f55a1adfc4.sdkstatcache -output-file-map /Users/admin/builder/spi-builder-workspace/.derivedData/Build/Intermediates.noindex/PerfectAPIClient.build/Debug/PerfectAPIClient-t.build/Objects-normal/arm64/PerfectAPIClient-OutputFileMap.json -save-temps -no-color-diagnostics -emit-dependencies -emit-module -emit-module-path /Users/admin/builder/spi-builder-workspace/.derivedData/Build/Intermediates.noindex/PerfectAPIClient.build/Debug/PerfectAPIClient-t.build/Objects-normal/arm64/PerfectAPIClient.swiftmodule -serialize-diagnostics -validate-clang-modules-once -clang-build-session-file /Users/admin/builder/spi-builder-workspace/.derivedData/ModuleCache.noindex/Session.modulevalidation -Xcc -fmodules-prune-interval\=86400 -Xcc -fmodules-prune-after\=345600 -emit-const-values -const-gather-protocols-list /Users/admin/builder/spi-builder-workspace/.derivedData/Build/Intermediates.noindex/PerfectAPIClient.build/Debug/PerfectAPIClient-t.build/Objects-normal/arm64/PerfectAPIClient_const_extract_protocols.json -Xcc -I/Users/admin/builder/spi-builder-workspace/.dependencies/checkouts/Perfect-COpenSSL/COpenSSL/include -Xcc -I/Users/admin/builder/spi-builder-workspace/.derivedData/Build/Products/Debug/include -Xcc -I/Users/admin/builder/spi-builder-workspace/.derivedData/Build/Intermediates.noindex/PerfectAPIClient.build/Debug/PerfectAPIClient-t.build/DerivedSources-normal/arm64 -Xcc -I/Users/admin/builder/spi-builder-workspace/.derivedData/Build/Intermediates.noindex/PerfectAPIClient.build/Debug/PerfectAPIClient-t.build/DerivedSources/arm64 -Xcc -I/Users/admin/builder/spi-builder-workspace/.derivedData/Build/Intermediates.noindex/PerfectAPIClient.build/Debug/PerfectAPIClient-t.build/DerivedSources -Xcc -DSWIFT_PACKAGE -Xcc -DDEBUG\=1 -emit-objc-header -emit-objc-header-path /Users/admin/builder/spi-builder-workspace/.derivedData/Build/Intermediates.noindex/PerfectAPIClient.build/Debug/PerfectAPIClient-t.build/Objects-normal/arm64/PerfectAPIClient-Swift.h -working-directory /Users/admin/builder/spi-builder-workspace/.swiftpm/xcode -experimental-emit-module-separately -disable-cmo
SwiftDriverJobDiscovery normal arm64 Compiling APIClientEnvironment.swift (in target 'PerfectAPIClient' from project 'PerfectAPIClient')
SwiftCompile normal arm64 Compiling\ CURLResponseInfos.swift /Users/admin/builder/spi-builder-workspace/.dependencies/checkouts/Perfect-CURL/Sources/PerfectCURL/CURLResponseInfos.swift (in target 'PerfectCURL' from project 'PerfectCURL')
SwiftCompile normal arm64 /Users/admin/builder/spi-builder-workspace/.dependencies/checkouts/Perfect-CURL/Sources/PerfectCURL/CURLResponseInfos.swift (in target 'PerfectCURL' from project 'PerfectCURL')
cd /Users/admin/builder/spi-builder-workspace/.swiftpm/xcode
builtin-SwiftPerFileCompile CURLResponseInfos.swift
SwiftMergeGeneratedHeaders /Users/admin/builder/spi-builder-workspace/.derivedData/Build/Intermediates.noindex/GeneratedModuleMaps/PerfectAPIClient-Swift.h /Users/admin/builder/spi-builder-workspace/.derivedData/Build/Intermediates.noindex/PerfectAPIClient.build/Debug/PerfectAPIClient-t.build/Objects-normal/arm64/PerfectAPIClient-Swift.h (in target 'PerfectAPIClient' from project 'PerfectAPIClient')
cd /Users/admin/builder/spi-builder-workspace
builtin-swiftHeaderTool -arch arm64 /Users/admin/builder/spi-builder-workspace/.derivedData/Build/Intermediates.noindex/PerfectAPIClient.build/Debug/PerfectAPIClient-t.build/Objects-normal/arm64/PerfectAPIClient-Swift.h -o /Users/admin/builder/spi-builder-workspace/.derivedData/Build/Intermediates.noindex/GeneratedModuleMaps/PerfectAPIClient-Swift.h
SwiftDriverJobDiscovery normal arm64 Compiling APIClientProtocolExtension.swift (in target 'PerfectAPIClient' from project 'PerfectAPIClient')
Copy /Users/admin/builder/spi-builder-workspace/.derivedData/Build/Products/Debug/PerfectAPIClient.swiftmodule/arm64-apple-macos.swiftmodule /Users/admin/builder/spi-builder-workspace/.derivedData/Build/Intermediates.noindex/PerfectAPIClient.build/Debug/PerfectAPIClient-t.build/Objects-normal/arm64/PerfectAPIClient.swiftmodule (in target 'PerfectAPIClient' from project 'PerfectAPIClient')
cd /Users/admin/builder/spi-builder-workspace
builtin-copy -exclude .DS_Store -exclude CVS -exclude .svn -exclude .git -exclude .hg -resolve-src-symlinks -rename /Users/admin/builder/spi-builder-workspace/.derivedData/Build/Intermediates.noindex/PerfectAPIClient.build/Debug/PerfectAPIClient-t.build/Objects-normal/arm64/PerfectAPIClient.swiftmodule /Users/admin/builder/spi-builder-workspace/.derivedData/Build/Products/Debug/PerfectAPIClient.swiftmodule/arm64-apple-macos.swiftmodule
Copy /Users/admin/builder/spi-builder-workspace/.derivedData/Build/Products/Debug/PerfectAPIClient.swiftmodule/arm64-apple-macos.swiftdoc /Users/admin/builder/spi-builder-workspace/.derivedData/Build/Intermediates.noindex/PerfectAPIClient.build/Debug/PerfectAPIClient-t.build/Objects-normal/arm64/PerfectAPIClient.swiftdoc (in target 'PerfectAPIClient' from project 'PerfectAPIClient')
cd /Users/admin/builder/spi-builder-workspace
builtin-copy -exclude .DS_Store -exclude CVS -exclude .svn -exclude .git -exclude .hg -resolve-src-symlinks -rename /Users/admin/builder/spi-builder-workspace/.derivedData/Build/Intermediates.noindex/PerfectAPIClient.build/Debug/PerfectAPIClient-t.build/Objects-normal/arm64/PerfectAPIClient.swiftdoc /Users/admin/builder/spi-builder-workspace/.derivedData/Build/Products/Debug/PerfectAPIClient.swiftmodule/arm64-apple-macos.swiftdoc
Copy /Users/admin/builder/spi-builder-workspace/.derivedData/Build/Products/Debug/PerfectAPIClient.swiftmodule/arm64-apple-macos.abi.json /Users/admin/builder/spi-builder-workspace/.derivedData/Build/Intermediates.noindex/PerfectAPIClient.build/Debug/PerfectAPIClient-t.build/Objects-normal/arm64/PerfectAPIClient.abi.json (in target 'PerfectAPIClient' from project 'PerfectAPIClient')
cd /Users/admin/builder/spi-builder-workspace
builtin-copy -exclude .DS_Store -exclude CVS -exclude .svn -exclude .git -exclude .hg -resolve-src-symlinks -rename /Users/admin/builder/spi-builder-workspace/.derivedData/Build/Intermediates.noindex/PerfectAPIClient.build/Debug/PerfectAPIClient-t.build/Objects-normal/arm64/PerfectAPIClient.abi.json /Users/admin/builder/spi-builder-workspace/.derivedData/Build/Products/Debug/PerfectAPIClient.swiftmodule/arm64-apple-macos.abi.json
Copy /Users/admin/builder/spi-builder-workspace/.derivedData/Build/Products/Debug/PerfectAPIClient.swiftmodule/Project/arm64-apple-macos.swiftsourceinfo /Users/admin/builder/spi-builder-workspace/.derivedData/Build/Intermediates.noindex/PerfectAPIClient.build/Debug/PerfectAPIClient-t.build/Objects-normal/arm64/PerfectAPIClient.swiftsourceinfo (in target 'PerfectAPIClient' from project 'PerfectAPIClient')
cd /Users/admin/builder/spi-builder-workspace
builtin-copy -exclude .DS_Store -exclude CVS -exclude .svn -exclude .git -exclude .hg -resolve-src-symlinks -rename /Users/admin/builder/spi-builder-workspace/.derivedData/Build/Intermediates.noindex/PerfectAPIClient.build/Debug/PerfectAPIClient-t.build/Objects-normal/arm64/PerfectAPIClient.swiftsourceinfo /Users/admin/builder/spi-builder-workspace/.derivedData/Build/Products/Debug/PerfectAPIClient.swiftmodule/Project/arm64-apple-macos.swiftsourceinfo
SwiftCompile normal arm64 Compiling\ CURLRequestOptions.swift /Users/admin/builder/spi-builder-workspace/.dependencies/checkouts/Perfect-CURL/Sources/PerfectCURL/CURLRequestOptions.swift (in target 'PerfectCURL' from project 'PerfectCURL')
/Users/admin/builder/spi-builder-workspace/.dependencies/checkouts/Perfect-CURL/Sources/PerfectCURL/CURLRequestOptions.swift:126:19: error: cannot find 'CURLOPT_FTP_RESPONSE_TIMEOUT' in scope
124 | curl.setOption(CURLOPT_FTPPORT, s: optString)
125 | case .ftpResponseTimeout(let optInt):
126 | curl.setOption(CURLOPT_FTP_RESPONSE_TIMEOUT, int: optInt)
| `- error: cannot find 'CURLOPT_FTP_RESPONSE_TIMEOUT' in scope
127 | case .sshPublicKey(let optString):
128 | curl.setOption(CURLOPT_SSH_PUBLIC_KEYFILE, s: optString)
Failed frontend command:
/Applications/Xcode-27.0.0-Release.Candidate.app/Contents/Developer/Toolchains/XcodeDefault.xctoolchain/usr/bin/swift-frontend -frontend -c /Users/admin/builder/spi-builder-workspace/.dependencies/checkouts/Perfect-CURL/Sources/PerfectCURL/CURLRequest.swift -primary-file /Users/admin/builder/spi-builder-workspace/.dependencies/checkouts/Perfect-CURL/Sources/PerfectCURL/CURLRequestOptions.swift /Users/admin/builder/spi-builder-workspace/.dependencies/checkouts/Perfect-CURL/Sources/PerfectCURL/CURLResponse.swift /Users/admin/builder/spi-builder-workspace/.dependencies/checkouts/Perfect-CURL/Sources/PerfectCURL/CURLResponseInfos.swift /Users/admin/builder/spi-builder-workspace/.dependencies/checkouts/Perfect-CURL/Sources/PerfectCURL/cURL.swift -emit-dependencies-path /Users/admin/builder/spi-builder-workspace/.derivedData/Build/Intermediates.noindex/PerfectCURL.build/Debug/PerfectCURL-t.build/Objects-normal/arm64/CURLRequestOptions.d -emit-const-values-path /Users/admin/builder/spi-builder-workspace/.derivedData/Build/Intermediates.noindex/PerfectCURL.build/Debug/PerfectCURL-t.build/Objects-normal/arm64/CURLRequestOptions.swiftconstvalues -emit-reference-dependencies-path /Users/admin/builder/spi-builder-workspace/.derivedData/Build/Intermediates.noindex/PerfectCURL.build/Debug/PerfectCURL-t.build/Objects-normal/arm64/CURLRequestOptions.swiftdeps -serialize-diagnostics-path /Users/admin/builder/spi-builder-workspace/.derivedData/Build/Intermediates.noindex/PerfectCURL.build/Debug/PerfectCURL-t.build/Objects-normal/arm64/CURLRequestOptions.dia -target arm64-apple-macos12.0 -Xllvm -aarch64-use-tbi -enable-objc-interop -stack-check -sdk /Applications/Xcode-27.0.0-Release.Candidate.app/Contents/Developer/Platforms/MacOSX.platform/Developer/SDKs/MacOSX27.0.sdk -I /Users/admin/builder/spi-builder-workspace/.derivedData/Build/Products/Debug -Isystem /Applications/Xcode-27.0.0-Release.Candidate.app/Contents/Developer/Platforms/MacOSX.platform/Developer/usr/lib -F /Users/admin/builder/spi-builder-workspace/.derivedData/Build/Products/Debug/PackageFrameworks -F /Users/admin/builder/spi-builder-workspace/.derivedData/Build/Products/Debug -F /Applications/Xcode-27.0.0-Release.Candidate.app/Contents/Developer/Platforms/MacOSX.platform/Developer/Library/Frameworks -module-cache-path /Users/admin/builder/spi-builder-workspace/.derivedData/ModuleCache.noindex -no-color-diagnostics -Xcc -fno-color-diagnostics -enable-testing -g -debug-info-format\=dwarf -dwarf-version\=4 -suppress-warnings -profile-generate -profile-coverage-mapping -swift-version 4 -Onone -D SWIFT_PACKAGE -D DEBUG -D SWIFT_MODULE_RESOURCE_BUNDLE_UNAVAILABLE -D Xcode -serialize-debugging-options -enable-experimental-feature DebugDescriptionMacro -empty-abi-descriptor -plugin-path /Applications/Xcode-27.0.0-Release.Candidate.app/Contents/Developer/Toolchains/XcodeDefault.xctoolchain/usr/lib/swift/host/plugins/testing -validate-clang-modules-once -clang-build-session-file /Users/admin/builder/spi-builder-workspace/.derivedData/ModuleCache.noindex/Session.modulevalidation -Xcc -working-directory -Xcc /Users/admin/builder/spi-builder-workspace/.swiftpm/xcode -enable-anonymous-context-mangled-names -file-compilation-dir /Users/admin/builder/spi-builder-workspace/.swiftpm/xcode -Xcc -fmodule-map-file\=/Users/admin/builder/spi-builder-workspace/.dependencies/checkouts/Perfect-COpenSSL/COpenSSL/include/module.modulemap -Xcc -fmodule-map-file\=/Users/admin/builder/spi-builder-workspace/.dependencies/checkouts/Perfect-libcurl/module.modulemap -Xcc -D_LIBCPP_HARDENING_MODE\=_LIBCPP_HARDENING_MODE_DEBUG -Xcc -ivfsstatcache -Xcc /Users/admin/builder/spi-builder-workspace/.derivedData/SDKStatCaches.noindex/macosx27.0-26A425-e829b21a6f8c9b70876ba0858053c0446a22442a12e9d48fe1a705f55a1adfc4.sdkstatcache -Xcc -fmodules-prune-interval\=86400 -Xcc -fmodules-prune-after\=345600 -Xcc -I/Users/admin/builder/spi-builder-workspace/.dependencies/checkouts/Perfect-COpenSSL/COpenSSL/include -Xcc -I/Users/admin/builder/spi-builder-workspace/.derivedData/Build/Products/Debug/include -Xcc -I/Users/admin/builder/spi-builder-workspace/.derivedData/Build/Intermediates.noindex/PerfectCURL.build/Debug/PerfectCURL-t.build/DerivedSources-normal/arm64 -Xcc -I/Users/admin/builder/spi-builder-workspace/.derivedData/Build/Intermediates.noindex/PerfectCURL.build/Debug/PerfectCURL-t.build/DerivedSources/arm64 -Xcc -I/Users/admin/builder/spi-builder-workspace/.derivedData/Build/Intermediates.noindex/PerfectCURL.build/Debug/PerfectCURL-t.build/DerivedSources -Xcc -DSWIFT_PACKAGE -Xcc -DDEBUG\=1 -no-auto-bridging-header-chaining -module-name PerfectCURL -const-gather-protocols-file /Users/admin/builder/spi-builder-workspace/.derivedData/Build/Intermediates.noindex/PerfectCURL.build/Debug/PerfectCURL-t.build/Objects-normal/arm64/PerfectCURL_const_extract_protocols.json -disable-clang-spi -target-sdk-version 27.0 -target-sdk-name macosx27.0 -external-plugin-path /Applications/Xcode-27.0.0-Release.Candidate.app/Contents/Developer/Platforms/MacOSX.platform/Developer/usr/lib/swift/host/plugins\#/Applications/Xcode-27.0.0-Release.Candidate.app/Contents/Developer/Platforms/MacOSX.platform/Developer/usr/bin/swift-plugin-server -external-plugin-path /Applications/Xcode-27.0.0-Release.Candidate.app/Contents/Developer/Platforms/MacOSX.platform/Developer/usr/local/lib/swift/host/plugins\#/Applications/Xcode-27.0.0-Release.Candidate.app/Contents/Developer/Platforms/MacOSX.platform/Developer/usr/bin/swift-plugin-server -in-process-plugin-server-path /Applications/Xcode-27.0.0-Release.Candidate.app/Contents/Developer/Toolchains/XcodeDefault.xctoolchain/usr/lib/swift/host/libSwiftInProcPluginServer.dylib -plugin-path /Applications/Xcode-27.0.0-Release.Candidate.app/Contents/Developer/Toolchains/XcodeDefault.xctoolchain/usr/lib/swift/host/plugins -plugin-path /Applications/Xcode-27.0.0-Release.Candidate.app/Contents/Developer/Toolchains/XcodeDefault.xctoolchain/usr/local/lib/swift/host/plugins -parse-as-library -o /Users/admin/builder/spi-builder-workspace/.derivedData/Build/Intermediates.noindex/PerfectCURL.build/Debug/PerfectCURL-t.build/Objects-normal/arm64/CURLRequestOptions.o -index-unit-output-path /PerfectCURL.build/Debug/PerfectCURL-t.build/Objects-normal/arm64/CURLRequestOptions.o -index-store-path /Users/admin/builder/spi-builder-workspace/.derivedData/Index.noindex/DataStore -index-system-modules
SwiftCompile normal arm64 /Users/admin/builder/spi-builder-workspace/.dependencies/checkouts/Perfect-CURL/Sources/PerfectCURL/CURLRequestOptions.swift (in target 'PerfectCURL' from project 'PerfectCURL')
cd /Users/admin/builder/spi-builder-workspace/.swiftpm/xcode
builtin-SwiftPerFileCompile CURLRequestOptions.swift
SwiftCompile normal arm64 Compiling\ CURLRequest.swift /Users/admin/builder/spi-builder-workspace/.dependencies/checkouts/Perfect-CURL/Sources/PerfectCURL/CURLRequest.swift (in target 'PerfectCURL' from project 'PerfectCURL')
SwiftCompile normal arm64 /Users/admin/builder/spi-builder-workspace/.dependencies/checkouts/Perfect-CURL/Sources/PerfectCURL/CURLRequest.swift (in target 'PerfectCURL' from project 'PerfectCURL')
cd /Users/admin/builder/spi-builder-workspace/.swiftpm/xcode
builtin-SwiftPerFileCompile CURLRequest.swift
SwiftDriverJobDiscovery normal arm64 Compiling HTTPFilter.swift (in target 'PerfectHTTP' from project 'PerfectHTTP')
SwiftCompile normal arm64 Compiling\ CURLResponse.swift /Users/admin/builder/spi-builder-workspace/.dependencies/checkouts/Perfect-CURL/Sources/PerfectCURL/CURLResponse.swift (in target 'PerfectCURL' from project 'PerfectCURL')
SwiftCompile normal arm64 /Users/admin/builder/spi-builder-workspace/.dependencies/checkouts/Perfect-CURL/Sources/PerfectCURL/CURLResponse.swift (in target 'PerfectCURL' from project 'PerfectCURL')
cd /Users/admin/builder/spi-builder-workspace/.swiftpm/xcode
builtin-SwiftPerFileCompile CURLResponse.swift
SwiftDriverJobDiscovery normal arm64 Compiling APIClientError.swift (in target 'PerfectAPIClient' from project 'PerfectAPIClient')
SwiftDriverJobDiscovery normal arm64 Compiling HTTPHeaders.swift (in target 'PerfectHTTP' from project 'PerfectHTTP')
SwiftCompile normal arm64 Compiling\ APIClientRequest.swift /Users/admin/builder/spi-builder-workspace/Sources/PerfectAPIClient/Models/APIClientRequest.swift (in target 'PerfectAPIClient' from project 'PerfectAPIClient')
SwiftCompile normal arm64 /Users/admin/builder/spi-builder-workspace/Sources/PerfectAPIClient/Models/APIClientRequest.swift (in target 'PerfectAPIClient' from project 'PerfectAPIClient')
cd /Users/admin/builder/spi-builder-workspace/.swiftpm/xcode
builtin-SwiftPerFileCompile APIClientRequest.swift
SwiftDriverJobDiscovery normal arm64 Compiling CURLResponseInfos.swift (in target 'PerfectCURL' from project 'PerfectCURL')
SwiftDriverJobDiscovery normal arm64 Compiling APIClientResult.swift (in target 'PerfectAPIClient' from project 'PerfectAPIClient')
PruneExplicitPrecompiledModules /Users/admin/builder/spi-builder-workspace/.derivedData/Build/Intermediates.noindex/SwiftExplicitPrecompiledModules
PruneExplicitPrecompiledModules /Users/admin/builder/spi-builder-workspace/.derivedData/Build/Intermediates.noindex/ExplicitPrecompiledModules
PruneExplicitPrecompiledModules /Users/admin/builder/spi-builder-workspace/.derivedData/SDKExplicitPrecompiledModules
2026-09-19 21:31:01.069 xcodebuild[1435:7169] [MT] IDERunDestination: Supported platforms for the buildables in the current scheme is empty.
--- xcodebuild: WARNING: Using the first of multiple matching destinations:
{ platform:macOS, arch:arm64, id:6d4f1034ad8120e7c3cb39ad2af7c9f6957c7d6b, name:My Mac }
{ platform:macOS, arch:arm64, variant:Mac Catalyst, id:6d4f1034ad8120e7c3cb39ad2af7c9f6957c7d6b, name:My Mac }
{ platform:macOS, arch:arm64, variant:DriverKit, id:6d4f1034ad8120e7c3cb39ad2af7c9f6957c7d6b, name:My Mac }
{ platform:macOS, arch:arm64, variant:Designed for [iPad,iPhone], id:6d4f1034ad8120e7c3cb39ad2af7c9f6957c7d6b, name:My Mac }
** BUILD FAILED **
The following build commands failed:
SwiftCompile normal arm64 Compiling\ CURLRequestOptions.swift /Users/admin/builder/spi-builder-workspace/.dependencies/checkouts/Perfect-CURL/Sources/PerfectCURL/CURLRequestOptions.swift (in target 'PerfectCURL' from project 'PerfectCURL')
SwiftCompile normal arm64 /Users/admin/builder/spi-builder-workspace/.dependencies/checkouts/Perfect-CURL/Sources/PerfectCURL/CURLRequestOptions.swift (in target 'PerfectCURL' from project 'PerfectCURL')
Building workspace PerfectAPIClient with scheme PerfectAPIClient
(3 failures)
BUILD FAILURE 6.4 macosXcodebuild