The Swift Package Index logo.Swift Package Index

Build Information

Failed to build CleevioStorageLibrary, reference 0.5.2 (7091b5), with Swift 6.1 for Wasm on 27 Jun 2026 05:33:25 UTC.

Build Command

bash -c docker run --pull=always --rm -v "checkouts-53886769-0":/host -w "$PWD" -e JAVA_HOME="/root/.sdkman/candidates/java/current" -e SPI_BUILD="1" -e SPI_PROCESSING="1" registry.gitlab.com/saguaro1/spi-images:wasm-6.1-latest swift build --swift-sdk wasm32-unknown-wasi 2>&1

Build Log

========================================
RunAll
========================================
Builder version: 0e64495ecc1688c3b3e031a5ef1348b5c05091ae
Interrupt handler set up.
========================================
Checkout
========================================
Clone URL: https://github.com/cleevio/CleevioStorage.git
Reference: 0.5.2
Initialized empty Git repository in /host/spi-builder-workspace/.git/
hint: Using 'master' as the name for the initial branch. This default branch name
hint: is subject to change. To configure the initial branch name to use in all
hint: of your new repositories, which will suppress this warning, call:
hint:
hint: 	git config --global init.defaultBranch <name>
hint:
hint: Names commonly chosen instead of 'master' are 'main', 'trunk' and
hint: 'development'. The just-created branch can be renamed via this command:
hint:
hint: 	git branch -m <name>
From https://github.com/cleevio/CleevioStorage
 * tag               0.5.2      -> FETCH_HEAD
HEAD is now at 7091b50 Xcode 27 support
Cloned https://github.com/cleevio/CleevioStorage.git
Revision (git rev-parse @):
7091b500bbb4b4e9bee59bb55ef1ee4fa62c7159
SUCCESS checkout https://github.com/cleevio/CleevioStorage.git at 0.5.2
========================================
Build
========================================
Selected platform:         wasm
Swift version:             6.1
Building package at path:  $PWD
https://github.com/cleevio/CleevioStorage.git
https://github.com/cleevio/CleevioStorage.git
WARNING: environment variable SUPPRESS_SWIFT_6_FLAGS is not set
Running build ...
bash -c docker run --pull=always --rm -v "checkouts-53886769-0":/host -w "$PWD" -e JAVA_HOME="/root/.sdkman/candidates/java/current" -e SPI_BUILD="1" -e SPI_PROCESSING="1" registry.gitlab.com/saguaro1/spi-images:wasm-6.1-latest swift build --swift-sdk wasm32-unknown-wasi -Xswiftc -Xfrontend -Xswiftc -stats-output-dir -Xswiftc -Xfrontend -Xswiftc .stats -Xswiftc -strict-concurrency=complete -Xswiftc -enable-upcoming-feature -Xswiftc StrictConcurrency -Xswiftc -enable-upcoming-feature -Xswiftc DisableOutwardActorInference -Xswiftc -enable-upcoming-feature -Xswiftc GlobalActorIsolatedTypesUsability -Xswiftc -enable-upcoming-feature -Xswiftc InferSendableFromCaptures 2>&1
wasm-6.1-latest: Pulling from saguaro1/spi-images
Digest: sha256:1ad245dad3d2ae0004e1afbc92334bd39884ed9ca587cf04d0a8d5f640fb02e9
Status: Image is up to date for registry.gitlab.com/saguaro1/spi-images:wasm-6.1-latest
Fetching https://github.com/pointfreeco/swift-concurrency-extras
Fetching https://github.com/cleevio/CleevioCore.git
Fetching https://github.com/parmar-mehul/KeychainAccess
[1/1039] Fetching swift-concurrency-extras
[490/1252] Fetching swift-concurrency-extras, cleeviocore
[1253/3796] Fetching swift-concurrency-extras, cleeviocore, keychainaccess
Fetched https://github.com/cleevio/CleevioCore.git from cache (0.47s)
Fetched https://github.com/pointfreeco/swift-concurrency-extras from cache (0.47s)
Fetched https://github.com/parmar-mehul/KeychainAccess from cache (0.47s)
Computing version for https://github.com/cleevio/CleevioCore.git
Computed https://github.com/cleevio/CleevioCore.git at 2.2.0 (0.69s)
Computing version for https://github.com/parmar-mehul/KeychainAccess
Computed https://github.com/parmar-mehul/KeychainAccess at 1.0.2 (0.22s)
Computing version for https://github.com/pointfreeco/swift-concurrency-extras
Computed https://github.com/pointfreeco/swift-concurrency-extras at 1.4.0 (0.22s)
Creating working copy for https://github.com/parmar-mehul/KeychainAccess
Working copy of https://github.com/parmar-mehul/KeychainAccess resolved at 1.0.2
Creating working copy for https://github.com/pointfreeco/swift-concurrency-extras
Working copy of https://github.com/pointfreeco/swift-concurrency-extras resolved at 1.4.0
Creating working copy for https://github.com/cleevio/CleevioCore.git
Working copy of https://github.com/cleevio/CleevioCore.git resolved at 2.2.0
Building for debugging...
[0/5] Write sources
[4/5] Write swift-version-24593BA9C3E375BF.txt
error: emit-module command failed with exit code 1 (use -v to see invocation)
[6/22] Emitting module KeychainAccess
/host/spi-builder-workspace/.build/checkouts/KeychainAccess/Lib/KeychainAccess/Keychain.swift:27:8: error: no such module 'Security'
  25 |
  26 | import Foundation
  27 | import Security
     |        `- error: no such module 'Security'
  28 | #if os(iOS) || os(macOS)
  29 | import LocalAuthentication
[7/22] Compiling KeychainAccess Keychain.swift
/host/spi-builder-workspace/.build/checkouts/KeychainAccess/Lib/KeychainAccess/Keychain.swift:27:8: error: no such module 'Security'
  25 |
  26 | import Foundation
  27 | import Security
     |        `- error: no such module 'Security'
  28 | #if os(iOS) || os(macOS)
  29 | import LocalAuthentication
error: emit-module command failed with exit code 1 (use -v to see invocation)
[8/22] Emitting module CleevioCore
<unknown>:0: warning: upcoming feature 'InferSendableFromCaptures' is already enabled as of Swift version 6
<unknown>:0: warning: upcoming feature 'GlobalActorIsolatedTypesUsability' is already enabled as of Swift version 6
<unknown>:0: warning: upcoming feature 'DisableOutwardActorInference' is already enabled as of Swift version 6
/host/spi-builder-workspace/.build/checkouts/CleevioCore/Sources/CleevioCore/Activity.swift:9:8: error: no such module 'Combine'
 7 |
 8 | import Foundation
 9 | import Combine
   |        `- error: no such module 'Combine'
10 |
11 | @available(iOS 13.0, macOS 10.15, watchOS 6.0, *)
<unknown>:0: warning: upcoming feature 'InferSendableFromCaptures' is already enabled as of Swift version 6
<unknown>:0: warning: upcoming feature 'GlobalActorIsolatedTypesUsability' is already enabled as of Swift version 6
<unknown>:0: warning: upcoming feature 'DisableOutwardActorInference' is already enabled as of Swift version 6
Running build ...
bash -c docker run --pull=always --rm -v "checkouts-53886769-0":/host -w "$PWD" -e JAVA_HOME="/root/.sdkman/candidates/java/current" -e SPI_BUILD="1" -e SPI_PROCESSING="1" registry.gitlab.com/saguaro1/spi-images:wasm-6.1-latest swift build --swift-sdk wasm32-unknown-wasi 2>&1
wasm-6.1-latest: Pulling from saguaro1/spi-images
Digest: sha256:1ad245dad3d2ae0004e1afbc92334bd39884ed9ca587cf04d0a8d5f640fb02e9
Status: Image is up to date for registry.gitlab.com/saguaro1/spi-images:wasm-6.1-latest
[0/1] Planning build
Building for debugging...
[0/1] Write swift-version-24593BA9C3E375BF.txt
[2/18] Compiling CleevioCore HashableType.swift
/host/spi-builder-workspace/.build/checkouts/CleevioCore/Sources/CleevioCore/Activity.swift:9:8: error: no such module 'Combine'
 7 |
 8 | import Foundation
 9 | import Combine
   |        `- error: no such module 'Combine'
10 |
11 | @available(iOS 13.0, macOS 10.15, watchOS 6.0, *)
[3/18] Compiling CleevioCore ViewModelType.swift
/host/spi-builder-workspace/.build/checkouts/CleevioCore/Sources/CleevioCore/Activity.swift:9:8: error: no such module 'Combine'
 7 |
 8 | import Foundation
 9 | import Combine
   |        `- error: no such module 'Combine'
10 |
11 | @available(iOS 13.0, macOS 10.15, watchOS 6.0, *)
[4/19] Compiling CleevioCore CancelBag.swift
/host/spi-builder-workspace/.build/checkouts/CleevioCore/Sources/CleevioCore/Activity.swift:9:8: error: no such module 'Combine'
 7 |
 8 | import Foundation
 9 | import Combine
   |        `- error: no such module 'Combine'
10 |
11 | @available(iOS 13.0, macOS 10.15, watchOS 6.0, *)
[5/19] Compiling CleevioCore ErrorIndicator.swift
/host/spi-builder-workspace/.build/checkouts/CleevioCore/Sources/CleevioCore/Activity.swift:9:8: error: no such module 'Combine'
 7 |
 8 | import Foundation
 9 | import Combine
   |        `- error: no such module 'Combine'
10 |
11 | @available(iOS 13.0, macOS 10.15, watchOS 6.0, *)
[6/19] Compiling CleevioCore ErrorLogging.swift
/host/spi-builder-workspace/.build/checkouts/CleevioCore/Sources/CleevioCore/Activity.swift:9:8: error: no such module 'Combine'
 7 |
 8 | import Foundation
 9 | import Combine
   |        `- error: no such module 'Combine'
10 |
11 | @available(iOS 13.0, macOS 10.15, watchOS 6.0, *)
[7/19] Compiling CleevioCore AssociatedObjectHelper.swift
/host/spi-builder-workspace/.build/checkouts/CleevioCore/Sources/CleevioCore/Activity.swift:9:8: error: no such module 'Combine'
 7 |
 8 | import Foundation
 9 | import Combine
   |        `- error: no such module 'Combine'
10 |
11 | @available(iOS 13.0, macOS 10.15, watchOS 6.0, *)
[8/19] Compiling CleevioCore BaseUIHostingController.swift
/host/spi-builder-workspace/.build/checkouts/CleevioCore/Sources/CleevioCore/Activity.swift:9:8: error: no such module 'Combine'
 7 |
 8 | import Foundation
 9 | import Combine
   |        `- error: no such module 'Combine'
10 |
11 | @available(iOS 13.0, macOS 10.15, watchOS 6.0, *)
[9/19] Compiling CleevioCore BaseUIViewController.swift
/host/spi-builder-workspace/.build/checkouts/CleevioCore/Sources/CleevioCore/Activity.swift:9:8: error: no such module 'Combine'
 7 |
 8 | import Foundation
 9 | import Combine
   |        `- error: no such module 'Combine'
10 |
11 | @available(iOS 13.0, macOS 10.15, watchOS 6.0, *)
[10/19] Compiling CleevioCore DismissHandler.swift
/host/spi-builder-workspace/.build/checkouts/CleevioCore/Sources/CleevioCore/Activity.swift:9:8: error: no such module 'Combine'
 7 |
 8 | import Foundation
 9 | import Combine
   |        `- error: no such module 'Combine'
10 |
11 | @available(iOS 13.0, macOS 10.15, watchOS 6.0, *)
[11/19] Compiling CleevioCore Bundle+.swift
/host/spi-builder-workspace/.build/checkouts/CleevioCore/Sources/CleevioCore/Activity.swift:9:8: error: no such module 'Combine'
 7 |
 8 | import Foundation
 9 | import Combine
   |        `- error: no such module 'Combine'
10 |
11 | @available(iOS 13.0, macOS 10.15, watchOS 6.0, *)
error: emit-module command failed with exit code 1 (use -v to see invocation)
[12/19] Emitting module CleevioCore
/host/spi-builder-workspace/.build/checkouts/CleevioCore/Sources/CleevioCore/Activity.swift:9:8: error: no such module 'Combine'
 7 |
 8 | import Foundation
 9 | import Combine
   |        `- error: no such module 'Combine'
10 |
11 | @available(iOS 13.0, macOS 10.15, watchOS 6.0, *)
[13/19] Compiling CleevioCore Activity.swift
/host/spi-builder-workspace/.build/checkouts/CleevioCore/Sources/CleevioCore/Activity.swift:9:8: error: no such module 'Combine'
 7 |
 8 | import Foundation
 9 | import Combine
   |        `- error: no such module 'Combine'
10 |
11 | @available(iOS 13.0, macOS 10.15, watchOS 6.0, *)
[14/19] Compiling CleevioCore ActivityIndicator.swift
/host/spi-builder-workspace/.build/checkouts/CleevioCore/Sources/CleevioCore/Activity.swift:9:8: error: no such module 'Combine'
 7 |
 8 | import Foundation
 9 | import Combine
   |        `- error: no such module 'Combine'
10 |
11 | @available(iOS 13.0, macOS 10.15, watchOS 6.0, *)
[15/19] Compiling CleevioCore Aliases.swift
/host/spi-builder-workspace/.build/checkouts/CleevioCore/Sources/CleevioCore/Activity.swift:9:8: error: no such module 'Combine'
 7 |
 8 | import Foundation
 9 | import Combine
   |        `- error: no such module 'Combine'
10 |
11 | @available(iOS 13.0, macOS 10.15, watchOS 6.0, *)
[16/19] Compiling CleevioCore AppVersion.swift
/host/spi-builder-workspace/.build/checkouts/CleevioCore/Sources/CleevioCore/Activity.swift:9:8: error: no such module 'Combine'
 7 |
 8 | import Foundation
 9 | import Combine
   |        `- error: no such module 'Combine'
10 |
11 | @available(iOS 13.0, macOS 10.15, watchOS 6.0, *)
[17/19] Compiling CleevioCore WeakBox.swift
/host/spi-builder-workspace/.build/checkouts/CleevioCore/Sources/CleevioCore/Activity.swift:9:8: error: no such module 'Combine'
 7 |
 8 | import Foundation
 9 | import Combine
   |        `- error: no such module 'Combine'
10 |
11 | @available(iOS 13.0, macOS 10.15, watchOS 6.0, *)
error: emit-module command failed with exit code 1 (use -v to see invocation)
[18/19] Emitting module KeychainAccess
/host/spi-builder-workspace/.build/checkouts/KeychainAccess/Lib/KeychainAccess/Keychain.swift:27:8: error: no such module 'Security'
  25 |
  26 | import Foundation
  27 | import Security
     |        `- error: no such module 'Security'
  28 | #if os(iOS) || os(macOS)
  29 | import LocalAuthentication
BUILD FAILURE 6.1 wasm