The Swift Package Index logo.Swift Package Index

Build Information

Failed to build MemberwiseInit, reference main (d0fb82), with Swift 6.2 for Wasm on 11 Aug 2026 03:23:12 UTC.

Build Command

bash -c docker run --pull=always --rm -v "checkouts-54344844-0":/host -w "$PWD" -e JAVA_HOME="/root/.sdkman/candidates/java/current" -e SPI_BUILD="1" -e SPI_PROCESSING="1" registry.gitlab.com/saguaro1/spi-images:wasm-6.2-latest swift build --swift-sdk swift-6.2-RELEASE_wasm 2>&1

Build Log

========================================
RunAll
========================================
Builder version: 729ceb5fcd9493dc13ee340bc4f0908bd201f85d
Interrupt handler set up.
========================================
Checkout
========================================
Clone URL: https://github.com/MxIris-Library-Forks/swift-memberwise-init-macro.git
Reference: main
Initialized empty Git repository in /host/spi-builder-workspace/.git/
hint: Using 'master' as the name for the initial branch. This default branch name
hint: is subject to change. To configure the initial branch name to use in all
hint: of your new repositories, which will suppress this warning, call:
hint:
hint: 	git config --global init.defaultBranch <name>
hint:
hint: Names commonly chosen instead of 'master' are 'main', 'trunk' and
hint: 'development'. The just-created branch can be renamed via this command:
hint:
hint: 	git branch -m <name>
From https://github.com/MxIris-Library-Forks/swift-memberwise-init-macro
 * branch            main       -> FETCH_HEAD
 * [new branch]      main       -> origin/main
HEAD is now at d0fb82b Prepare README for 0.6.0 release
Cloned https://github.com/MxIris-Library-Forks/swift-memberwise-init-macro.git
Revision (git rev-parse @):
d0fb82bb6638051524214fb54524bfcd876735a1
SUCCESS checkout https://github.com/MxIris-Library-Forks/swift-memberwise-init-macro.git at main
========================================
Build
========================================
Selected platform:         wasm
Swift version:             6.2
Building package at path:  $PWD
https://github.com/MxIris-Library-Forks/swift-memberwise-init-macro.git
Running build ...
bash -c docker run --pull=always --rm -v "checkouts-54344844-0":/host -w "$PWD" -e JAVA_HOME="/root/.sdkman/candidates/java/current" -e SPI_BUILD="1" -e SPI_PROCESSING="1" registry.gitlab.com/saguaro1/spi-images:wasm-6.2-latest swift build --swift-sdk swift-6.2-RELEASE_wasm 2>&1
wasm-6.2-latest: Pulling from saguaro1/spi-images
Digest: sha256:70428a4f4110aef5b17a27427e965f31cf3855e8cf1dfdc416ed61c780337965
Status: Image is up to date for registry.gitlab.com/saguaro1/spi-images:wasm-6.2-latest
Fetching https://github.com/pointfreeco/swift-snapshot-testing
Fetching https://github.com/swiftlang/swift-syntax
[1/76467] Fetching swift-syntax
[5354/92843] Fetching swift-syntax, swift-snapshot-testing
Fetched https://github.com/swiftlang/swift-syntax from cache (2.95s)
Fetched https://github.com/pointfreeco/swift-snapshot-testing from cache (2.96s)
Computing version for https://github.com/pointfreeco/swift-snapshot-testing
Computed https://github.com/pointfreeco/swift-snapshot-testing at 1.19.4 (3.13s)
Fetching https://github.com/pointfreeco/swift-custom-dump
[1/5669] Fetching swift-custom-dump
Fetched https://github.com/pointfreeco/swift-custom-dump from cache (0.47s)
Computing version for https://github.com/pointfreeco/swift-custom-dump
Computed https://github.com/pointfreeco/swift-custom-dump at 1.7.0 (0.64s)
Fetching https://github.com/pointfreeco/xctest-dynamic-overlay
[1/2578] Fetching xctest-dynamic-overlay
Fetched https://github.com/pointfreeco/xctest-dynamic-overlay from cache (0.62s)
Computing version for https://github.com/swiftlang/swift-syntax
Computed https://github.com/swiftlang/swift-syntax at 603.0.2 (0.88s)
Computing version for https://github.com/pointfreeco/xctest-dynamic-overlay
Computed https://github.com/pointfreeco/xctest-dynamic-overlay at 1.11.0 (0.90s)
Creating working copy for https://github.com/pointfreeco/swift-snapshot-testing
Working copy of https://github.com/pointfreeco/swift-snapshot-testing resolved at 1.19.4
Creating working copy for https://github.com/pointfreeco/swift-custom-dump
Working copy of https://github.com/pointfreeco/swift-custom-dump resolved at 1.7.0
Creating working copy for https://github.com/pointfreeco/xctest-dynamic-overlay
Working copy of https://github.com/pointfreeco/xctest-dynamic-overlay resolved at 1.11.0
Creating working copy for https://github.com/swiftlang/swift-syntax
Working copy of https://github.com/swiftlang/swift-syntax resolved at 603.0.2
Building for debugging...
[0/87] Write sources
[59/87] Compiling _SwiftSyntaxCShims PlatformMutex.c
[61/87] Write swift-version-24593BA9C3E375BF.txt
[63/105] Emitting module _SwiftSyntaxGenericTestSupport
[64/105] Emitting module SwiftSyntax510
[65/105] Emitting module SwiftSyntax603
[66/105] Emitting module SwiftSyntax602
[67/105] Compiling SwiftSyntax602 Empty.swift
[68/106] Compiling _SwiftSyntaxGenericTestSupport String+TrimmingTrailingWhitespace.swift
[70/108] Compiling SwiftSyntax603 Empty.swift
[71/109] Emitting module SwiftSyntax602
[72/109] Compiling SwiftSyntax602 Empty.swift
[74/110] Compiling SwiftSyntax603 Empty.swift
[75/110] Emitting module SwiftSyntax603
[78/113] Emitting module SwiftSyntax600
[79/113] Compiling SwiftSyntax600 Empty.swift
[80/116] Compiling _SwiftSyntaxGenericTestSupport String+TrimmingTrailingWhitespace.swift
[82/116] Emitting module SwiftSyntax601
[83/116] Compiling SwiftSyntax601 Empty.swift
[84/119] Emitting module SwiftSyntax600
[85/119] Compiling SwiftSyntax600 Empty.swift
[87/120] Emitting module SwiftSyntax510
[88/120] Compiling SwiftSyntax510 Empty.swift
[91/125] Emitting module SwiftSyntax509
[92/125] Compiling SwiftSyntax509 Empty.swift
[95/144] Emitting module SwiftSyntax601
[96/150] Emitting module SwiftSyntax509
[97/151] Compiling SwiftSyntax601 Empty.swift
[100/219] Compiling _SwiftSyntaxGenericTestSupport AssertEqualWithDiff.swift
[101/220] Compiling SwiftSyntax510 Empty.swift
[103/297] Wrapping AST for SwiftSyntax603 for debugging
[104/297] Wrapping AST for SwiftSyntax602 for debugging
[106/297] Emitting module _SwiftSyntaxGenericTestSupport
[107/297] Compiling _SwiftSyntaxGenericTestSupport AssertEqualWithDiff.swift
[107/298] Wrapping AST for SwiftSyntax601 for debugging
[109/299] Wrapping AST for SwiftSyntax600 for debugging
[110/326] Wrapping AST for SwiftSyntax510 for debugging
[111/361] Wrapping AST for SwiftSyntax509 for debugging
[113/361] Compiling SwiftSyntax AbsolutePosition.swift
[114/361] Compiling SwiftSyntax AbsoluteSyntaxInfo.swift
[115/361] Compiling SwiftSyntax ArenaAllocatedBuffer.swift
[116/361] Compiling SwiftSyntax Assert.swift
[117/361] Compiling SwiftSyntax BumpPtrAllocator.swift
[118/361] Compiling SwiftSyntax CommonAncestor.swift
[119/361] Compiling SwiftSyntax Convenience.swift
[120/361] Compiling SwiftSyntax CustomTraits.swift
[121/361] Compiling SwiftSyntax EditorPlaceholder.swift
[122/369] Compiling SwiftSyntax SyntaxNodeStructure.swift
[123/369] Compiling SwiftSyntax SyntaxProtocol.swift
[124/369] Compiling SwiftSyntax SyntaxText.swift
[125/369] Compiling SwiftSyntax SyntaxTreeViewMode.swift
[126/369] Compiling SwiftSyntax TokenDiagnostic.swift
[127/369] Compiling SwiftSyntax TokenSequence.swift
[128/369] Compiling SwiftSyntax TokenSyntax.swift
[129/369] Compiling SwiftSyntax Trivia.swift
[130/369] Compiling SwiftSyntax Utils.swift
[137/371] Compiling SwiftSyntax Identifier.swift
[138/371] Compiling SwiftSyntax MemoryLayout.swift
[139/371] Compiling SwiftSyntax SourceEdit.swift
[140/371] Compiling SwiftSyntax SourceLength.swift
[141/371] Compiling SwiftSyntax SourceLocation.swift
[142/371] Compiling SwiftSyntax SourcePresence.swift
[148/377] Compiling IssueReporting WithExpectedIssue.swift
[149/377] Compiling IssueReporting WithIssueContext.swift
/host/spi-builder-workspace/.build/checkouts/swift-snapshot-testing/Sources/SnapshotTesting/AssertSnapshot.swift:577:10: error: no such module 'CoreServices'
575 |
576 | #if !os(Android) && !os(Linux) && !os(Windows)
577 |   import CoreServices
    |          `- error: no such module 'CoreServices'
578 |
579 |   func uniformTypeIdentifier(fromExtension pathExtension: String) -> String? {
/host/spi-builder-workspace/.build/checkouts/swift-snapshot-testing/Sources/SnapshotTesting/AssertSnapshot.swift:577:10: error: no such module 'CoreServices'
575 |
576 | #if !os(Android) && !os(Linux) && !os(Windows)
577 |   import CoreServices
    |          `- error: no such module 'CoreServices'
578 |
579 |   func uniformTypeIdentifier(fromExtension pathExtension: String) -> String? {
/host/spi-builder-workspace/.build/checkouts/swift-snapshot-testing/Sources/SnapshotTesting/AssertSnapshot.swift:577:10: error: no such module 'CoreServices'
575 |
576 | #if !os(Android) && !os(Linux) && !os(Windows)
577 |   import CoreServices
    |          `- error: no such module 'CoreServices'
578 |
579 |   func uniformTypeIdentifier(fromExtension pathExtension: String) -> String? {
/host/spi-builder-workspace/.build/checkouts/swift-snapshot-testing/Sources/SnapshotTesting/AssertSnapshot.swift:577:10: error: no such module 'CoreServices'
575 |
576 | #if !os(Android) && !os(Linux) && !os(Windows)
577 |   import CoreServices
    |          `- error: no such module 'CoreServices'
578 |
579 |   func uniformTypeIdentifier(fromExtension pathExtension: String) -> String? {
[168/381] Emitting module IssueReporting
/host/spi-builder-workspace/.build/checkouts/swift-snapshot-testing/Sources/SnapshotTesting/AssertSnapshot.swift:577:10: error: no such module 'CoreServices'
575 |
576 | #if !os(Android) && !os(Linux) && !os(Windows)
577 |   import CoreServices
    |          `- error: no such module 'CoreServices'
578 |
579 |   func uniformTypeIdentifier(fromExtension pathExtension: String) -> String? {
/host/spi-builder-workspace/.build/checkouts/swift-snapshot-testing/Sources/SnapshotTesting/AssertSnapshot.swift:577:10: error: no such module 'CoreServices'
575 |
576 | #if !os(Android) && !os(Linux) && !os(Windows)
577 |   import CoreServices
    |          `- error: no such module 'CoreServices'
578 |
579 |   func uniformTypeIdentifier(fromExtension pathExtension: String) -> String? {
/host/spi-builder-workspace/.build/checkouts/swift-snapshot-testing/Sources/SnapshotTesting/AssertSnapshot.swift:577:10: error: no such module 'CoreServices'
575 |
576 | #if !os(Android) && !os(Linux) && !os(Windows)
577 |   import CoreServices
    |          `- error: no such module 'CoreServices'
578 |
579 |   func uniformTypeIdentifier(fromExtension pathExtension: String) -> String? {
/host/spi-builder-workspace/.build/checkouts/swift-snapshot-testing/Sources/SnapshotTesting/AssertSnapshot.swift:577:10: error: no such module 'CoreServices'
575 |
576 | #if !os(Android) && !os(Linux) && !os(Windows)
577 |   import CoreServices
    |          `- error: no such module 'CoreServices'
578 |
579 |   func uniformTypeIdentifier(fromExtension pathExtension: String) -> String? {
/host/spi-builder-workspace/.build/checkouts/swift-snapshot-testing/Sources/SnapshotTesting/AssertSnapshot.swift:577:10: error: no such module 'CoreServices'
575 |
576 | #if !os(Android) && !os(Linux) && !os(Windows)
577 |   import CoreServices
    |          `- error: no such module 'CoreServices'
578 |
579 |   func uniformTypeIdentifier(fromExtension pathExtension: String) -> String? {
/host/spi-builder-workspace/.build/checkouts/swift-snapshot-testing/Sources/SnapshotTesting/AssertSnapshot.swift:577:10: error: no such module 'CoreServices'
575 |
576 | #if !os(Android) && !os(Linux) && !os(Windows)
577 |   import CoreServices
    |          `- error: no such module 'CoreServices'
578 |
579 |   func uniformTypeIdentifier(fromExtension pathExtension: String) -> String? {
/host/spi-builder-workspace/.build/checkouts/swift-snapshot-testing/Sources/SnapshotTesting/AssertSnapshot.swift:577:10: error: no such module 'CoreServices'
575 |
576 | #if !os(Android) && !os(Linux) && !os(Windows)
577 |   import CoreServices
    |          `- error: no such module 'CoreServices'
578 |
579 |   func uniformTypeIdentifier(fromExtension pathExtension: String) -> String? {
/host/spi-builder-workspace/.build/checkouts/swift-snapshot-testing/Sources/SnapshotTesting/AssertSnapshot.swift:577:10: error: no such module 'CoreServices'
575 |
576 | #if !os(Android) && !os(Linux) && !os(Windows)
577 |   import CoreServices
    |          `- error: no such module 'CoreServices'
578 |
579 |   func uniformTypeIdentifier(fromExtension pathExtension: String) -> String? {
/host/spi-builder-workspace/.build/checkouts/swift-snapshot-testing/Sources/SnapshotTesting/AssertSnapshot.swift:577:10: error: no such module 'CoreServices'
575 |
576 | #if !os(Android) && !os(Linux) && !os(Windows)
577 |   import CoreServices
    |          `- error: no such module 'CoreServices'
578 |
579 |   func uniformTypeIdentifier(fromExtension pathExtension: String) -> String? {
/host/spi-builder-workspace/.build/checkouts/swift-snapshot-testing/Sources/SnapshotTesting/AssertSnapshot.swift:577:10: error: no such module 'CoreServices'
575 |
576 | #if !os(Android) && !os(Linux) && !os(Windows)
577 |   import CoreServices
    |          `- error: no such module 'CoreServices'
578 |
579 |   func uniformTypeIdentifier(fromExtension pathExtension: String) -> String? {
/host/spi-builder-workspace/.build/checkouts/swift-snapshot-testing/Sources/SnapshotTesting/AssertSnapshot.swift:577:10: error: no such module 'CoreServices'
575 |
576 | #if !os(Android) && !os(Linux) && !os(Windows)
577 |   import CoreServices
    |          `- error: no such module 'CoreServices'
578 |
579 |   func uniformTypeIdentifier(fromExtension pathExtension: String) -> String? {
/host/spi-builder-workspace/.build/checkouts/swift-snapshot-testing/Sources/SnapshotTesting/AssertSnapshot.swift:577:10: error: no such module 'CoreServices'
575 |
576 | #if !os(Android) && !os(Linux) && !os(Windows)
577 |   import CoreServices
    |          `- error: no such module 'CoreServices'
578 |
579 |   func uniformTypeIdentifier(fromExtension pathExtension: String) -> String? {
/host/spi-builder-workspace/.build/checkouts/swift-snapshot-testing/Sources/SnapshotTesting/AssertSnapshot.swift:577:10: error: no such module 'CoreServices'
575 |
576 | #if !os(Android) && !os(Linux) && !os(Windows)
577 |   import CoreServices
    |          `- error: no such module 'CoreServices'
578 |
579 |   func uniformTypeIdentifier(fromExtension pathExtension: String) -> String? {
error: emit-module command failed with exit code 1 (use -v to see invocation)
[182/382] Emitting module SnapshotTesting
/host/spi-builder-workspace/.build/checkouts/swift-snapshot-testing/Sources/SnapshotTesting/AssertSnapshot.swift:577:10: error: no such module 'CoreServices'
575 |
576 | #if !os(Android) && !os(Linux) && !os(Windows)
577 |   import CoreServices
    |          `- error: no such module 'CoreServices'
578 |
579 |   func uniformTypeIdentifier(fromExtension pathExtension: String) -> String? {
[183/382] Compiling SwiftSyntax RawSyntaxArena.swift
/host/spi-builder-workspace/.build/checkouts/swift-snapshot-testing/Sources/SnapshotTesting/AssertSnapshot.swift:577:10: error: no such module 'CoreServices'
575 |
576 | #if !os(Android) && !os(Linux) && !os(Windows)
577 |   import CoreServices
    |          `- error: no such module 'CoreServices'
578 |
579 |   func uniformTypeIdentifier(fromExtension pathExtension: String) -> String? {
[184/382] Compiling SwiftSyntax RawSyntaxLayoutView.swift
/host/spi-builder-workspace/.build/checkouts/swift-snapshot-testing/Sources/SnapshotTesting/AssertSnapshot.swift:577:10: error: no such module 'CoreServices'
575 |
576 | #if !os(Android) && !os(Linux) && !os(Windows)
577 |   import CoreServices
    |          `- error: no such module 'CoreServices'
578 |
579 |   func uniformTypeIdentifier(fromExtension pathExtension: String) -> String? {
[185/382] Compiling SwiftSyntax RawSyntaxNodeProtocol.swift
/host/spi-builder-workspace/.build/checkouts/swift-snapshot-testing/Sources/SnapshotTesting/AssertSnapshot.swift:577:10: error: no such module 'CoreServices'
575 |
576 | #if !os(Android) && !os(Linux) && !os(Windows)
577 |   import CoreServices
    |          `- error: no such module 'CoreServices'
578 |
579 |   func uniformTypeIdentifier(fromExtension pathExtension: String) -> String? {
[186/382] Compiling SwiftSyntax RawSyntaxTokenView.swift
/host/spi-builder-workspace/.build/checkouts/swift-snapshot-testing/Sources/SnapshotTesting/AssertSnapshot.swift:577:10: error: no such module 'CoreServices'
575 |
576 | #if !os(Android) && !os(Linux) && !os(Windows)
577 |   import CoreServices
    |          `- error: no such module 'CoreServices'
578 |
579 |   func uniformTypeIdentifier(fromExtension pathExtension: String) -> String? {
/host/spi-builder-workspace/.build/checkouts/swift-snapshot-testing/Sources/SnapshotTesting/AssertSnapshot.swift:577:10: error: no such module 'CoreServices'
575 |
576 | #if !os(Android) && !os(Linux) && !os(Windows)
577 |   import CoreServices
    |          `- error: no such module 'CoreServices'
578 |
579 |   func uniformTypeIdentifier(fromExtension pathExtension: String) -> String? {
/host/spi-builder-workspace/.build/checkouts/swift-snapshot-testing/Sources/SnapshotTesting/AssertSnapshot.swift:577:10: error: no such module 'CoreServices'
575 |
576 | #if !os(Android) && !os(Linux) && !os(Windows)
577 |   import CoreServices
    |          `- error: no such module 'CoreServices'
578 |
579 |   func uniformTypeIdentifier(fromExtension pathExtension: String) -> String? {
/host/spi-builder-workspace/.build/checkouts/swift-snapshot-testing/Sources/SnapshotTesting/AssertSnapshot.swift:577:10: error: no such module 'CoreServices'
575 |
576 | #if !os(Android) && !os(Linux) && !os(Windows)
577 |   import CoreServices
    |          `- error: no such module 'CoreServices'
578 |
579 |   func uniformTypeIdentifier(fromExtension pathExtension: String) -> String? {
/host/spi-builder-workspace/.build/checkouts/swift-snapshot-testing/Sources/SnapshotTesting/AssertSnapshot.swift:577:10: error: no such module 'CoreServices'
575 |
576 | #if !os(Android) && !os(Linux) && !os(Windows)
577 |   import CoreServices
    |          `- error: no such module 'CoreServices'
578 |
579 |   func uniformTypeIdentifier(fromExtension pathExtension: String) -> String? {
[203/382] Compiling SnapshotTesting UIImage.swift
[204/382] Compiling SnapshotTesting UIView.swift
[205/382] Compiling SnapshotTesting UIViewController.swift
[206/382] Compiling SnapshotTesting URLRequest.swift
[207/382] Compiling SwiftSyntax SyntaxHashable.swift
[208/382] Compiling SwiftSyntax SyntaxIdentifier.swift
/host/spi-builder-workspace/.build/checkouts/swift-snapshot-testing/Sources/SnapshotTesting/AssertSnapshot.swift:577:10: error: no such module 'CoreServices'
575 |
576 | #if !os(Android) && !os(Linux) && !os(Windows)
577 |   import CoreServices
    |          `- error: no such module 'CoreServices'
578 |
579 |   func uniformTypeIdentifier(fromExtension pathExtension: String) -> String? {
/host/spi-builder-workspace/.build/checkouts/swift-snapshot-testing/Sources/SnapshotTesting/AssertSnapshot.swift:577:10: error: no such module 'CoreServices'
575 |
576 | #if !os(Android) && !os(Linux) && !os(Windows)
577 |   import CoreServices
    |          `- error: no such module 'CoreServices'
578 |
579 |   func uniformTypeIdentifier(fromExtension pathExtension: String) -> String? {
/host/spi-builder-workspace/.build/checkouts/swift-snapshot-testing/Sources/SnapshotTesting/AssertSnapshot.swift:577:10: error: no such module 'CoreServices'
575 |
576 | #if !os(Android) && !os(Linux) && !os(Windows)
577 |   import CoreServices
    |          `- error: no such module 'CoreServices'
578 |
579 |   func uniformTypeIdentifier(fromExtension pathExtension: String) -> String? {
/host/spi-builder-workspace/.build/checkouts/swift-snapshot-testing/Sources/SnapshotTesting/AssertSnapshot.swift:577:10: error: no such module 'CoreServices'
575 |
576 | #if !os(Android) && !os(Linux) && !os(Windows)
577 |   import CoreServices
    |          `- error: no such module 'CoreServices'
578 |
579 |   func uniformTypeIdentifier(fromExtension pathExtension: String) -> String? {
/host/spi-builder-workspace/.build/checkouts/swift-snapshot-testing/Sources/SnapshotTesting/AssertSnapshot.swift:577:10: error: no such module 'CoreServices'
575 |
576 | #if !os(Android) && !os(Linux) && !os(Windows)
577 |   import CoreServices
    |          `- error: no such module 'CoreServices'
578 |
579 |   func uniformTypeIdentifier(fromExtension pathExtension: String) -> String? {
/host/spi-builder-workspace/.build/checkouts/swift-snapshot-testing/Sources/SnapshotTesting/AssertSnapshot.swift:577:10: error: no such module 'CoreServices'
575 |
576 | #if !os(Android) && !os(Linux) && !os(Windows)
577 |   import CoreServices
    |          `- error: no such module 'CoreServices'
578 |
579 |   func uniformTypeIdentifier(fromExtension pathExtension: String) -> String? {
/host/spi-builder-workspace/.build/checkouts/swift-snapshot-testing/Sources/SnapshotTesting/AssertSnapshot.swift:577:10: error: no such module 'CoreServices'
575 |
576 | #if !os(Android) && !os(Linux) && !os(Windows)
577 |   import CoreServices
    |          `- error: no such module 'CoreServices'
578 |
579 |   func uniformTypeIdentifier(fromExtension pathExtension: String) -> String? {
/host/spi-builder-workspace/.build/checkouts/swift-snapshot-testing/Sources/SnapshotTesting/AssertSnapshot.swift:577:10: error: no such module 'CoreServices'
575 |
576 | #if !os(Android) && !os(Linux) && !os(Windows)
577 |   import CoreServices
    |          `- error: no such module 'CoreServices'
578 |
579 |   func uniformTypeIdentifier(fromExtension pathExtension: String) -> String? {
/host/spi-builder-workspace/.build/checkouts/swift-snapshot-testing/Sources/SnapshotTesting/AssertSnapshot.swift:577:10: error: no such module 'CoreServices'
575 |
576 | #if !os(Android) && !os(Linux) && !os(Windows)
577 |   import CoreServices
    |          `- error: no such module 'CoreServices'
578 |
579 |   func uniformTypeIdentifier(fromExtension pathExtension: String) -> String? {
[219/390] Emitting module IssueReporting
BUILD FAILURE 6.2 wasm