The Swift Package Index logo.Swift Package Index

Build Information

Failed to build MultipeerHelper, reference 1.4.0 (ea73cc), with Swift 6.4 for watchOS using Xcode 27.0 on 18 Sep 2026 03:54:10 UTC.

Build Command

env DEVELOPER_DIR=/Applications/Xcode-27.0.0-Release.Candidate.app xcrun xcodebuild -IDEClonedSourcePackagesDirPathOverride=$PWD/.dependencies -skipMacroValidation -skipPackagePluginValidation -derivedDataPath $PWD/.derivedData build -scheme MultipeerHelper -destination generic/platform=watchOS

Build Log

========================================
RunAll
========================================
Builder version: 5.1.0
Interrupt handler set up.
========================================
Checkout
========================================
Clone URL: https://github.com/maxxfrazer/MultipeerHelper.git
Reference: 1.4.0
Initialized empty Git repository in /Users/admin/builder/spi-builder-workspace/.git/
From https://github.com/maxxfrazer/MultipeerHelper
 * tag               1.4.0      -> FETCH_HEAD
HEAD is now at ea73ccd Merge pull request #13 from maxxfrazer/helper-to-delegates
Cloned https://github.com/maxxfrazer/MultipeerHelper.git
Revision (git rev-parse @):
ea73ccdcbc34f967a5b7df10674eae7ea52aa803
SUCCESS checkout https://github.com/maxxfrazer/MultipeerHelper.git at 1.4.0
========================================
Build
========================================
Selected platform:         watchOS
Swift version:             6.4
Building package at path:  $PWD
https://github.com/maxxfrazer/MultipeerHelper.git
Command line invocation:
    /Applications/Xcode-27.0.0-Release.Candidate.app/Contents/Developer/usr/bin/xcodebuild -IDEClonedSourcePackagesDirPathOverride=/Users/admin/builder/spi-builder-workspace/.dependencies -resolvePackageDependencies
Resolve Package Graph
Resolve Package Graph
Resolved source packages:
  MultipeerHelper: /Users/admin/builder/spi-builder-workspace
resolved source packages: MultipeerHelper
2026-09-17 23:53:22.008 xcodebuild[523:3006] [MT] IDERunDestination: Supported platforms for the buildables in the current scheme is empty.
{
  "dependencies" : [
  ],
  "manifest_display_name" : "MultipeerHelper",
  "name" : "MultipeerHelper",
  "path" : "/Users/admin/builder/spi-builder-workspace",
  "platforms" : [
    {
      "name" : "ios",
      "version" : "11.0"
    },
    {
      "name" : "macos",
      "version" : "10.10"
    },
    {
      "name" : "tvos",
      "version" : "9.0"
    }
  ],
  "products" : [
    {
      "name" : "MultipeerHelper",
      "targets" : [
        "MultipeerHelper"
      ],
      "type" : {
        "library" : [
          "automatic"
        ]
      }
    }
  ],
  "swift_languages_versions" : [
    "5"
  ],
  "targets" : [
    {
      "c99name" : "MultipeerHelper",
      "module_type" : "SwiftTarget",
      "name" : "MultipeerHelper",
      "path" : "Sources/MultipeerHelper",
      "product_memberships" : [
        "MultipeerHelper"
      ],
      "sources" : [
        "HasSynchronization+Extensions.swift",
        "MultipeerHelper.swift",
        "MultipeerHelperDelegate.swift"
      ],
      "type" : "library"
    }
  ],
  "tools_version" : "5.2"
}
{
  "workspace" : {
    "name" : "MultipeerHelper",
    "schemes" : [
      "MultipeerHelper"
    ]
  }
}
2026-09-17 23:54:03.257 xcodebuild[622:3915] [MT] IDERunDestination: Supported platforms for the buildables in the current scheme is empty.
Running build ...
env DEVELOPER_DIR=/Applications/Xcode-27.0.0-Release.Candidate.app xcrun xcodebuild -IDEClonedSourcePackagesDirPathOverride=$PWD/.dependencies -skipMacroValidation -skipPackagePluginValidation -derivedDataPath $PWD/.derivedData build -scheme MultipeerHelper -destination generic/platform=watchOS
Command line invocation:
    /Applications/Xcode-27.0.0-Release.Candidate.app/Contents/Developer/usr/bin/xcodebuild -IDEClonedSourcePackagesDirPathOverride=/Users/admin/builder/spi-builder-workspace/.dependencies -skipMacroValidation -skipPackagePluginValidation -derivedDataPath /Users/admin/builder/spi-builder-workspace/.derivedData build -scheme MultipeerHelper -destination generic/platform=watchOS
Resolve Package Graph
Resolved source packages:
  MultipeerHelper: /Users/admin/builder/spi-builder-workspace
ComputePackagePrebuildTargetDependencyGraph
Prepare packages
CreateBuildRequest
SendProjectDescription
CreateBuildOperation
ComputeTargetDependencyGraph
note: Building targets in dependency order
note: Target dependency graph (2 targets)
    Target 'MultipeerHelper-product' in project 'MultipeerHelper'
        ➜ Explicit dependency on target 'MultipeerHelper' in project 'MultipeerHelper'
    Target 'MultipeerHelper' in project 'MultipeerHelper' (no dependencies)
GatherProvisioningInputs
CreateBuildDescription
ExecuteExternalTool /Applications/Xcode-27.0.0-Release.Candidate.app/Contents/Developer/Toolchains/XcodeDefault.xctoolchain/usr/bin/clang -v -E -dM -isysroot /Applications/Xcode-27.0.0-Release.Candidate.app/Contents/Developer/Platforms/WatchOS.platform/Developer/SDKs/WatchOS27.0.sdk -x c -c /dev/null
ExecuteExternalTool /Applications/Xcode-27.0.0-Release.Candidate.app/Contents/Developer/Toolchains/XcodeDefault.xctoolchain/usr/bin/swiftc --version
ExecuteExternalTool /Applications/Xcode-27.0.0-Release.Candidate.app/Contents/Developer/Toolchains/XcodeDefault.xctoolchain/usr/bin/ld -version_details
Build description signature: 6fd30fec3dff1b83ae96d39fccc270cd
Build description path: /Users/admin/builder/spi-builder-workspace/.derivedData/Build/Intermediates.noindex/XCBuildData/6fd30fec3dff1b83ae96d39fccc270cd.xcbuilddata
CreateBuildDirectory /Users/admin/builder/spi-builder-workspace/.derivedData/SDKExplicitPrecompiledModules
    cd /Users/admin/builder/spi-builder-workspace/.swiftpm/xcode
    builtin-create-build-directory /Users/admin/builder/spi-builder-workspace/.derivedData/SDKExplicitPrecompiledModules
CreateBuildDirectory /Users/admin/builder/spi-builder-workspace/.derivedData/ModuleCache.noindex
    cd /Users/admin/builder/spi-builder-workspace/.swiftpm/xcode
    builtin-create-build-directory /Users/admin/builder/spi-builder-workspace/.derivedData/ModuleCache.noindex
CreateBuildDirectory /Users/admin/builder/spi-builder-workspace/.derivedData/Build/Intermediates.noindex
    cd /Users/admin/builder/spi-builder-workspace/.swiftpm/xcode
    builtin-create-build-directory /Users/admin/builder/spi-builder-workspace/.derivedData/Build/Intermediates.noindex
CreateBuildDirectory /Users/admin/builder/spi-builder-workspace/.derivedData/CompilationCache.noindex
    cd /Users/admin/builder/spi-builder-workspace/.swiftpm/xcode
    builtin-create-build-directory /Users/admin/builder/spi-builder-workspace/.derivedData/CompilationCache.noindex
CreateBuildDirectory /Users/admin/builder/spi-builder-workspace/.derivedData/Build/Products
    cd /Users/admin/builder/spi-builder-workspace/.swiftpm/xcode
    builtin-create-build-directory /Users/admin/builder/spi-builder-workspace/.derivedData/Build/Products
ClangStatCache /Applications/Xcode-27.0.0-Release.Candidate.app/Contents/Developer/Toolchains/XcodeDefault.xctoolchain/usr/bin/clang-stat-cache /Applications/Xcode-27.0.0-Release.Candidate.app/Contents/Developer/Platforms/WatchOS.platform/Developer/SDKs/WatchOS27.0.sdk /Users/admin/builder/spi-builder-workspace/.derivedData/SDKStatCaches.noindex/watchos27.0-24R360-e829b21a6f8c9b70876ba0858053c04477534ef55a1706bf4c1112bbb242f0a2.sdkstatcache
    cd /Users/admin/builder/spi-builder-workspace/.swiftpm/xcode
    /Applications/Xcode-27.0.0-Release.Candidate.app/Contents/Developer/Toolchains/XcodeDefault.xctoolchain/usr/bin/clang-stat-cache /Applications/Xcode-27.0.0-Release.Candidate.app/Contents/Developer/Platforms/WatchOS.platform/Developer/SDKs/WatchOS27.0.sdk -o /Users/admin/builder/spi-builder-workspace/.derivedData/SDKStatCaches.noindex/watchos27.0-24R360-e829b21a6f8c9b70876ba0858053c04477534ef55a1706bf4c1112bbb242f0a2.sdkstatcache
CreateBuildDirectory /Users/admin/builder/spi-builder-workspace/.derivedData/Build/Intermediates.noindex/SwiftExplicitPrecompiledModules
    cd /Users/admin/builder/spi-builder-workspace/.swiftpm/xcode
    builtin-create-build-directory /Users/admin/builder/spi-builder-workspace/.derivedData/Build/Intermediates.noindex/SwiftExplicitPrecompiledModules
CreateBuildDirectory /Users/admin/builder/spi-builder-workspace/.derivedData/Build/Intermediates.noindex/PrecompiledHeaders
    cd /Users/admin/builder/spi-builder-workspace/.swiftpm/xcode
    builtin-create-build-directory /Users/admin/builder/spi-builder-workspace/.derivedData/Build/Intermediates.noindex/PrecompiledHeaders
CreateBuildDirectory /Users/admin/builder/spi-builder-workspace/.derivedData/Build/Intermediates.noindex/ExplicitPrecompiledModules
    cd /Users/admin/builder/spi-builder-workspace/.swiftpm/xcode
    builtin-create-build-directory /Users/admin/builder/spi-builder-workspace/.derivedData/Build/Intermediates.noindex/ExplicitPrecompiledModules
CreateBuildDirectory /Users/admin/builder/spi-builder-workspace/.derivedData/Build/Intermediates.noindex/EagerLinkingTBDs/Debug-watchos
    cd /Users/admin/builder/spi-builder-workspace/.swiftpm/xcode
    builtin-create-build-directory /Users/admin/builder/spi-builder-workspace/.derivedData/Build/Intermediates.noindex/EagerLinkingTBDs/Debug-watchos
CreateBuildDirectory /Users/admin/builder/spi-builder-workspace/.derivedData/Build/Products/Debug-watchos
    cd /Users/admin/builder/spi-builder-workspace/.swiftpm/xcode
    builtin-create-build-directory /Users/admin/builder/spi-builder-workspace/.derivedData/Build/Products/Debug-watchos
CreateBuildDirectory /Users/admin/builder/spi-builder-workspace/.derivedData/Build/Products/Debug-watchos/PackageFrameworks
    cd /Users/admin/builder/spi-builder-workspace/.swiftpm/xcode
    builtin-create-build-directory /Users/admin/builder/spi-builder-workspace/.derivedData/Build/Products/Debug-watchos/PackageFrameworks
WriteAuxiliaryFile /Users/admin/builder/spi-builder-workspace/.derivedData/Build/Intermediates.noindex/MultipeerHelper.build/Debug-watchos/MultipeerHelper-t.build/Objects-normal/arm64_32/MultipeerHelper-OutputFileMap.json (in target 'MultipeerHelper' from project 'MultipeerHelper')
    cd /Users/admin/builder/spi-builder-workspace
    write-file /Users/admin/builder/spi-builder-workspace/.derivedData/Build/Intermediates.noindex/MultipeerHelper.build/Debug-watchos/MultipeerHelper-t.build/Objects-normal/arm64_32/MultipeerHelper-OutputFileMap.json
WriteAuxiliaryFile /Users/admin/builder/spi-builder-workspace/.derivedData/Build/Intermediates.noindex/MultipeerHelper.build/Debug-watchos/MultipeerHelper-t.build/Objects-normal/arm64/MultipeerHelper.LinkFileList (in target 'MultipeerHelper' from project 'MultipeerHelper')
    cd /Users/admin/builder/spi-builder-workspace
    write-file /Users/admin/builder/spi-builder-workspace/.derivedData/Build/Intermediates.noindex/MultipeerHelper.build/Debug-watchos/MultipeerHelper-t.build/Objects-normal/arm64/MultipeerHelper.LinkFileList
WriteAuxiliaryFile /Users/admin/builder/spi-builder-workspace/.derivedData/Build/Intermediates.noindex/MultipeerHelper.build/Debug-watchos/MultipeerHelper-t.build/Objects-normal/arm64_32/MultipeerHelper.LinkFileList (in target 'MultipeerHelper' from project 'MultipeerHelper')
    cd /Users/admin/builder/spi-builder-workspace
    write-file /Users/admin/builder/spi-builder-workspace/.derivedData/Build/Intermediates.noindex/MultipeerHelper.build/Debug-watchos/MultipeerHelper-t.build/Objects-normal/arm64_32/MultipeerHelper.LinkFileList
WriteAuxiliaryFile /Users/admin/builder/spi-builder-workspace/.derivedData/Build/Intermediates.noindex/MultipeerHelper.build/Debug-watchos/MultipeerHelper-t.build/Objects-normal/arm64/MultipeerHelper.SwiftConstValuesFileList (in target 'MultipeerHelper' from project 'MultipeerHelper')
    cd /Users/admin/builder/spi-builder-workspace
    write-file /Users/admin/builder/spi-builder-workspace/.derivedData/Build/Intermediates.noindex/MultipeerHelper.build/Debug-watchos/MultipeerHelper-t.build/Objects-normal/arm64/MultipeerHelper.SwiftConstValuesFileList
WriteAuxiliaryFile /Users/admin/builder/spi-builder-workspace/.derivedData/Build/Intermediates.noindex/MultipeerHelper.build/Debug-watchos/MultipeerHelper-t.build/Objects-normal/arm64_32/MultipeerHelper_const_extract_protocols.json (in target 'MultipeerHelper' from project 'MultipeerHelper')
    cd /Users/admin/builder/spi-builder-workspace
    write-file /Users/admin/builder/spi-builder-workspace/.derivedData/Build/Intermediates.noindex/MultipeerHelper.build/Debug-watchos/MultipeerHelper-t.build/Objects-normal/arm64_32/MultipeerHelper_const_extract_protocols.json
WriteAuxiliaryFile /Users/admin/builder/spi-builder-workspace/.derivedData/Build/Intermediates.noindex/MultipeerHelper.build/Debug-watchos/MultipeerHelper-t.build/Objects-normal/arm64/MultipeerHelper_const_extract_protocols.json (in target 'MultipeerHelper' from project 'MultipeerHelper')
    cd /Users/admin/builder/spi-builder-workspace
    write-file /Users/admin/builder/spi-builder-workspace/.derivedData/Build/Intermediates.noindex/MultipeerHelper.build/Debug-watchos/MultipeerHelper-t.build/Objects-normal/arm64/MultipeerHelper_const_extract_protocols.json
WriteAuxiliaryFile /Users/admin/builder/spi-builder-workspace/.derivedData/Build/Intermediates.noindex/MultipeerHelper.build/Debug-watchos/MultipeerHelper-t.build/Objects-normal/arm64_32/MultipeerHelper.SwiftFileList (in target 'MultipeerHelper' from project 'MultipeerHelper')
    cd /Users/admin/builder/spi-builder-workspace
    write-file /Users/admin/builder/spi-builder-workspace/.derivedData/Build/Intermediates.noindex/MultipeerHelper.build/Debug-watchos/MultipeerHelper-t.build/Objects-normal/arm64_32/MultipeerHelper.SwiftFileList
WriteAuxiliaryFile /Users/admin/builder/spi-builder-workspace/.derivedData/Build/Intermediates.noindex/MultipeerHelper.build/Debug-watchos/MultipeerHelper-t.build/Objects-normal/arm64_32/MultipeerHelper.SwiftConstValuesFileList (in target 'MultipeerHelper' from project 'MultipeerHelper')
    cd /Users/admin/builder/spi-builder-workspace
    write-file /Users/admin/builder/spi-builder-workspace/.derivedData/Build/Intermediates.noindex/MultipeerHelper.build/Debug-watchos/MultipeerHelper-t.build/Objects-normal/arm64_32/MultipeerHelper.SwiftConstValuesFileList
WriteAuxiliaryFile /Users/admin/builder/spi-builder-workspace/.derivedData/Build/Intermediates.noindex/MultipeerHelper.build/Debug-watchos/MultipeerHelper-t.build/Objects-normal/arm64/MultipeerHelper.SwiftFileList (in target 'MultipeerHelper' from project 'MultipeerHelper')
    cd /Users/admin/builder/spi-builder-workspace
    write-file /Users/admin/builder/spi-builder-workspace/.derivedData/Build/Intermediates.noindex/MultipeerHelper.build/Debug-watchos/MultipeerHelper-t.build/Objects-normal/arm64/MultipeerHelper.SwiftFileList
WriteAuxiliaryFile /Users/admin/builder/spi-builder-workspace/.derivedData/Build/Intermediates.noindex/MultipeerHelper.build/Debug-watchos/MultipeerHelper-t.build/Objects-normal/arm64/MultipeerHelper-OutputFileMap.json (in target 'MultipeerHelper' from project 'MultipeerHelper')
    cd /Users/admin/builder/spi-builder-workspace
    write-file /Users/admin/builder/spi-builder-workspace/.derivedData/Build/Intermediates.noindex/MultipeerHelper.build/Debug-watchos/MultipeerHelper-t.build/Objects-normal/arm64/MultipeerHelper-OutputFileMap.json
WriteAuxiliaryFile /Users/admin/builder/spi-builder-workspace/.derivedData/Build/Intermediates.noindex/MultipeerHelper.build/Debug-watchos/MultipeerHelper-t.build/MultipeerHelper.modulemap (in target 'MultipeerHelper' from project 'MultipeerHelper')
    cd /Users/admin/builder/spi-builder-workspace
    write-file /Users/admin/builder/spi-builder-workspace/.derivedData/Build/Intermediates.noindex/MultipeerHelper.build/Debug-watchos/MultipeerHelper-t.build/MultipeerHelper.modulemap
WriteAuxiliaryFile /Users/admin/builder/spi-builder-workspace/.derivedData/Build/Intermediates.noindex/MultipeerHelper.build/Debug-watchos/MultipeerHelper-t.build/MultipeerHelper.DependencyStaticMetadataFileList (in target 'MultipeerHelper' from project 'MultipeerHelper')
    cd /Users/admin/builder/spi-builder-workspace
    write-file /Users/admin/builder/spi-builder-workspace/.derivedData/Build/Intermediates.noindex/MultipeerHelper.build/Debug-watchos/MultipeerHelper-t.build/MultipeerHelper.DependencyStaticMetadataFileList
WriteAuxiliaryFile /Users/admin/builder/spi-builder-workspace/.derivedData/Build/Intermediates.noindex/MultipeerHelper.build/Debug-watchos/MultipeerHelper-t.build/MultipeerHelper.DependencyMetadataFileList (in target 'MultipeerHelper' from project 'MultipeerHelper')
    cd /Users/admin/builder/spi-builder-workspace
    write-file /Users/admin/builder/spi-builder-workspace/.derivedData/Build/Intermediates.noindex/MultipeerHelper.build/Debug-watchos/MultipeerHelper-t.build/MultipeerHelper.DependencyMetadataFileList
Copy /Users/admin/builder/spi-builder-workspace/.derivedData/Build/Intermediates.noindex/GeneratedModuleMaps-watchos/MultipeerHelper.modulemap /Users/admin/builder/spi-builder-workspace/.derivedData/Build/Intermediates.noindex/MultipeerHelper.build/Debug-watchos/MultipeerHelper-t.build/MultipeerHelper.modulemap (in target 'MultipeerHelper' from project 'MultipeerHelper')
    cd /Users/admin/builder/spi-builder-workspace
    builtin-copy -exclude .DS_Store -exclude CVS -exclude .svn -exclude .git -exclude .hg -resolve-src-symlinks /Users/admin/builder/spi-builder-workspace/.derivedData/Build/Intermediates.noindex/MultipeerHelper.build/Debug-watchos/MultipeerHelper-t.build/MultipeerHelper.modulemap /Users/admin/builder/spi-builder-workspace/.derivedData/Build/Intermediates.noindex/GeneratedModuleMaps-watchos
SwiftDriver MultipeerHelper normal arm64 com.apple.xcode.tools.swift.compiler (in target 'MultipeerHelper' from project 'MultipeerHelper')
    cd /Users/admin/builder/spi-builder-workspace/.swiftpm/xcode
    builtin-SwiftDriver -- /Applications/Xcode-27.0.0-Release.Candidate.app/Contents/Developer/Toolchains/XcodeDefault.xctoolchain/usr/bin/swiftc -parse-as-library -module-name MultipeerHelper -Onone @/Users/admin/builder/spi-builder-workspace/.derivedData/Build/Intermediates.noindex/MultipeerHelper.build/Debug-watchos/MultipeerHelper-t.build/Objects-normal/arm64/MultipeerHelper.SwiftFileList -DSWIFT_PACKAGE -DDEBUG -DSWIFT_MODULE_RESOURCE_BUNDLE_UNAVAILABLE -DXcode -plugin-path /Applications/Xcode-27.0.0-Release.Candidate.app/Contents/Developer/Toolchains/XcodeDefault.xctoolchain/usr/lib/swift/host/plugins/testing -enable-experimental-feature DebugDescriptionMacro -sdk /Applications/Xcode-27.0.0-Release.Candidate.app/Contents/Developer/Platforms/WatchOS.platform/Developer/SDKs/WatchOS27.0.sdk -target arm64-apple-watchos9.0 -g -module-cache-path /Users/admin/builder/spi-builder-workspace/.derivedData/ModuleCache.noindex -Xfrontend -serialize-debugging-options -enable-testing -index-store-path /Users/admin/builder/spi-builder-workspace/.derivedData/Index.noindex/DataStore -Xcc -D_LIBCPP_HARDENING_MODE\=_LIBCPP_HARDENING_MODE_DEBUG -swift-version 5 -I /Users/admin/builder/spi-builder-workspace/.derivedData/Build/Products/Debug-watchos -Isystem /Applications/Xcode-27.0.0-Release.Candidate.app/Contents/Developer/Platforms/WatchOS.platform/Developer/usr/lib -F /Users/admin/builder/spi-builder-workspace/.derivedData/Build/Products/Debug-watchos -F /Applications/Xcode-27.0.0-Release.Candidate.app/Contents/Developer/Platforms/WatchOS.platform/Developer/Library/Frameworks -F /Applications/Xcode-27.0.0-Release.Candidate.app/Contents/Developer/Platforms/WatchOS.platform/Developer/SDKs/WatchOS27.0.sdk/Developer/Library/Frameworks -c -j10 -enable-batch-mode -incremental -Xcc -ivfsstatcache -Xcc /Users/admin/builder/spi-builder-workspace/.derivedData/SDKStatCaches.noindex/watchos27.0-24R360-e829b21a6f8c9b70876ba0858053c04477534ef55a1706bf4c1112bbb242f0a2.sdkstatcache -output-file-map /Users/admin/builder/spi-builder-workspace/.derivedData/Build/Intermediates.noindex/MultipeerHelper.build/Debug-watchos/MultipeerHelper-t.build/Objects-normal/arm64/MultipeerHelper-OutputFileMap.json -save-temps -no-color-diagnostics -explicit-module-build -module-cache-path /Users/admin/builder/spi-builder-workspace/.derivedData/Build/Intermediates.noindex/SwiftExplicitPrecompiledModules -clang-scanner-module-cache-path /Users/admin/builder/spi-builder-workspace/.derivedData/ModuleCache.noindex -sdk-module-cache-path /Users/admin/builder/spi-builder-workspace/.derivedData/SDKExplicitPrecompiledModules -emit-dependencies -emit-module -emit-module-path /Users/admin/builder/spi-builder-workspace/.derivedData/Build/Intermediates.noindex/MultipeerHelper.build/Debug-watchos/MultipeerHelper-t.build/Objects-normal/arm64/MultipeerHelper.swiftmodule -serialize-diagnostics -dependency-scan-serialize-diagnostics-path /Users/admin/builder/spi-builder-workspace/.derivedData/Build/Intermediates.noindex/MultipeerHelper.build/Debug-watchos/MultipeerHelper-t.build/Objects-normal/arm64/MultipeerHelper-dependency-scan.dia -validate-clang-modules-once -clang-build-session-file /Users/admin/builder/spi-builder-workspace/.derivedData/ModuleCache.noindex/Session.modulevalidation -Xcc -fmodules-prune-interval\=86400 -Xcc -fmodules-prune-after\=345600 -emit-const-values -const-gather-protocols-list /Users/admin/builder/spi-builder-workspace/.derivedData/Build/Intermediates.noindex/MultipeerHelper.build/Debug-watchos/MultipeerHelper-t.build/Objects-normal/arm64/MultipeerHelper_const_extract_protocols.json -Xcc -I/Users/admin/builder/spi-builder-workspace/.derivedData/Build/Products/Debug-watchos/include -Xcc -I/Users/admin/builder/spi-builder-workspace/.derivedData/Build/Intermediates.noindex/MultipeerHelper.build/Debug-watchos/MultipeerHelper-t.build/DerivedSources-normal/arm64 -Xcc -I/Users/admin/builder/spi-builder-workspace/.derivedData/Build/Intermediates.noindex/MultipeerHelper.build/Debug-watchos/MultipeerHelper-t.build/DerivedSources/arm64 -Xcc -I/Users/admin/builder/spi-builder-workspace/.derivedData/Build/Intermediates.noindex/MultipeerHelper.build/Debug-watchos/MultipeerHelper-t.build/DerivedSources -Xcc -DSWIFT_PACKAGE -Xcc -DDEBUG\=1 -emit-objc-header -emit-objc-header-path /Users/admin/builder/spi-builder-workspace/.derivedData/Build/Intermediates.noindex/MultipeerHelper.build/Debug-watchos/MultipeerHelper-t.build/Objects-normal/arm64/MultipeerHelper-Swift.h -working-directory /Users/admin/builder/spi-builder-workspace/.swiftpm/xcode -experimental-emit-module-separately -disable-cmo
/Users/admin/builder/spi-builder-workspace/Sources/MultipeerHelper/HasSynchronization+Extensions.swift:10:8: error: Unable to resolve module dependency: 'RealityKit' (in target 'MultipeerHelper' from project 'MultipeerHelper')
    note: A dependency of main module 'MultipeerHelper'
/Users/admin/builder/spi-builder-workspace/Sources/MultipeerHelper/MultipeerHelper.swift:8:8: error: Unable to resolve module dependency: 'MultipeerConnectivity' (in target 'MultipeerHelper' from project 'MultipeerHelper')
    note: A dependency of main module 'MultipeerHelper'
    /Users/admin/builder/spi-builder-workspace/Sources/MultipeerHelper/MultipeerHelperDelegate.swift:8:8: note: Also imported here
/Users/admin/builder/spi-builder-workspace/Sources/MultipeerHelper/HasSynchronization+Extensions.swift:10:8: note: A dependency of main module 'MultipeerHelper'
import RealityKit
       ^ (in target 'MultipeerHelper' from project 'MultipeerHelper')
/Users/admin/builder/spi-builder-workspace/Sources/MultipeerHelper/MultipeerHelper.swift:8:8: note: A dependency of main module 'MultipeerHelper'
import MultipeerConnectivity
       ^ (in target 'MultipeerHelper' from project 'MultipeerHelper')
/Users/admin/builder/spi-builder-workspace/Sources/MultipeerHelper/MultipeerHelperDelegate.swift:8:8: note: Also imported here
import MultipeerConnectivity
       ^ (in target 'MultipeerHelper' from project 'MultipeerHelper')
SwiftDriver MultipeerHelper normal arm64_32 com.apple.xcode.tools.swift.compiler (in target 'MultipeerHelper' from project 'MultipeerHelper')
    cd /Users/admin/builder/spi-builder-workspace/.swiftpm/xcode
    builtin-SwiftDriver -- /Applications/Xcode-27.0.0-Release.Candidate.app/Contents/Developer/Toolchains/XcodeDefault.xctoolchain/usr/bin/swiftc -parse-as-library -module-name MultipeerHelper -Onone @/Users/admin/builder/spi-builder-workspace/.derivedData/Build/Intermediates.noindex/MultipeerHelper.build/Debug-watchos/MultipeerHelper-t.build/Objects-normal/arm64_32/MultipeerHelper.SwiftFileList -DSWIFT_PACKAGE -DDEBUG -DSWIFT_MODULE_RESOURCE_BUNDLE_UNAVAILABLE -DXcode -plugin-path /Applications/Xcode-27.0.0-Release.Candidate.app/Contents/Developer/Toolchains/XcodeDefault.xctoolchain/usr/lib/swift/host/plugins/testing -enable-experimental-feature DebugDescriptionMacro -sdk /Applications/Xcode-27.0.0-Release.Candidate.app/Contents/Developer/Platforms/WatchOS.platform/Developer/SDKs/WatchOS27.0.sdk -target arm64_32-apple-watchos9.0 -g -module-cache-path /Users/admin/builder/spi-builder-workspace/.derivedData/ModuleCache.noindex -Xfrontend -serialize-debugging-options -enable-testing -index-store-path /Users/admin/builder/spi-builder-workspace/.derivedData/Index.noindex/DataStore -Xcc -D_LIBCPP_HARDENING_MODE\=_LIBCPP_HARDENING_MODE_DEBUG -swift-version 5 -I /Users/admin/builder/spi-builder-workspace/.derivedData/Build/Products/Debug-watchos -Isystem /Applications/Xcode-27.0.0-Release.Candidate.app/Contents/Developer/Platforms/WatchOS.platform/Developer/usr/lib -F /Users/admin/builder/spi-builder-workspace/.derivedData/Build/Products/Debug-watchos -F /Applications/Xcode-27.0.0-Release.Candidate.app/Contents/Developer/Platforms/WatchOS.platform/Developer/Library/Frameworks -F /Applications/Xcode-27.0.0-Release.Candidate.app/Contents/Developer/Platforms/WatchOS.platform/Developer/SDKs/WatchOS27.0.sdk/Developer/Library/Frameworks -c -j10 -enable-batch-mode -incremental -Xcc -ivfsstatcache -Xcc /Users/admin/builder/spi-builder-workspace/.derivedData/SDKStatCaches.noindex/watchos27.0-24R360-e829b21a6f8c9b70876ba0858053c04477534ef55a1706bf4c1112bbb242f0a2.sdkstatcache -output-file-map /Users/admin/builder/spi-builder-workspace/.derivedData/Build/Intermediates.noindex/MultipeerHelper.build/Debug-watchos/MultipeerHelper-t.build/Objects-normal/arm64_32/MultipeerHelper-OutputFileMap.json -save-temps -no-color-diagnostics -explicit-module-build -module-cache-path /Users/admin/builder/spi-builder-workspace/.derivedData/Build/Intermediates.noindex/SwiftExplicitPrecompiledModules -clang-scanner-module-cache-path /Users/admin/builder/spi-builder-workspace/.derivedData/ModuleCache.noindex -sdk-module-cache-path /Users/admin/builder/spi-builder-workspace/.derivedData/SDKExplicitPrecompiledModules -emit-dependencies -emit-module -emit-module-path /Users/admin/builder/spi-builder-workspace/.derivedData/Build/Intermediates.noindex/MultipeerHelper.build/Debug-watchos/MultipeerHelper-t.build/Objects-normal/arm64_32/MultipeerHelper.swiftmodule -serialize-diagnostics -dependency-scan-serialize-diagnostics-path /Users/admin/builder/spi-builder-workspace/.derivedData/Build/Intermediates.noindex/MultipeerHelper.build/Debug-watchos/MultipeerHelper-t.build/Objects-normal/arm64_32/MultipeerHelper-dependency-scan.dia -validate-clang-modules-once -clang-build-session-file /Users/admin/builder/spi-builder-workspace/.derivedData/ModuleCache.noindex/Session.modulevalidation -Xcc -fmodules-prune-interval\=86400 -Xcc -fmodules-prune-after\=345600 -emit-const-values -const-gather-protocols-list /Users/admin/builder/spi-builder-workspace/.derivedData/Build/Intermediates.noindex/MultipeerHelper.build/Debug-watchos/MultipeerHelper-t.build/Objects-normal/arm64_32/MultipeerHelper_const_extract_protocols.json -Xcc -I/Users/admin/builder/spi-builder-workspace/.derivedData/Build/Products/Debug-watchos/include -Xcc -I/Users/admin/builder/spi-builder-workspace/.derivedData/Build/Intermediates.noindex/MultipeerHelper.build/Debug-watchos/MultipeerHelper-t.build/DerivedSources-normal/arm64_32 -Xcc -I/Users/admin/builder/spi-builder-workspace/.derivedData/Build/Intermediates.noindex/MultipeerHelper.build/Debug-watchos/MultipeerHelper-t.build/DerivedSources/arm64_32 -Xcc -I/Users/admin/builder/spi-builder-workspace/.derivedData/Build/Intermediates.noindex/MultipeerHelper.build/Debug-watchos/MultipeerHelper-t.build/DerivedSources -Xcc -DSWIFT_PACKAGE -Xcc -DDEBUG\=1 -emit-objc-header -emit-objc-header-path /Users/admin/builder/spi-builder-workspace/.derivedData/Build/Intermediates.noindex/MultipeerHelper.build/Debug-watchos/MultipeerHelper-t.build/Objects-normal/arm64_32/MultipeerHelper-Swift.h -working-directory /Users/admin/builder/spi-builder-workspace/.swiftpm/xcode -experimental-emit-module-separately -disable-cmo
/Users/admin/builder/spi-builder-workspace/Sources/MultipeerHelper/HasSynchronization+Extensions.swift:10:8: error: Unable to resolve module dependency: 'RealityKit' (in target 'MultipeerHelper' from project 'MultipeerHelper')
    note: A dependency of main module 'MultipeerHelper'
/Users/admin/builder/spi-builder-workspace/Sources/MultipeerHelper/MultipeerHelper.swift:8:8: error: Unable to resolve module dependency: 'MultipeerConnectivity' (in target 'MultipeerHelper' from project 'MultipeerHelper')
    note: A dependency of main module 'MultipeerHelper'
    /Users/admin/builder/spi-builder-workspace/Sources/MultipeerHelper/MultipeerHelperDelegate.swift:8:8: note: Also imported here
/Users/admin/builder/spi-builder-workspace/Sources/MultipeerHelper/HasSynchronization+Extensions.swift:10:8: note: A dependency of main module 'MultipeerHelper'
import RealityKit
       ^ (in target 'MultipeerHelper' from project 'MultipeerHelper')
/Users/admin/builder/spi-builder-workspace/Sources/MultipeerHelper/MultipeerHelper.swift:8:8: note: A dependency of main module 'MultipeerHelper'
import MultipeerConnectivity
       ^ (in target 'MultipeerHelper' from project 'MultipeerHelper')
/Users/admin/builder/spi-builder-workspace/Sources/MultipeerHelper/MultipeerHelperDelegate.swift:8:8: note: Also imported here
import MultipeerConnectivity
       ^ (in target 'MultipeerHelper' from project 'MultipeerHelper')
PruneExplicitPrecompiledModules /Users/admin/builder/spi-builder-workspace/.derivedData/Build/Intermediates.noindex/ExplicitPrecompiledModules
PruneExplicitPrecompiledModules /Users/admin/builder/spi-builder-workspace/.derivedData/Build/Intermediates.noindex/SwiftExplicitPrecompiledModules
PruneExplicitPrecompiledModules /Users/admin/builder/spi-builder-workspace/.derivedData/SDKExplicitPrecompiledModules
2026-09-17 23:54:04.965 xcodebuild[624:3990] [MT] IDERunDestination: Supported platforms for the buildables in the current scheme is empty.
** BUILD FAILED **
The following build commands failed:
	SwiftDriver MultipeerHelper normal arm64 com.apple.xcode.tools.swift.compiler (in target 'MultipeerHelper' from project 'MultipeerHelper')
	SwiftDriver MultipeerHelper normal arm64_32 com.apple.xcode.tools.swift.compiler (in target 'MultipeerHelper' from project 'MultipeerHelper')
	Building workspace MultipeerHelper with scheme MultipeerHelper
(3 failures)
Command line invocation:
    /Applications/Xcode-27.0.0-Release.Candidate.app/Contents/Developer/usr/bin/xcodebuild -IDEClonedSourcePackagesDirPathOverride=/Users/admin/builder/spi-builder-workspace/.dependencies -resolvePackageDependencies
Resolve Package Graph
Resolved source packages:
  MultipeerHelper: /Users/admin/builder/spi-builder-workspace
resolved source packages: MultipeerHelper
2026-09-17 23:54:07.770 xcodebuild[664:4347] [MT] IDERunDestination: Supported platforms for the buildables in the current scheme is empty.
{
  "dependencies" : [
  ],
  "manifest_display_name" : "MultipeerHelper",
  "name" : "MultipeerHelper",
  "path" : "/Users/admin/builder/spi-builder-workspace",
  "platforms" : [
    {
      "name" : "ios",
      "version" : "11.0"
    },
    {
      "name" : "macos",
      "version" : "10.10"
    },
    {
      "name" : "tvos",
      "version" : "9.0"
    }
  ],
  "products" : [
    {
      "name" : "MultipeerHelper",
      "targets" : [
        "MultipeerHelper"
      ],
      "type" : {
        "library" : [
          "automatic"
        ]
      }
    }
  ],
  "swift_languages_versions" : [
    "5"
  ],
  "targets" : [
    {
      "c99name" : "MultipeerHelper",
      "module_type" : "SwiftTarget",
      "name" : "MultipeerHelper",
      "path" : "Sources/MultipeerHelper",
      "product_memberships" : [
        "MultipeerHelper"
      ],
      "sources" : [
        "HasSynchronization+Extensions.swift",
        "MultipeerHelper.swift",
        "MultipeerHelperDelegate.swift"
      ],
      "type" : "library"
    }
  ],
  "tools_version" : "5.2"
}
{
  "workspace" : {
    "name" : "MultipeerHelper",
    "schemes" : [
      "MultipeerHelper"
    ]
  }
}
2026-09-17 23:54:09.001 xcodebuild[672:4406] [MT] IDERunDestination: Supported platforms for the buildables in the current scheme is empty.
Running build ...
env DEVELOPER_DIR=/Applications/Xcode-27.0.0-Release.Candidate.app xcrun xcodebuild -IDEClonedSourcePackagesDirPathOverride=$PWD/.dependencies -skipMacroValidation -skipPackagePluginValidation -derivedDataPath $PWD/.derivedData build -scheme MultipeerHelper -destination generic/platform=watchOS
Command line invocation:
    /Applications/Xcode-27.0.0-Release.Candidate.app/Contents/Developer/usr/bin/xcodebuild -IDEClonedSourcePackagesDirPathOverride=/Users/admin/builder/spi-builder-workspace/.dependencies -skipMacroValidation -skipPackagePluginValidation -derivedDataPath /Users/admin/builder/spi-builder-workspace/.derivedData build -scheme MultipeerHelper -destination generic/platform=watchOS
Resolve Package Graph
Resolved source packages:
  MultipeerHelper: /Users/admin/builder/spi-builder-workspace
ComputePackagePrebuildTargetDependencyGraph
Prepare packages
CreateBuildRequest
SendProjectDescription
CreateBuildOperation
ComputeTargetDependencyGraph
note: Building targets in dependency order
note: Target dependency graph (2 targets)
    Target 'MultipeerHelper-product' in project 'MultipeerHelper'
        ➜ Explicit dependency on target 'MultipeerHelper' in project 'MultipeerHelper'
    Target 'MultipeerHelper' in project 'MultipeerHelper' (no dependencies)
GatherProvisioningInputs
CreateBuildDescription
ClangStatCache /Applications/Xcode-27.0.0-Release.Candidate.app/Contents/Developer/Toolchains/XcodeDefault.xctoolchain/usr/bin/clang-stat-cache /Applications/Xcode-27.0.0-Release.Candidate.app/Contents/Developer/Platforms/WatchOS.platform/Developer/SDKs/WatchOS27.0.sdk /Users/admin/builder/spi-builder-workspace/.derivedData/SDKStatCaches.noindex/watchos27.0-24R360-e829b21a6f8c9b70876ba0858053c04477534ef55a1706bf4c1112bbb242f0a2.sdkstatcache
    cd /Users/admin/builder/spi-builder-workspace/.swiftpm/xcode
    /Applications/Xcode-27.0.0-Release.Candidate.app/Contents/Developer/Toolchains/XcodeDefault.xctoolchain/usr/bin/clang-stat-cache /Applications/Xcode-27.0.0-Release.Candidate.app/Contents/Developer/Platforms/WatchOS.platform/Developer/SDKs/WatchOS27.0.sdk -o /Users/admin/builder/spi-builder-workspace/.derivedData/SDKStatCaches.noindex/watchos27.0-24R360-e829b21a6f8c9b70876ba0858053c04477534ef55a1706bf4c1112bbb242f0a2.sdkstatcache
SwiftDriver MultipeerHelper normal arm64_32 com.apple.xcode.tools.swift.compiler (in target 'MultipeerHelper' from project 'MultipeerHelper')
    cd /Users/admin/builder/spi-builder-workspace/.swiftpm/xcode
    builtin-SwiftDriver -- /Applications/Xcode-27.0.0-Release.Candidate.app/Contents/Developer/Toolchains/XcodeDefault.xctoolchain/usr/bin/swiftc -parse-as-library -module-name MultipeerHelper -Onone @/Users/admin/builder/spi-builder-workspace/.derivedData/Build/Intermediates.noindex/MultipeerHelper.build/Debug-watchos/MultipeerHelper-t.build/Objects-normal/arm64_32/MultipeerHelper.SwiftFileList -DSWIFT_PACKAGE -DDEBUG -DSWIFT_MODULE_RESOURCE_BUNDLE_UNAVAILABLE -DXcode -plugin-path /Applications/Xcode-27.0.0-Release.Candidate.app/Contents/Developer/Toolchains/XcodeDefault.xctoolchain/usr/lib/swift/host/plugins/testing -enable-experimental-feature DebugDescriptionMacro -sdk /Applications/Xcode-27.0.0-Release.Candidate.app/Contents/Developer/Platforms/WatchOS.platform/Developer/SDKs/WatchOS27.0.sdk -target arm64_32-apple-watchos9.0 -g -module-cache-path /Users/admin/builder/spi-builder-workspace/.derivedData/ModuleCache.noindex -Xfrontend -serialize-debugging-options -enable-testing -index-store-path /Users/admin/builder/spi-builder-workspace/.derivedData/Index.noindex/DataStore -Xcc -D_LIBCPP_HARDENING_MODE\=_LIBCPP_HARDENING_MODE_DEBUG -swift-version 5 -I /Users/admin/builder/spi-builder-workspace/.derivedData/Build/Products/Debug-watchos -Isystem /Applications/Xcode-27.0.0-Release.Candidate.app/Contents/Developer/Platforms/WatchOS.platform/Developer/usr/lib -F /Users/admin/builder/spi-builder-workspace/.derivedData/Build/Products/Debug-watchos -F /Applications/Xcode-27.0.0-Release.Candidate.app/Contents/Developer/Platforms/WatchOS.platform/Developer/Library/Frameworks -F /Applications/Xcode-27.0.0-Release.Candidate.app/Contents/Developer/Platforms/WatchOS.platform/Developer/SDKs/WatchOS27.0.sdk/Developer/Library/Frameworks -c -j10 -enable-batch-mode -incremental -Xcc -ivfsstatcache -Xcc /Users/admin/builder/spi-builder-workspace/.derivedData/SDKStatCaches.noindex/watchos27.0-24R360-e829b21a6f8c9b70876ba0858053c04477534ef55a1706bf4c1112bbb242f0a2.sdkstatcache -output-file-map /Users/admin/builder/spi-builder-workspace/.derivedData/Build/Intermediates.noindex/MultipeerHelper.build/Debug-watchos/MultipeerHelper-t.build/Objects-normal/arm64_32/MultipeerHelper-OutputFileMap.json -save-temps -no-color-diagnostics -explicit-module-build -module-cache-path /Users/admin/builder/spi-builder-workspace/.derivedData/Build/Intermediates.noindex/SwiftExplicitPrecompiledModules -clang-scanner-module-cache-path /Users/admin/builder/spi-builder-workspace/.derivedData/ModuleCache.noindex -sdk-module-cache-path /Users/admin/builder/spi-builder-workspace/.derivedData/SDKExplicitPrecompiledModules -emit-dependencies -emit-module -emit-module-path /Users/admin/builder/spi-builder-workspace/.derivedData/Build/Intermediates.noindex/MultipeerHelper.build/Debug-watchos/MultipeerHelper-t.build/Objects-normal/arm64_32/MultipeerHelper.swiftmodule -serialize-diagnostics -dependency-scan-serialize-diagnostics-path /Users/admin/builder/spi-builder-workspace/.derivedData/Build/Intermediates.noindex/MultipeerHelper.build/Debug-watchos/MultipeerHelper-t.build/Objects-normal/arm64_32/MultipeerHelper-dependency-scan.dia -validate-clang-modules-once -clang-build-session-file /Users/admin/builder/spi-builder-workspace/.derivedData/ModuleCache.noindex/Session.modulevalidation -Xcc -fmodules-prune-interval\=86400 -Xcc -fmodules-prune-after\=345600 -emit-const-values -const-gather-protocols-list /Users/admin/builder/spi-builder-workspace/.derivedData/Build/Intermediates.noindex/MultipeerHelper.build/Debug-watchos/MultipeerHelper-t.build/Objects-normal/arm64_32/MultipeerHelper_const_extract_protocols.json -Xcc -I/Users/admin/builder/spi-builder-workspace/.derivedData/Build/Products/Debug-watchos/include -Xcc -I/Users/admin/builder/spi-builder-workspace/.derivedData/Build/Intermediates.noindex/MultipeerHelper.build/Debug-watchos/MultipeerHelper-t.build/DerivedSources-normal/arm64_32 -Xcc -I/Users/admin/builder/spi-builder-workspace/.derivedData/Build/Intermediates.noindex/MultipeerHelper.build/Debug-watchos/MultipeerHelper-t.build/DerivedSources/arm64_32 -Xcc -I/Users/admin/builder/spi-builder-workspace/.derivedData/Build/Intermediates.noindex/MultipeerHelper.build/Debug-watchos/MultipeerHelper-t.build/DerivedSources -Xcc -DSWIFT_PACKAGE -Xcc -DDEBUG\=1 -emit-objc-header -emit-objc-header-path /Users/admin/builder/spi-builder-workspace/.derivedData/Build/Intermediates.noindex/MultipeerHelper.build/Debug-watchos/MultipeerHelper-t.build/Objects-normal/arm64_32/MultipeerHelper-Swift.h -working-directory /Users/admin/builder/spi-builder-workspace/.swiftpm/xcode -experimental-emit-module-separately -disable-cmo
/Users/admin/builder/spi-builder-workspace/Sources/MultipeerHelper/HasSynchronization+Extensions.swift:10:8: error: Unable to resolve module dependency: 'RealityKit' (in target 'MultipeerHelper' from project 'MultipeerHelper')
    note: A dependency of main module 'MultipeerHelper'
/Users/admin/builder/spi-builder-workspace/Sources/MultipeerHelper/MultipeerHelper.swift:8:8: error: Unable to resolve module dependency: 'MultipeerConnectivity' (in target 'MultipeerHelper' from project 'MultipeerHelper')
    note: A dependency of main module 'MultipeerHelper'
    /Users/admin/builder/spi-builder-workspace/Sources/MultipeerHelper/MultipeerHelperDelegate.swift:8:8: note: Also imported here
/Users/admin/builder/spi-builder-workspace/Sources/MultipeerHelper/HasSynchronization+Extensions.swift:10:8: note: A dependency of main module 'MultipeerHelper'
import RealityKit
       ^ (in target 'MultipeerHelper' from project 'MultipeerHelper')
/Users/admin/builder/spi-builder-workspace/Sources/MultipeerHelper/MultipeerHelper.swift:8:8: note: A dependency of main module 'MultipeerHelper'
import MultipeerConnectivity
       ^ (in target 'MultipeerHelper' from project 'MultipeerHelper')
/Users/admin/builder/spi-builder-workspace/Sources/MultipeerHelper/MultipeerHelperDelegate.swift:8:8: note: Also imported here
import MultipeerConnectivity
       ^ (in target 'MultipeerHelper' from project 'MultipeerHelper')
SwiftDriver MultipeerHelper normal arm64 com.apple.xcode.tools.swift.compiler (in target 'MultipeerHelper' from project 'MultipeerHelper')
    cd /Users/admin/builder/spi-builder-workspace/.swiftpm/xcode
    builtin-SwiftDriver -- /Applications/Xcode-27.0.0-Release.Candidate.app/Contents/Developer/Toolchains/XcodeDefault.xctoolchain/usr/bin/swiftc -parse-as-library -module-name MultipeerHelper -Onone @/Users/admin/builder/spi-builder-workspace/.derivedData/Build/Intermediates.noindex/MultipeerHelper.build/Debug-watchos/MultipeerHelper-t.build/Objects-normal/arm64/MultipeerHelper.SwiftFileList -DSWIFT_PACKAGE -DDEBUG -DSWIFT_MODULE_RESOURCE_BUNDLE_UNAVAILABLE -DXcode -plugin-path /Applications/Xcode-27.0.0-Release.Candidate.app/Contents/Developer/Toolchains/XcodeDefault.xctoolchain/usr/lib/swift/host/plugins/testing -enable-experimental-feature DebugDescriptionMacro -sdk /Applications/Xcode-27.0.0-Release.Candidate.app/Contents/Developer/Platforms/WatchOS.platform/Developer/SDKs/WatchOS27.0.sdk -target arm64-apple-watchos9.0 -g -module-cache-path /Users/admin/builder/spi-builder-workspace/.derivedData/ModuleCache.noindex -Xfrontend -serialize-debugging-options -enable-testing -index-store-path /Users/admin/builder/spi-builder-workspace/.derivedData/Index.noindex/DataStore -Xcc -D_LIBCPP_HARDENING_MODE\=_LIBCPP_HARDENING_MODE_DEBUG -swift-version 5 -I /Users/admin/builder/spi-builder-workspace/.derivedData/Build/Products/Debug-watchos -Isystem /Applications/Xcode-27.0.0-Release.Candidate.app/Contents/Developer/Platforms/WatchOS.platform/Developer/usr/lib -F /Users/admin/builder/spi-builder-workspace/.derivedData/Build/Products/Debug-watchos -F /Applications/Xcode-27.0.0-Release.Candidate.app/Contents/Developer/Platforms/WatchOS.platform/Developer/Library/Frameworks -F /Applications/Xcode-27.0.0-Release.Candidate.app/Contents/Developer/Platforms/WatchOS.platform/Developer/SDKs/WatchOS27.0.sdk/Developer/Library/Frameworks -c -j10 -enable-batch-mode -incremental -Xcc -ivfsstatcache -Xcc /Users/admin/builder/spi-builder-workspace/.derivedData/SDKStatCaches.noindex/watchos27.0-24R360-e829b21a6f8c9b70876ba0858053c04477534ef55a1706bf4c1112bbb242f0a2.sdkstatcache -output-file-map /Users/admin/builder/spi-builder-workspace/.derivedData/Build/Intermediates.noindex/MultipeerHelper.build/Debug-watchos/MultipeerHelper-t.build/Objects-normal/arm64/MultipeerHelper-OutputFileMap.json -save-temps -no-color-diagnostics -explicit-module-build -module-cache-path /Users/admin/builder/spi-builder-workspace/.derivedData/Build/Intermediates.noindex/SwiftExplicitPrecompiledModules -clang-scanner-module-cache-path /Users/admin/builder/spi-builder-workspace/.derivedData/ModuleCache.noindex -sdk-module-cache-path /Users/admin/builder/spi-builder-workspace/.derivedData/SDKExplicitPrecompiledModules -emit-dependencies -emit-module -emit-module-path /Users/admin/builder/spi-builder-workspace/.derivedData/Build/Intermediates.noindex/MultipeerHelper.build/Debug-watchos/MultipeerHelper-t.build/Objects-normal/arm64/MultipeerHelper.swiftmodule -serialize-diagnostics -dependency-scan-serialize-diagnostics-path /Users/admin/builder/spi-builder-workspace/.derivedData/Build/Intermediates.noindex/MultipeerHelper.build/Debug-watchos/MultipeerHelper-t.build/Objects-normal/arm64/MultipeerHelper-dependency-scan.dia -validate-clang-modules-once -clang-build-session-file /Users/admin/builder/spi-builder-workspace/.derivedData/ModuleCache.noindex/Session.modulevalidation -Xcc -fmodules-prune-interval\=86400 -Xcc -fmodules-prune-after\=345600 -emit-const-values -const-gather-protocols-list /Users/admin/builder/spi-builder-workspace/.derivedData/Build/Intermediates.noindex/MultipeerHelper.build/Debug-watchos/MultipeerHelper-t.build/Objects-normal/arm64/MultipeerHelper_const_extract_protocols.json -Xcc -I/Users/admin/builder/spi-builder-workspace/.derivedData/Build/Products/Debug-watchos/include -Xcc -I/Users/admin/builder/spi-builder-workspace/.derivedData/Build/Intermediates.noindex/MultipeerHelper.build/Debug-watchos/MultipeerHelper-t.build/DerivedSources-normal/arm64 -Xcc -I/Users/admin/builder/spi-builder-workspace/.derivedData/Build/Intermediates.noindex/MultipeerHelper.build/Debug-watchos/MultipeerHelper-t.build/DerivedSources/arm64 -Xcc -I/Users/admin/builder/spi-builder-workspace/.derivedData/Build/Intermediates.noindex/MultipeerHelper.build/Debug-watchos/MultipeerHelper-t.build/DerivedSources -Xcc -DSWIFT_PACKAGE -Xcc -DDEBUG\=1 -emit-objc-header -emit-objc-header-path /Users/admin/builder/spi-builder-workspace/.derivedData/Build/Intermediates.noindex/MultipeerHelper.build/Debug-watchos/MultipeerHelper-t.build/Objects-normal/arm64/MultipeerHelper-Swift.h -working-directory /Users/admin/builder/spi-builder-workspace/.swiftpm/xcode -experimental-emit-module-separately -disable-cmo
/Users/admin/builder/spi-builder-workspace/Sources/MultipeerHelper/HasSynchronization+Extensions.swift:10:8: error: Unable to resolve module dependency: 'RealityKit' (in target 'MultipeerHelper' from project 'MultipeerHelper')
    note: A dependency of main module 'MultipeerHelper'
/Users/admin/builder/spi-builder-workspace/Sources/MultipeerHelper/MultipeerHelper.swift:8:8: error: Unable to resolve module dependency: 'MultipeerConnectivity' (in target 'MultipeerHelper' from project 'MultipeerHelper')
    note: A dependency of main module 'MultipeerHelper'
    /Users/admin/builder/spi-builder-workspace/Sources/MultipeerHelper/MultipeerHelperDelegate.swift:8:8: note: Also imported here
/Users/admin/builder/spi-builder-workspace/Sources/MultipeerHelper/HasSynchronization+Extensions.swift:10:8: note: A dependency of main module 'MultipeerHelper'
import RealityKit
       ^ (in target 'MultipeerHelper' from project 'MultipeerHelper')
/Users/admin/builder/spi-builder-workspace/Sources/MultipeerHelper/MultipeerHelper.swift:8:8: note: A dependency of main module 'MultipeerHelper'
import MultipeerConnectivity
       ^ (in target 'MultipeerHelper' from project 'MultipeerHelper')
/Users/admin/builder/spi-builder-workspace/Sources/MultipeerHelper/MultipeerHelperDelegate.swift:8:8: note: Also imported here
import MultipeerConnectivity
       ^ (in target 'MultipeerHelper' from project 'MultipeerHelper')
PruneExplicitPrecompiledModules /Users/admin/builder/spi-builder-workspace/.derivedData/Build/Intermediates.noindex/ExplicitPrecompiledModules
PruneExplicitPrecompiledModules /Users/admin/builder/spi-builder-workspace/.derivedData/Build/Intermediates.noindex/SwiftExplicitPrecompiledModules
PruneExplicitPrecompiledModules /Users/admin/builder/spi-builder-workspace/.derivedData/SDKExplicitPrecompiledModules
2026-09-17 23:54:09.976 xcodebuild[673:4433] [MT] IDERunDestination: Supported platforms for the buildables in the current scheme is empty.
** BUILD FAILED **
The following build commands failed:
	SwiftDriver MultipeerHelper normal arm64_32 com.apple.xcode.tools.swift.compiler (in target 'MultipeerHelper' from project 'MultipeerHelper')
	SwiftDriver MultipeerHelper normal arm64 com.apple.xcode.tools.swift.compiler (in target 'MultipeerHelper' from project 'MultipeerHelper')
	Building workspace MultipeerHelper with scheme MultipeerHelper
(3 failures)
BUILD FAILURE 6.4 watchOS