The Swift Package Index logo.Swift Package Index

Build Information

Failed to build LuaSwift, reference main (3d2cad), with Swift 6.1 for Wasm on 1 Jul 2026 02:34:04 UTC.

Build Command

bash -c docker run --pull=always --rm -v "checkouts-53886768-0":/host -w "$PWD" -e JAVA_HOME="/root/.sdkman/candidates/java/current" -e SPI_BUILD="1" -e SPI_PROCESSING="1" registry.gitlab.com/saguaro1/spi-images:wasm-6.1-latest swift build --swift-sdk wasm32-unknown-wasi 2>&1

Build Log

========================================
RunAll
========================================
Builder version: 0e64495ecc1688c3b3e031a5ef1348b5c05091ae
Interrupt handler set up.
========================================
Checkout
========================================
Clone URL: https://github.com/ChrisGVE/LuaSwift.git
Reference: main
Initialized empty Git repository in /host/spi-builder-workspace/.git/
hint: Using 'master' as the name for the initial branch. This default branch name
hint: is subject to change. To configure the initial branch name to use in all
hint: of your new repositories, which will suppress this warning, call:
hint:
hint: 	git config --global init.defaultBranch <name>
hint:
hint: Names commonly chosen instead of 'master' are 'main', 'trunk' and
hint: 'development'. The just-created branch can be renamed via this command:
hint:
hint: 	git branch -m <name>
From https://github.com/ChrisGVE/LuaSwift
 * branch            main       -> FETCH_HEAD
 * [new branch]      main       -> origin/main
HEAD is now at 3d2cad7 merge: LuaSwift 1.12.4 (dev → main)
Cloned https://github.com/ChrisGVE/LuaSwift.git
Revision (git rev-parse @):
3d2cad75846a21bba1eacdfed527a8dfda24d605
SPI manifest file found: $PWD/.spi.yml
SUCCESS checkout https://github.com/ChrisGVE/LuaSwift.git at main
========================================
Build
========================================
Selected platform:         wasm
Swift version:             6.1
Building package at path:  $PWD
https://github.com/ChrisGVE/LuaSwift.git
https://github.com/ChrisGVE/LuaSwift.git
WARNING: environment variable SUPPRESS_SWIFT_6_FLAGS is not set
Running build ...
bash -c docker run --pull=always --rm -v "checkouts-53886768-0":/host -w "$PWD" -e JAVA_HOME="/root/.sdkman/candidates/java/current" -e SPI_BUILD="1" -e SPI_PROCESSING="1" registry.gitlab.com/saguaro1/spi-images:wasm-6.1-latest swift build --swift-sdk wasm32-unknown-wasi -Xswiftc -Xfrontend -Xswiftc -stats-output-dir -Xswiftc -Xfrontend -Xswiftc .stats -Xswiftc -strict-concurrency=complete -Xswiftc -enable-upcoming-feature -Xswiftc StrictConcurrency -Xswiftc -enable-upcoming-feature -Xswiftc DisableOutwardActorInference -Xswiftc -enable-upcoming-feature -Xswiftc GlobalActorIsolatedTypesUsability -Xswiftc -enable-upcoming-feature -Xswiftc InferSendableFromCaptures 2>&1
wasm-6.1-latest: Pulling from saguaro1/spi-images
Digest: sha256:1ad245dad3d2ae0004e1afbc92334bd39884ed9ca587cf04d0a8d5f640fb02e9
Status: Image is up to date for registry.gitlab.com/saguaro1/spi-images:wasm-6.1-latest
Fetching https://github.com/jpsim/Yams.git
Fetching https://github.com/apple/swift-docc-plugin
Fetching https://github.com/apple/swift-atomics.git
[1/2325] Fetching swift-docc-plugin
[2/4193] Fetching swift-docc-plugin, swift-atomics
[305/16030] Fetching swift-docc-plugin, swift-atomics, yams
Fetched https://github.com/apple/swift-atomics.git from cache (1.05s)
Fetched https://github.com/apple/swift-docc-plugin from cache (1.05s)
Fetched https://github.com/jpsim/Yams.git from cache (1.07s)
Computing version for https://github.com/apple/swift-atomics.git
Computed https://github.com/apple/swift-atomics.git at 1.3.1 (1.29s)
Computing version for https://github.com/apple/swift-docc-plugin
Computed https://github.com/apple/swift-docc-plugin at 1.5.0 (0.24s)
Fetching https://github.com/swiftlang/swift-docc-symbolkit
[1/3749] Fetching swift-docc-symbolkit
Fetched https://github.com/swiftlang/swift-docc-symbolkit from cache (0.50s)
Computing version for https://github.com/swiftlang/swift-docc-symbolkit
Computed https://github.com/swiftlang/swift-docc-symbolkit at 1.0.0 (0.77s)
Computing version for https://github.com/jpsim/Yams.git
Computed https://github.com/jpsim/Yams.git at 5.4.0 (0.24s)
Creating working copy for https://github.com/apple/swift-atomics.git
Working copy of https://github.com/apple/swift-atomics.git resolved at 1.3.1
Creating working copy for https://github.com/apple/swift-docc-plugin
Working copy of https://github.com/apple/swift-docc-plugin resolved at 1.5.0
Creating working copy for https://github.com/swiftlang/swift-docc-symbolkit
Working copy of https://github.com/swiftlang/swift-docc-symbolkit resolved at 1.0.0
Creating working copy for https://github.com/jpsim/Yams.git
Working copy of https://github.com/jpsim/Yams.git resolved at 5.4.0
[1/1] Compiling plugin Swift-DocC Preview
[2/2] Compiling plugin Swift-DocC
Building for debugging...
[2/45] Compiling CLua lcorolib.c
[3/45] Compiling CLua lbaselib.c
[3/45] Write sources
In file included from /host/spi-builder-workspace/Sources/CLua/lcode.c:21:
In file included from /host/spi-builder-workspace/Sources/CLua/include/ldebug.h:11:
In file included from /host/spi-builder-workspace/Sources/CLua/include/lstate.h:130:
/root/.swiftpm/swift-sdks/swift-wasm-6.1-RELEASE-wasm32-unknown-wasi.artifactbundle/6.1-RELEASE-wasm32-unknown-wasi/wasm32-unknown-wasi/WASI.sdk/include/wasm32-wasi/signal.h:2:2: error: "wasm lacks signal support; to enable minimal signal emulation, compile with -D_WASI_EMULATED_SIGNAL and link with -lwasi-emulated-signal"
    2 | #error "wasm lacks signal support; to enable minimal signal emulation, \
      |  ^
In file included from /host/spi-builder-workspace/Sources/CLua/lcode.c:21:
In file included from /host/spi-builder-workspace/Sources/CLua/include/ldebug.h:11:
/host/spi-builder-workspace/Sources/CLua/include/lstate.h:184:16: error: unknown type name 'sig_atomic_t'
  184 |       volatile l_signalT trap;  /* function is tracing lines/counts */
      |                ^
/host/spi-builder-workspace/Sources/CLua/include/lstate.h:131:19: note: expanded from macro 'l_signalT'
  131 | #define l_signalT       sig_atomic_t
      |                         ^
/host/spi-builder-workspace/Sources/CLua/include/lstate.h:331:12: error: unknown type name 'sig_atomic_t'
  331 |   volatile l_signalT hookmask;
      |            ^
/host/spi-builder-workspace/Sources/CLua/include/lstate.h:131:19: note: expanded from macro 'l_signalT'
  131 | #define l_signalT       sig_atomic_t
      |                         ^
3 errors generated.
In file included from /host/spi-builder-workspace/Sources/CLua/ldebug.c:19:
In file included from /host/spi-builder-workspace/Sources/CLua/include/lapi.h:12:
In file included from /host/spi-builder-workspace/Sources/CLua/include/lstate.h:130:
/root/.swiftpm/swift-sdks/swift-wasm-6.1-RELEASE-wasm32-unknown-wasi.artifactbundle/6.1-RELEASE-wasm32-unknown-wasi/wasm32-unknown-wasi/WASI.sdk/include/wasm32-wasi/signal.h:2:2: error: "wasm lacks signal support; to enable minimal signal emulation, compile with -D_WASI_EMULATED_SIGNAL and link with -lwasi-emulated-signal"
    2 | #error "wasm lacks signal support; to enable minimal signal emulation, \
      |  ^
In file included from /host/spi-builder-workspace/Sources/CLua/ldebug.c:19:
In file included from /host/spi-builder-workspace/Sources/CLua/include/lapi.h:12:
/host/spi-builder-workspace/Sources/CLua/include/lstate.h:184:16: error: unknown type name 'sig_atomic_t'
  184 |       volatile l_signalT trap;  /* function is tracing lines/counts */
      |                ^
/host/spi-builder-workspace/Sources/CLua/include/lstate.h:131:19: note: expanded from macro 'l_signalT'
  131 | #define l_signalT       sig_atomic_t
      |                         ^
/host/spi-builder-workspace/Sources/CLua/include/lstate.h:331:12: error: unknown type name 'sig_atomic_t'
  331 |   volatile l_signalT hookmask;
      |            ^
/host/spi-builder-workspace/Sources/CLua/include/lstate.h:131:19: note: expanded from macro 'l_signalT'
  131 | #define l_signalT       sig_atomic_t
      |                         ^
3 errors generated.
[6/45] Compiling CLua ldebug.c
[6/45] Compiling writer.c
[6/45] Compiling CLua lcode.c
In file included from /host/spi-builder-workspace/Sources/CLua/lapi.c:19:
In file included from /host/spi-builder-workspace/Sources/CLua/include/lapi.h:12:
In file included from /host/spi-builder-workspace/Sources/CLua/include/lstate.h:130:
/root/.swiftpm/swift-sdks/swift-wasm-6.1-RELEASE-wasm32-unknown-wasi.artifactbundle/6.1-RELEASE-wasm32-unknown-wasi/wasm32-unknown-wasi/WASI.sdk/include/wasm32-wasi/signal.h:2:2: error: "wasm lacks signal support; to enable minimal signal emulation, compile with -D_WASI_EMULATED_SIGNAL and link with -lwasi-emulated-signal"
    2 | #error "wasm lacks signal support; to enable minimal signal emulation, \
      |  ^
In file included from /host/spi-builder-workspace/Sources/CLua/lapi.c:19:
In file included from /host/spi-builder-workspace/Sources/CLua/include/lapi.h:12:
/host/spi-builder-workspace/Sources/CLua/include/lstate.h:184:16: error: unknown type name 'sig_atomic_t'
  184 |       volatile l_signalT trap;  /* function is tracing lines/counts */
      |                ^
/host/spi-builder-workspace/Sources/CLua/include/lstate.h:131:19: note: expanded from macro 'l_signalT'
  131 | #define l_signalT       sig_atomic_t
      |                         ^
/host/spi-builder-workspace/Sources/CLua/include/lstate.h:331:12: error: unknown type name 'sig_atomic_t'
  331 |   volatile l_signalT hookmask;
      |            ^
/host/spi-builder-workspace/Sources/CLua/include/lstate.h:131:19: note: expanded from macro 'l_signalT'
  131 | #define l_signalT       sig_atomic_t
      |                         ^
3 errors generated.
[6/45] Compiling CLua lapi.c
[6/45] Compiling _AtomicsShims.c
[6/45] Compiling CLua lauxlib.c
[6/45] Compiling CLua lctype.c
[6/45] Write swift-version-24593BA9C3E375BF.txt
Running build ...
bash -c docker run --pull=always --rm -v "checkouts-53886768-0":/host -w "$PWD" -e JAVA_HOME="/root/.sdkman/candidates/java/current" -e SPI_BUILD="1" -e SPI_PROCESSING="1" registry.gitlab.com/saguaro1/spi-images:wasm-6.1-latest swift build --swift-sdk wasm32-unknown-wasi 2>&1
wasm-6.1-latest: Pulling from saguaro1/spi-images
Digest: sha256:1ad245dad3d2ae0004e1afbc92334bd39884ed9ca587cf04d0a8d5f640fb02e9
Status: Image is up to date for registry.gitlab.com/saguaro1/spi-images:wasm-6.1-latest
[0/1] Planning build
[1/1] Compiling plugin Swift-DocC Preview
[2/2] Compiling plugin Swift-DocC
Building for debugging...
[2/41] Compiling _AtomicsShims.c
[3/41] Compiling writer.c
In file included from /host/spi-builder-workspace/Sources/CLua/lzio.c:19:
In file included from /host/spi-builder-workspace/Sources/CLua/include/lstate.h:130:
/root/.swiftpm/swift-sdks/swift-wasm-6.1-RELEASE-wasm32-unknown-wasi.artifactbundle/6.1-RELEASE-wasm32-unknown-wasi/wasm32-unknown-wasi/WASI.sdk/include/wasm32-wasi/signal.h:2:2: error: "wasm lacks signal support; to enable minimal signal emulation, compile with -D_WASI_EMULATED_SIGNAL and link with -lwasi-emulated-signal"
    2 | #error "wasm lacks signal support; to enable minimal signal emulation, \
      |  ^
In file included from /host/spi-builder-workspace/Sources/CLua/lzio.c:19:
/host/spi-builder-workspace/Sources/CLua/include/lstate.h:184:16: error: unknown type name 'sig_atomic_t'
  184 |       volatile l_signalT trap;  /* function is tracing lines/counts */
      |                ^
/host/spi-builder-workspace/Sources/CLua/include/lstate.h:131:19: note: expanded from macro 'l_signalT'
  131 | #define l_signalT       sig_atomic_t
      |                         ^
/host/spi-builder-workspace/Sources/CLua/include/lstate.h:331:12: error: unknown type name 'sig_atomic_t'
  331 |   volatile l_signalT hookmask;
      |            ^
/host/spi-builder-workspace/Sources/CLua/include/lstate.h:131:19: note: expanded from macro 'l_signalT'
  131 | #define l_signalT       sig_atomic_t
      |                         ^
3 errors generated.
[3/41] Compiling reader.c
[3/41] Compiling CLua lzio.c
[3/41] Compiling CLua lutf8lib.c
[3/41] Compiling CLua lvm.c
[3/41] Compiling api.c
[3/41] Compiling scanner.c
[3/41] Compiling emitter.c
[3/41] Compiling parser.c
[3/41] Write swift-version-24593BA9C3E375BF.txt
BUILD FAILURE 6.1 wasm