Build Information
Failed to build Gluey, reference master (c4912c), with Swift 6.4 for macOS (Xcode) using Xcode 27.0 on 16 Sep 2026 10:02:00 UTC.
Build Command
env DEVELOPER_DIR=/Applications/Xcode-27.0.0-Release.Candidate.app xcrun xcodebuild -IDEClonedSourcePackagesDirPathOverride=$PWD/.dependencies -skipMacroValidation -skipPackagePluginValidation -derivedDataPath $PWD/.derivedData build -scheme Gluey-Package -destination platform=macOS,arch=arm64Build Log
========================================
RunAll
========================================
Builder version: 5.1.0
Interrupt handler set up.
========================================
Checkout
========================================
Clone URL: https://github.com/jadengeller/gluey.git
Reference: master
Initialized empty Git repository in /Users/admin/builder/spi-builder-workspace/.git/
From https://github.com/jadengeller/gluey
* branch master -> FETCH_HEAD
* [new branch] master -> origin/master
HEAD is now at c4912ca Merge pull request #1 from MaxDesiatov/master
Cloned https://github.com/jadengeller/gluey.git
Revision (git rev-parse @):
c4912cafda002810fa301ae9dd5e888327451dc8
SUCCESS checkout https://github.com/jadengeller/gluey.git at master
========================================
Build
========================================
Selected platform: macosXcodebuild
Swift version: 6.4
Building package at path: $PWD
https://github.com/jadengeller/gluey.git
Command line invocation:
/Applications/Xcode-27.0.0-Release.Candidate.app/Contents/Developer/usr/bin/xcodebuild -IDEClonedSourcePackagesDirPathOverride=/Users/admin/builder/spi-builder-workspace/.dependencies -resolvePackageDependencies
resolved source packages:
{
"dependencies" : [
],
"manifest_display_name" : "Gluey",
"name" : "Gluey",
"path" : "/Users/admin/builder/spi-builder-workspace",
"platforms" : [
],
"products" : [
{
"name" : "Gluey",
"targets" : [
"Gluey"
],
"type" : {
"library" : [
"automatic"
]
}
}
],
"targets" : [
{
"c99name" : "GlueyTests",
"module_type" : "SwiftTarget",
"name" : "GlueyTests",
"path" : "Sources/GlueyTests",
"sources" : [
"GlueyTests.swift"
],
"target_dependencies" : [
"Gluey"
],
"type" : "test"
},
{
"c99name" : "Gluey",
"module_type" : "SwiftTarget",
"name" : "Gluey",
"path" : "Sources/Gluey",
"product_memberships" : [
"Gluey"
],
"sources" : [
"Binding.swift",
"ContextCopyable.swift",
"DriedGlue.swift",
"Glue.swift",
"Unifiable.swift",
"UnifiableType.swift",
"UnificationError.swift"
],
"type" : "library"
}
],
"tools_version" : "4.2"
}
{
"project" : {
"configurations" : [
"Debug",
"Release"
],
"name" : "Gluey",
"schemes" : [
"Gluey-Package"
],
"targets" : [
"Gluey",
"GlueyPackageDescription",
"GlueyPackageTests",
"GlueyTests"
]
}
}
Running build ...
env DEVELOPER_DIR=/Applications/Xcode-27.0.0-Release.Candidate.app xcrun xcodebuild -IDEClonedSourcePackagesDirPathOverride=$PWD/.dependencies -skipMacroValidation -skipPackagePluginValidation -derivedDataPath $PWD/.derivedData build -scheme Gluey-Package -destination platform=macOS,arch=arm64
Command line invocation:
/Applications/Xcode-27.0.0-Release.Candidate.app/Contents/Developer/usr/bin/xcodebuild -IDEClonedSourcePackagesDirPathOverride=/Users/admin/builder/spi-builder-workspace/.dependencies -skipMacroValidation -skipPackagePluginValidation -derivedDataPath /Users/admin/builder/spi-builder-workspace/.derivedData build -scheme Gluey-Package -destination platform=macOS,arch=arm64
ComputePackagePrebuildTargetDependencyGraph
Prepare packages
CreateBuildRequest
SendProjectDescription
CreateBuildOperation
ComputeTargetDependencyGraph
note: Building targets in dependency order
note: Target dependency graph (1 target)
Target 'Gluey' in project 'Gluey' (no dependencies)
GatherProvisioningInputs
CreateBuildDescription
ExecuteExternalTool /Applications/Xcode-27.0.0-Release.Candidate.app/Contents/Developer/Toolchains/XcodeDefault.xctoolchain/usr/bin/clang -v -E -dM -isysroot /Applications/Xcode-27.0.0-Release.Candidate.app/Contents/Developer/Platforms/MacOSX.platform/Developer/SDKs/MacOSX27.0.sdk -x c -c /dev/null
ExecuteExternalTool /Applications/Xcode-27.0.0-Release.Candidate.app/Contents/Developer/Toolchains/XcodeDefault.xctoolchain/usr/bin/swiftc --version
ExecuteExternalTool /Applications/Xcode-27.0.0-Release.Candidate.app/Contents/Developer/Toolchains/XcodeDefault.xctoolchain/usr/bin/ld -version_details
Build description signature: e15cfb6365edd0f12dd4ce65869d302a
Build description path: /Users/admin/builder/spi-builder-workspace/.derivedData/Build/Intermediates.noindex/XCBuildData/e15cfb6365edd0f12dd4ce65869d302a.xcbuilddata
/Users/admin/builder/spi-builder-workspace/Gluey.xcodeproj: error: The macOS deployment target 'MACOSX_DEPLOYMENT_TARGET' is set to 10.10, but the range of supported deployment target versions is 12.0 to 27.0.x. (in target 'Gluey' from project 'Gluey')
** BUILD FAILED **
The following build commands failed:
Building project Gluey with scheme Gluey-Package
(1 failure)
Command line invocation:
/Applications/Xcode-27.0.0-Release.Candidate.app/Contents/Developer/usr/bin/xcodebuild -IDEClonedSourcePackagesDirPathOverride=/Users/admin/builder/spi-builder-workspace/.dependencies -resolvePackageDependencies
resolved source packages:
{
"dependencies" : [
],
"manifest_display_name" : "Gluey",
"name" : "Gluey",
"path" : "/Users/admin/builder/spi-builder-workspace",
"platforms" : [
],
"products" : [
{
"name" : "Gluey",
"targets" : [
"Gluey"
],
"type" : {
"library" : [
"automatic"
]
}
}
],
"targets" : [
{
"c99name" : "GlueyTests",
"module_type" : "SwiftTarget",
"name" : "GlueyTests",
"path" : "Sources/GlueyTests",
"sources" : [
"GlueyTests.swift"
],
"target_dependencies" : [
"Gluey"
],
"type" : "test"
},
{
"c99name" : "Gluey",
"module_type" : "SwiftTarget",
"name" : "Gluey",
"path" : "Sources/Gluey",
"product_memberships" : [
"Gluey"
],
"sources" : [
"Binding.swift",
"ContextCopyable.swift",
"DriedGlue.swift",
"Glue.swift",
"Unifiable.swift",
"UnifiableType.swift",
"UnificationError.swift"
],
"type" : "library"
}
],
"tools_version" : "4.2"
}
{
"project" : {
"configurations" : [
"Debug",
"Release"
],
"name" : "Gluey",
"schemes" : [
"Gluey-Package"
],
"targets" : [
"Gluey",
"GlueyPackageDescription",
"GlueyPackageTests",
"GlueyTests"
]
}
}
Running build ...
env DEVELOPER_DIR=/Applications/Xcode-27.0.0-Release.Candidate.app xcrun xcodebuild -IDEClonedSourcePackagesDirPathOverride=$PWD/.dependencies -skipMacroValidation -skipPackagePluginValidation -derivedDataPath $PWD/.derivedData build -scheme Gluey-Package -destination platform=macOS,arch=arm64
Command line invocation:
/Applications/Xcode-27.0.0-Release.Candidate.app/Contents/Developer/usr/bin/xcodebuild -IDEClonedSourcePackagesDirPathOverride=/Users/admin/builder/spi-builder-workspace/.dependencies -skipMacroValidation -skipPackagePluginValidation -derivedDataPath /Users/admin/builder/spi-builder-workspace/.derivedData build -scheme Gluey-Package -destination platform=macOS,arch=arm64
ComputePackagePrebuildTargetDependencyGraph
Prepare packages
CreateBuildRequest
SendProjectDescription
CreateBuildOperation
ComputeTargetDependencyGraph
note: Building targets in dependency order
note: Target dependency graph (1 target)
Target 'Gluey' in project 'Gluey' (no dependencies)
GatherProvisioningInputs
CreateBuildDescription
/Users/admin/builder/spi-builder-workspace/Gluey.xcodeproj: error: The macOS deployment target 'MACOSX_DEPLOYMENT_TARGET' is set to 10.10, but the range of supported deployment target versions is 12.0 to 27.0.x. (in target 'Gluey' from project 'Gluey')
** BUILD FAILED **
The following build commands failed:
Building project Gluey with scheme Gluey-Package
(1 failure)
BUILD FAILURE 6.4 macosXcodebuild