The Swift Package Index logo.Swift Package Index

Build Information

Failed to build WWSignInWith3rd_LINE, reference 1.1.0 (4cb6c4), with Swift 6.4 for watchOS using Xcode 27.0 on 20 Sep 2026 10:31:01 UTC.

Build Command

env DEVELOPER_DIR=/Applications/Xcode-27.0.0-Release.Candidate.app xcrun xcodebuild -IDEClonedSourcePackagesDirPathOverride=$PWD/.dependencies -skipMacroValidation -skipPackagePluginValidation -derivedDataPath $PWD/.derivedData build -scheme WWSignInWith3rd_LINE -destination generic/platform=watchOS

Build Log

========================================
RunAll
========================================
Builder version: 5.1.0
Interrupt handler set up.
========================================
Checkout
========================================
Clone URL: https://github.com/William-Weng/WWSignInWith3rd_LINE.git
Reference: 1.1.0
Initialized empty Git repository in /Users/admin/builder/spi-builder-workspace/.git/
From https://github.com/William-Weng/WWSignInWith3rd_LINE
 * tag               1.1.0      -> FETCH_HEAD
HEAD is now at 4cb6c4d - 加上PrivacyInfo.xcprivacy - 更新ReadMe - 將WWSignInWith3rd+LINE改成WWSignInWith3rd_LINE
Cloned https://github.com/William-Weng/WWSignInWith3rd_LINE.git
Revision (git rev-parse @):
4cb6c4dc79c1f676230199d867a1137b28e439d8
SUCCESS checkout https://github.com/William-Weng/WWSignInWith3rd_LINE.git at 1.1.0
========================================
Build
========================================
Selected platform:         watchOS
Swift version:             6.4
Building package at path:  $PWD
https://github.com/William-Weng/WWSignInWith3rd_LINE.git
Command line invocation:
    /Applications/Xcode-27.0.0-Release.Candidate.app/Contents/Developer/usr/bin/xcodebuild -IDEClonedSourcePackagesDirPathOverride=/Users/admin/builder/spi-builder-workspace/.dependencies -resolvePackageDependencies
Resolve Package Graph
Fetching from https://github.com/William-Weng/WWSignInWith3rd_Apple
Fetching from https://github.com/line/line-sdk-ios-swift
Creating working copy of package ‘line-sdk-ios-swift’
Checking out 5.17.0 of package ‘line-sdk-ios-swift’
Creating working copy of package ‘WWSignInWith3rd_Apple’
Checking out 1.1.4 of package ‘WWSignInWith3rd_Apple’
Resolve Package Graph
Resolved source packages:
  WWSignInWith3rd_Apple: https://github.com/William-Weng/WWSignInWith3rd_Apple @ 1.1.4
  LineSDK: https://github.com/line/line-sdk-ios-swift @ 5.17.0
  WWSignInWith3rd_LINE: /Users/admin/builder/spi-builder-workspace
resolved source packages: WWSignInWith3rd_Apple, LineSDK, WWSignInWith3rd_LINE
2026-09-20 06:30:07.068 xcodebuild[528:3055] [MT] IDERunDestination: Supported platforms for the buildables in the current scheme is empty.
{
  "dependencies" : [
    {
      "identity" : "wwsigninwith3rd_apple",
      "requirement" : {
        "range" : [
          {
            "lower_bound" : "1.1.0",
            "upper_bound" : "1.2.0"
          }
        ]
      },
      "type" : "sourceControl",
      "url" : "https://github.com/William-Weng/WWSignInWith3rd_Apple"
    },
    {
      "identity" : "line-sdk-ios-swift",
      "requirement" : {
        "range" : [
          {
            "lower_bound" : "5.11.0",
            "upper_bound" : "6.0.0"
          }
        ]
      },
      "type" : "sourceControl",
      "url" : "https://github.com/line/line-sdk-ios-swift"
    }
  ],
  "manifest_display_name" : "WWSignInWith3rd_LINE",
  "name" : "WWSignInWith3rd_LINE",
  "path" : "/Users/admin/builder/spi-builder-workspace",
  "platforms" : [
    {
      "name" : "ios",
      "version" : "14.0"
    }
  ],
  "products" : [
    {
      "name" : "WWSignInWith3rd_LINE",
      "targets" : [
        "WWSignInWith3rd_LINE"
      ],
      "type" : {
        "library" : [
          "automatic"
        ]
      }
    }
  ],
  "swift_languages_versions" : [
    "5"
  ],
  "targets" : [
    {
      "c99name" : "WWSignInWith3rd_LINE",
      "module_type" : "SwiftTarget",
      "name" : "WWSignInWith3rd_LINE",
      "path" : "Sources/WWSignInWith3rd_LINE",
      "product_dependencies" : [
        "WWSignInWith3rd_Apple",
        "LineSDK"
      ],
      "product_memberships" : [
        "WWSignInWith3rd_LINE"
      ],
      "resources" : [
        {
          "path" : "/Users/admin/builder/spi-builder-workspace/Sources/WWSignInWith3rd_LINE/Privacy",
          "rule" : {
            "copy" : {
            }
          }
        }
      ],
      "sources" : [
        "WWSignInWith3rd_LINE.swift"
      ],
      "type" : "library"
    }
  ],
  "tools_version" : "5.6"
}
warning: 'spi-builder-workspace': /Users/admin/builder/spi-builder-workspace/Package.swift:16:10: warning: 'package(name:url:from:)' is deprecated: use package(url:from:) instead [#DeprecatedDeclaration]
14 |     dependencies: [
15 |         .package(url: "https://github.com/William-Weng/WWSignInWith3rd_Apple", .upToNextMinor(from: "1.1.0")),
16 |         .package(name: "LineSDK", url: "https://github.com/line/line-sdk-ios-swift", from: "5.11.0"),
   |          `- warning: 'package(name:url:from:)' is deprecated: use package(url:from:) instead [#DeprecatedDeclaration]
17 |     ],
18 |     targets: [
[#DeprecatedDeclaration]: <https://docs.swift.org/compiler/documentation/diagnostics/deprecated-declaration>
{
  "workspace" : {
    "name" : "WWSignInWith3rd_LINE",
    "schemes" : [
      "WWSignInWith3rd_LINE"
    ]
  }
}
2026-09-20 06:30:49.280 xcodebuild[730:4508] [MT] IDERunDestination: Supported platforms for the buildables in the current scheme is empty.
Running build ...
env DEVELOPER_DIR=/Applications/Xcode-27.0.0-Release.Candidate.app xcrun xcodebuild -IDEClonedSourcePackagesDirPathOverride=$PWD/.dependencies -skipMacroValidation -skipPackagePluginValidation -derivedDataPath $PWD/.derivedData build -scheme WWSignInWith3rd_LINE -destination generic/platform=watchOS
Command line invocation:
    /Applications/Xcode-27.0.0-Release.Candidate.app/Contents/Developer/usr/bin/xcodebuild -IDEClonedSourcePackagesDirPathOverride=/Users/admin/builder/spi-builder-workspace/.dependencies -skipMacroValidation -skipPackagePluginValidation -derivedDataPath /Users/admin/builder/spi-builder-workspace/.derivedData build -scheme WWSignInWith3rd_LINE -destination generic/platform=watchOS
Resolve Package Graph
Resolve Package Graph
Resolved source packages:
  WWSignInWith3rd_Apple: https://github.com/William-Weng/WWSignInWith3rd_Apple @ 1.1.4
  LineSDK: https://github.com/line/line-sdk-ios-swift @ 5.17.0
  WWSignInWith3rd_LINE: /Users/admin/builder/spi-builder-workspace
ComputePackagePrebuildTargetDependencyGraph
Prepare packages
CreateBuildRequest
SendProjectDescription
CreateBuildOperation
ComputeTargetDependencyGraph
note: Building targets in dependency order
note: Target dependency graph (9 targets)
    Target 'WWSignInWith3rd_LINE-product' in project 'WWSignInWith3rd_LINE'
        ➜ Explicit dependency on target 'WWSignInWith3rd_LINE' in project 'WWSignInWith3rd_LINE'
        ➜ Explicit dependency on target 'WWSignInWith3rd_LINE_WWSignInWith3rd_LINE' in project 'WWSignInWith3rd_LINE'
        ➜ Explicit dependency on target 'WWSignInWith3rd_Apple-product' in project 'WWSignInWith3rd_Apple'
        ➜ Explicit dependency on target 'LineSDK-product' in project 'LineSDK'
    Target 'WWSignInWith3rd_LINE' in project 'WWSignInWith3rd_LINE'
        ➜ Explicit dependency on target 'WWSignInWith3rd_LINE_WWSignInWith3rd_LINE' in project 'WWSignInWith3rd_LINE'
        ➜ Explicit dependency on target 'WWSignInWith3rd_Apple-product' in project 'WWSignInWith3rd_Apple'
        ➜ Explicit dependency on target 'LineSDK-product' in project 'LineSDK'
    Target 'LineSDK-product' in project 'LineSDK'
        ➜ Explicit dependency on target 'LineSDK' in project 'LineSDK'
        ➜ Explicit dependency on target 'LineSDK_LineSDK' in project 'LineSDK'
    Target 'LineSDK' in project 'LineSDK'
        ➜ Explicit dependency on target 'LineSDK_LineSDK' in project 'LineSDK'
    Target 'LineSDK_LineSDK' in project 'LineSDK' (no dependencies)
    Target 'WWSignInWith3rd_Apple-product' in project 'WWSignInWith3rd_Apple'
        ➜ Explicit dependency on target 'WWSignInWith3rd_Apple' in project 'WWSignInWith3rd_Apple'
        ➜ Explicit dependency on target 'WWSignInWith3rd_Apple_WWSignInWith3rd_Apple' in project 'WWSignInWith3rd_Apple'
    Target 'WWSignInWith3rd_Apple' in project 'WWSignInWith3rd_Apple'
        ➜ Explicit dependency on target 'WWSignInWith3rd_Apple_WWSignInWith3rd_Apple' in project 'WWSignInWith3rd_Apple'
    Target 'WWSignInWith3rd_Apple_WWSignInWith3rd_Apple' in project 'WWSignInWith3rd_Apple' (no dependencies)
    Target 'WWSignInWith3rd_LINE_WWSignInWith3rd_LINE' in project 'WWSignInWith3rd_LINE' (no dependencies)
GatherProvisioningInputs
CreateBuildDescription
ExecuteExternalTool /Applications/Xcode-27.0.0-Release.Candidate.app/Contents/Developer/Toolchains/XcodeDefault.xctoolchain/usr/bin/swiftc --version
ExecuteExternalTool /Applications/Xcode-27.0.0-Release.Candidate.app/Contents/Developer/usr/bin/actool --version --output-format xml1
ExecuteExternalTool /Applications/Xcode-27.0.0-Release.Candidate.app/Contents/Developer/Toolchains/XcodeDefault.xctoolchain/usr/bin/clang -v -E -dM -isysroot /Applications/Xcode-27.0.0-Release.Candidate.app/Contents/Developer/Platforms/WatchOS.platform/Developer/SDKs/WatchOS27.0.sdk -x c -c /dev/null
ExecuteExternalTool /Applications/Xcode-27.0.0-Release.Candidate.app/Contents/Developer/Toolchains/XcodeDefault.xctoolchain/usr/bin/ld -version_details
Build description signature: bdc3655ce0b298b666f0cb010f2aec7c
Build description path: /Users/admin/builder/spi-builder-workspace/.derivedData/Build/Intermediates.noindex/XCBuildData/bdc3655ce0b298b666f0cb010f2aec7c.xcbuilddata
CreateBuildDirectory /Users/admin/builder/spi-builder-workspace/.derivedData/SDKExplicitPrecompiledModules
    cd /Users/admin/builder/spi-builder-workspace/.swiftpm/xcode
    builtin-create-build-directory /Users/admin/builder/spi-builder-workspace/.derivedData/SDKExplicitPrecompiledModules
CreateBuildDirectory /Users/admin/builder/spi-builder-workspace/.derivedData/ModuleCache.noindex
    cd /Users/admin/builder/spi-builder-workspace/.swiftpm/xcode
    builtin-create-build-directory /Users/admin/builder/spi-builder-workspace/.derivedData/ModuleCache.noindex
CreateBuildDirectory /Users/admin/builder/spi-builder-workspace/.derivedData/CompilationCache.noindex
    cd /Users/admin/builder/spi-builder-workspace/.swiftpm/xcode
    builtin-create-build-directory /Users/admin/builder/spi-builder-workspace/.derivedData/CompilationCache.noindex
ClangStatCache /Applications/Xcode-27.0.0-Release.Candidate.app/Contents/Developer/Toolchains/XcodeDefault.xctoolchain/usr/bin/clang-stat-cache /Applications/Xcode-27.0.0-Release.Candidate.app/Contents/Developer/Platforms/WatchOS.platform/Developer/SDKs/WatchOS27.0.sdk /Users/admin/builder/spi-builder-workspace/.derivedData/SDKStatCaches.noindex/watchos27.0-24R360-e829b21a6f8c9b70876ba0858053c04477534ef55a1706bf4c1112bbb242f0a2.sdkstatcache
    cd /Users/admin/builder/spi-builder-workspace/.swiftpm/xcode
    /Applications/Xcode-27.0.0-Release.Candidate.app/Contents/Developer/Toolchains/XcodeDefault.xctoolchain/usr/bin/clang-stat-cache /Applications/Xcode-27.0.0-Release.Candidate.app/Contents/Developer/Platforms/WatchOS.platform/Developer/SDKs/WatchOS27.0.sdk -o /Users/admin/builder/spi-builder-workspace/.derivedData/SDKStatCaches.noindex/watchos27.0-24R360-e829b21a6f8c9b70876ba0858053c04477534ef55a1706bf4c1112bbb242f0a2.sdkstatcache
CreateBuildDirectory /Users/admin/builder/spi-builder-workspace/.derivedData/Build/Intermediates.noindex
    cd /Users/admin/builder/spi-builder-workspace/.swiftpm/xcode
    builtin-create-build-directory /Users/admin/builder/spi-builder-workspace/.derivedData/Build/Intermediates.noindex
CreateBuildDirectory /Users/admin/builder/spi-builder-workspace/.derivedData/Build/Products
    cd /Users/admin/builder/spi-builder-workspace/.swiftpm/xcode
    builtin-create-build-directory /Users/admin/builder/spi-builder-workspace/.derivedData/Build/Products
CreateBuildDirectory /Users/admin/builder/spi-builder-workspace/.derivedData/Build/Products/Debug-watchos
    cd /Users/admin/builder/spi-builder-workspace/.swiftpm/xcode
    builtin-create-build-directory /Users/admin/builder/spi-builder-workspace/.derivedData/Build/Products/Debug-watchos
CreateBuildDirectory /Users/admin/builder/spi-builder-workspace/.derivedData/Build/Intermediates.noindex/ExplicitPrecompiledModules
    cd /Users/admin/builder/spi-builder-workspace/.swiftpm/xcode
    builtin-create-build-directory /Users/admin/builder/spi-builder-workspace/.derivedData/Build/Intermediates.noindex/ExplicitPrecompiledModules
CreateBuildDirectory /Users/admin/builder/spi-builder-workspace/.derivedData/Build/Intermediates.noindex/SwiftExplicitPrecompiledModules
    cd /Users/admin/builder/spi-builder-workspace/.swiftpm/xcode
    builtin-create-build-directory /Users/admin/builder/spi-builder-workspace/.derivedData/Build/Intermediates.noindex/SwiftExplicitPrecompiledModules
CreateBuildDirectory /Users/admin/builder/spi-builder-workspace/.derivedData/Build/Intermediates.noindex/PrecompiledHeaders
    cd /Users/admin/builder/spi-builder-workspace/.swiftpm/xcode
    builtin-create-build-directory /Users/admin/builder/spi-builder-workspace/.derivedData/Build/Intermediates.noindex/PrecompiledHeaders
CreateBuildDirectory /Users/admin/builder/spi-builder-workspace/.derivedData/Build/Intermediates.noindex/EagerLinkingTBDs/Debug-watchos
    cd /Users/admin/builder/spi-builder-workspace/.swiftpm/xcode
    builtin-create-build-directory /Users/admin/builder/spi-builder-workspace/.derivedData/Build/Intermediates.noindex/EagerLinkingTBDs/Debug-watchos
CreateBuildDirectory /Users/admin/builder/spi-builder-workspace/.derivedData/Build/Products/Debug-watchos/PackageFrameworks
    cd /Users/admin/builder/spi-builder-workspace/.swiftpm/xcode
    builtin-create-build-directory /Users/admin/builder/spi-builder-workspace/.derivedData/Build/Products/Debug-watchos/PackageFrameworks
WriteAuxiliaryFile /Users/admin/builder/spi-builder-workspace/.derivedData/Build/Intermediates.noindex/WWSignInWith3rd_LINE.build/Debug-watchos/WWSignInWith3rd_LINE-t.build/DerivedSources/resource_bundle_accessor.swift (in target 'WWSignInWith3rd_LINE' from project 'WWSignInWith3rd_LINE')
    cd /Users/admin/builder/spi-builder-workspace
    write-file /Users/admin/builder/spi-builder-workspace/.derivedData/Build/Intermediates.noindex/WWSignInWith3rd_LINE.build/Debug-watchos/WWSignInWith3rd_LINE-t.build/DerivedSources/resource_bundle_accessor.swift
WriteAuxiliaryFile /Users/admin/builder/spi-builder-workspace/.derivedData/Build/Intermediates.noindex/WWSignInWith3rd_LINE.build/Debug-watchos/WWSignInWith3rd_LINE-t.build/WWSignInWith3rd_LINE.modulemap (in target 'WWSignInWith3rd_LINE' from project 'WWSignInWith3rd_LINE')
    cd /Users/admin/builder/spi-builder-workspace
    write-file /Users/admin/builder/spi-builder-workspace/.derivedData/Build/Intermediates.noindex/WWSignInWith3rd_LINE.build/Debug-watchos/WWSignInWith3rd_LINE-t.build/WWSignInWith3rd_LINE.modulemap
WriteAuxiliaryFile /Users/admin/builder/spi-builder-workspace/.derivedData/Build/Intermediates.noindex/WWSignInWith3rd_LINE.build/Debug-watchos/WWSignInWith3rd_LINE_WWSignInWith3rd_LINE-b.build/empty-WWSignInWith3rd_LINE_WWSignInWith3rd_LINE.plist (in target 'WWSignInWith3rd_LINE_WWSignInWith3rd_LINE' from project 'WWSignInWith3rd_LINE')
    cd /Users/admin/builder/spi-builder-workspace
    write-file /Users/admin/builder/spi-builder-workspace/.derivedData/Build/Intermediates.noindex/WWSignInWith3rd_LINE.build/Debug-watchos/WWSignInWith3rd_LINE_WWSignInWith3rd_LINE-b.build/empty-WWSignInWith3rd_LINE_WWSignInWith3rd_LINE.plist
WriteAuxiliaryFile /Users/admin/builder/spi-builder-workspace/.derivedData/Build/Intermediates.noindex/WWSignInWith3rd_LINE.build/Debug-watchos/WWSignInWith3rd_LINE-t.build/Objects-normal/arm64_32/WWSignInWith3rd_LINE_const_extract_protocols.json (in target 'WWSignInWith3rd_LINE' from project 'WWSignInWith3rd_LINE')
    cd /Users/admin/builder/spi-builder-workspace
    write-file /Users/admin/builder/spi-builder-workspace/.derivedData/Build/Intermediates.noindex/WWSignInWith3rd_LINE.build/Debug-watchos/WWSignInWith3rd_LINE-t.build/Objects-normal/arm64_32/WWSignInWith3rd_LINE_const_extract_protocols.json
WriteAuxiliaryFile /Users/admin/builder/spi-builder-workspace/.derivedData/Build/Intermediates.noindex/WWSignInWith3rd_LINE.build/Debug-watchos/WWSignInWith3rd_LINE-t.build/Objects-normal/arm64_32/WWSignInWith3rd_LINE.LinkFileList (in target 'WWSignInWith3rd_LINE' from project 'WWSignInWith3rd_LINE')
    cd /Users/admin/builder/spi-builder-workspace
    write-file /Users/admin/builder/spi-builder-workspace/.derivedData/Build/Intermediates.noindex/WWSignInWith3rd_LINE.build/Debug-watchos/WWSignInWith3rd_LINE-t.build/Objects-normal/arm64_32/WWSignInWith3rd_LINE.LinkFileList
WriteAuxiliaryFile /Users/admin/builder/spi-builder-workspace/.derivedData/Build/Intermediates.noindex/WWSignInWith3rd_LINE.build/Debug-watchos/WWSignInWith3rd_LINE-t.build/Objects-normal/arm64/WWSignInWith3rd_LINE.LinkFileList (in target 'WWSignInWith3rd_LINE' from project 'WWSignInWith3rd_LINE')
    cd /Users/admin/builder/spi-builder-workspace
    write-file /Users/admin/builder/spi-builder-workspace/.derivedData/Build/Intermediates.noindex/WWSignInWith3rd_LINE.build/Debug-watchos/WWSignInWith3rd_LINE-t.build/Objects-normal/arm64/WWSignInWith3rd_LINE.LinkFileList
WriteAuxiliaryFile /Users/admin/builder/spi-builder-workspace/.derivedData/Build/Intermediates.noindex/WWSignInWith3rd_LINE.build/Debug-watchos/WWSignInWith3rd_LINE-t.build/Objects-normal/arm64/WWSignInWith3rd_LINE_const_extract_protocols.json (in target 'WWSignInWith3rd_LINE' from project 'WWSignInWith3rd_LINE')
    cd /Users/admin/builder/spi-builder-workspace
    write-file /Users/admin/builder/spi-builder-workspace/.derivedData/Build/Intermediates.noindex/WWSignInWith3rd_LINE.build/Debug-watchos/WWSignInWith3rd_LINE-t.build/Objects-normal/arm64/WWSignInWith3rd_LINE_const_extract_protocols.json
WriteAuxiliaryFile /Users/admin/builder/spi-builder-workspace/.derivedData/Build/Intermediates.noindex/WWSignInWith3rd_LINE.build/Debug-watchos/WWSignInWith3rd_LINE-t.build/Objects-normal/arm64_32/WWSignInWith3rd_LINE-OutputFileMap.json (in target 'WWSignInWith3rd_LINE' from project 'WWSignInWith3rd_LINE')
    cd /Users/admin/builder/spi-builder-workspace
    write-file /Users/admin/builder/spi-builder-workspace/.derivedData/Build/Intermediates.noindex/WWSignInWith3rd_LINE.build/Debug-watchos/WWSignInWith3rd_LINE-t.build/Objects-normal/arm64_32/WWSignInWith3rd_LINE-OutputFileMap.json
WriteAuxiliaryFile /Users/admin/builder/spi-builder-workspace/.derivedData/Build/Intermediates.noindex/WWSignInWith3rd_LINE.build/Debug-watchos/WWSignInWith3rd_LINE-t.build/Objects-normal/arm64/WWSignInWith3rd_LINE-OutputFileMap.json (in target 'WWSignInWith3rd_LINE' from project 'WWSignInWith3rd_LINE')
    cd /Users/admin/builder/spi-builder-workspace
    write-file /Users/admin/builder/spi-builder-workspace/.derivedData/Build/Intermediates.noindex/WWSignInWith3rd_LINE.build/Debug-watchos/WWSignInWith3rd_LINE-t.build/Objects-normal/arm64/WWSignInWith3rd_LINE-OutputFileMap.json
WriteAuxiliaryFile /Users/admin/builder/spi-builder-workspace/.derivedData/Build/Intermediates.noindex/WWSignInWith3rd_LINE.build/Debug-watchos/WWSignInWith3rd_LINE_WWSignInWith3rd_LINE-b.build/WWSignInWith3rd_LINE_WWSignInWith3rd_LINE.DependencyStaticMetadataFileList (in target 'WWSignInWith3rd_LINE_WWSignInWith3rd_LINE' from project 'WWSignInWith3rd_LINE')
    cd /Users/admin/builder/spi-builder-workspace
    write-file /Users/admin/builder/spi-builder-workspace/.derivedData/Build/Intermediates.noindex/WWSignInWith3rd_LINE.build/Debug-watchos/WWSignInWith3rd_LINE_WWSignInWith3rd_LINE-b.build/WWSignInWith3rd_LINE_WWSignInWith3rd_LINE.DependencyStaticMetadataFileList
WriteAuxiliaryFile /Users/admin/builder/spi-builder-workspace/.derivedData/Build/Intermediates.noindex/WWSignInWith3rd_LINE.build/Debug-watchos/WWSignInWith3rd_LINE-t.build/WWSignInWith3rd_LINE.DependencyStaticMetadataFileList (in target 'WWSignInWith3rd_LINE' from project 'WWSignInWith3rd_LINE')
    cd /Users/admin/builder/spi-builder-workspace
    write-file /Users/admin/builder/spi-builder-workspace/.derivedData/Build/Intermediates.noindex/WWSignInWith3rd_LINE.build/Debug-watchos/WWSignInWith3rd_LINE-t.build/WWSignInWith3rd_LINE.DependencyStaticMetadataFileList
WriteAuxiliaryFile /Users/admin/builder/spi-builder-workspace/.derivedData/Build/Intermediates.noindex/WWSignInWith3rd_LINE.build/Debug-watchos/WWSignInWith3rd_LINE_WWSignInWith3rd_LINE-b.build/WWSignInWith3rd_LINE_WWSignInWith3rd_LINE.DependencyMetadataFileList (in target 'WWSignInWith3rd_LINE_WWSignInWith3rd_LINE' from project 'WWSignInWith3rd_LINE')
    cd /Users/admin/builder/spi-builder-workspace
    write-file /Users/admin/builder/spi-builder-workspace/.derivedData/Build/Intermediates.noindex/WWSignInWith3rd_LINE.build/Debug-watchos/WWSignInWith3rd_LINE_WWSignInWith3rd_LINE-b.build/WWSignInWith3rd_LINE_WWSignInWith3rd_LINE.DependencyMetadataFileList
WriteAuxiliaryFile /Users/admin/builder/spi-builder-workspace/.derivedData/Build/Intermediates.noindex/WWSignInWith3rd_LINE.build/Debug-watchos/WWSignInWith3rd_LINE-t.build/WWSignInWith3rd_LINE.DependencyMetadataFileList (in target 'WWSignInWith3rd_LINE' from project 'WWSignInWith3rd_LINE')
    cd /Users/admin/builder/spi-builder-workspace
    write-file /Users/admin/builder/spi-builder-workspace/.derivedData/Build/Intermediates.noindex/WWSignInWith3rd_LINE.build/Debug-watchos/WWSignInWith3rd_LINE-t.build/WWSignInWith3rd_LINE.DependencyMetadataFileList
WriteAuxiliaryFile /Users/admin/builder/spi-builder-workspace/.derivedData/Build/Intermediates.noindex/WWSignInWith3rd_LINE.build/Debug-watchos/WWSignInWith3rd_LINE-t.build/Objects-normal/arm64_32/WWSignInWith3rd_LINE.SwiftFileList (in target 'WWSignInWith3rd_LINE' from project 'WWSignInWith3rd_LINE')
    cd /Users/admin/builder/spi-builder-workspace
    write-file /Users/admin/builder/spi-builder-workspace/.derivedData/Build/Intermediates.noindex/WWSignInWith3rd_LINE.build/Debug-watchos/WWSignInWith3rd_LINE-t.build/Objects-normal/arm64_32/WWSignInWith3rd_LINE.SwiftFileList
WriteAuxiliaryFile /Users/admin/builder/spi-builder-workspace/.derivedData/Build/Intermediates.noindex/WWSignInWith3rd_LINE.build/Debug-watchos/WWSignInWith3rd_LINE-t.build/Objects-normal/arm64_32/WWSignInWith3rd_LINE.SwiftConstValuesFileList (in target 'WWSignInWith3rd_LINE' from project 'WWSignInWith3rd_LINE')
    cd /Users/admin/builder/spi-builder-workspace
    write-file /Users/admin/builder/spi-builder-workspace/.derivedData/Build/Intermediates.noindex/WWSignInWith3rd_LINE.build/Debug-watchos/WWSignInWith3rd_LINE-t.build/Objects-normal/arm64_32/WWSignInWith3rd_LINE.SwiftConstValuesFileList
WriteAuxiliaryFile /Users/admin/builder/spi-builder-workspace/.derivedData/Build/Intermediates.noindex/WWSignInWith3rd_LINE.build/Debug-watchos/WWSignInWith3rd_LINE-t.build/Objects-normal/arm64/WWSignInWith3rd_LINE.SwiftFileList (in target 'WWSignInWith3rd_LINE' from project 'WWSignInWith3rd_LINE')
    cd /Users/admin/builder/spi-builder-workspace
    write-file /Users/admin/builder/spi-builder-workspace/.derivedData/Build/Intermediates.noindex/WWSignInWith3rd_LINE.build/Debug-watchos/WWSignInWith3rd_LINE-t.build/Objects-normal/arm64/WWSignInWith3rd_LINE.SwiftFileList
WriteAuxiliaryFile /Users/admin/builder/spi-builder-workspace/.derivedData/Build/Intermediates.noindex/WWSignInWith3rd_LINE.build/Debug-watchos/WWSignInWith3rd_LINE-t.build/Objects-normal/arm64/WWSignInWith3rd_LINE.SwiftConstValuesFileList (in target 'WWSignInWith3rd_LINE' from project 'WWSignInWith3rd_LINE')
    cd /Users/admin/builder/spi-builder-workspace
    write-file /Users/admin/builder/spi-builder-workspace/.derivedData/Build/Intermediates.noindex/WWSignInWith3rd_LINE.build/Debug-watchos/WWSignInWith3rd_LINE-t.build/Objects-normal/arm64/WWSignInWith3rd_LINE.SwiftConstValuesFileList
Copy /Users/admin/builder/spi-builder-workspace/.derivedData/Build/Intermediates.noindex/GeneratedModuleMaps-watchos/WWSignInWith3rd_LINE.modulemap /Users/admin/builder/spi-builder-workspace/.derivedData/Build/Intermediates.noindex/WWSignInWith3rd_LINE.build/Debug-watchos/WWSignInWith3rd_LINE-t.build/WWSignInWith3rd_LINE.modulemap (in target 'WWSignInWith3rd_LINE' from project 'WWSignInWith3rd_LINE')
    cd /Users/admin/builder/spi-builder-workspace
    builtin-copy -exclude .DS_Store -exclude CVS -exclude .svn -exclude .git -exclude .hg -resolve-src-symlinks /Users/admin/builder/spi-builder-workspace/.derivedData/Build/Intermediates.noindex/WWSignInWith3rd_LINE.build/Debug-watchos/WWSignInWith3rd_LINE-t.build/WWSignInWith3rd_LINE.modulemap /Users/admin/builder/spi-builder-workspace/.derivedData/Build/Intermediates.noindex/GeneratedModuleMaps-watchos
WriteAuxiliaryFile /Users/admin/builder/spi-builder-workspace/.derivedData/Build/Intermediates.noindex/WWSignInWith3rd_Apple.build/Debug-watchos/WWSignInWith3rd_Apple_WWSignInWith3rd_Apple-b.build/empty-WWSignInWith3rd_Apple_WWSignInWith3rd_Apple.plist (in target 'WWSignInWith3rd_Apple_WWSignInWith3rd_Apple' from project 'WWSignInWith3rd_Apple')
    cd /Users/admin/builder/spi-builder-workspace/.dependencies/checkouts/WWSignInWith3rd_Apple
    write-file /Users/admin/builder/spi-builder-workspace/.derivedData/Build/Intermediates.noindex/WWSignInWith3rd_Apple.build/Debug-watchos/WWSignInWith3rd_Apple_WWSignInWith3rd_Apple-b.build/empty-WWSignInWith3rd_Apple_WWSignInWith3rd_Apple.plist
WriteAuxiliaryFile /Users/admin/builder/spi-builder-workspace/.derivedData/Build/Intermediates.noindex/WWSignInWith3rd_Apple.build/Debug-watchos/WWSignInWith3rd_Apple_WWSignInWith3rd_Apple-b.build/WWSignInWith3rd_Apple_WWSignInWith3rd_Apple.DependencyStaticMetadataFileList (in target 'WWSignInWith3rd_Apple_WWSignInWith3rd_Apple' from project 'WWSignInWith3rd_Apple')
    cd /Users/admin/builder/spi-builder-workspace/.dependencies/checkouts/WWSignInWith3rd_Apple
    write-file /Users/admin/builder/spi-builder-workspace/.derivedData/Build/Intermediates.noindex/WWSignInWith3rd_Apple.build/Debug-watchos/WWSignInWith3rd_Apple_WWSignInWith3rd_Apple-b.build/WWSignInWith3rd_Apple_WWSignInWith3rd_Apple.DependencyStaticMetadataFileList
WriteAuxiliaryFile /Users/admin/builder/spi-builder-workspace/.derivedData/Build/Intermediates.noindex/WWSignInWith3rd_Apple.build/Debug-watchos/WWSignInWith3rd_Apple_WWSignInWith3rd_Apple-b.build/WWSignInWith3rd_Apple_WWSignInWith3rd_Apple.DependencyMetadataFileList (in target 'WWSignInWith3rd_Apple_WWSignInWith3rd_Apple' from project 'WWSignInWith3rd_Apple')
    cd /Users/admin/builder/spi-builder-workspace/.dependencies/checkouts/WWSignInWith3rd_Apple
    write-file /Users/admin/builder/spi-builder-workspace/.derivedData/Build/Intermediates.noindex/WWSignInWith3rd_Apple.build/Debug-watchos/WWSignInWith3rd_Apple_WWSignInWith3rd_Apple-b.build/WWSignInWith3rd_Apple_WWSignInWith3rd_Apple.DependencyMetadataFileList
WriteAuxiliaryFile /Users/admin/builder/spi-builder-workspace/.derivedData/Build/Intermediates.noindex/WWSignInWith3rd_Apple.build/Debug-watchos/WWSignInWith3rd_Apple-t.build/WWSignInWith3rd_Apple.modulemap (in target 'WWSignInWith3rd_Apple' from project 'WWSignInWith3rd_Apple')
    cd /Users/admin/builder/spi-builder-workspace/.dependencies/checkouts/WWSignInWith3rd_Apple
    write-file /Users/admin/builder/spi-builder-workspace/.derivedData/Build/Intermediates.noindex/WWSignInWith3rd_Apple.build/Debug-watchos/WWSignInWith3rd_Apple-t.build/WWSignInWith3rd_Apple.modulemap
WriteAuxiliaryFile /Users/admin/builder/spi-builder-workspace/.derivedData/Build/Intermediates.noindex/WWSignInWith3rd_Apple.build/Debug-watchos/WWSignInWith3rd_Apple-t.build/WWSignInWith3rd_Apple.DependencyStaticMetadataFileList (in target 'WWSignInWith3rd_Apple' from project 'WWSignInWith3rd_Apple')
    cd /Users/admin/builder/spi-builder-workspace/.dependencies/checkouts/WWSignInWith3rd_Apple
    write-file /Users/admin/builder/spi-builder-workspace/.derivedData/Build/Intermediates.noindex/WWSignInWith3rd_Apple.build/Debug-watchos/WWSignInWith3rd_Apple-t.build/WWSignInWith3rd_Apple.DependencyStaticMetadataFileList
WriteAuxiliaryFile /Users/admin/builder/spi-builder-workspace/.derivedData/Build/Intermediates.noindex/WWSignInWith3rd_Apple.build/Debug-watchos/WWSignInWith3rd_Apple-t.build/WWSignInWith3rd_Apple.DependencyMetadataFileList (in target 'WWSignInWith3rd_Apple' from project 'WWSignInWith3rd_Apple')
    cd /Users/admin/builder/spi-builder-workspace/.dependencies/checkouts/WWSignInWith3rd_Apple
    write-file /Users/admin/builder/spi-builder-workspace/.derivedData/Build/Intermediates.noindex/WWSignInWith3rd_Apple.build/Debug-watchos/WWSignInWith3rd_Apple-t.build/WWSignInWith3rd_Apple.DependencyMetadataFileList
WriteAuxiliaryFile /Users/admin/builder/spi-builder-workspace/.derivedData/Build/Intermediates.noindex/WWSignInWith3rd_Apple.build/Debug-watchos/WWSignInWith3rd_Apple-t.build/Objects-normal/arm64_32/WWSignInWith3rd_Apple.SwiftFileList (in target 'WWSignInWith3rd_Apple' from project 'WWSignInWith3rd_Apple')
    cd /Users/admin/builder/spi-builder-workspace/.dependencies/checkouts/WWSignInWith3rd_Apple
    write-file /Users/admin/builder/spi-builder-workspace/.derivedData/Build/Intermediates.noindex/WWSignInWith3rd_Apple.build/Debug-watchos/WWSignInWith3rd_Apple-t.build/Objects-normal/arm64_32/WWSignInWith3rd_Apple.SwiftFileList
WriteAuxiliaryFile /Users/admin/builder/spi-builder-workspace/.derivedData/Build/Intermediates.noindex/WWSignInWith3rd_Apple.build/Debug-watchos/WWSignInWith3rd_Apple-t.build/Objects-normal/arm64_32/WWSignInWith3rd_Apple_const_extract_protocols.json (in target 'WWSignInWith3rd_Apple' from project 'WWSignInWith3rd_Apple')
    cd /Users/admin/builder/spi-builder-workspace/.dependencies/checkouts/WWSignInWith3rd_Apple
    write-file /Users/admin/builder/spi-builder-workspace/.derivedData/Build/Intermediates.noindex/WWSignInWith3rd_Apple.build/Debug-watchos/WWSignInWith3rd_Apple-t.build/Objects-normal/arm64_32/WWSignInWith3rd_Apple_const_extract_protocols.json
WriteAuxiliaryFile /Users/admin/builder/spi-builder-workspace/.derivedData/Build/Intermediates.noindex/WWSignInWith3rd_Apple.build/Debug-watchos/WWSignInWith3rd_Apple-t.build/Objects-normal/arm64_32/WWSignInWith3rd_Apple.SwiftConstValuesFileList (in target 'WWSignInWith3rd_Apple' from project 'WWSignInWith3rd_Apple')
    cd /Users/admin/builder/spi-builder-workspace/.dependencies/checkouts/WWSignInWith3rd_Apple
    write-file /Users/admin/builder/spi-builder-workspace/.derivedData/Build/Intermediates.noindex/WWSignInWith3rd_Apple.build/Debug-watchos/WWSignInWith3rd_Apple-t.build/Objects-normal/arm64_32/WWSignInWith3rd_Apple.SwiftConstValuesFileList
WriteAuxiliaryFile /Users/admin/builder/spi-builder-workspace/.derivedData/Build/Intermediates.noindex/WWSignInWith3rd_Apple.build/Debug-watchos/WWSignInWith3rd_Apple-t.build/Objects-normal/arm64_32/WWSignInWith3rd_Apple.LinkFileList (in target 'WWSignInWith3rd_Apple' from project 'WWSignInWith3rd_Apple')
    cd /Users/admin/builder/spi-builder-workspace/.dependencies/checkouts/WWSignInWith3rd_Apple
    write-file /Users/admin/builder/spi-builder-workspace/.derivedData/Build/Intermediates.noindex/WWSignInWith3rd_Apple.build/Debug-watchos/WWSignInWith3rd_Apple-t.build/Objects-normal/arm64_32/WWSignInWith3rd_Apple.LinkFileList
WriteAuxiliaryFile /Users/admin/builder/spi-builder-workspace/.derivedData/Build/Intermediates.noindex/WWSignInWith3rd_Apple.build/Debug-watchos/WWSignInWith3rd_Apple-t.build/Objects-normal/arm64_32/WWSignInWith3rd_Apple-OutputFileMap.json (in target 'WWSignInWith3rd_Apple' from project 'WWSignInWith3rd_Apple')
    cd /Users/admin/builder/spi-builder-workspace/.dependencies/checkouts/WWSignInWith3rd_Apple
    write-file /Users/admin/builder/spi-builder-workspace/.derivedData/Build/Intermediates.noindex/WWSignInWith3rd_Apple.build/Debug-watchos/WWSignInWith3rd_Apple-t.build/Objects-normal/arm64_32/WWSignInWith3rd_Apple-OutputFileMap.json
WriteAuxiliaryFile /Users/admin/builder/spi-builder-workspace/.derivedData/Build/Intermediates.noindex/WWSignInWith3rd_Apple.build/Debug-watchos/WWSignInWith3rd_Apple-t.build/Objects-normal/arm64/WWSignInWith3rd_Apple_const_extract_protocols.json (in target 'WWSignInWith3rd_Apple' from project 'WWSignInWith3rd_Apple')
    cd /Users/admin/builder/spi-builder-workspace/.dependencies/checkouts/WWSignInWith3rd_Apple
    write-file /Users/admin/builder/spi-builder-workspace/.derivedData/Build/Intermediates.noindex/WWSignInWith3rd_Apple.build/Debug-watchos/WWSignInWith3rd_Apple-t.build/Objects-normal/arm64/WWSignInWith3rd_Apple_const_extract_protocols.json
WriteAuxiliaryFile /Users/admin/builder/spi-builder-workspace/.derivedData/Build/Intermediates.noindex/WWSignInWith3rd_Apple.build/Debug-watchos/WWSignInWith3rd_Apple-t.build/Objects-normal/arm64/WWSignInWith3rd_Apple.SwiftFileList (in target 'WWSignInWith3rd_Apple' from project 'WWSignInWith3rd_Apple')
    cd /Users/admin/builder/spi-builder-workspace/.dependencies/checkouts/WWSignInWith3rd_Apple
    write-file /Users/admin/builder/spi-builder-workspace/.derivedData/Build/Intermediates.noindex/WWSignInWith3rd_Apple.build/Debug-watchos/WWSignInWith3rd_Apple-t.build/Objects-normal/arm64/WWSignInWith3rd_Apple.SwiftFileList
WriteAuxiliaryFile /Users/admin/builder/spi-builder-workspace/.derivedData/Build/Intermediates.noindex/WWSignInWith3rd_Apple.build/Debug-watchos/WWSignInWith3rd_Apple-t.build/Objects-normal/arm64/WWSignInWith3rd_Apple.SwiftConstValuesFileList (in target 'WWSignInWith3rd_Apple' from project 'WWSignInWith3rd_Apple')
    cd /Users/admin/builder/spi-builder-workspace/.dependencies/checkouts/WWSignInWith3rd_Apple
    write-file /Users/admin/builder/spi-builder-workspace/.derivedData/Build/Intermediates.noindex/WWSignInWith3rd_Apple.build/Debug-watchos/WWSignInWith3rd_Apple-t.build/Objects-normal/arm64/WWSignInWith3rd_Apple.SwiftConstValuesFileList
WriteAuxiliaryFile /Users/admin/builder/spi-builder-workspace/.derivedData/Build/Intermediates.noindex/WWSignInWith3rd_Apple.build/Debug-watchos/WWSignInWith3rd_Apple-t.build/Objects-normal/arm64/WWSignInWith3rd_Apple.LinkFileList (in target 'WWSignInWith3rd_Apple' from project 'WWSignInWith3rd_Apple')
    cd /Users/admin/builder/spi-builder-workspace/.dependencies/checkouts/WWSignInWith3rd_Apple
    write-file /Users/admin/builder/spi-builder-workspace/.derivedData/Build/Intermediates.noindex/WWSignInWith3rd_Apple.build/Debug-watchos/WWSignInWith3rd_Apple-t.build/Objects-normal/arm64/WWSignInWith3rd_Apple.LinkFileList
WriteAuxiliaryFile /Users/admin/builder/spi-builder-workspace/.derivedData/Build/Intermediates.noindex/WWSignInWith3rd_Apple.build/Debug-watchos/WWSignInWith3rd_Apple-t.build/Objects-normal/arm64/WWSignInWith3rd_Apple-OutputFileMap.json (in target 'WWSignInWith3rd_Apple' from project 'WWSignInWith3rd_Apple')
    cd /Users/admin/builder/spi-builder-workspace/.dependencies/checkouts/WWSignInWith3rd_Apple
    write-file /Users/admin/builder/spi-builder-workspace/.derivedData/Build/Intermediates.noindex/WWSignInWith3rd_Apple.build/Debug-watchos/WWSignInWith3rd_Apple-t.build/Objects-normal/arm64/WWSignInWith3rd_Apple-OutputFileMap.json
WriteAuxiliaryFile /Users/admin/builder/spi-builder-workspace/.derivedData/Build/Intermediates.noindex/WWSignInWith3rd_Apple.build/Debug-watchos/WWSignInWith3rd_Apple-t.build/DerivedSources/resource_bundle_accessor.swift (in target 'WWSignInWith3rd_Apple' from project 'WWSignInWith3rd_Apple')
    cd /Users/admin/builder/spi-builder-workspace/.dependencies/checkouts/WWSignInWith3rd_Apple
    write-file /Users/admin/builder/spi-builder-workspace/.derivedData/Build/Intermediates.noindex/WWSignInWith3rd_Apple.build/Debug-watchos/WWSignInWith3rd_Apple-t.build/DerivedSources/resource_bundle_accessor.swift
Copy /Users/admin/builder/spi-builder-workspace/.derivedData/Build/Intermediates.noindex/GeneratedModuleMaps-watchos/WWSignInWith3rd_Apple.modulemap /Users/admin/builder/spi-builder-workspace/.derivedData/Build/Intermediates.noindex/WWSignInWith3rd_Apple.build/Debug-watchos/WWSignInWith3rd_Apple-t.build/WWSignInWith3rd_Apple.modulemap (in target 'WWSignInWith3rd_Apple' from project 'WWSignInWith3rd_Apple')
    cd /Users/admin/builder/spi-builder-workspace/.dependencies/checkouts/WWSignInWith3rd_Apple
    builtin-copy -exclude .DS_Store -exclude CVS -exclude .svn -exclude .git -exclude .hg -resolve-src-symlinks /Users/admin/builder/spi-builder-workspace/.derivedData/Build/Intermediates.noindex/WWSignInWith3rd_Apple.build/Debug-watchos/WWSignInWith3rd_Apple-t.build/WWSignInWith3rd_Apple.modulemap /Users/admin/builder/spi-builder-workspace/.derivedData/Build/Intermediates.noindex/GeneratedModuleMaps-watchos
WriteAuxiliaryFile /Users/admin/builder/spi-builder-workspace/.derivedData/Build/Intermediates.noindex/LineSDK.build/Debug-watchos/LineSDK_LineSDK-b.build/empty-LineSDK_LineSDK.plist (in target 'LineSDK_LineSDK' from project 'LineSDK')
    cd /Users/admin/builder/spi-builder-workspace/.dependencies/checkouts/line-sdk-ios-swift
    write-file /Users/admin/builder/spi-builder-workspace/.derivedData/Build/Intermediates.noindex/LineSDK.build/Debug-watchos/LineSDK_LineSDK-b.build/empty-LineSDK_LineSDK.plist
WriteAuxiliaryFile /Users/admin/builder/spi-builder-workspace/.derivedData/Build/Intermediates.noindex/LineSDK.build/Debug-watchos/LineSDK_LineSDK-b.build/LineSDK_LineSDK.DependencyStaticMetadataFileList (in target 'LineSDK_LineSDK' from project 'LineSDK')
    cd /Users/admin/builder/spi-builder-workspace/.dependencies/checkouts/line-sdk-ios-swift
    write-file /Users/admin/builder/spi-builder-workspace/.derivedData/Build/Intermediates.noindex/LineSDK.build/Debug-watchos/LineSDK_LineSDK-b.build/LineSDK_LineSDK.DependencyStaticMetadataFileList
WriteAuxiliaryFile /Users/admin/builder/spi-builder-workspace/.derivedData/Build/Intermediates.noindex/LineSDK.build/Debug-watchos/LineSDK_LineSDK-b.build/LineSDK_LineSDK.DependencyMetadataFileList (in target 'LineSDK_LineSDK' from project 'LineSDK')
    cd /Users/admin/builder/spi-builder-workspace/.dependencies/checkouts/line-sdk-ios-swift
    write-file /Users/admin/builder/spi-builder-workspace/.derivedData/Build/Intermediates.noindex/LineSDK.build/Debug-watchos/LineSDK_LineSDK-b.build/LineSDK_LineSDK.DependencyMetadataFileList
WriteAuxiliaryFile /Users/admin/builder/spi-builder-workspace/.derivedData/Build/Intermediates.noindex/LineSDK.build/Debug-watchos/LineSDK-t.build/Objects-normal/arm64_32/LineSDK_const_extract_protocols.json (in target 'LineSDK' from project 'LineSDK')
    cd /Users/admin/builder/spi-builder-workspace/.dependencies/checkouts/line-sdk-ios-swift
    write-file /Users/admin/builder/spi-builder-workspace/.derivedData/Build/Intermediates.noindex/LineSDK.build/Debug-watchos/LineSDK-t.build/Objects-normal/arm64_32/LineSDK_const_extract_protocols.json
WriteAuxiliaryFile /Users/admin/builder/spi-builder-workspace/.derivedData/Build/Intermediates.noindex/LineSDK.build/Debug-watchos/LineSDK-t.build/Objects-normal/arm64_32/LineSDK.SwiftFileList (in target 'LineSDK' from project 'LineSDK')
    cd /Users/admin/builder/spi-builder-workspace/.dependencies/checkouts/line-sdk-ios-swift
    write-file /Users/admin/builder/spi-builder-workspace/.derivedData/Build/Intermediates.noindex/LineSDK.build/Debug-watchos/LineSDK-t.build/Objects-normal/arm64_32/LineSDK.SwiftFileList
WriteAuxiliaryFile /Users/admin/builder/spi-builder-workspace/.derivedData/Build/Intermediates.noindex/LineSDK.build/Debug-watchos/LineSDK-t.build/Objects-normal/arm64_32/LineSDK.SwiftConstValuesFileList (in target 'LineSDK' from project 'LineSDK')
    cd /Users/admin/builder/spi-builder-workspace/.dependencies/checkouts/line-sdk-ios-swift
    write-file /Users/admin/builder/spi-builder-workspace/.derivedData/Build/Intermediates.noindex/LineSDK.build/Debug-watchos/LineSDK-t.build/Objects-normal/arm64_32/LineSDK.SwiftConstValuesFileList
WriteAuxiliaryFile /Users/admin/builder/spi-builder-workspace/.derivedData/Build/Intermediates.noindex/LineSDK.build/Debug-watchos/LineSDK-t.build/Objects-normal/arm64_32/LineSDK.LinkFileList (in target 'LineSDK' from project 'LineSDK')
    cd /Users/admin/builder/spi-builder-workspace/.dependencies/checkouts/line-sdk-ios-swift
    write-file /Users/admin/builder/spi-builder-workspace/.derivedData/Build/Intermediates.noindex/LineSDK.build/Debug-watchos/LineSDK-t.build/Objects-normal/arm64_32/LineSDK.LinkFileList
WriteAuxiliaryFile /Users/admin/builder/spi-builder-workspace/.derivedData/Build/Intermediates.noindex/LineSDK.build/Debug-watchos/LineSDK-t.build/Objects-normal/arm64_32/LineSDK-OutputFileMap.json (in target 'LineSDK' from project 'LineSDK')
    cd /Users/admin/builder/spi-builder-workspace/.dependencies/checkouts/line-sdk-ios-swift
    write-file /Users/admin/builder/spi-builder-workspace/.derivedData/Build/Intermediates.noindex/LineSDK.build/Debug-watchos/LineSDK-t.build/Objects-normal/arm64_32/LineSDK-OutputFileMap.json
WriteAuxiliaryFile /Users/admin/builder/spi-builder-workspace/.derivedData/Build/Intermediates.noindex/LineSDK.build/Debug-watchos/LineSDK-t.build/Objects-normal/arm64/LineSDK_const_extract_protocols.json (in target 'LineSDK' from project 'LineSDK')
    cd /Users/admin/builder/spi-builder-workspace/.dependencies/checkouts/line-sdk-ios-swift
    write-file /Users/admin/builder/spi-builder-workspace/.derivedData/Build/Intermediates.noindex/LineSDK.build/Debug-watchos/LineSDK-t.build/Objects-normal/arm64/LineSDK_const_extract_protocols.json
WriteAuxiliaryFile /Users/admin/builder/spi-builder-workspace/.derivedData/Build/Intermediates.noindex/LineSDK.build/Debug-watchos/LineSDK-t.build/Objects-normal/arm64/LineSDK.SwiftFileList (in target 'LineSDK' from project 'LineSDK')
    cd /Users/admin/builder/spi-builder-workspace/.dependencies/checkouts/line-sdk-ios-swift
    write-file /Users/admin/builder/spi-builder-workspace/.derivedData/Build/Intermediates.noindex/LineSDK.build/Debug-watchos/LineSDK-t.build/Objects-normal/arm64/LineSDK.SwiftFileList
WriteAuxiliaryFile /Users/admin/builder/spi-builder-workspace/.derivedData/Build/Intermediates.noindex/LineSDK.build/Debug-watchos/LineSDK-t.build/Objects-normal/arm64/LineSDK.SwiftConstValuesFileList (in target 'LineSDK' from project 'LineSDK')
    cd /Users/admin/builder/spi-builder-workspace/.dependencies/checkouts/line-sdk-ios-swift
    write-file /Users/admin/builder/spi-builder-workspace/.derivedData/Build/Intermediates.noindex/LineSDK.build/Debug-watchos/LineSDK-t.build/Objects-normal/arm64/LineSDK.SwiftConstValuesFileList
WriteAuxiliaryFile /Users/admin/builder/spi-builder-workspace/.derivedData/Build/Intermediates.noindex/LineSDK.build/Debug-watchos/LineSDK-t.build/Objects-normal/arm64/LineSDK.LinkFileList (in target 'LineSDK' from project 'LineSDK')
    cd /Users/admin/builder/spi-builder-workspace/.dependencies/checkouts/line-sdk-ios-swift
    write-file /Users/admin/builder/spi-builder-workspace/.derivedData/Build/Intermediates.noindex/LineSDK.build/Debug-watchos/LineSDK-t.build/Objects-normal/arm64/LineSDK.LinkFileList
WriteAuxiliaryFile /Users/admin/builder/spi-builder-workspace/.derivedData/Build/Intermediates.noindex/LineSDK.build/Debug-watchos/LineSDK-t.build/Objects-normal/arm64/LineSDK-OutputFileMap.json (in target 'LineSDK' from project 'LineSDK')
    cd /Users/admin/builder/spi-builder-workspace/.dependencies/checkouts/line-sdk-ios-swift
    write-file /Users/admin/builder/spi-builder-workspace/.derivedData/Build/Intermediates.noindex/LineSDK.build/Debug-watchos/LineSDK-t.build/Objects-normal/arm64/LineSDK-OutputFileMap.json
WriteAuxiliaryFile /Users/admin/builder/spi-builder-workspace/.derivedData/Build/Intermediates.noindex/LineSDK.build/Debug-watchos/LineSDK-t.build/LineSDK.modulemap (in target 'LineSDK' from project 'LineSDK')
    cd /Users/admin/builder/spi-builder-workspace/.dependencies/checkouts/line-sdk-ios-swift
    write-file /Users/admin/builder/spi-builder-workspace/.derivedData/Build/Intermediates.noindex/LineSDK.build/Debug-watchos/LineSDK-t.build/LineSDK.modulemap
WriteAuxiliaryFile /Users/admin/builder/spi-builder-workspace/.derivedData/Build/Intermediates.noindex/LineSDK.build/Debug-watchos/LineSDK-t.build/LineSDK.DependencyStaticMetadataFileList (in target 'LineSDK' from project 'LineSDK')
    cd /Users/admin/builder/spi-builder-workspace/.dependencies/checkouts/line-sdk-ios-swift
    write-file /Users/admin/builder/spi-builder-workspace/.derivedData/Build/Intermediates.noindex/LineSDK.build/Debug-watchos/LineSDK-t.build/LineSDK.DependencyStaticMetadataFileList
WriteAuxiliaryFile /Users/admin/builder/spi-builder-workspace/.derivedData/Build/Intermediates.noindex/LineSDK.build/Debug-watchos/LineSDK-t.build/LineSDK.DependencyMetadataFileList (in target 'LineSDK' from project 'LineSDK')
    cd /Users/admin/builder/spi-builder-workspace/.dependencies/checkouts/line-sdk-ios-swift
    write-file /Users/admin/builder/spi-builder-workspace/.derivedData/Build/Intermediates.noindex/LineSDK.build/Debug-watchos/LineSDK-t.build/LineSDK.DependencyMetadataFileList
MkDir /Users/admin/builder/spi-builder-workspace/.derivedData/Build/Products/Debug-watchos/WWSignInWith3rd_LINE_WWSignInWith3rd_LINE.bundle (in target 'WWSignInWith3rd_LINE_WWSignInWith3rd_LINE' from project 'WWSignInWith3rd_LINE')
    cd /Users/admin/builder/spi-builder-workspace
    /bin/mkdir -p /Users/admin/builder/spi-builder-workspace/.derivedData/Build/Products/Debug-watchos/WWSignInWith3rd_LINE_WWSignInWith3rd_LINE.bundle
WriteAuxiliaryFile /Users/admin/builder/spi-builder-workspace/.derivedData/Build/Intermediates.noindex/LineSDK.build/Debug-watchos/LineSDK-t.build/DerivedSources/resource_bundle_accessor.swift (in target 'LineSDK' from project 'LineSDK')
    cd /Users/admin/builder/spi-builder-workspace/.dependencies/checkouts/line-sdk-ios-swift
    write-file /Users/admin/builder/spi-builder-workspace/.derivedData/Build/Intermediates.noindex/LineSDK.build/Debug-watchos/LineSDK-t.build/DerivedSources/resource_bundle_accessor.swift
Copy /Users/admin/builder/spi-builder-workspace/.derivedData/Build/Intermediates.noindex/GeneratedModuleMaps-watchos/LineSDK.modulemap /Users/admin/builder/spi-builder-workspace/.derivedData/Build/Intermediates.noindex/LineSDK.build/Debug-watchos/LineSDK-t.build/LineSDK.modulemap (in target 'LineSDK' from project 'LineSDK')
    cd /Users/admin/builder/spi-builder-workspace/.dependencies/checkouts/line-sdk-ios-swift
    builtin-copy -exclude .DS_Store -exclude CVS -exclude .svn -exclude .git -exclude .hg -resolve-src-symlinks /Users/admin/builder/spi-builder-workspace/.derivedData/Build/Intermediates.noindex/LineSDK.build/Debug-watchos/LineSDK-t.build/LineSDK.modulemap /Users/admin/builder/spi-builder-workspace/.derivedData/Build/Intermediates.noindex/GeneratedModuleMaps-watchos
MkDir /Users/admin/builder/spi-builder-workspace/.derivedData/Build/Products/Debug-watchos/WWSignInWith3rd_Apple_WWSignInWith3rd_Apple.bundle (in target 'WWSignInWith3rd_Apple_WWSignInWith3rd_Apple' from project 'WWSignInWith3rd_Apple')
    cd /Users/admin/builder/spi-builder-workspace/.dependencies/checkouts/WWSignInWith3rd_Apple
    /bin/mkdir -p /Users/admin/builder/spi-builder-workspace/.derivedData/Build/Products/Debug-watchos/WWSignInWith3rd_Apple_WWSignInWith3rd_Apple.bundle
MkDir /Users/admin/builder/spi-builder-workspace/.derivedData/Build/Products/Debug-watchos/LineSDK_LineSDK.bundle (in target 'LineSDK_LineSDK' from project 'LineSDK')
    cd /Users/admin/builder/spi-builder-workspace/.dependencies/checkouts/line-sdk-ios-swift
    /bin/mkdir -p /Users/admin/builder/spi-builder-workspace/.derivedData/Build/Products/Debug-watchos/LineSDK_LineSDK.bundle
ProcessInfoPlistFile /Users/admin/builder/spi-builder-workspace/.derivedData/Build/Products/Debug-watchos/WWSignInWith3rd_Apple_WWSignInWith3rd_Apple.bundle/Info.plist /Users/admin/builder/spi-builder-workspace/.derivedData/Build/Intermediates.noindex/WWSignInWith3rd_Apple.build/Debug-watchos/WWSignInWith3rd_Apple_WWSignInWith3rd_Apple-b.build/empty-WWSignInWith3rd_Apple_WWSignInWith3rd_Apple.plist (in target 'WWSignInWith3rd_Apple_WWSignInWith3rd_Apple' from project 'WWSignInWith3rd_Apple')
    cd /Users/admin/builder/spi-builder-workspace/.dependencies/checkouts/WWSignInWith3rd_Apple
    builtin-infoPlistUtility /Users/admin/builder/spi-builder-workspace/.derivedData/Build/Intermediates.noindex/WWSignInWith3rd_Apple.build/Debug-watchos/WWSignInWith3rd_Apple_WWSignInWith3rd_Apple-b.build/empty-WWSignInWith3rd_Apple_WWSignInWith3rd_Apple.plist -producttype com.apple.product-type.bundle -expandbuildsettings -format binary -platform watchos -o /Users/admin/builder/spi-builder-workspace/.derivedData/Build/Products/Debug-watchos/WWSignInWith3rd_Apple_WWSignInWith3rd_Apple.bundle/Info.plist
CpResource /Users/admin/builder/spi-builder-workspace/.derivedData/Build/Products/Debug-watchos/WWSignInWith3rd_Apple_WWSignInWith3rd_Apple.bundle/Privacy /Users/admin/builder/spi-builder-workspace/.dependencies/checkouts/WWSignInWith3rd_Apple/Sources/WWSignInWith3rd_Apple/Privacy (in target 'WWSignInWith3rd_Apple_WWSignInWith3rd_Apple' from project 'WWSignInWith3rd_Apple')
    cd /Users/admin/builder/spi-builder-workspace/.dependencies/checkouts/WWSignInWith3rd_Apple
    builtin-copy -exclude .DS_Store -exclude CVS -exclude .svn -exclude .git -exclude .hg -resolve-src-symlinks /Users/admin/builder/spi-builder-workspace/.dependencies/checkouts/WWSignInWith3rd_Apple/Sources/WWSignInWith3rd_Apple/Privacy /Users/admin/builder/spi-builder-workspace/.derivedData/Build/Products/Debug-watchos/WWSignInWith3rd_Apple_WWSignInWith3rd_Apple.bundle
ProcessInfoPlistFile /Users/admin/builder/spi-builder-workspace/.derivedData/Build/Products/Debug-watchos/WWSignInWith3rd_LINE_WWSignInWith3rd_LINE.bundle/Info.plist /Users/admin/builder/spi-builder-workspace/.derivedData/Build/Intermediates.noindex/WWSignInWith3rd_LINE.build/Debug-watchos/WWSignInWith3rd_LINE_WWSignInWith3rd_LINE-b.build/empty-WWSignInWith3rd_LINE_WWSignInWith3rd_LINE.plist (in target 'WWSignInWith3rd_LINE_WWSignInWith3rd_LINE' from project 'WWSignInWith3rd_LINE')
    cd /Users/admin/builder/spi-builder-workspace
    builtin-infoPlistUtility /Users/admin/builder/spi-builder-workspace/.derivedData/Build/Intermediates.noindex/WWSignInWith3rd_LINE.build/Debug-watchos/WWSignInWith3rd_LINE_WWSignInWith3rd_LINE-b.build/empty-WWSignInWith3rd_LINE_WWSignInWith3rd_LINE.plist -producttype com.apple.product-type.bundle -expandbuildsettings -format binary -platform watchos -o /Users/admin/builder/spi-builder-workspace/.derivedData/Build/Products/Debug-watchos/WWSignInWith3rd_LINE_WWSignInWith3rd_LINE.bundle/Info.plist
CpResource /Users/admin/builder/spi-builder-workspace/.derivedData/Build/Products/Debug-watchos/WWSignInWith3rd_LINE_WWSignInWith3rd_LINE.bundle/Privacy /Users/admin/builder/spi-builder-workspace/Sources/WWSignInWith3rd_LINE/Privacy (in target 'WWSignInWith3rd_LINE_WWSignInWith3rd_LINE' from project 'WWSignInWith3rd_LINE')
    cd /Users/admin/builder/spi-builder-workspace
    builtin-copy -exclude .DS_Store -exclude CVS -exclude .svn -exclude .git -exclude .hg -resolve-src-symlinks /Users/admin/builder/spi-builder-workspace/Sources/WWSignInWith3rd_LINE/Privacy /Users/admin/builder/spi-builder-workspace/.derivedData/Build/Products/Debug-watchos/WWSignInWith3rd_LINE_WWSignInWith3rd_LINE.bundle
MkDir /Users/admin/builder/spi-builder-workspace/.derivedData/Build/Intermediates.noindex/LineSDK.build/Debug-watchos/LineSDK_LineSDK-b.build/assetcatalog_output/thinned (in target 'LineSDK_LineSDK' from project 'LineSDK')
    cd /Users/admin/builder/spi-builder-workspace/.dependencies/checkouts/line-sdk-ios-swift
    /bin/mkdir -p /Users/admin/builder/spi-builder-workspace/.derivedData/Build/Intermediates.noindex/LineSDK.build/Debug-watchos/LineSDK_LineSDK-b.build/assetcatalog_output/thinned
MkDir /Users/admin/builder/spi-builder-workspace/.derivedData/Build/Intermediates.noindex/LineSDK.build/Debug-watchos/LineSDK_LineSDK-b.build/assetcatalog_output/unthinned (in target 'LineSDK_LineSDK' from project 'LineSDK')
    cd /Users/admin/builder/spi-builder-workspace/.dependencies/checkouts/line-sdk-ios-swift
    /bin/mkdir -p /Users/admin/builder/spi-builder-workspace/.derivedData/Build/Intermediates.noindex/LineSDK.build/Debug-watchos/LineSDK_LineSDK-b.build/assetcatalog_output/unthinned
CpResource /Users/admin/builder/spi-builder-workspace/.derivedData/Build/Products/Debug-watchos/LineSDK_LineSDK.bundle/Resource.bundle /Users/admin/builder/spi-builder-workspace/.dependencies/checkouts/line-sdk-ios-swift/LineSDK/LineSDK/Resource.bundle (in target 'LineSDK_LineSDK' from project 'LineSDK')
    cd /Users/admin/builder/spi-builder-workspace/.dependencies/checkouts/line-sdk-ios-swift
    builtin-copy -exclude .DS_Store -exclude CVS -exclude .svn -exclude .git -exclude .hg -resolve-src-symlinks /Users/admin/builder/spi-builder-workspace/.dependencies/checkouts/line-sdk-ios-swift/LineSDK/LineSDK/Resource.bundle /Users/admin/builder/spi-builder-workspace/.derivedData/Build/Products/Debug-watchos/LineSDK_LineSDK.bundle
CompileAssetCatalogVariant thinned /Users/admin/builder/spi-builder-workspace/.derivedData/Build/Products/Debug-watchos/LineSDK_LineSDK.bundle /Users/admin/builder/spi-builder-workspace/.dependencies/checkouts/line-sdk-ios-swift/LineSDK/LineSDK/Assets.xcassets (in target 'LineSDK_LineSDK' from project 'LineSDK')
    cd /Users/admin/builder/spi-builder-workspace/.dependencies/checkouts/line-sdk-ios-swift
    /Applications/Xcode-27.0.0-Release.Candidate.app/Contents/Developer/usr/bin/actool /Users/admin/builder/spi-builder-workspace/.dependencies/checkouts/line-sdk-ios-swift/LineSDK/LineSDK/Assets.xcassets --compile /Users/admin/builder/spi-builder-workspace/.derivedData/Build/Intermediates.noindex/LineSDK.build/Debug-watchos/LineSDK_LineSDK-b.build/assetcatalog_output/thinned --output-format human-readable-text --notices --warnings --export-dependency-info /Users/admin/builder/spi-builder-workspace/.derivedData/Build/Intermediates.noindex/LineSDK.build/Debug-watchos/LineSDK_LineSDK-b.build/assetcatalog_dependencies_thinned --output-partial-info-plist /Users/admin/builder/spi-builder-workspace/.derivedData/Build/Intermediates.noindex/LineSDK.build/Debug-watchos/LineSDK_LineSDK-b.build/assetcatalog_generated_info.plist_thinned --compress-pngs --enable-on-demand-resources NO --development-region en --target-device watch --minimum-deployment-target 9.0 --platform watchos
/* com.apple.actool.compilation-results */
/Users/admin/builder/spi-builder-workspace/.derivedData/Build/Intermediates.noindex/LineSDK.build/Debug-watchos/LineSDK_LineSDK-b.build/assetcatalog_generated_info.plist_thinned
/Users/admin/builder/spi-builder-workspace/.derivedData/Build/Intermediates.noindex/LineSDK.build/Debug-watchos/LineSDK_LineSDK-b.build/assetcatalog_output/thinned/Assets.car
GenerateAssetSymbols /Users/admin/builder/spi-builder-workspace/.dependencies/checkouts/line-sdk-ios-swift/LineSDK/LineSDK/Assets.xcassets (in target 'LineSDK' from project 'LineSDK')
    cd /Users/admin/builder/spi-builder-workspace/.dependencies/checkouts/line-sdk-ios-swift
    /Applications/Xcode-27.0.0-Release.Candidate.app/Contents/Developer/usr/bin/actool /Users/admin/builder/spi-builder-workspace/.dependencies/checkouts/line-sdk-ios-swift/LineSDK/LineSDK/Assets.xcassets --compile /Users/admin/builder/spi-builder-workspace/.derivedData/Build/Products/Debug-watchos --output-format human-readable-text --notices --warnings --export-dependency-info /Users/admin/builder/spi-builder-workspace/.derivedData/Build/Intermediates.noindex/LineSDK.build/Debug-watchos/LineSDK-t.build/assetcatalog_dependencies --output-partial-info-plist /Users/admin/builder/spi-builder-workspace/.derivedData/Build/Intermediates.noindex/LineSDK.build/Debug-watchos/LineSDK-t.build/assetcatalog_generated_info.plist --compress-pngs --enable-on-demand-resources NO --development-region en --target-device watch --minimum-deployment-target 9.0 --platform watchos --bundle-identifier line-sdk-ios-swift.LineSDK --generate-swift-asset-symbol-extensions NO --generate-swift-asset-symbols /Users/admin/builder/spi-builder-workspace/.derivedData/Build/Intermediates.noindex/LineSDK.build/Debug-watchos/LineSDK-t.build/DerivedSources/GeneratedAssetSymbols.swift --generate-objc-asset-symbols /Users/admin/builder/spi-builder-workspace/.derivedData/Build/Intermediates.noindex/LineSDK.build/Debug-watchos/LineSDK-t.build/DerivedSources/GeneratedAssetSymbols.h --generate-asset-symbol-index /Users/admin/builder/spi-builder-workspace/.derivedData/Build/Intermediates.noindex/LineSDK.build/Debug-watchos/LineSDK-t.build/DerivedSources/GeneratedAssetSymbols-Index.plist
/* com.apple.actool.compilation-results */
/Users/admin/builder/spi-builder-workspace/.derivedData/Build/Intermediates.noindex/LineSDK.build/Debug-watchos/LineSDK-t.build/DerivedSources/GeneratedAssetSymbols-Index.plist
/Users/admin/builder/spi-builder-workspace/.derivedData/Build/Intermediates.noindex/LineSDK.build/Debug-watchos/LineSDK-t.build/DerivedSources/GeneratedAssetSymbols.h
/Users/admin/builder/spi-builder-workspace/.derivedData/Build/Intermediates.noindex/LineSDK.build/Debug-watchos/LineSDK-t.build/DerivedSources/GeneratedAssetSymbols.swift
RegisterExecutionPolicyException /Users/admin/builder/spi-builder-workspace/.derivedData/Build/Products/Debug-watchos/WWSignInWith3rd_Apple_WWSignInWith3rd_Apple.bundle (in target 'WWSignInWith3rd_Apple_WWSignInWith3rd_Apple' from project 'WWSignInWith3rd_Apple')
    cd /Users/admin/builder/spi-builder-workspace/.dependencies/checkouts/WWSignInWith3rd_Apple
    builtin-RegisterExecutionPolicyException /Users/admin/builder/spi-builder-workspace/.derivedData/Build/Products/Debug-watchos/WWSignInWith3rd_Apple_WWSignInWith3rd_Apple.bundle
RegisterExecutionPolicyException /Users/admin/builder/spi-builder-workspace/.derivedData/Build/Products/Debug-watchos/WWSignInWith3rd_LINE_WWSignInWith3rd_LINE.bundle (in target 'WWSignInWith3rd_LINE_WWSignInWith3rd_LINE' from project 'WWSignInWith3rd_LINE')
    cd /Users/admin/builder/spi-builder-workspace
    builtin-RegisterExecutionPolicyException /Users/admin/builder/spi-builder-workspace/.derivedData/Build/Products/Debug-watchos/WWSignInWith3rd_LINE_WWSignInWith3rd_LINE.bundle
Touch /Users/admin/builder/spi-builder-workspace/.derivedData/Build/Products/Debug-watchos/WWSignInWith3rd_LINE_WWSignInWith3rd_LINE.bundle (in target 'WWSignInWith3rd_LINE_WWSignInWith3rd_LINE' from project 'WWSignInWith3rd_LINE')
    cd /Users/admin/builder/spi-builder-workspace
    /usr/bin/touch -c /Users/admin/builder/spi-builder-workspace/.derivedData/Build/Products/Debug-watchos/WWSignInWith3rd_LINE_WWSignInWith3rd_LINE.bundle
Touch /Users/admin/builder/spi-builder-workspace/.derivedData/Build/Products/Debug-watchos/WWSignInWith3rd_Apple_WWSignInWith3rd_Apple.bundle (in target 'WWSignInWith3rd_Apple_WWSignInWith3rd_Apple' from project 'WWSignInWith3rd_Apple')
    cd /Users/admin/builder/spi-builder-workspace/.dependencies/checkouts/WWSignInWith3rd_Apple
    /usr/bin/touch -c /Users/admin/builder/spi-builder-workspace/.derivedData/Build/Products/Debug-watchos/WWSignInWith3rd_Apple_WWSignInWith3rd_Apple.bundle
LinkAssetCatalog /Users/admin/builder/spi-builder-workspace/.dependencies/checkouts/line-sdk-ios-swift/LineSDK/LineSDK/Assets.xcassets (in target 'LineSDK_LineSDK' from project 'LineSDK')
    cd /Users/admin/builder/spi-builder-workspace/.dependencies/checkouts/line-sdk-ios-swift
    builtin-linkAssetCatalog --thinned /Users/admin/builder/spi-builder-workspace/.derivedData/Build/Intermediates.noindex/LineSDK.build/Debug-watchos/LineSDK_LineSDK-b.build/assetcatalog_output/thinned --thinned-dependencies /Users/admin/builder/spi-builder-workspace/.derivedData/Build/Intermediates.noindex/LineSDK.build/Debug-watchos/LineSDK_LineSDK-b.build/assetcatalog_dependencies_thinned --thinned-info-plist-content /Users/admin/builder/spi-builder-workspace/.derivedData/Build/Intermediates.noindex/LineSDK.build/Debug-watchos/LineSDK_LineSDK-b.build/assetcatalog_generated_info.plist_thinned --unthinned /Users/admin/builder/spi-builder-workspace/.derivedData/Build/Intermediates.noindex/LineSDK.build/Debug-watchos/LineSDK_LineSDK-b.build/assetcatalog_output/unthinned --unthinned-dependencies /Users/admin/builder/spi-builder-workspace/.derivedData/Build/Intermediates.noindex/LineSDK.build/Debug-watchos/LineSDK_LineSDK-b.build/assetcatalog_dependencies_unthinned --unthinned-info-plist-content /Users/admin/builder/spi-builder-workspace/.derivedData/Build/Intermediates.noindex/LineSDK.build/Debug-watchos/LineSDK_LineSDK-b.build/assetcatalog_generated_info.plist_unthinned --output /Users/admin/builder/spi-builder-workspace/.derivedData/Build/Products/Debug-watchos/LineSDK_LineSDK.bundle --plist-output /Users/admin/builder/spi-builder-workspace/.derivedData/Build/Intermediates.noindex/LineSDK.build/Debug-watchos/LineSDK_LineSDK-b.build/assetcatalog_generated_info.plist
note: Emplaced /Users/admin/builder/spi-builder-workspace/.derivedData/Build/Products/Debug-watchos/LineSDK_LineSDK.bundle/Assets.car (in target 'LineSDK_LineSDK' from project 'LineSDK')
ProcessInfoPlistFile /Users/admin/builder/spi-builder-workspace/.derivedData/Build/Products/Debug-watchos/LineSDK_LineSDK.bundle/Info.plist /Users/admin/builder/spi-builder-workspace/.derivedData/Build/Intermediates.noindex/LineSDK.build/Debug-watchos/LineSDK_LineSDK-b.build/empty-LineSDK_LineSDK.plist (in target 'LineSDK_LineSDK' from project 'LineSDK')
    cd /Users/admin/builder/spi-builder-workspace/.dependencies/checkouts/line-sdk-ios-swift
    builtin-infoPlistUtility /Users/admin/builder/spi-builder-workspace/.derivedData/Build/Intermediates.noindex/LineSDK.build/Debug-watchos/LineSDK_LineSDK-b.build/empty-LineSDK_LineSDK.plist -producttype com.apple.product-type.bundle -expandbuildsettings -format binary -platform watchos -additionalcontentfile /Users/admin/builder/spi-builder-workspace/.derivedData/Build/Intermediates.noindex/LineSDK.build/Debug-watchos/LineSDK_LineSDK-b.build/assetcatalog_generated_info.plist -o /Users/admin/builder/spi-builder-workspace/.derivedData/Build/Products/Debug-watchos/LineSDK_LineSDK.bundle/Info.plist
RegisterExecutionPolicyException /Users/admin/builder/spi-builder-workspace/.derivedData/Build/Products/Debug-watchos/LineSDK_LineSDK.bundle (in target 'LineSDK_LineSDK' from project 'LineSDK')
    cd /Users/admin/builder/spi-builder-workspace/.dependencies/checkouts/line-sdk-ios-swift
    builtin-RegisterExecutionPolicyException /Users/admin/builder/spi-builder-workspace/.derivedData/Build/Products/Debug-watchos/LineSDK_LineSDK.bundle
Touch /Users/admin/builder/spi-builder-workspace/.derivedData/Build/Products/Debug-watchos/LineSDK_LineSDK.bundle (in target 'LineSDK_LineSDK' from project 'LineSDK')
    cd /Users/admin/builder/spi-builder-workspace/.dependencies/checkouts/line-sdk-ios-swift
    /usr/bin/touch -c /Users/admin/builder/spi-builder-workspace/.derivedData/Build/Products/Debug-watchos/LineSDK_LineSDK.bundle
SwiftDriver WWSignInWith3rd_Apple normal arm64 com.apple.xcode.tools.swift.compiler (in target 'WWSignInWith3rd_Apple' from project 'WWSignInWith3rd_Apple')
    cd /Users/admin/builder/spi-builder-workspace/.swiftpm/xcode
    builtin-SwiftDriver -- /Applications/Xcode-27.0.0-Release.Candidate.app/Contents/Developer/Toolchains/XcodeDefault.xctoolchain/usr/bin/swiftc -parse-as-library -module-name WWSignInWith3rd_Apple -Onone @/Users/admin/builder/spi-builder-workspace/.derivedData/Build/Intermediates.noindex/WWSignInWith3rd_Apple.build/Debug-watchos/WWSignInWith3rd_Apple-t.build/Objects-normal/arm64/WWSignInWith3rd_Apple.SwiftFileList -DSWIFT_PACKAGE -DDEBUG -DSWIFT_MODULE_RESOURCE_BUNDLE_AVAILABLE -DXcode -plugin-path /Applications/Xcode-27.0.0-Release.Candidate.app/Contents/Developer/Toolchains/XcodeDefault.xctoolchain/usr/lib/swift/host/plugins/testing -enable-experimental-feature DebugDescriptionMacro -sdk /Applications/Xcode-27.0.0-Release.Candidate.app/Contents/Developer/Platforms/WatchOS.platform/Developer/SDKs/WatchOS27.0.sdk -target arm64-apple-watchos9.0 -g -module-cache-path /Users/admin/builder/spi-builder-workspace/.derivedData/ModuleCache.noindex -Xfrontend -serialize-debugging-options -enable-testing -suppress-warnings -index-store-path /Users/admin/builder/spi-builder-workspace/.derivedData/Index.noindex/DataStore -Xcc -D_LIBCPP_HARDENING_MODE\=_LIBCPP_HARDENING_MODE_DEBUG -swift-version 5 -I /Users/admin/builder/spi-builder-workspace/.derivedData/Build/Products/Debug-watchos -Isystem /Applications/Xcode-27.0.0-Release.Candidate.app/Contents/Developer/Platforms/WatchOS.platform/Developer/usr/lib -F /Users/admin/builder/spi-builder-workspace/.derivedData/Build/Products/Debug-watchos -F /Applications/Xcode-27.0.0-Release.Candidate.app/Contents/Developer/Platforms/WatchOS.platform/Developer/Library/Frameworks -F /Applications/Xcode-27.0.0-Release.Candidate.app/Contents/Developer/Platforms/WatchOS.platform/Developer/SDKs/WatchOS27.0.sdk/Developer/Library/Frameworks -c -j10 -enable-batch-mode -incremental -Xcc -ivfsstatcache -Xcc /Users/admin/builder/spi-builder-workspace/.derivedData/SDKStatCaches.noindex/watchos27.0-24R360-e829b21a6f8c9b70876ba0858053c04477534ef55a1706bf4c1112bbb242f0a2.sdkstatcache -output-file-map /Users/admin/builder/spi-builder-workspace/.derivedData/Build/Intermediates.noindex/WWSignInWith3rd_Apple.build/Debug-watchos/WWSignInWith3rd_Apple-t.build/Objects-normal/arm64/WWSignInWith3rd_Apple-OutputFileMap.json -save-temps -no-color-diagnostics -explicit-module-build -module-cache-path /Users/admin/builder/spi-builder-workspace/.derivedData/Build/Intermediates.noindex/SwiftExplicitPrecompiledModules -clang-scanner-module-cache-path /Users/admin/builder/spi-builder-workspace/.derivedData/ModuleCache.noindex -sdk-module-cache-path /Users/admin/builder/spi-builder-workspace/.derivedData/SDKExplicitPrecompiledModules -emit-dependencies -emit-module -emit-module-path /Users/admin/builder/spi-builder-workspace/.derivedData/Build/Intermediates.noindex/WWSignInWith3rd_Apple.build/Debug-watchos/WWSignInWith3rd_Apple-t.build/Objects-normal/arm64/WWSignInWith3rd_Apple.swiftmodule -serialize-diagnostics -dependency-scan-serialize-diagnostics-path /Users/admin/builder/spi-builder-workspace/.derivedData/Build/Intermediates.noindex/WWSignInWith3rd_Apple.build/Debug-watchos/WWSignInWith3rd_Apple-t.build/Objects-normal/arm64/WWSignInWith3rd_Apple-dependency-scan.dia -validate-clang-modules-once -clang-build-session-file /Users/admin/builder/spi-builder-workspace/.derivedData/ModuleCache.noindex/Session.modulevalidation -Xcc -fmodules-prune-interval\=86400 -Xcc -fmodules-prune-after\=345600 -emit-const-values -const-gather-protocols-list /Users/admin/builder/spi-builder-workspace/.derivedData/Build/Intermediates.noindex/WWSignInWith3rd_Apple.build/Debug-watchos/WWSignInWith3rd_Apple-t.build/Objects-normal/arm64/WWSignInWith3rd_Apple_const_extract_protocols.json -Xcc -I/Users/admin/builder/spi-builder-workspace/.derivedData/Build/Products/Debug-watchos/include -Xcc -I/Users/admin/builder/spi-builder-workspace/.derivedData/Build/Intermediates.noindex/WWSignInWith3rd_Apple.build/Debug-watchos/WWSignInWith3rd_Apple-t.build/DerivedSources-normal/arm64 -Xcc -I/Users/admin/builder/spi-builder-workspace/.derivedData/Build/Intermediates.noindex/WWSignInWith3rd_Apple.build/Debug-watchos/WWSignInWith3rd_Apple-t.build/DerivedSources/arm64 -Xcc -I/Users/admin/builder/spi-builder-workspace/.derivedData/Build/Intermediates.noindex/WWSignInWith3rd_Apple.build/Debug-watchos/WWSignInWith3rd_Apple-t.build/DerivedSources -Xcc -DSWIFT_PACKAGE -Xcc -DDEBUG\=1 -emit-objc-header -emit-objc-header-path /Users/admin/builder/spi-builder-workspace/.derivedData/Build/Intermediates.noindex/WWSignInWith3rd_Apple.build/Debug-watchos/WWSignInWith3rd_Apple-t.build/Objects-normal/arm64/WWSignInWith3rd_Apple-Swift.h -working-directory /Users/admin/builder/spi-builder-workspace/.swiftpm/xcode -experimental-emit-module-separately -disable-cmo
/Users/admin/builder/spi-builder-workspace/.dependencies/checkouts/WWSignInWith3rd_Apple/Sources/WWSignInWith3rd_Apple/Utility/Extension.swift:8:8: error: Unable to resolve module dependency: 'WebKit' (in target 'WWSignInWith3rd_Apple' from project 'WWSignInWith3rd_Apple')
    note: A dependency of main module 'WWSignInWith3rd_Apple'
/Users/admin/builder/spi-builder-workspace/.dependencies/checkouts/WWSignInWith3rd_Apple/Sources/WWSignInWith3rd_Apple/Utility/Extension.swift:8:8: note: A dependency of main module 'WWSignInWith3rd_Apple'
import WebKit
       ^ (in target 'WWSignInWith3rd_Apple' from project 'WWSignInWith3rd_Apple')
SwiftDriver WWSignInWith3rd_Apple normal arm64_32 com.apple.xcode.tools.swift.compiler (in target 'WWSignInWith3rd_Apple' from project 'WWSignInWith3rd_Apple')
    cd /Users/admin/builder/spi-builder-workspace/.swiftpm/xcode
    builtin-SwiftDriver -- /Applications/Xcode-27.0.0-Release.Candidate.app/Contents/Developer/Toolchains/XcodeDefault.xctoolchain/usr/bin/swiftc -parse-as-library -module-name WWSignInWith3rd_Apple -Onone @/Users/admin/builder/spi-builder-workspace/.derivedData/Build/Intermediates.noindex/WWSignInWith3rd_Apple.build/Debug-watchos/WWSignInWith3rd_Apple-t.build/Objects-normal/arm64_32/WWSignInWith3rd_Apple.SwiftFileList -DSWIFT_PACKAGE -DDEBUG -DSWIFT_MODULE_RESOURCE_BUNDLE_AVAILABLE -DXcode -plugin-path /Applications/Xcode-27.0.0-Release.Candidate.app/Contents/Developer/Toolchains/XcodeDefault.xctoolchain/usr/lib/swift/host/plugins/testing -enable-experimental-feature DebugDescriptionMacro -sdk /Applications/Xcode-27.0.0-Release.Candidate.app/Contents/Developer/Platforms/WatchOS.platform/Developer/SDKs/WatchOS27.0.sdk -target arm64_32-apple-watchos9.0 -g -module-cache-path /Users/admin/builder/spi-builder-workspace/.derivedData/ModuleCache.noindex -Xfrontend -serialize-debugging-options -enable-testing -suppress-warnings -index-store-path /Users/admin/builder/spi-builder-workspace/.derivedData/Index.noindex/DataStore -Xcc -D_LIBCPP_HARDENING_MODE\=_LIBCPP_HARDENING_MODE_DEBUG -swift-version 5 -I /Users/admin/builder/spi-builder-workspace/.derivedData/Build/Products/Debug-watchos -Isystem /Applications/Xcode-27.0.0-Release.Candidate.app/Contents/Developer/Platforms/WatchOS.platform/Developer/usr/lib -F /Users/admin/builder/spi-builder-workspace/.derivedData/Build/Products/Debug-watchos -F /Applications/Xcode-27.0.0-Release.Candidate.app/Contents/Developer/Platforms/WatchOS.platform/Developer/Library/Frameworks -F /Applications/Xcode-27.0.0-Release.Candidate.app/Contents/Developer/Platforms/WatchOS.platform/Developer/SDKs/WatchOS27.0.sdk/Developer/Library/Frameworks -c -j10 -enable-batch-mode -incremental -Xcc -ivfsstatcache -Xcc /Users/admin/builder/spi-builder-workspace/.derivedData/SDKStatCaches.noindex/watchos27.0-24R360-e829b21a6f8c9b70876ba0858053c04477534ef55a1706bf4c1112bbb242f0a2.sdkstatcache -output-file-map /Users/admin/builder/spi-builder-workspace/.derivedData/Build/Intermediates.noindex/WWSignInWith3rd_Apple.build/Debug-watchos/WWSignInWith3rd_Apple-t.build/Objects-normal/arm64_32/WWSignInWith3rd_Apple-OutputFileMap.json -save-temps -no-color-diagnostics -explicit-module-build -module-cache-path /Users/admin/builder/spi-builder-workspace/.derivedData/Build/Intermediates.noindex/SwiftExplicitPrecompiledModules -clang-scanner-module-cache-path /Users/admin/builder/spi-builder-workspace/.derivedData/ModuleCache.noindex -sdk-module-cache-path /Users/admin/builder/spi-builder-workspace/.derivedData/SDKExplicitPrecompiledModules -emit-dependencies -emit-module -emit-module-path /Users/admin/builder/spi-builder-workspace/.derivedData/Build/Intermediates.noindex/WWSignInWith3rd_Apple.build/Debug-watchos/WWSignInWith3rd_Apple-t.build/Objects-normal/arm64_32/WWSignInWith3rd_Apple.swiftmodule -serialize-diagnostics -dependency-scan-serialize-diagnostics-path /Users/admin/builder/spi-builder-workspace/.derivedData/Build/Intermediates.noindex/WWSignInWith3rd_Apple.build/Debug-watchos/WWSignInWith3rd_Apple-t.build/Objects-normal/arm64_32/WWSignInWith3rd_Apple-dependency-scan.dia -validate-clang-modules-once -clang-build-session-file /Users/admin/builder/spi-builder-workspace/.derivedData/ModuleCache.noindex/Session.modulevalidation -Xcc -fmodules-prune-interval\=86400 -Xcc -fmodules-prune-after\=345600 -emit-const-values -const-gather-protocols-list /Users/admin/builder/spi-builder-workspace/.derivedData/Build/Intermediates.noindex/WWSignInWith3rd_Apple.build/Debug-watchos/WWSignInWith3rd_Apple-t.build/Objects-normal/arm64_32/WWSignInWith3rd_Apple_const_extract_protocols.json -Xcc -I/Users/admin/builder/spi-builder-workspace/.derivedData/Build/Products/Debug-watchos/include -Xcc -I/Users/admin/builder/spi-builder-workspace/.derivedData/Build/Intermediates.noindex/WWSignInWith3rd_Apple.build/Debug-watchos/WWSignInWith3rd_Apple-t.build/DerivedSources-normal/arm64_32 -Xcc -I/Users/admin/builder/spi-builder-workspace/.derivedData/Build/Intermediates.noindex/WWSignInWith3rd_Apple.build/Debug-watchos/WWSignInWith3rd_Apple-t.build/DerivedSources/arm64_32 -Xcc -I/Users/admin/builder/spi-builder-workspace/.derivedData/Build/Intermediates.noindex/WWSignInWith3rd_Apple.build/Debug-watchos/WWSignInWith3rd_Apple-t.build/DerivedSources -Xcc -DSWIFT_PACKAGE -Xcc -DDEBUG\=1 -emit-objc-header -emit-objc-header-path /Users/admin/builder/spi-builder-workspace/.derivedData/Build/Intermediates.noindex/WWSignInWith3rd_Apple.build/Debug-watchos/WWSignInWith3rd_Apple-t.build/Objects-normal/arm64_32/WWSignInWith3rd_Apple-Swift.h -working-directory /Users/admin/builder/spi-builder-workspace/.swiftpm/xcode -experimental-emit-module-separately -disable-cmo
/Users/admin/builder/spi-builder-workspace/.dependencies/checkouts/WWSignInWith3rd_Apple/Sources/WWSignInWith3rd_Apple/Utility/Extension.swift:8:8: error: Unable to resolve module dependency: 'WebKit' (in target 'WWSignInWith3rd_Apple' from project 'WWSignInWith3rd_Apple')
    note: A dependency of main module 'WWSignInWith3rd_Apple'
/Users/admin/builder/spi-builder-workspace/.dependencies/checkouts/WWSignInWith3rd_Apple/Sources/WWSignInWith3rd_Apple/Utility/Extension.swift:8:8: note: A dependency of main module 'WWSignInWith3rd_Apple'
import WebKit
       ^ (in target 'WWSignInWith3rd_Apple' from project 'WWSignInWith3rd_Apple')
SwiftDriver LineSDK normal arm64 com.apple.xcode.tools.swift.compiler (in target 'LineSDK' from project 'LineSDK')
    cd /Users/admin/builder/spi-builder-workspace/.swiftpm/xcode
    builtin-SwiftDriver -- /Applications/Xcode-27.0.0-Release.Candidate.app/Contents/Developer/Toolchains/XcodeDefault.xctoolchain/usr/bin/swiftc -parse-as-library -module-name LineSDK -Onone @/Users/admin/builder/spi-builder-workspace/.derivedData/Build/Intermediates.noindex/LineSDK.build/Debug-watchos/LineSDK-t.build/Objects-normal/arm64/LineSDK.SwiftFileList -DSWIFT_PACKAGE -DDEBUG -DSWIFT_MODULE_RESOURCE_BUNDLE_AVAILABLE -DXcode -plugin-path /Applications/Xcode-27.0.0-Release.Candidate.app/Contents/Developer/Toolchains/XcodeDefault.xctoolchain/usr/lib/swift/host/plugins/testing -enable-experimental-feature DebugDescriptionMacro -sdk /Applications/Xcode-27.0.0-Release.Candidate.app/Contents/Developer/Platforms/WatchOS.platform/Developer/SDKs/WatchOS27.0.sdk -target arm64-apple-watchos9.0 -g -module-cache-path /Users/admin/builder/spi-builder-workspace/.derivedData/ModuleCache.noindex -Xfrontend -serialize-debugging-options -enable-testing -suppress-warnings -index-store-path /Users/admin/builder/spi-builder-workspace/.derivedData/Index.noindex/DataStore -Xcc -D_LIBCPP_HARDENING_MODE\=_LIBCPP_HARDENING_MODE_DEBUG -swift-version 5 -I /Users/admin/builder/spi-builder-workspace/.derivedData/Build/Products/Debug-watchos -Isystem /Applications/Xcode-27.0.0-Release.Candidate.app/Contents/Developer/Platforms/WatchOS.platform/Developer/usr/lib -F /Users/admin/builder/spi-builder-workspace/.derivedData/Build/Products/Debug-watchos -F /Applications/Xcode-27.0.0-Release.Candidate.app/Contents/Developer/Platforms/WatchOS.platform/Developer/Library/Frameworks -F /Applications/Xcode-27.0.0-Release.Candidate.app/Contents/Developer/Platforms/WatchOS.platform/Developer/SDKs/WatchOS27.0.sdk/Developer/Library/Frameworks -emit-localized-strings -emit-localized-strings-path /Users/admin/builder/spi-builder-workspace/.derivedData/Build/Intermediates.noindex/LineSDK.build/Debug-watchos/LineSDK-t.build/Objects-normal/arm64 -c -j10 -enable-batch-mode -incremental -Xcc -ivfsstatcache -Xcc /Users/admin/builder/spi-builder-workspace/.derivedData/SDKStatCaches.noindex/watchos27.0-24R360-e829b21a6f8c9b70876ba0858053c04477534ef55a1706bf4c1112bbb242f0a2.sdkstatcache -output-file-map /Users/admin/builder/spi-builder-workspace/.derivedData/Build/Intermediates.noindex/LineSDK.build/Debug-watchos/LineSDK-t.build/Objects-normal/arm64/LineSDK-OutputFileMap.json -save-temps -no-color-diagnostics -explicit-module-build -module-cache-path /Users/admin/builder/spi-builder-workspace/.derivedData/Build/Intermediates.noindex/SwiftExplicitPrecompiledModules -clang-scanner-module-cache-path /Users/admin/builder/spi-builder-workspace/.derivedData/ModuleCache.noindex -sdk-module-cache-path /Users/admin/builder/spi-builder-workspace/.derivedData/SDKExplicitPrecompiledModules -emit-dependencies -emit-module -emit-module-path /Users/admin/builder/spi-builder-workspace/.derivedData/Build/Intermediates.noindex/LineSDK.build/Debug-watchos/LineSDK-t.build/Objects-normal/arm64/LineSDK.swiftmodule -serialize-diagnostics -dependency-scan-serialize-diagnostics-path /Users/admin/builder/spi-builder-workspace/.derivedData/Build/Intermediates.noindex/LineSDK.build/Debug-watchos/LineSDK-t.build/Objects-normal/arm64/LineSDK-dependency-scan.dia -validate-clang-modules-once -clang-build-session-file /Users/admin/builder/spi-builder-workspace/.derivedData/ModuleCache.noindex/Session.modulevalidation -Xcc -fmodules-prune-interval\=86400 -Xcc -fmodules-prune-after\=345600 -emit-const-values -const-gather-protocols-list /Users/admin/builder/spi-builder-workspace/.derivedData/Build/Intermediates.noindex/LineSDK.build/Debug-watchos/LineSDK-t.build/Objects-normal/arm64/LineSDK_const_extract_protocols.json -Xcc -I/Users/admin/builder/spi-builder-workspace/.derivedData/Build/Products/Debug-watchos/include -Xcc -I/Users/admin/builder/spi-builder-workspace/.derivedData/Build/Intermediates.noindex/LineSDK.build/Debug-watchos/LineSDK-t.build/DerivedSources-normal/arm64 -Xcc -I/Users/admin/builder/spi-builder-workspace/.derivedData/Build/Intermediates.noindex/LineSDK.build/Debug-watchos/LineSDK-t.build/DerivedSources/arm64 -Xcc -I/Users/admin/builder/spi-builder-workspace/.derivedData/Build/Intermediates.noindex/LineSDK.build/Debug-watchos/LineSDK-t.build/DerivedSources -Xcc -DSWIFT_PACKAGE -Xcc -DDEBUG\=1 -emit-objc-header -emit-objc-header-path /Users/admin/builder/spi-builder-workspace/.derivedData/Build/Intermediates.noindex/LineSDK.build/Debug-watchos/LineSDK-t.build/Objects-normal/arm64/LineSDK-Swift.h -working-directory /Users/admin/builder/spi-builder-workspace/.swiftpm/xcode -experimental-emit-module-separately -disable-cmo
/Users/admin/builder/spi-builder-workspace/.dependencies/checkouts/line-sdk-ios-swift/LineSDK/LineSDK/Login/LoginProcess.swift:24:8: error: Unable to resolve module dependency: 'SafariServices' (in target 'LineSDK' from project 'LineSDK')
    note: A dependency of main module 'LineSDK'
/Users/admin/builder/spi-builder-workspace/.dependencies/checkouts/line-sdk-ios-swift/LineSDK/LineSDK/Login/LoginProcess.swift:24:8: note: A dependency of main module 'LineSDK'
import SafariServices
       ^ (in target 'LineSDK' from project 'LineSDK')
SwiftDriver LineSDK normal arm64_32 com.apple.xcode.tools.swift.compiler (in target 'LineSDK' from project 'LineSDK')
    cd /Users/admin/builder/spi-builder-workspace/.swiftpm/xcode
    builtin-SwiftDriver -- /Applications/Xcode-27.0.0-Release.Candidate.app/Contents/Developer/Toolchains/XcodeDefault.xctoolchain/usr/bin/swiftc -parse-as-library -module-name LineSDK -Onone @/Users/admin/builder/spi-builder-workspace/.derivedData/Build/Intermediates.noindex/LineSDK.build/Debug-watchos/LineSDK-t.build/Objects-normal/arm64_32/LineSDK.SwiftFileList -DSWIFT_PACKAGE -DDEBUG -DSWIFT_MODULE_RESOURCE_BUNDLE_AVAILABLE -DXcode -plugin-path /Applications/Xcode-27.0.0-Release.Candidate.app/Contents/Developer/Toolchains/XcodeDefault.xctoolchain/usr/lib/swift/host/plugins/testing -enable-experimental-feature DebugDescriptionMacro -sdk /Applications/Xcode-27.0.0-Release.Candidate.app/Contents/Developer/Platforms/WatchOS.platform/Developer/SDKs/WatchOS27.0.sdk -target arm64_32-apple-watchos9.0 -g -module-cache-path /Users/admin/builder/spi-builder-workspace/.derivedData/ModuleCache.noindex -Xfrontend -serialize-debugging-options -enable-testing -suppress-warnings -index-store-path /Users/admin/builder/spi-builder-workspace/.derivedData/Index.noindex/DataStore -Xcc -D_LIBCPP_HARDENING_MODE\=_LIBCPP_HARDENING_MODE_DEBUG -swift-version 5 -I /Users/admin/builder/spi-builder-workspace/.derivedData/Build/Products/Debug-watchos -Isystem /Applications/Xcode-27.0.0-Release.Candidate.app/Contents/Developer/Platforms/WatchOS.platform/Developer/usr/lib -F /Users/admin/builder/spi-builder-workspace/.derivedData/Build/Products/Debug-watchos -F /Applications/Xcode-27.0.0-Release.Candidate.app/Contents/Developer/Platforms/WatchOS.platform/Developer/Library/Frameworks -F /Applications/Xcode-27.0.0-Release.Candidate.app/Contents/Developer/Platforms/WatchOS.platform/Developer/SDKs/WatchOS27.0.sdk/Developer/Library/Frameworks -emit-localized-strings -emit-localized-strings-path /Users/admin/builder/spi-builder-workspace/.derivedData/Build/Intermediates.noindex/LineSDK.build/Debug-watchos/LineSDK-t.build/Objects-normal/arm64_32 -c -j10 -enable-batch-mode -incremental -Xcc -ivfsstatcache -Xcc /Users/admin/builder/spi-builder-workspace/.derivedData/SDKStatCaches.noindex/watchos27.0-24R360-e829b21a6f8c9b70876ba0858053c04477534ef55a1706bf4c1112bbb242f0a2.sdkstatcache -output-file-map /Users/admin/builder/spi-builder-workspace/.derivedData/Build/Intermediates.noindex/LineSDK.build/Debug-watchos/LineSDK-t.build/Objects-normal/arm64_32/LineSDK-OutputFileMap.json -save-temps -no-color-diagnostics -explicit-module-build -module-cache-path /Users/admin/builder/spi-builder-workspace/.derivedData/Build/Intermediates.noindex/SwiftExplicitPrecompiledModules -clang-scanner-module-cache-path /Users/admin/builder/spi-builder-workspace/.derivedData/ModuleCache.noindex -sdk-module-cache-path /Users/admin/builder/spi-builder-workspace/.derivedData/SDKExplicitPrecompiledModules -emit-dependencies -emit-module -emit-module-path /Users/admin/builder/spi-builder-workspace/.derivedData/Build/Intermediates.noindex/LineSDK.build/Debug-watchos/LineSDK-t.build/Objects-normal/arm64_32/LineSDK.swiftmodule -serialize-diagnostics -dependency-scan-serialize-diagnostics-path /Users/admin/builder/spi-builder-workspace/.derivedData/Build/Intermediates.noindex/LineSDK.build/Debug-watchos/LineSDK-t.build/Objects-normal/arm64_32/LineSDK-dependency-scan.dia -validate-clang-modules-once -clang-build-session-file /Users/admin/builder/spi-builder-workspace/.derivedData/ModuleCache.noindex/Session.modulevalidation -Xcc -fmodules-prune-interval\=86400 -Xcc -fmodules-prune-after\=345600 -emit-const-values -const-gather-protocols-list /Users/admin/builder/spi-builder-workspace/.derivedData/Build/Intermediates.noindex/LineSDK.build/Debug-watchos/LineSDK-t.build/Objects-normal/arm64_32/LineSDK_const_extract_protocols.json -Xcc -I/Users/admin/builder/spi-builder-workspace/.derivedData/Build/Products/Debug-watchos/include -Xcc -I/Users/admin/builder/spi-builder-workspace/.derivedData/Build/Intermediates.noindex/LineSDK.build/Debug-watchos/LineSDK-t.build/DerivedSources-normal/arm64_32 -Xcc -I/Users/admin/builder/spi-builder-workspace/.derivedData/Build/Intermediates.noindex/LineSDK.build/Debug-watchos/LineSDK-t.build/DerivedSources/arm64_32 -Xcc -I/Users/admin/builder/spi-builder-workspace/.derivedData/Build/Intermediates.noindex/LineSDK.build/Debug-watchos/LineSDK-t.build/DerivedSources -Xcc -DSWIFT_PACKAGE -Xcc -DDEBUG\=1 -emit-objc-header -emit-objc-header-path /Users/admin/builder/spi-builder-workspace/.derivedData/Build/Intermediates.noindex/LineSDK.build/Debug-watchos/LineSDK-t.build/Objects-normal/arm64_32/LineSDK-Swift.h -working-directory /Users/admin/builder/spi-builder-workspace/.swiftpm/xcode -experimental-emit-module-separately -disable-cmo
/Users/admin/builder/spi-builder-workspace/.dependencies/checkouts/line-sdk-ios-swift/LineSDK/LineSDK/Login/LoginProcess.swift:24:8: error: Unable to resolve module dependency: 'SafariServices' (in target 'LineSDK' from project 'LineSDK')
    note: A dependency of main module 'LineSDK'
/Users/admin/builder/spi-builder-workspace/.dependencies/checkouts/line-sdk-ios-swift/LineSDK/LineSDK/Login/LoginProcess.swift:24:8: note: A dependency of main module 'LineSDK'
import SafariServices
       ^ (in target 'LineSDK' from project 'LineSDK')
PruneExplicitPrecompiledModules /Users/admin/builder/spi-builder-workspace/.derivedData/Build/Intermediates.noindex/SwiftExplicitPrecompiledModules
PruneExplicitPrecompiledModules /Users/admin/builder/spi-builder-workspace/.derivedData/Build/Intermediates.noindex/ExplicitPrecompiledModules
PruneExplicitPrecompiledModules /Users/admin/builder/spi-builder-workspace/.derivedData/SDKExplicitPrecompiledModules
2026-09-20 06:30:51.880 xcodebuild[731:4552] [MT] IDERunDestination: Supported platforms for the buildables in the current scheme is empty.
** BUILD FAILED **
The following build commands failed:
	SwiftDriver WWSignInWith3rd_Apple normal arm64 com.apple.xcode.tools.swift.compiler (in target 'WWSignInWith3rd_Apple' from project 'WWSignInWith3rd_Apple')
	SwiftDriver WWSignInWith3rd_Apple normal arm64_32 com.apple.xcode.tools.swift.compiler (in target 'WWSignInWith3rd_Apple' from project 'WWSignInWith3rd_Apple')
	SwiftDriver LineSDK normal arm64 com.apple.xcode.tools.swift.compiler (in target 'LineSDK' from project 'LineSDK')
	SwiftDriver LineSDK normal arm64_32 com.apple.xcode.tools.swift.compiler (in target 'LineSDK' from project 'LineSDK')
	Building workspace WWSignInWith3rd_LINE with scheme WWSignInWith3rd_LINE
(5 failures)
Command line invocation:
    /Applications/Xcode-27.0.0-Release.Candidate.app/Contents/Developer/usr/bin/xcodebuild -IDEClonedSourcePackagesDirPathOverride=/Users/admin/builder/spi-builder-workspace/.dependencies -resolvePackageDependencies
Resolve Package Graph
Resolved source packages:
  LineSDK: https://github.com/line/line-sdk-ios-swift @ 5.17.0
  WWSignInWith3rd_Apple: https://github.com/William-Weng/WWSignInWith3rd_Apple @ 1.1.4
  WWSignInWith3rd_LINE: /Users/admin/builder/spi-builder-workspace
resolved source packages: LineSDK, WWSignInWith3rd_Apple, WWSignInWith3rd_LINE
2026-09-20 06:30:57.746 xcodebuild[772:5094] [MT] IDERunDestination: Supported platforms for the buildables in the current scheme is empty.
{
  "dependencies" : [
    {
      "identity" : "wwsigninwith3rd_apple",
      "requirement" : {
        "range" : [
          {
            "lower_bound" : "1.1.0",
            "upper_bound" : "1.2.0"
          }
        ]
      },
      "type" : "sourceControl",
      "url" : "https://github.com/William-Weng/WWSignInWith3rd_Apple"
    },
    {
      "identity" : "line-sdk-ios-swift",
      "requirement" : {
        "range" : [
          {
            "lower_bound" : "5.11.0",
            "upper_bound" : "6.0.0"
          }
        ]
      },
      "type" : "sourceControl",
      "url" : "https://github.com/line/line-sdk-ios-swift"
    }
  ],
  "manifest_display_name" : "WWSignInWith3rd_LINE",
  "name" : "WWSignInWith3rd_LINE",
  "path" : "/Users/admin/builder/spi-builder-workspace",
  "platforms" : [
    {
      "name" : "ios",
      "version" : "14.0"
    }
  ],
  "products" : [
    {
      "name" : "WWSignInWith3rd_LINE",
      "targets" : [
        "WWSignInWith3rd_LINE"
      ],
      "type" : {
        "library" : [
          "automatic"
        ]
      }
    }
  ],
  "swift_languages_versions" : [
    "5"
  ],
  "targets" : [
    {
      "c99name" : "WWSignInWith3rd_LINE",
      "module_type" : "SwiftTarget",
      "name" : "WWSignInWith3rd_LINE",
      "path" : "Sources/WWSignInWith3rd_LINE",
      "product_dependencies" : [
        "WWSignInWith3rd_Apple",
        "LineSDK"
      ],
      "product_memberships" : [
        "WWSignInWith3rd_LINE"
      ],
      "resources" : [
        {
          "path" : "/Users/admin/builder/spi-builder-workspace/Sources/WWSignInWith3rd_LINE/Privacy",
          "rule" : {
            "copy" : {
            }
          }
        }
      ],
      "sources" : [
        "WWSignInWith3rd_LINE.swift"
      ],
      "type" : "library"
    }
  ],
  "tools_version" : "5.6"
}
{
  "workspace" : {
    "name" : "WWSignInWith3rd_LINE",
    "schemes" : [
      "WWSignInWith3rd_LINE"
    ]
  }
}
2026-09-20 06:30:59.096 xcodebuild[780:5154] [MT] IDERunDestination: Supported platforms for the buildables in the current scheme is empty.
Running build ...
env DEVELOPER_DIR=/Applications/Xcode-27.0.0-Release.Candidate.app xcrun xcodebuild -IDEClonedSourcePackagesDirPathOverride=$PWD/.dependencies -skipMacroValidation -skipPackagePluginValidation -derivedDataPath $PWD/.derivedData build -scheme WWSignInWith3rd_LINE -destination generic/platform=watchOS
Command line invocation:
    /Applications/Xcode-27.0.0-Release.Candidate.app/Contents/Developer/usr/bin/xcodebuild -IDEClonedSourcePackagesDirPathOverride=/Users/admin/builder/spi-builder-workspace/.dependencies -skipMacroValidation -skipPackagePluginValidation -derivedDataPath /Users/admin/builder/spi-builder-workspace/.derivedData build -scheme WWSignInWith3rd_LINE -destination generic/platform=watchOS
Resolve Package Graph
Resolved source packages:
  LineSDK: https://github.com/line/line-sdk-ios-swift @ 5.17.0
  WWSignInWith3rd_Apple: https://github.com/William-Weng/WWSignInWith3rd_Apple @ 1.1.4
  WWSignInWith3rd_LINE: /Users/admin/builder/spi-builder-workspace
ComputePackagePrebuildTargetDependencyGraph
Prepare packages
CreateBuildRequest
SendProjectDescription
CreateBuildOperation
ComputeTargetDependencyGraph
note: Building targets in dependency order
note: Target dependency graph (9 targets)
    Target 'WWSignInWith3rd_LINE-product' in project 'WWSignInWith3rd_LINE'
        ➜ Explicit dependency on target 'WWSignInWith3rd_LINE' in project 'WWSignInWith3rd_LINE'
        ➜ Explicit dependency on target 'WWSignInWith3rd_LINE_WWSignInWith3rd_LINE' in project 'WWSignInWith3rd_LINE'
        ➜ Explicit dependency on target 'WWSignInWith3rd_Apple-product' in project 'WWSignInWith3rd_Apple'
        ➜ Explicit dependency on target 'LineSDK-product' in project 'LineSDK'
    Target 'WWSignInWith3rd_LINE' in project 'WWSignInWith3rd_LINE'
        ➜ Explicit dependency on target 'WWSignInWith3rd_LINE_WWSignInWith3rd_LINE' in project 'WWSignInWith3rd_LINE'
        ➜ Explicit dependency on target 'WWSignInWith3rd_Apple-product' in project 'WWSignInWith3rd_Apple'
        ➜ Explicit dependency on target 'LineSDK-product' in project 'LineSDK'
    Target 'LineSDK-product' in project 'LineSDK'
        ➜ Explicit dependency on target 'LineSDK' in project 'LineSDK'
        ➜ Explicit dependency on target 'LineSDK_LineSDK' in project 'LineSDK'
    Target 'LineSDK' in project 'LineSDK'
        ➜ Explicit dependency on target 'LineSDK_LineSDK' in project 'LineSDK'
    Target 'LineSDK_LineSDK' in project 'LineSDK' (no dependencies)
    Target 'WWSignInWith3rd_Apple-product' in project 'WWSignInWith3rd_Apple'
        ➜ Explicit dependency on target 'WWSignInWith3rd_Apple' in project 'WWSignInWith3rd_Apple'
        ➜ Explicit dependency on target 'WWSignInWith3rd_Apple_WWSignInWith3rd_Apple' in project 'WWSignInWith3rd_Apple'
    Target 'WWSignInWith3rd_Apple' in project 'WWSignInWith3rd_Apple'
        ➜ Explicit dependency on target 'WWSignInWith3rd_Apple_WWSignInWith3rd_Apple' in project 'WWSignInWith3rd_Apple'
    Target 'WWSignInWith3rd_Apple_WWSignInWith3rd_Apple' in project 'WWSignInWith3rd_Apple' (no dependencies)
    Target 'WWSignInWith3rd_LINE_WWSignInWith3rd_LINE' in project 'WWSignInWith3rd_LINE' (no dependencies)
GatherProvisioningInputs
CreateBuildDescription
ClangStatCache /Applications/Xcode-27.0.0-Release.Candidate.app/Contents/Developer/Toolchains/XcodeDefault.xctoolchain/usr/bin/clang-stat-cache /Applications/Xcode-27.0.0-Release.Candidate.app/Contents/Developer/Platforms/WatchOS.platform/Developer/SDKs/WatchOS27.0.sdk /Users/admin/builder/spi-builder-workspace/.derivedData/SDKStatCaches.noindex/watchos27.0-24R360-e829b21a6f8c9b70876ba0858053c04477534ef55a1706bf4c1112bbb242f0a2.sdkstatcache
    cd /Users/admin/builder/spi-builder-workspace/.swiftpm/xcode
    /Applications/Xcode-27.0.0-Release.Candidate.app/Contents/Developer/Toolchains/XcodeDefault.xctoolchain/usr/bin/clang-stat-cache /Applications/Xcode-27.0.0-Release.Candidate.app/Contents/Developer/Platforms/WatchOS.platform/Developer/SDKs/WatchOS27.0.sdk -o /Users/admin/builder/spi-builder-workspace/.derivedData/SDKStatCaches.noindex/watchos27.0-24R360-e829b21a6f8c9b70876ba0858053c04477534ef55a1706bf4c1112bbb242f0a2.sdkstatcache
SwiftDriver WWSignInWith3rd_Apple normal arm64 com.apple.xcode.tools.swift.compiler (in target 'WWSignInWith3rd_Apple' from project 'WWSignInWith3rd_Apple')
    cd /Users/admin/builder/spi-builder-workspace/.swiftpm/xcode
    builtin-SwiftDriver -- /Applications/Xcode-27.0.0-Release.Candidate.app/Contents/Developer/Toolchains/XcodeDefault.xctoolchain/usr/bin/swiftc -parse-as-library -module-name WWSignInWith3rd_Apple -Onone @/Users/admin/builder/spi-builder-workspace/.derivedData/Build/Intermediates.noindex/WWSignInWith3rd_Apple.build/Debug-watchos/WWSignInWith3rd_Apple-t.build/Objects-normal/arm64/WWSignInWith3rd_Apple.SwiftFileList -DSWIFT_PACKAGE -DDEBUG -DSWIFT_MODULE_RESOURCE_BUNDLE_AVAILABLE -DXcode -plugin-path /Applications/Xcode-27.0.0-Release.Candidate.app/Contents/Developer/Toolchains/XcodeDefault.xctoolchain/usr/lib/swift/host/plugins/testing -enable-experimental-feature DebugDescriptionMacro -sdk /Applications/Xcode-27.0.0-Release.Candidate.app/Contents/Developer/Platforms/WatchOS.platform/Developer/SDKs/WatchOS27.0.sdk -target arm64-apple-watchos9.0 -g -module-cache-path /Users/admin/builder/spi-builder-workspace/.derivedData/ModuleCache.noindex -Xfrontend -serialize-debugging-options -enable-testing -suppress-warnings -index-store-path /Users/admin/builder/spi-builder-workspace/.derivedData/Index.noindex/DataStore -Xcc -D_LIBCPP_HARDENING_MODE\=_LIBCPP_HARDENING_MODE_DEBUG -swift-version 5 -I /Users/admin/builder/spi-builder-workspace/.derivedData/Build/Products/Debug-watchos -Isystem /Applications/Xcode-27.0.0-Release.Candidate.app/Contents/Developer/Platforms/WatchOS.platform/Developer/usr/lib -F /Users/admin/builder/spi-builder-workspace/.derivedData/Build/Products/Debug-watchos -F /Applications/Xcode-27.0.0-Release.Candidate.app/Contents/Developer/Platforms/WatchOS.platform/Developer/Library/Frameworks -F /Applications/Xcode-27.0.0-Release.Candidate.app/Contents/Developer/Platforms/WatchOS.platform/Developer/SDKs/WatchOS27.0.sdk/Developer/Library/Frameworks -c -j10 -enable-batch-mode -incremental -Xcc -ivfsstatcache -Xcc /Users/admin/builder/spi-builder-workspace/.derivedData/SDKStatCaches.noindex/watchos27.0-24R360-e829b21a6f8c9b70876ba0858053c04477534ef55a1706bf4c1112bbb242f0a2.sdkstatcache -output-file-map /Users/admin/builder/spi-builder-workspace/.derivedData/Build/Intermediates.noindex/WWSignInWith3rd_Apple.build/Debug-watchos/WWSignInWith3rd_Apple-t.build/Objects-normal/arm64/WWSignInWith3rd_Apple-OutputFileMap.json -save-temps -no-color-diagnostics -explicit-module-build -module-cache-path /Users/admin/builder/spi-builder-workspace/.derivedData/Build/Intermediates.noindex/SwiftExplicitPrecompiledModules -clang-scanner-module-cache-path /Users/admin/builder/spi-builder-workspace/.derivedData/ModuleCache.noindex -sdk-module-cache-path /Users/admin/builder/spi-builder-workspace/.derivedData/SDKExplicitPrecompiledModules -emit-dependencies -emit-module -emit-module-path /Users/admin/builder/spi-builder-workspace/.derivedData/Build/Intermediates.noindex/WWSignInWith3rd_Apple.build/Debug-watchos/WWSignInWith3rd_Apple-t.build/Objects-normal/arm64/WWSignInWith3rd_Apple.swiftmodule -serialize-diagnostics -dependency-scan-serialize-diagnostics-path /Users/admin/builder/spi-builder-workspace/.derivedData/Build/Intermediates.noindex/WWSignInWith3rd_Apple.build/Debug-watchos/WWSignInWith3rd_Apple-t.build/Objects-normal/arm64/WWSignInWith3rd_Apple-dependency-scan.dia -validate-clang-modules-once -clang-build-session-file /Users/admin/builder/spi-builder-workspace/.derivedData/ModuleCache.noindex/Session.modulevalidation -Xcc -fmodules-prune-interval\=86400 -Xcc -fmodules-prune-after\=345600 -emit-const-values -const-gather-protocols-list /Users/admin/builder/spi-builder-workspace/.derivedData/Build/Intermediates.noindex/WWSignInWith3rd_Apple.build/Debug-watchos/WWSignInWith3rd_Apple-t.build/Objects-normal/arm64/WWSignInWith3rd_Apple_const_extract_protocols.json -Xcc -I/Users/admin/builder/spi-builder-workspace/.derivedData/Build/Products/Debug-watchos/include -Xcc -I/Users/admin/builder/spi-builder-workspace/.derivedData/Build/Intermediates.noindex/WWSignInWith3rd_Apple.build/Debug-watchos/WWSignInWith3rd_Apple-t.build/DerivedSources-normal/arm64 -Xcc -I/Users/admin/builder/spi-builder-workspace/.derivedData/Build/Intermediates.noindex/WWSignInWith3rd_Apple.build/Debug-watchos/WWSignInWith3rd_Apple-t.build/DerivedSources/arm64 -Xcc -I/Users/admin/builder/spi-builder-workspace/.derivedData/Build/Intermediates.noindex/WWSignInWith3rd_Apple.build/Debug-watchos/WWSignInWith3rd_Apple-t.build/DerivedSources -Xcc -DSWIFT_PACKAGE -Xcc -DDEBUG\=1 -emit-objc-header -emit-objc-header-path /Users/admin/builder/spi-builder-workspace/.derivedData/Build/Intermediates.noindex/WWSignInWith3rd_Apple.build/Debug-watchos/WWSignInWith3rd_Apple-t.build/Objects-normal/arm64/WWSignInWith3rd_Apple-Swift.h -working-directory /Users/admin/builder/spi-builder-workspace/.swiftpm/xcode -experimental-emit-module-separately -disable-cmo
/Users/admin/builder/spi-builder-workspace/.dependencies/checkouts/WWSignInWith3rd_Apple/Sources/WWSignInWith3rd_Apple/Utility/Extension.swift:8:8: error: Unable to resolve module dependency: 'WebKit' (in target 'WWSignInWith3rd_Apple' from project 'WWSignInWith3rd_Apple')
    note: A dependency of main module 'WWSignInWith3rd_Apple'
/Users/admin/builder/spi-builder-workspace/.dependencies/checkouts/WWSignInWith3rd_Apple/Sources/WWSignInWith3rd_Apple/Utility/Extension.swift:8:8: note: A dependency of main module 'WWSignInWith3rd_Apple'
import WebKit
       ^ (in target 'WWSignInWith3rd_Apple' from project 'WWSignInWith3rd_Apple')
SwiftDriver LineSDK normal arm64_32 com.apple.xcode.tools.swift.compiler (in target 'LineSDK' from project 'LineSDK')
    cd /Users/admin/builder/spi-builder-workspace/.swiftpm/xcode
    builtin-SwiftDriver -- /Applications/Xcode-27.0.0-Release.Candidate.app/Contents/Developer/Toolchains/XcodeDefault.xctoolchain/usr/bin/swiftc -parse-as-library -module-name LineSDK -Onone @/Users/admin/builder/spi-builder-workspace/.derivedData/Build/Intermediates.noindex/LineSDK.build/Debug-watchos/LineSDK-t.build/Objects-normal/arm64_32/LineSDK.SwiftFileList -DSWIFT_PACKAGE -DDEBUG -DSWIFT_MODULE_RESOURCE_BUNDLE_AVAILABLE -DXcode -plugin-path /Applications/Xcode-27.0.0-Release.Candidate.app/Contents/Developer/Toolchains/XcodeDefault.xctoolchain/usr/lib/swift/host/plugins/testing -enable-experimental-feature DebugDescriptionMacro -sdk /Applications/Xcode-27.0.0-Release.Candidate.app/Contents/Developer/Platforms/WatchOS.platform/Developer/SDKs/WatchOS27.0.sdk -target arm64_32-apple-watchos9.0 -g -module-cache-path /Users/admin/builder/spi-builder-workspace/.derivedData/ModuleCache.noindex -Xfrontend -serialize-debugging-options -enable-testing -suppress-warnings -index-store-path /Users/admin/builder/spi-builder-workspace/.derivedData/Index.noindex/DataStore -Xcc -D_LIBCPP_HARDENING_MODE\=_LIBCPP_HARDENING_MODE_DEBUG -swift-version 5 -I /Users/admin/builder/spi-builder-workspace/.derivedData/Build/Products/Debug-watchos -Isystem /Applications/Xcode-27.0.0-Release.Candidate.app/Contents/Developer/Platforms/WatchOS.platform/Developer/usr/lib -F /Users/admin/builder/spi-builder-workspace/.derivedData/Build/Products/Debug-watchos -F /Applications/Xcode-27.0.0-Release.Candidate.app/Contents/Developer/Platforms/WatchOS.platform/Developer/Library/Frameworks -F /Applications/Xcode-27.0.0-Release.Candidate.app/Contents/Developer/Platforms/WatchOS.platform/Developer/SDKs/WatchOS27.0.sdk/Developer/Library/Frameworks -emit-localized-strings -emit-localized-strings-path /Users/admin/builder/spi-builder-workspace/.derivedData/Build/Intermediates.noindex/LineSDK.build/Debug-watchos/LineSDK-t.build/Objects-normal/arm64_32 -c -j10 -enable-batch-mode -incremental -Xcc -ivfsstatcache -Xcc /Users/admin/builder/spi-builder-workspace/.derivedData/SDKStatCaches.noindex/watchos27.0-24R360-e829b21a6f8c9b70876ba0858053c04477534ef55a1706bf4c1112bbb242f0a2.sdkstatcache -output-file-map /Users/admin/builder/spi-builder-workspace/.derivedData/Build/Intermediates.noindex/LineSDK.build/Debug-watchos/LineSDK-t.build/Objects-normal/arm64_32/LineSDK-OutputFileMap.json -save-temps -no-color-diagnostics -explicit-module-build -module-cache-path /Users/admin/builder/spi-builder-workspace/.derivedData/Build/Intermediates.noindex/SwiftExplicitPrecompiledModules -clang-scanner-module-cache-path /Users/admin/builder/spi-builder-workspace/.derivedData/ModuleCache.noindex -sdk-module-cache-path /Users/admin/builder/spi-builder-workspace/.derivedData/SDKExplicitPrecompiledModules -emit-dependencies -emit-module -emit-module-path /Users/admin/builder/spi-builder-workspace/.derivedData/Build/Intermediates.noindex/LineSDK.build/Debug-watchos/LineSDK-t.build/Objects-normal/arm64_32/LineSDK.swiftmodule -serialize-diagnostics -dependency-scan-serialize-diagnostics-path /Users/admin/builder/spi-builder-workspace/.derivedData/Build/Intermediates.noindex/LineSDK.build/Debug-watchos/LineSDK-t.build/Objects-normal/arm64_32/LineSDK-dependency-scan.dia -validate-clang-modules-once -clang-build-session-file /Users/admin/builder/spi-builder-workspace/.derivedData/ModuleCache.noindex/Session.modulevalidation -Xcc -fmodules-prune-interval\=86400 -Xcc -fmodules-prune-after\=345600 -emit-const-values -const-gather-protocols-list /Users/admin/builder/spi-builder-workspace/.derivedData/Build/Intermediates.noindex/LineSDK.build/Debug-watchos/LineSDK-t.build/Objects-normal/arm64_32/LineSDK_const_extract_protocols.json -Xcc -I/Users/admin/builder/spi-builder-workspace/.derivedData/Build/Products/Debug-watchos/include -Xcc -I/Users/admin/builder/spi-builder-workspace/.derivedData/Build/Intermediates.noindex/LineSDK.build/Debug-watchos/LineSDK-t.build/DerivedSources-normal/arm64_32 -Xcc -I/Users/admin/builder/spi-builder-workspace/.derivedData/Build/Intermediates.noindex/LineSDK.build/Debug-watchos/LineSDK-t.build/DerivedSources/arm64_32 -Xcc -I/Users/admin/builder/spi-builder-workspace/.derivedData/Build/Intermediates.noindex/LineSDK.build/Debug-watchos/LineSDK-t.build/DerivedSources -Xcc -DSWIFT_PACKAGE -Xcc -DDEBUG\=1 -emit-objc-header -emit-objc-header-path /Users/admin/builder/spi-builder-workspace/.derivedData/Build/Intermediates.noindex/LineSDK.build/Debug-watchos/LineSDK-t.build/Objects-normal/arm64_32/LineSDK-Swift.h -working-directory /Users/admin/builder/spi-builder-workspace/.swiftpm/xcode -experimental-emit-module-separately -disable-cmo
/Users/admin/builder/spi-builder-workspace/.dependencies/checkouts/line-sdk-ios-swift/LineSDK/LineSDK/Login/LoginProcess.swift:24:8: error: Unable to resolve module dependency: 'SafariServices' (in target 'LineSDK' from project 'LineSDK')
    note: A dependency of main module 'LineSDK'
/Users/admin/builder/spi-builder-workspace/.dependencies/checkouts/line-sdk-ios-swift/LineSDK/LineSDK/Login/LoginProcess.swift:24:8: note: A dependency of main module 'LineSDK'
import SafariServices
       ^ (in target 'LineSDK' from project 'LineSDK')
SwiftDriver LineSDK normal arm64 com.apple.xcode.tools.swift.compiler (in target 'LineSDK' from project 'LineSDK')
    cd /Users/admin/builder/spi-builder-workspace/.swiftpm/xcode
    builtin-SwiftDriver -- /Applications/Xcode-27.0.0-Release.Candidate.app/Contents/Developer/Toolchains/XcodeDefault.xctoolchain/usr/bin/swiftc -parse-as-library -module-name LineSDK -Onone @/Users/admin/builder/spi-builder-workspace/.derivedData/Build/Intermediates.noindex/LineSDK.build/Debug-watchos/LineSDK-t.build/Objects-normal/arm64/LineSDK.SwiftFileList -DSWIFT_PACKAGE -DDEBUG -DSWIFT_MODULE_RESOURCE_BUNDLE_AVAILABLE -DXcode -plugin-path /Applications/Xcode-27.0.0-Release.Candidate.app/Contents/Developer/Toolchains/XcodeDefault.xctoolchain/usr/lib/swift/host/plugins/testing -enable-experimental-feature DebugDescriptionMacro -sdk /Applications/Xcode-27.0.0-Release.Candidate.app/Contents/Developer/Platforms/WatchOS.platform/Developer/SDKs/WatchOS27.0.sdk -target arm64-apple-watchos9.0 -g -module-cache-path /Users/admin/builder/spi-builder-workspace/.derivedData/ModuleCache.noindex -Xfrontend -serialize-debugging-options -enable-testing -suppress-warnings -index-store-path /Users/admin/builder/spi-builder-workspace/.derivedData/Index.noindex/DataStore -Xcc -D_LIBCPP_HARDENING_MODE\=_LIBCPP_HARDENING_MODE_DEBUG -swift-version 5 -I /Users/admin/builder/spi-builder-workspace/.derivedData/Build/Products/Debug-watchos -Isystem /Applications/Xcode-27.0.0-Release.Candidate.app/Contents/Developer/Platforms/WatchOS.platform/Developer/usr/lib -F /Users/admin/builder/spi-builder-workspace/.derivedData/Build/Products/Debug-watchos -F /Applications/Xcode-27.0.0-Release.Candidate.app/Contents/Developer/Platforms/WatchOS.platform/Developer/Library/Frameworks -F /Applications/Xcode-27.0.0-Release.Candidate.app/Contents/Developer/Platforms/WatchOS.platform/Developer/SDKs/WatchOS27.0.sdk/Developer/Library/Frameworks -emit-localized-strings -emit-localized-strings-path /Users/admin/builder/spi-builder-workspace/.derivedData/Build/Intermediates.noindex/LineSDK.build/Debug-watchos/LineSDK-t.build/Objects-normal/arm64 -c -j10 -enable-batch-mode -incremental -Xcc -ivfsstatcache -Xcc /Users/admin/builder/spi-builder-workspace/.derivedData/SDKStatCaches.noindex/watchos27.0-24R360-e829b21a6f8c9b70876ba0858053c04477534ef55a1706bf4c1112bbb242f0a2.sdkstatcache -output-file-map /Users/admin/builder/spi-builder-workspace/.derivedData/Build/Intermediates.noindex/LineSDK.build/Debug-watchos/LineSDK-t.build/Objects-normal/arm64/LineSDK-OutputFileMap.json -save-temps -no-color-diagnostics -explicit-module-build -module-cache-path /Users/admin/builder/spi-builder-workspace/.derivedData/Build/Intermediates.noindex/SwiftExplicitPrecompiledModules -clang-scanner-module-cache-path /Users/admin/builder/spi-builder-workspace/.derivedData/ModuleCache.noindex -sdk-module-cache-path /Users/admin/builder/spi-builder-workspace/.derivedData/SDKExplicitPrecompiledModules -emit-dependencies -emit-module -emit-module-path /Users/admin/builder/spi-builder-workspace/.derivedData/Build/Intermediates.noindex/LineSDK.build/Debug-watchos/LineSDK-t.build/Objects-normal/arm64/LineSDK.swiftmodule -serialize-diagnostics -dependency-scan-serialize-diagnostics-path /Users/admin/builder/spi-builder-workspace/.derivedData/Build/Intermediates.noindex/LineSDK.build/Debug-watchos/LineSDK-t.build/Objects-normal/arm64/LineSDK-dependency-scan.dia -validate-clang-modules-once -clang-build-session-file /Users/admin/builder/spi-builder-workspace/.derivedData/ModuleCache.noindex/Session.modulevalidation -Xcc -fmodules-prune-interval\=86400 -Xcc -fmodules-prune-after\=345600 -emit-const-values -const-gather-protocols-list /Users/admin/builder/spi-builder-workspace/.derivedData/Build/Intermediates.noindex/LineSDK.build/Debug-watchos/LineSDK-t.build/Objects-normal/arm64/LineSDK_const_extract_protocols.json -Xcc -I/Users/admin/builder/spi-builder-workspace/.derivedData/Build/Products/Debug-watchos/include -Xcc -I/Users/admin/builder/spi-builder-workspace/.derivedData/Build/Intermediates.noindex/LineSDK.build/Debug-watchos/LineSDK-t.build/DerivedSources-normal/arm64 -Xcc -I/Users/admin/builder/spi-builder-workspace/.derivedData/Build/Intermediates.noindex/LineSDK.build/Debug-watchos/LineSDK-t.build/DerivedSources/arm64 -Xcc -I/Users/admin/builder/spi-builder-workspace/.derivedData/Build/Intermediates.noindex/LineSDK.build/Debug-watchos/LineSDK-t.build/DerivedSources -Xcc -DSWIFT_PACKAGE -Xcc -DDEBUG\=1 -emit-objc-header -emit-objc-header-path /Users/admin/builder/spi-builder-workspace/.derivedData/Build/Intermediates.noindex/LineSDK.build/Debug-watchos/LineSDK-t.build/Objects-normal/arm64/LineSDK-Swift.h -working-directory /Users/admin/builder/spi-builder-workspace/.swiftpm/xcode -experimental-emit-module-separately -disable-cmo
/Users/admin/builder/spi-builder-workspace/.dependencies/checkouts/line-sdk-ios-swift/LineSDK/LineSDK/Login/LoginProcess.swift:24:8: error: Unable to resolve module dependency: 'SafariServices' (in target 'LineSDK' from project 'LineSDK')
    note: A dependency of main module 'LineSDK'
/Users/admin/builder/spi-builder-workspace/.dependencies/checkouts/line-sdk-ios-swift/LineSDK/LineSDK/Login/LoginProcess.swift:24:8: note: A dependency of main module 'LineSDK'
import SafariServices
       ^ (in target 'LineSDK' from project 'LineSDK')
SwiftDriver WWSignInWith3rd_Apple normal arm64_32 com.apple.xcode.tools.swift.compiler (in target 'WWSignInWith3rd_Apple' from project 'WWSignInWith3rd_Apple')
    cd /Users/admin/builder/spi-builder-workspace/.swiftpm/xcode
    builtin-SwiftDriver -- /Applications/Xcode-27.0.0-Release.Candidate.app/Contents/Developer/Toolchains/XcodeDefault.xctoolchain/usr/bin/swiftc -parse-as-library -module-name WWSignInWith3rd_Apple -Onone @/Users/admin/builder/spi-builder-workspace/.derivedData/Build/Intermediates.noindex/WWSignInWith3rd_Apple.build/Debug-watchos/WWSignInWith3rd_Apple-t.build/Objects-normal/arm64_32/WWSignInWith3rd_Apple.SwiftFileList -DSWIFT_PACKAGE -DDEBUG -DSWIFT_MODULE_RESOURCE_BUNDLE_AVAILABLE -DXcode -plugin-path /Applications/Xcode-27.0.0-Release.Candidate.app/Contents/Developer/Toolchains/XcodeDefault.xctoolchain/usr/lib/swift/host/plugins/testing -enable-experimental-feature DebugDescriptionMacro -sdk /Applications/Xcode-27.0.0-Release.Candidate.app/Contents/Developer/Platforms/WatchOS.platform/Developer/SDKs/WatchOS27.0.sdk -target arm64_32-apple-watchos9.0 -g -module-cache-path /Users/admin/builder/spi-builder-workspace/.derivedData/ModuleCache.noindex -Xfrontend -serialize-debugging-options -enable-testing -suppress-warnings -index-store-path /Users/admin/builder/spi-builder-workspace/.derivedData/Index.noindex/DataStore -Xcc -D_LIBCPP_HARDENING_MODE\=_LIBCPP_HARDENING_MODE_DEBUG -swift-version 5 -I /Users/admin/builder/spi-builder-workspace/.derivedData/Build/Products/Debug-watchos -Isystem /Applications/Xcode-27.0.0-Release.Candidate.app/Contents/Developer/Platforms/WatchOS.platform/Developer/usr/lib -F /Users/admin/builder/spi-builder-workspace/.derivedData/Build/Products/Debug-watchos -F /Applications/Xcode-27.0.0-Release.Candidate.app/Contents/Developer/Platforms/WatchOS.platform/Developer/Library/Frameworks -F /Applications/Xcode-27.0.0-Release.Candidate.app/Contents/Developer/Platforms/WatchOS.platform/Developer/SDKs/WatchOS27.0.sdk/Developer/Library/Frameworks -c -j10 -enable-batch-mode -incremental -Xcc -ivfsstatcache -Xcc /Users/admin/builder/spi-builder-workspace/.derivedData/SDKStatCaches.noindex/watchos27.0-24R360-e829b21a6f8c9b70876ba0858053c04477534ef55a1706bf4c1112bbb242f0a2.sdkstatcache -output-file-map /Users/admin/builder/spi-builder-workspace/.derivedData/Build/Intermediates.noindex/WWSignInWith3rd_Apple.build/Debug-watchos/WWSignInWith3rd_Apple-t.build/Objects-normal/arm64_32/WWSignInWith3rd_Apple-OutputFileMap.json -save-temps -no-color-diagnostics -explicit-module-build -module-cache-path /Users/admin/builder/spi-builder-workspace/.derivedData/Build/Intermediates.noindex/SwiftExplicitPrecompiledModules -clang-scanner-module-cache-path /Users/admin/builder/spi-builder-workspace/.derivedData/ModuleCache.noindex -sdk-module-cache-path /Users/admin/builder/spi-builder-workspace/.derivedData/SDKExplicitPrecompiledModules -emit-dependencies -emit-module -emit-module-path /Users/admin/builder/spi-builder-workspace/.derivedData/Build/Intermediates.noindex/WWSignInWith3rd_Apple.build/Debug-watchos/WWSignInWith3rd_Apple-t.build/Objects-normal/arm64_32/WWSignInWith3rd_Apple.swiftmodule -serialize-diagnostics -dependency-scan-serialize-diagnostics-path /Users/admin/builder/spi-builder-workspace/.derivedData/Build/Intermediates.noindex/WWSignInWith3rd_Apple.build/Debug-watchos/WWSignInWith3rd_Apple-t.build/Objects-normal/arm64_32/WWSignInWith3rd_Apple-dependency-scan.dia -validate-clang-modules-once -clang-build-session-file /Users/admin/builder/spi-builder-workspace/.derivedData/ModuleCache.noindex/Session.modulevalidation -Xcc -fmodules-prune-interval\=86400 -Xcc -fmodules-prune-after\=345600 -emit-const-values -const-gather-protocols-list /Users/admin/builder/spi-builder-workspace/.derivedData/Build/Intermediates.noindex/WWSignInWith3rd_Apple.build/Debug-watchos/WWSignInWith3rd_Apple-t.build/Objects-normal/arm64_32/WWSignInWith3rd_Apple_const_extract_protocols.json -Xcc -I/Users/admin/builder/spi-builder-workspace/.derivedData/Build/Products/Debug-watchos/include -Xcc -I/Users/admin/builder/spi-builder-workspace/.derivedData/Build/Intermediates.noindex/WWSignInWith3rd_Apple.build/Debug-watchos/WWSignInWith3rd_Apple-t.build/DerivedSources-normal/arm64_32 -Xcc -I/Users/admin/builder/spi-builder-workspace/.derivedData/Build/Intermediates.noindex/WWSignInWith3rd_Apple.build/Debug-watchos/WWSignInWith3rd_Apple-t.build/DerivedSources/arm64_32 -Xcc -I/Users/admin/builder/spi-builder-workspace/.derivedData/Build/Intermediates.noindex/WWSignInWith3rd_Apple.build/Debug-watchos/WWSignInWith3rd_Apple-t.build/DerivedSources -Xcc -DSWIFT_PACKAGE -Xcc -DDEBUG\=1 -emit-objc-header -emit-objc-header-path /Users/admin/builder/spi-builder-workspace/.derivedData/Build/Intermediates.noindex/WWSignInWith3rd_Apple.build/Debug-watchos/WWSignInWith3rd_Apple-t.build/Objects-normal/arm64_32/WWSignInWith3rd_Apple-Swift.h -working-directory /Users/admin/builder/spi-builder-workspace/.swiftpm/xcode -experimental-emit-module-separately -disable-cmo
/Users/admin/builder/spi-builder-workspace/.dependencies/checkouts/WWSignInWith3rd_Apple/Sources/WWSignInWith3rd_Apple/Utility/Extension.swift:8:8: error: Unable to resolve module dependency: 'WebKit' (in target 'WWSignInWith3rd_Apple' from project 'WWSignInWith3rd_Apple')
    note: A dependency of main module 'WWSignInWith3rd_Apple'
/Users/admin/builder/spi-builder-workspace/.dependencies/checkouts/WWSignInWith3rd_Apple/Sources/WWSignInWith3rd_Apple/Utility/Extension.swift:8:8: note: A dependency of main module 'WWSignInWith3rd_Apple'
import WebKit
       ^ (in target 'WWSignInWith3rd_Apple' from project 'WWSignInWith3rd_Apple')
PruneExplicitPrecompiledModules /Users/admin/builder/spi-builder-workspace/.derivedData/Build/Intermediates.noindex/ExplicitPrecompiledModules
PruneExplicitPrecompiledModules /Users/admin/builder/spi-builder-workspace/.derivedData/Build/Intermediates.noindex/SwiftExplicitPrecompiledModules
PruneExplicitPrecompiledModules /Users/admin/builder/spi-builder-workspace/.derivedData/SDKExplicitPrecompiledModules
2026-09-20 06:31:00.174 xcodebuild[781:5179] [MT] IDERunDestination: Supported platforms for the buildables in the current scheme is empty.
** BUILD FAILED **
The following build commands failed:
	SwiftDriver WWSignInWith3rd_Apple normal arm64 com.apple.xcode.tools.swift.compiler (in target 'WWSignInWith3rd_Apple' from project 'WWSignInWith3rd_Apple')
	SwiftDriver LineSDK normal arm64_32 com.apple.xcode.tools.swift.compiler (in target 'LineSDK' from project 'LineSDK')
	SwiftDriver LineSDK normal arm64 com.apple.xcode.tools.swift.compiler (in target 'LineSDK' from project 'LineSDK')
	SwiftDriver WWSignInWith3rd_Apple normal arm64_32 com.apple.xcode.tools.swift.compiler (in target 'WWSignInWith3rd_Apple' from project 'WWSignInWith3rd_Apple')
	Building workspace WWSignInWith3rd_LINE with scheme WWSignInWith3rd_LINE
(5 failures)
BUILD FAILURE 6.4 watchOS