Build Information
Failed to build GoogleCloudManagedKafkaSchemaRegistryV1, reference 0.5.0 (c0aeea), with Swift 6.2 for visionOS using Xcode 26.3 on 11 Oct 2026 18:22:01 UTC.
Build Command
env DEVELOPER_DIR=/Applications/Xcode-26.3.0.app xcrun xcodebuild -IDEClonedSourcePackagesDirPathOverride=$PWD/.dependencies -skipMacroValidation -skipPackagePluginValidation -derivedDataPath $PWD/.derivedData build -scheme GoogleCloudManagedKafkaSchemaRegistryV1 -destination generic/platform=xrOSBuild Log
func decode(_ type: UInt128.Type) throws -> UInt128 { try decodeGeneric(type) }
^
/Users/admin/builder/spi-builder-workspace/.dependencies/checkouts/swift-google-wkt/Sources/GoogleWKT/ProtoJSONDecoder.swift:105:1: note: add '@available' attribute to enclosing extension
extension InternalSingleValueContainer: SingleValueDecodingContainer {
^
/Users/admin/builder/spi-builder-workspace/.dependencies/checkouts/swift-google-wkt/Sources/GoogleWKT/ProtoJSONDecoder.swift:136:47: error: 'UInt128' is only available in visionOS 2.0 or newer
func decode(_ type: UInt128.Type) throws -> UInt128 { try decodeGeneric(type) }
^
/Users/admin/builder/spi-builder-workspace/.dependencies/checkouts/swift-google-wkt/Sources/GoogleWKT/ProtoJSONDecoder.swift:136:8: note: add '@available' attribute to enclosing instance method
func decode(_ type: UInt128.Type) throws -> UInt128 { try decodeGeneric(type) }
^
/Users/admin/builder/spi-builder-workspace/.dependencies/checkouts/swift-google-wkt/Sources/GoogleWKT/ProtoJSONDecoder.swift:105:1: note: add '@available' attribute to enclosing extension
extension InternalSingleValueContainer: SingleValueDecodingContainer {
^
SwiftCompile normal arm64 Compiling\ NoOpInstrument.swift /Users/admin/builder/spi-builder-workspace/.dependencies/checkouts/swift-distributed-tracing/Sources/Instrumentation/NoOpInstrument.swift (in target 'Instrumentation' from project 'swift-distributed-tracing')
SwiftCompile normal arm64 /Users/admin/builder/spi-builder-workspace/.dependencies/checkouts/swift-distributed-tracing/Sources/Instrumentation/NoOpInstrument.swift (in target 'Instrumentation' from project 'swift-distributed-tracing')
cd /Users/admin/builder/spi-builder-workspace/.swiftpm/xcode
SwiftExplicitDependencyGeneratePcm arm64 /Users/admin/builder/spi-builder-workspace/.derivedData/ModuleCache.noindex/CommonCrypto-D3ZXHN11QXAD5Q07CLTG30Q6V.pcm
SwiftDriverJobDiscovery normal arm64 Emitting module for Instrumentation (in target 'Instrumentation' from project 'swift-distributed-tracing')
SwiftDriver\ Compilation\ Requirements Instrumentation normal arm64 com.apple.xcode.tools.swift.compiler (in target 'Instrumentation' from project 'swift-distributed-tracing')
cd /Users/admin/builder/spi-builder-workspace/.swiftpm/xcode
builtin-Swift-Compilation-Requirements -- /Applications/Xcode-26.3.0.app/Contents/Developer/Toolchains/XcodeDefault.xctoolchain/usr/bin/swiftc -module-name Instrumentation -Onone -enforce-exclusivity\=checked @/Users/admin/builder/spi-builder-workspace/.derivedData/Build/Intermediates.noindex/swift-distributed-tracing.build/Debug-xros/Instrumentation.build/Objects-normal/arm64/Instrumentation.SwiftFileList -DSWIFT_PACKAGE -DDEBUG -DSWIFT_MODULE_RESOURCE_BUNDLE_UNAVAILABLE -DXcode -enable-experimental-feature StrictConcurrency\=complete -plugin-path /Applications/Xcode-26.3.0.app/Contents/Developer/Toolchains/XcodeDefault.xctoolchain/usr/lib/swift/host/plugins/testing -enable-experimental-feature DebugDescriptionMacro -sdk /Applications/Xcode-26.3.0.app/Contents/Developer/Platforms/XROS.platform/Developer/SDKs/XROS26.2.sdk -target arm64-apple-xros1.0 -g -module-cache-path /Users/admin/builder/spi-builder-workspace/.derivedData/ModuleCache.noindex -Xfrontend -serialize-debugging-options -enable-testing -suppress-warnings -index-store-path /Users/admin/builder/spi-builder-workspace/.derivedData/Index.noindex/DataStore -Xcc -D_LIBCPP_HARDENING_MODE\=_LIBCPP_HARDENING_MODE_DEBUG -swift-version 6 -I /Users/admin/builder/spi-builder-workspace/.derivedData/Build/Products/Debug-xros -Isystem /Applications/Xcode-26.3.0.app/Contents/Developer/Platforms/XROS.platform/Developer/usr/lib -F /Users/admin/builder/spi-builder-workspace/.derivedData/Build/Products/Debug-xros/PackageFrameworks -F /Users/admin/builder/spi-builder-workspace/.derivedData/Build/Products/Debug-xros -F /Applications/Xcode-26.3.0.app/Contents/Developer/Platforms/XROS.platform/Developer/Library/Frameworks -F /Applications/Xcode-26.3.0.app/Contents/Developer/Platforms/XROS.platform/Developer/SDKs/XROS26.2.sdk/Developer/Library/Frameworks -c -j10 -enable-batch-mode -incremental -Xcc -ivfsstatcache -Xcc /Users/admin/builder/spi-builder-workspace/.derivedData/SDKStatCaches.noindex/xros26.2-23N301-dc75598d0054f22ec865fa860f139d72f5e64962d3ee001da1d77d1957dffdab.sdkstatcache -output-file-map /Users/admin/builder/spi-builder-workspace/.derivedData/Build/Intermediates.noindex/swift-distributed-tracing.build/Debug-xros/Instrumentation.build/Objects-normal/arm64/Instrumentation-OutputFileMap.json -use-frontend-parseable-output -save-temps -no-color-diagnostics -explicit-module-build -module-cache-path /Users/admin/builder/spi-builder-workspace/.derivedData/Build/Intermediates.noindex/SwiftExplicitPrecompiledModules -clang-scanner-module-cache-path /Users/admin/builder/spi-builder-workspace/.derivedData/ModuleCache.noindex -sdk-module-cache-path /Users/admin/builder/spi-builder-workspace/.derivedData/ModuleCache.noindex -serialize-diagnostics -emit-dependencies -emit-module -emit-module-path /Users/admin/builder/spi-builder-workspace/.derivedData/Build/Intermediates.noindex/swift-distributed-tracing.build/Debug-xros/Instrumentation.build/Objects-normal/arm64/Instrumentation.swiftmodule -user-module-version 1.5.0 -validate-clang-modules-once -clang-build-session-file /Users/admin/builder/spi-builder-workspace/.derivedData/ModuleCache.noindex/Session.modulevalidation -package-name swift_distributed_tracing -Xcc -I/Users/admin/builder/spi-builder-workspace/.derivedData/Build/Intermediates.noindex/swift-distributed-tracing.build/Debug-xros/Instrumentation.build/swift-overrides.hmap -emit-const-values -Xfrontend -const-gather-protocols-file -Xfrontend /Users/admin/builder/spi-builder-workspace/.derivedData/Build/Intermediates.noindex/swift-distributed-tracing.build/Debug-xros/Instrumentation.build/Objects-normal/arm64/Instrumentation_const_extract_protocols.json -Xcc -I/Users/admin/builder/spi-builder-workspace/.derivedData/Build/Products/Debug-xros/include -Xcc -I/Users/admin/builder/spi-builder-workspace/.derivedData/Build/Intermediates.noindex/swift-distributed-tracing.build/Debug-xros/Instrumentation.build/DerivedSources-normal/arm64 -Xcc -I/Users/admin/builder/spi-builder-workspace/.derivedData/Build/Intermediates.noindex/swift-distributed-tracing.build/Debug-xros/Instrumentation.build/DerivedSources/arm64 -Xcc -I/Users/admin/builder/spi-builder-workspace/.derivedData/Build/Intermediates.noindex/swift-distributed-tracing.build/Debug-xros/Instrumentation.build/DerivedSources -Xcc -DSWIFT_PACKAGE -Xcc -DDEBUG\=1 -emit-objc-header -emit-objc-header-path /Users/admin/builder/spi-builder-workspace/.derivedData/Build/Intermediates.noindex/swift-distributed-tracing.build/Debug-xros/Instrumentation.build/Objects-normal/arm64/Instrumentation-Swift.h -working-directory /Users/admin/builder/spi-builder-workspace/.swiftpm/xcode -experimental-emit-module-separately -disable-cmo
SwiftDriverJobDiscovery normal arm64 Compiling MultiplexInstrument.swift (in target 'Instrumentation' from project 'swift-distributed-tracing')
SwiftCompile normal arm64 Compiling\ Locks.swift /Users/admin/builder/spi-builder-workspace/.dependencies/checkouts/swift-distributed-tracing/Sources/Instrumentation/Locks.swift (in target 'Instrumentation' from project 'swift-distributed-tracing')
SwiftCompile normal arm64 /Users/admin/builder/spi-builder-workspace/.dependencies/checkouts/swift-distributed-tracing/Sources/Instrumentation/Locks.swift (in target 'Instrumentation' from project 'swift-distributed-tracing')
cd /Users/admin/builder/spi-builder-workspace/.swiftpm/xcode
SwiftMergeGeneratedHeaders /Users/admin/builder/spi-builder-workspace/.derivedData/Build/Intermediates.noindex/GeneratedModuleMaps-xros/Instrumentation-Swift.h /Users/admin/builder/spi-builder-workspace/.derivedData/Build/Intermediates.noindex/swift-distributed-tracing.build/Debug-xros/Instrumentation.build/Objects-normal/arm64/Instrumentation-Swift.h (in target 'Instrumentation' from project 'swift-distributed-tracing')
cd /Users/admin/builder/spi-builder-workspace/.dependencies/checkouts/swift-distributed-tracing
builtin-swiftHeaderTool -arch arm64 /Users/admin/builder/spi-builder-workspace/.derivedData/Build/Intermediates.noindex/swift-distributed-tracing.build/Debug-xros/Instrumentation.build/Objects-normal/arm64/Instrumentation-Swift.h -o /Users/admin/builder/spi-builder-workspace/.derivedData/Build/Intermediates.noindex/GeneratedModuleMaps-xros/Instrumentation-Swift.h
Copy /Users/admin/builder/spi-builder-workspace/.derivedData/Build/Products/Debug-xros/Instrumentation.swiftmodule/arm64-apple-xros.swiftmodule /Users/admin/builder/spi-builder-workspace/.derivedData/Build/Intermediates.noindex/swift-distributed-tracing.build/Debug-xros/Instrumentation.build/Objects-normal/arm64/Instrumentation.swiftmodule (in target 'Instrumentation' from project 'swift-distributed-tracing')
cd /Users/admin/builder/spi-builder-workspace/.dependencies/checkouts/swift-distributed-tracing
builtin-copy -exclude .DS_Store -exclude CVS -exclude .svn -exclude .git -exclude .hg -resolve-src-symlinks -rename /Users/admin/builder/spi-builder-workspace/.derivedData/Build/Intermediates.noindex/swift-distributed-tracing.build/Debug-xros/Instrumentation.build/Objects-normal/arm64/Instrumentation.swiftmodule /Users/admin/builder/spi-builder-workspace/.derivedData/Build/Products/Debug-xros/Instrumentation.swiftmodule/arm64-apple-xros.swiftmodule
Copy /Users/admin/builder/spi-builder-workspace/.derivedData/Build/Products/Debug-xros/Instrumentation.swiftmodule/arm64-apple-xros.swiftdoc /Users/admin/builder/spi-builder-workspace/.derivedData/Build/Intermediates.noindex/swift-distributed-tracing.build/Debug-xros/Instrumentation.build/Objects-normal/arm64/Instrumentation.swiftdoc (in target 'Instrumentation' from project 'swift-distributed-tracing')
cd /Users/admin/builder/spi-builder-workspace/.dependencies/checkouts/swift-distributed-tracing
builtin-copy -exclude .DS_Store -exclude CVS -exclude .svn -exclude .git -exclude .hg -resolve-src-symlinks -rename /Users/admin/builder/spi-builder-workspace/.derivedData/Build/Intermediates.noindex/swift-distributed-tracing.build/Debug-xros/Instrumentation.build/Objects-normal/arm64/Instrumentation.swiftdoc /Users/admin/builder/spi-builder-workspace/.derivedData/Build/Products/Debug-xros/Instrumentation.swiftmodule/arm64-apple-xros.swiftdoc
Copy /Users/admin/builder/spi-builder-workspace/.derivedData/Build/Products/Debug-xros/Instrumentation.swiftmodule/arm64-apple-xros.abi.json /Users/admin/builder/spi-builder-workspace/.derivedData/Build/Intermediates.noindex/swift-distributed-tracing.build/Debug-xros/Instrumentation.build/Objects-normal/arm64/Instrumentation.abi.json (in target 'Instrumentation' from project 'swift-distributed-tracing')
cd /Users/admin/builder/spi-builder-workspace/.dependencies/checkouts/swift-distributed-tracing
builtin-copy -exclude .DS_Store -exclude CVS -exclude .svn -exclude .git -exclude .hg -resolve-src-symlinks -rename /Users/admin/builder/spi-builder-workspace/.derivedData/Build/Intermediates.noindex/swift-distributed-tracing.build/Debug-xros/Instrumentation.build/Objects-normal/arm64/Instrumentation.abi.json /Users/admin/builder/spi-builder-workspace/.derivedData/Build/Products/Debug-xros/Instrumentation.swiftmodule/arm64-apple-xros.abi.json
Copy /Users/admin/builder/spi-builder-workspace/.derivedData/Build/Products/Debug-xros/Instrumentation.swiftmodule/Project/arm64-apple-xros.swiftsourceinfo /Users/admin/builder/spi-builder-workspace/.derivedData/Build/Intermediates.noindex/swift-distributed-tracing.build/Debug-xros/Instrumentation.build/Objects-normal/arm64/Instrumentation.swiftsourceinfo (in target 'Instrumentation' from project 'swift-distributed-tracing')
cd /Users/admin/builder/spi-builder-workspace/.dependencies/checkouts/swift-distributed-tracing
builtin-copy -exclude .DS_Store -exclude CVS -exclude .svn -exclude .git -exclude .hg -resolve-src-symlinks -rename /Users/admin/builder/spi-builder-workspace/.derivedData/Build/Intermediates.noindex/swift-distributed-tracing.build/Debug-xros/Instrumentation.build/Objects-normal/arm64/Instrumentation.swiftsourceinfo /Users/admin/builder/spi-builder-workspace/.derivedData/Build/Products/Debug-xros/Instrumentation.swiftmodule/Project/arm64-apple-xros.swiftsourceinfo
SwiftCompile normal arm64 Compiling\ Instrument.swift /Users/admin/builder/spi-builder-workspace/.dependencies/checkouts/swift-distributed-tracing/Sources/Instrumentation/Instrument.swift (in target 'Instrumentation' from project 'swift-distributed-tracing')
SwiftCompile normal arm64 /Users/admin/builder/spi-builder-workspace/.dependencies/checkouts/swift-distributed-tracing/Sources/Instrumentation/Instrument.swift (in target 'Instrumentation' from project 'swift-distributed-tracing')
cd /Users/admin/builder/spi-builder-workspace/.swiftpm/xcode
SwiftCompile normal arm64 Compiling\ WKTEmpty.swift,\ WKTFieldMask.swift,\ WKTFloatValue.swift,\ WKTInt32Value.swift /Users/admin/builder/spi-builder-workspace/.dependencies/checkouts/swift-google-wkt/Sources/GoogleWKT/WKTEmpty.swift /Users/admin/builder/spi-builder-workspace/.dependencies/checkouts/swift-google-wkt/Sources/GoogleWKT/WKTFieldMask.swift /Users/admin/builder/spi-builder-workspace/.dependencies/checkouts/swift-google-wkt/Sources/GoogleWKT/WKTFloatValue.swift /Users/admin/builder/spi-builder-workspace/.dependencies/checkouts/swift-google-wkt/Sources/GoogleWKT/WKTInt32Value.swift (in target 'GoogleWKT' from project 'GoogleWKT')
SwiftCompile normal arm64 /Users/admin/builder/spi-builder-workspace/.dependencies/checkouts/swift-google-wkt/Sources/GoogleWKT/WKTEmpty.swift (in target 'GoogleWKT' from project 'GoogleWKT')
cd /Users/admin/builder/spi-builder-workspace/.swiftpm/xcode
SwiftCompile normal arm64 /Users/admin/builder/spi-builder-workspace/.dependencies/checkouts/swift-google-wkt/Sources/GoogleWKT/WKTFieldMask.swift (in target 'GoogleWKT' from project 'GoogleWKT')
cd /Users/admin/builder/spi-builder-workspace/.swiftpm/xcode
SwiftCompile normal arm64 /Users/admin/builder/spi-builder-workspace/.dependencies/checkouts/swift-google-wkt/Sources/GoogleWKT/WKTFloatValue.swift (in target 'GoogleWKT' from project 'GoogleWKT')
cd /Users/admin/builder/spi-builder-workspace/.swiftpm/xcode
SwiftCompile normal arm64 /Users/admin/builder/spi-builder-workspace/.dependencies/checkouts/swift-google-wkt/Sources/GoogleWKT/WKTInt32Value.swift (in target 'GoogleWKT' from project 'GoogleWKT')
cd /Users/admin/builder/spi-builder-workspace/.swiftpm/xcode
SwiftCompile normal arm64 Compiling\ ProtoJSONEncoder.swift,\ UnknownFields.swift,\ WKTAny.swift,\ WKTAnyError.swift /Users/admin/builder/spi-builder-workspace/.dependencies/checkouts/swift-google-wkt/Sources/GoogleWKT/ProtoJSONEncoder.swift /Users/admin/builder/spi-builder-workspace/.dependencies/checkouts/swift-google-wkt/Sources/GoogleWKT/UnknownFields.swift /Users/admin/builder/spi-builder-workspace/.dependencies/checkouts/swift-google-wkt/Sources/GoogleWKT/WKTAny.swift /Users/admin/builder/spi-builder-workspace/.dependencies/checkouts/swift-google-wkt/Sources/GoogleWKT/WKTAnyError.swift (in target 'GoogleWKT' from project 'GoogleWKT')
SwiftCompile normal arm64 /Users/admin/builder/spi-builder-workspace/.dependencies/checkouts/swift-google-wkt/Sources/GoogleWKT/ProtoJSONEncoder.swift (in target 'GoogleWKT' from project 'GoogleWKT')
cd /Users/admin/builder/spi-builder-workspace/.swiftpm/xcode
SwiftCompile normal arm64 /Users/admin/builder/spi-builder-workspace/.dependencies/checkouts/swift-google-wkt/Sources/GoogleWKT/UnknownFields.swift (in target 'GoogleWKT' from project 'GoogleWKT')
cd /Users/admin/builder/spi-builder-workspace/.swiftpm/xcode
SwiftCompile normal arm64 /Users/admin/builder/spi-builder-workspace/.dependencies/checkouts/swift-google-wkt/Sources/GoogleWKT/WKTAny.swift (in target 'GoogleWKT' from project 'GoogleWKT')
cd /Users/admin/builder/spi-builder-workspace/.swiftpm/xcode
SwiftCompile normal arm64 /Users/admin/builder/spi-builder-workspace/.dependencies/checkouts/swift-google-wkt/Sources/GoogleWKT/WKTAnyError.swift (in target 'GoogleWKT' from project 'GoogleWKT')
cd /Users/admin/builder/spi-builder-workspace/.swiftpm/xcode
SwiftDriverJobDiscovery normal arm64 Compiling InstrumentationSystem.swift (in target 'Instrumentation' from project 'swift-distributed-tracing')
SwiftCompile normal arm64 Compiling\ WKTTimestamp.swift,\ WKTUInt32Value.swift,\ WKTUInt64Value.swift /Users/admin/builder/spi-builder-workspace/.dependencies/checkouts/swift-google-wkt/Sources/GoogleWKT/WKTTimestamp.swift /Users/admin/builder/spi-builder-workspace/.dependencies/checkouts/swift-google-wkt/Sources/GoogleWKT/WKTUInt32Value.swift /Users/admin/builder/spi-builder-workspace/.dependencies/checkouts/swift-google-wkt/Sources/GoogleWKT/WKTUInt64Value.swift (in target 'GoogleWKT' from project 'GoogleWKT')
SwiftCompile normal arm64 /Users/admin/builder/spi-builder-workspace/.dependencies/checkouts/swift-google-wkt/Sources/GoogleWKT/WKTTimestamp.swift (in target 'GoogleWKT' from project 'GoogleWKT')
cd /Users/admin/builder/spi-builder-workspace/.swiftpm/xcode
SwiftCompile normal arm64 /Users/admin/builder/spi-builder-workspace/.dependencies/checkouts/swift-google-wkt/Sources/GoogleWKT/WKTUInt32Value.swift (in target 'GoogleWKT' from project 'GoogleWKT')
cd /Users/admin/builder/spi-builder-workspace/.swiftpm/xcode
SwiftCompile normal arm64 /Users/admin/builder/spi-builder-workspace/.dependencies/checkouts/swift-google-wkt/Sources/GoogleWKT/WKTUInt64Value.swift (in target 'GoogleWKT' from project 'GoogleWKT')
cd /Users/admin/builder/spi-builder-workspace/.swiftpm/xcode
SwiftCompile normal arm64 Compiling\ WKTValue.swift,\ WKTApi.swift,\ WKTEnum.swift /Users/admin/builder/spi-builder-workspace/.dependencies/checkouts/swift-google-wkt/Sources/GoogleWKT/WKTValue.swift /Users/admin/builder/spi-builder-workspace/.dependencies/checkouts/swift-google-wkt/Sources/GoogleWKT/generated/messages/WKTApi.swift /Users/admin/builder/spi-builder-workspace/.dependencies/checkouts/swift-google-wkt/Sources/GoogleWKT/generated/messages/WKTEnum.swift (in target 'GoogleWKT' from project 'GoogleWKT')
SwiftCompile normal arm64 /Users/admin/builder/spi-builder-workspace/.dependencies/checkouts/swift-google-wkt/Sources/GoogleWKT/WKTValue.swift (in target 'GoogleWKT' from project 'GoogleWKT')
cd /Users/admin/builder/spi-builder-workspace/.swiftpm/xcode
SwiftCompile normal arm64 /Users/admin/builder/spi-builder-workspace/.dependencies/checkouts/swift-google-wkt/Sources/GoogleWKT/generated/messages/WKTApi.swift (in target 'GoogleWKT' from project 'GoogleWKT')
cd /Users/admin/builder/spi-builder-workspace/.swiftpm/xcode
SwiftCompile normal arm64 /Users/admin/builder/spi-builder-workspace/.dependencies/checkouts/swift-google-wkt/Sources/GoogleWKT/generated/messages/WKTEnum.swift (in target 'GoogleWKT' from project 'GoogleWKT')
cd /Users/admin/builder/spi-builder-workspace/.swiftpm/xcode
SwiftEmitModule normal arm64 Emitting\ module\ for\ CryptoExtras (in target 'CryptoExtras' from project 'swift-crypto')
EmitSwiftModule normal arm64 (in target 'CryptoExtras' from project 'swift-crypto')
cd /Users/admin/builder/spi-builder-workspace/.swiftpm/xcode
SwiftDriverJobDiscovery normal arm64 Compiling NoOpInstrument.swift (in target 'Instrumentation' from project 'swift-distributed-tracing')
SwiftCompile normal arm64 Compiling\ WKTMixin.swift,\ WKTOption.swift,\ WKTSourceContext.swift /Users/admin/builder/spi-builder-workspace/.dependencies/checkouts/swift-google-wkt/Sources/GoogleWKT/generated/messages/WKTMixin.swift /Users/admin/builder/spi-builder-workspace/.dependencies/checkouts/swift-google-wkt/Sources/GoogleWKT/generated/messages/WKTOption.swift /Users/admin/builder/spi-builder-workspace/.dependencies/checkouts/swift-google-wkt/Sources/GoogleWKT/generated/messages/WKTSourceContext.swift (in target 'GoogleWKT' from project 'GoogleWKT')
SwiftCompile normal arm64 /Users/admin/builder/spi-builder-workspace/.dependencies/checkouts/swift-google-wkt/Sources/GoogleWKT/generated/messages/WKTMixin.swift (in target 'GoogleWKT' from project 'GoogleWKT')
cd /Users/admin/builder/spi-builder-workspace/.swiftpm/xcode
SwiftCompile normal arm64 /Users/admin/builder/spi-builder-workspace/.dependencies/checkouts/swift-google-wkt/Sources/GoogleWKT/generated/messages/WKTOption.swift (in target 'GoogleWKT' from project 'GoogleWKT')
cd /Users/admin/builder/spi-builder-workspace/.swiftpm/xcode
SwiftCompile normal arm64 /Users/admin/builder/spi-builder-workspace/.dependencies/checkouts/swift-google-wkt/Sources/GoogleWKT/generated/messages/WKTSourceContext.swift (in target 'GoogleWKT' from project 'GoogleWKT')
cd /Users/admin/builder/spi-builder-workspace/.swiftpm/xcode
SwiftDriverJobDiscovery normal arm64 Compiling Instrument.swift (in target 'Instrumentation' from project 'swift-distributed-tracing')
SwiftCompile normal arm64 Compiling\ AnyPackable.swift,\ DecodeToDefault.swift,\ DiscoveryBase64.swift,\ ProtoJSONDecoder.swift /Users/admin/builder/spi-builder-workspace/.dependencies/checkouts/swift-google-wkt/Sources/GoogleWKT/AnyPackable.swift /Users/admin/builder/spi-builder-workspace/.dependencies/checkouts/swift-google-wkt/Sources/GoogleWKT/DecodeToDefault.swift /Users/admin/builder/spi-builder-workspace/.dependencies/checkouts/swift-google-wkt/Sources/GoogleWKT/DiscoveryBase64.swift /Users/admin/builder/spi-builder-workspace/.dependencies/checkouts/swift-google-wkt/Sources/GoogleWKT/ProtoJSONDecoder.swift (in target 'GoogleWKT' from project 'GoogleWKT')
SwiftCompile normal arm64 /Users/admin/builder/spi-builder-workspace/.dependencies/checkouts/swift-google-wkt/Sources/GoogleWKT/AnyPackable.swift (in target 'GoogleWKT' from project 'GoogleWKT')
cd /Users/admin/builder/spi-builder-workspace/.swiftpm/xcode
SwiftCompile normal arm64 /Users/admin/builder/spi-builder-workspace/.dependencies/checkouts/swift-google-wkt/Sources/GoogleWKT/DecodeToDefault.swift (in target 'GoogleWKT' from project 'GoogleWKT')
cd /Users/admin/builder/spi-builder-workspace/.swiftpm/xcode
SwiftCompile normal arm64 /Users/admin/builder/spi-builder-workspace/.dependencies/checkouts/swift-google-wkt/Sources/GoogleWKT/DiscoveryBase64.swift (in target 'GoogleWKT' from project 'GoogleWKT')
cd /Users/admin/builder/spi-builder-workspace/.swiftpm/xcode
SwiftCompile normal arm64 /Users/admin/builder/spi-builder-workspace/.dependencies/checkouts/swift-google-wkt/Sources/GoogleWKT/ProtoJSONDecoder.swift (in target 'GoogleWKT' from project 'GoogleWKT')
cd /Users/admin/builder/spi-builder-workspace/.swiftpm/xcode
SwiftDriverJobDiscovery normal arm64 Compiling Locks.swift (in target 'Instrumentation' from project 'swift-distributed-tracing')
SwiftDriver\ Compilation Instrumentation normal arm64 com.apple.xcode.tools.swift.compiler (in target 'Instrumentation' from project 'swift-distributed-tracing')
cd /Users/admin/builder/spi-builder-workspace/.swiftpm/xcode
builtin-Swift-Compilation -- /Applications/Xcode-26.3.0.app/Contents/Developer/Toolchains/XcodeDefault.xctoolchain/usr/bin/swiftc -module-name Instrumentation -Onone -enforce-exclusivity\=checked @/Users/admin/builder/spi-builder-workspace/.derivedData/Build/Intermediates.noindex/swift-distributed-tracing.build/Debug-xros/Instrumentation.build/Objects-normal/arm64/Instrumentation.SwiftFileList -DSWIFT_PACKAGE -DDEBUG -DSWIFT_MODULE_RESOURCE_BUNDLE_UNAVAILABLE -DXcode -enable-experimental-feature StrictConcurrency\=complete -plugin-path /Applications/Xcode-26.3.0.app/Contents/Developer/Toolchains/XcodeDefault.xctoolchain/usr/lib/swift/host/plugins/testing -enable-experimental-feature DebugDescriptionMacro -sdk /Applications/Xcode-26.3.0.app/Contents/Developer/Platforms/XROS.platform/Developer/SDKs/XROS26.2.sdk -target arm64-apple-xros1.0 -g -module-cache-path /Users/admin/builder/spi-builder-workspace/.derivedData/ModuleCache.noindex -Xfrontend -serialize-debugging-options -enable-testing -suppress-warnings -index-store-path /Users/admin/builder/spi-builder-workspace/.derivedData/Index.noindex/DataStore -Xcc -D_LIBCPP_HARDENING_MODE\=_LIBCPP_HARDENING_MODE_DEBUG -swift-version 6 -I /Users/admin/builder/spi-builder-workspace/.derivedData/Build/Products/Debug-xros -Isystem /Applications/Xcode-26.3.0.app/Contents/Developer/Platforms/XROS.platform/Developer/usr/lib -F /Users/admin/builder/spi-builder-workspace/.derivedData/Build/Products/Debug-xros/PackageFrameworks -F /Users/admin/builder/spi-builder-workspace/.derivedData/Build/Products/Debug-xros -F /Applications/Xcode-26.3.0.app/Contents/Developer/Platforms/XROS.platform/Developer/Library/Frameworks -F /Applications/Xcode-26.3.0.app/Contents/Developer/Platforms/XROS.platform/Developer/SDKs/XROS26.2.sdk/Developer/Library/Frameworks -c -j10 -enable-batch-mode -incremental -Xcc -ivfsstatcache -Xcc /Users/admin/builder/spi-builder-workspace/.derivedData/SDKStatCaches.noindex/xros26.2-23N301-dc75598d0054f22ec865fa860f139d72f5e64962d3ee001da1d77d1957dffdab.sdkstatcache -output-file-map /Users/admin/builder/spi-builder-workspace/.derivedData/Build/Intermediates.noindex/swift-distributed-tracing.build/Debug-xros/Instrumentation.build/Objects-normal/arm64/Instrumentation-OutputFileMap.json -use-frontend-parseable-output -save-temps -no-color-diagnostics -explicit-module-build -module-cache-path /Users/admin/builder/spi-builder-workspace/.derivedData/Build/Intermediates.noindex/SwiftExplicitPrecompiledModules -clang-scanner-module-cache-path /Users/admin/builder/spi-builder-workspace/.derivedData/ModuleCache.noindex -sdk-module-cache-path /Users/admin/builder/spi-builder-workspace/.derivedData/ModuleCache.noindex -serialize-diagnostics -emit-dependencies -emit-module -emit-module-path /Users/admin/builder/spi-builder-workspace/.derivedData/Build/Intermediates.noindex/swift-distributed-tracing.build/Debug-xros/Instrumentation.build/Objects-normal/arm64/Instrumentation.swiftmodule -user-module-version 1.5.0 -validate-clang-modules-once -clang-build-session-file /Users/admin/builder/spi-builder-workspace/.derivedData/ModuleCache.noindex/Session.modulevalidation -package-name swift_distributed_tracing -Xcc -I/Users/admin/builder/spi-builder-workspace/.derivedData/Build/Intermediates.noindex/swift-distributed-tracing.build/Debug-xros/Instrumentation.build/swift-overrides.hmap -emit-const-values -Xfrontend -const-gather-protocols-file -Xfrontend /Users/admin/builder/spi-builder-workspace/.derivedData/Build/Intermediates.noindex/swift-distributed-tracing.build/Debug-xros/Instrumentation.build/Objects-normal/arm64/Instrumentation_const_extract_protocols.json -Xcc -I/Users/admin/builder/spi-builder-workspace/.derivedData/Build/Products/Debug-xros/include -Xcc -I/Users/admin/builder/spi-builder-workspace/.derivedData/Build/Intermediates.noindex/swift-distributed-tracing.build/Debug-xros/Instrumentation.build/DerivedSources-normal/arm64 -Xcc -I/Users/admin/builder/spi-builder-workspace/.derivedData/Build/Intermediates.noindex/swift-distributed-tracing.build/Debug-xros/Instrumentation.build/DerivedSources/arm64 -Xcc -I/Users/admin/builder/spi-builder-workspace/.derivedData/Build/Intermediates.noindex/swift-distributed-tracing.build/Debug-xros/Instrumentation.build/DerivedSources -Xcc -DSWIFT_PACKAGE -Xcc -DDEBUG\=1 -emit-objc-header -emit-objc-header-path /Users/admin/builder/spi-builder-workspace/.derivedData/Build/Intermediates.noindex/swift-distributed-tracing.build/Debug-xros/Instrumentation.build/Objects-normal/arm64/Instrumentation-Swift.h -working-directory /Users/admin/builder/spi-builder-workspace/.swiftpm/xcode -experimental-emit-module-separately -disable-cmo
2026-10-11 14:21:12.028 xcodebuild[1918:9361] [MT] IDERunDestination: Supported platforms for the buildables in the current scheme is empty.
** BUILD FAILED **
The following build commands failed:
SwiftEmitModule normal arm64 Emitting\ module\ for\ GoogleWKT (in target 'GoogleWKT' from project 'GoogleWKT')
EmitSwiftModule normal arm64 (in target 'GoogleWKT' from project 'GoogleWKT')
Building workspace spi-builder-workspace with scheme GoogleCloudManagedKafkaSchemaRegistryV1
(3 failures)
Command line invocation:
/Applications/Xcode-26.3.0.app/Contents/Developer/usr/bin/xcodebuild -IDEClonedSourcePackagesDirPathOverride=/Users/admin/builder/spi-builder-workspace/.dependencies -resolvePackageDependencies
Resolve Package Graph
Resolved source packages:
swift-certificates: https://github.com/apple/swift-certificates.git @ 1.21.0
swift-nio-extras: https://github.com/apple/swift-nio-extras.git @ 1.35.1
GoogleApi: https://github.com/googleapis/swift-google-api @ 0.5.0
swift-configuration: https://github.com/apple/swift-configuration.git @ 1.2.2
swift-nio: https://github.com/apple/swift-nio @ 2.104.0
swift-service-context: https://github.com/apple/swift-service-context.git @ 1.3.0
GoogleLongRunning: https://github.com/googleapis/swift-google-longrunning @ 0.5.0
GoogleAuth: https://github.com/googleapis/swift-google-auth @ 0.5.0
swift-collections: https://github.com/apple/swift-collections.git @ 1.7.2
swift-algorithms: https://github.com/apple/swift-algorithms.git @ 1.2.1
swift-nio-http2: https://github.com/apple/swift-nio-http2.git @ 1.46.0
swift-system: https://github.com/apple/swift-system.git @ 1.8.1
GoogleWKT: https://github.com/googleapis/swift-google-wkt @ 0.5.0
jwt-kit: https://github.com/vapor/jwt-kit.git @ 5.7.1
swift-numerics: https://github.com/apple/swift-numerics.git @ 1.1.1
swift-nio-ssl: https://github.com/apple/swift-nio-ssl.git @ 2.37.5
swift-service-lifecycle: https://github.com/swift-server/swift-service-lifecycle @ 2.12.1
GoogleCloudLocation: https://github.com/googleapis/swift-google-cloud-location @ 0.5.0
swift-crypto: https://github.com/apple/swift-crypto.git @ 4.5.2
swift-asn1: https://github.com/apple/swift-asn1.git @ 1.7.3
swift-nio-transport-services: https://github.com/apple/swift-nio-transport-services.git @ 1.28.0
swift-http-structured-headers: https://github.com/apple/swift-http-structured-headers.git @ 1.7.0
swift-atomics: https://github.com/apple/swift-atomics.git @ 1.3.1
GoogleRpc: https://github.com/googleapis/swift-google-rpc @ 0.5.0
swift-distributed-tracing: https://github.com/apple/swift-distributed-tracing.git @ 1.5.0
swift-http-types: https://github.com/apple/swift-http-types.git @ 1.8.0
GoogleCloudManagedKafkaSchemaRegistryV1: /Users/admin/builder/spi-builder-workspace
async-http-client: https://github.com/swift-server/async-http-client.git @ 1.36.2
GoogleGax: https://github.com/googleapis/swift-google-gax @ 0.5.0
swift-extras-base64: https://github.com/swift-extras/swift-extras-base64 @ 1.2.0
swift-async-algorithms: https://github.com/apple/swift-async-algorithms.git @ 1.1.7
swift-log: https://github.com/apple/swift-log @ 1.16.1
resolved source packages: swift-certificates, swift-nio-extras, GoogleApi, swift-configuration, swift-nio, swift-service-context, GoogleLongRunning, GoogleAuth, swift-collections, swift-algorithms, swift-nio-http2, swift-system, GoogleWKT, jwt-kit, swift-numerics, swift-nio-ssl, swift-service-lifecycle, GoogleCloudLocation, swift-crypto, swift-asn1, swift-nio-transport-services, swift-http-structured-headers, swift-atomics, GoogleRpc, swift-distributed-tracing, swift-http-types, GoogleCloudManagedKafkaSchemaRegistryV1, async-http-client, GoogleGax, swift-extras-base64, swift-async-algorithms, swift-log
2026-10-11 14:21:53.268 xcodebuild[4674:15304] [MT] IDERunDestination: Supported platforms for the buildables in the current scheme is empty.
{
"dependencies" : [
{
"identity" : "swift-google-api",
"requirement" : {
"range" : [
{
"lower_bound" : "0.5.0",
"upper_bound" : "1.0.0"
}
]
},
"type" : "sourceControl",
"url" : "https://github.com/googleapis/swift-google-api"
},
{
"identity" : "swift-google-auth",
"requirement" : {
"range" : [
{
"lower_bound" : "0.5.0",
"upper_bound" : "1.0.0"
}
]
},
"type" : "sourceControl",
"url" : "https://github.com/googleapis/swift-google-auth"
},
{
"identity" : "swift-google-cloud-location",
"requirement" : {
"range" : [
{
"lower_bound" : "0.5.0",
"upper_bound" : "1.0.0"
}
]
},
"type" : "sourceControl",
"url" : "https://github.com/googleapis/swift-google-cloud-location"
},
{
"identity" : "swift-google-gax",
"requirement" : {
"range" : [
{
"lower_bound" : "0.5.0",
"upper_bound" : "1.0.0"
}
]
},
"type" : "sourceControl",
"url" : "https://github.com/googleapis/swift-google-gax"
},
{
"identity" : "swift-google-longrunning",
"requirement" : {
"range" : [
{
"lower_bound" : "0.5.0",
"upper_bound" : "1.0.0"
}
]
},
"type" : "sourceControl",
"url" : "https://github.com/googleapis/swift-google-longrunning"
},
{
"identity" : "swift-google-rpc",
"requirement" : {
"range" : [
{
"lower_bound" : "0.5.0",
"upper_bound" : "1.0.0"
}
]
},
"type" : "sourceControl",
"url" : "https://github.com/googleapis/swift-google-rpc"
},
{
"identity" : "swift-google-wkt",
"requirement" : {
"range" : [
{
"lower_bound" : "0.5.0",
"upper_bound" : "1.0.0"
}
]
},
"type" : "sourceControl",
"url" : "https://github.com/googleapis/swift-google-wkt"
},
{
"identity" : "swift-log",
"requirement" : {
"range" : [
{
"lower_bound" : "1.12.0",
"upper_bound" : "2.0.0"
}
]
},
"type" : "sourceControl",
"url" : "https://github.com/apple/swift-log"
}
],
"manifest_display_name" : "GoogleCloudManagedKafkaSchemaRegistryV1",
"name" : "GoogleCloudManagedKafkaSchemaRegistryV1",
"path" : "/Users/admin/builder/spi-builder-workspace",
"platforms" : [
{
"name" : "macos",
"version" : "15.0"
}
],
"products" : [
{
"name" : "GoogleCloudManagedKafkaSchemaRegistryV1",
"targets" : [
"GoogleCloudManagedKafkaSchemaRegistryV1"
],
"type" : {
"library" : [
"automatic"
]
}
},
{
"name" : "ManagedSchemaRegistry_GetVersion",
"targets" : [
"ManagedSchemaRegistry_GetVersion"
],
"type" : {
"snippet" : null
}
},
{
"name" : "ManagedSchemaRegistry_DeleteSchemaConfig",
"targets" : [
"ManagedSchemaRegistry_DeleteSchemaConfig"
],
"type" : {
"snippet" : null
}
},
{
"name" : "ManagedSchemaRegistry_GetRawSchemaVersion",
"targets" : [
"ManagedSchemaRegistry_GetRawSchemaVersion"
],
"type" : {
"snippet" : null
}
},
{
"name" : "ManagedSchemaRegistry_DeleteVersion",
"targets" : [
"ManagedSchemaRegistry_DeleteVersion"
],
"type" : {
"snippet" : null
}
},
{
"name" : "ManagedSchemaRegistry_ListSubjects",
"targets" : [
"ManagedSchemaRegistry_ListSubjects"
],
"type" : {
"snippet" : null
}
},
{
"name" : "ManagedSchemaRegistry_ListSchemaVersions",
"targets" : [
"ManagedSchemaRegistry_ListSchemaVersions"
],
"type" : {
"snippet" : null
}
},
{
"name" : "ManagedSchemaRegistry_UpdateSchemaConfig",
"targets" : [
"ManagedSchemaRegistry_UpdateSchemaConfig"
],
"type" : {
"snippet" : null
}
},
{
"name" : "ManagedSchemaRegistry_GetSchemaConfig",
"targets" : [
"ManagedSchemaRegistry_GetSchemaConfig"
],
"type" : {
"snippet" : null
}
},
{
"name" : "ManagedSchemaRegistry_GetSchemaRegistry",
"targets" : [
"ManagedSchemaRegistry_GetSchemaRegistry"
],
"type" : {
"snippet" : null
}
},
{
"name" : "ManagedSchemaRegistry_GetSchemaMode",
"targets" : [
"ManagedSchemaRegistry_GetSchemaMode"
],
"type" : {
"snippet" : null
}
},
{
"name" : "ManagedSchemaRegistry_GetSchema",
"targets" : [
"ManagedSchemaRegistry_GetSchema"
],
"type" : {
"snippet" : null
}
},
{
"name" : "ManagedSchemaRegistry_ListLocations",
"targets" : [
"ManagedSchemaRegistry_ListLocations"
],
"type" : {
"snippet" : null
}
},
{
"name" : "ManagedSchemaRegistry_DeleteOperation",
"targets" : [
"ManagedSchemaRegistry_DeleteOperation"
],
"type" : {
"snippet" : null
}
},
{
"name" : "ManagedSchemaRegistry_GetLocation",
"targets" : [
"ManagedSchemaRegistry_GetLocation"
],
"type" : {
"snippet" : null
}
},
{
"name" : "ManagedSchemaRegistry_ListContexts",
"targets" : [
"ManagedSchemaRegistry_ListContexts"
],
"type" : {
"snippet" : null
}
},
{
"name" : "ManagedSchemaRegistry_ListSchemaTypes",
"targets" : [
"ManagedSchemaRegistry_ListSchemaTypes"
],
"type" : {
"snippet" : null
}
},
{
"name" : "ManagedSchemaRegistryQuickstart",
"targets" : [
"ManagedSchemaRegistryQuickstart"
],
"type" : {
"snippet" : null
}
},
{
"name" : "ManagedSchemaRegistry_ListVersions",
"targets" : [
"ManagedSchemaRegistry_ListVersions"
],
"type" : {
"snippet" : null
}
},
{
"name" : "ManagedSchemaRegistry_DeleteSchemaRegistry",
"targets" : [
"ManagedSchemaRegistry_DeleteSchemaRegistry"
],
"type" : {
"snippet" : null
}
},
{
"name" : "ManagedSchemaRegistry_CancelOperation",
"targets" : [
"ManagedSchemaRegistry_CancelOperation"
],
"type" : {
"snippet" : null
}
},
{
"name" : "ManagedSchemaRegistry_LookupVersion",
"targets" : [
"ManagedSchemaRegistry_LookupVersion"
],
"type" : {
"snippet" : null
}
},
{
"name" : "ManagedSchemaRegistry_ListSubjectsBySchemaId",
"targets" : [
"ManagedSchemaRegistry_ListSubjectsBySchemaId"
],
"type" : {
"snippet" : null
}
},
{
"name" : "ManagedSchemaRegistry_CheckCompatibility",
"targets" : [
"ManagedSchemaRegistry_CheckCompatibility"
],
"type" : {
"snippet" : null
}
},
{
"name" : "ManagedSchemaRegistry_DeleteSchemaMode",
"targets" : [
"ManagedSchemaRegistry_DeleteSchemaMode"
],
"type" : {
"snippet" : null
}
},
{
"name" : "ManagedSchemaRegistry_CreateVersion",
"targets" : [
"ManagedSchemaRegistry_CreateVersion"
],
"type" : {
"snippet" : null
}
},
{
"name" : "ManagedSchemaRegistry_CreateSchemaRegistry",
"targets" : [
"ManagedSchemaRegistry_CreateSchemaRegistry"
],
"type" : {
"snippet" : null
}
},
{
"name" : "ManagedSchemaRegistry_ListReferencedSchemas",
"targets" : [
"ManagedSchemaRegistry_ListReferencedSchemas"
],
"type" : {
"snippet" : null
}
},
{
"name" : "ManagedSchemaRegistry_GetRawSchema",
"targets" : [
"ManagedSchemaRegistry_GetRawSchema"
],
"type" : {
"snippet" : null
}
},
{
"name" : "ManagedSchemaRegistry_GetContext",
"targets" : [
"ManagedSchemaRegistry_GetContext"
],
"type" : {
"snippet" : null
}
},
{
"name" : "ManagedSchemaRegistry_UpdateSchemaMode",
"targets" : [
"ManagedSchemaRegistry_UpdateSchemaMode"
],
"type" : {
"snippet" : null
}
},
{
"name" : "ManagedSchemaRegistry_ListSchemaRegistries",
"targets" : [
"ManagedSchemaRegistry_ListSchemaRegistries"
],
"type" : {
"snippet" : null
}
},
{
"name" : "ManagedSchemaRegistry_DeleteSubject",
"targets" : [
"ManagedSchemaRegistry_DeleteSubject"
],
"type" : {
"snippet" : null
}
},
{
"name" : "ManagedSchemaRegistry_ListOperations",
"targets" : [
"ManagedSchemaRegistry_ListOperations"
],
"type" : {
"snippet" : null
}
}
],
"targets" : [
{
"c99name" : "GoogleCloudManagedKafkaSchemaRegistryV1",
"module_type" : "SwiftTarget",
"name" : "GoogleCloudManagedKafkaSchemaRegistryV1",
"path" : "Sources/GoogleCloudManagedKafkaSchemaRegistryV1",
"product_dependencies" : [
"GoogleApi",
"GoogleAuth",
"GoogleCloudLocation",
"GoogleGax",
"GoogleLongRunning",
"GoogleRpc",
"GoogleWKT",
"Logging"
],
"product_memberships" : [
"GoogleCloudManagedKafkaSchemaRegistryV1",
"ManagedSchemaRegistry_GetVersion",
"ManagedSchemaRegistry_DeleteSchemaConfig",
"ManagedSchemaRegistry_GetRawSchemaVersion",
"ManagedSchemaRegistry_DeleteVersion",
"ManagedSchemaRegistry_ListSubjects",
"ManagedSchemaRegistry_ListSchemaVersions",
"ManagedSchemaRegistry_UpdateSchemaConfig",
"ManagedSchemaRegistry_GetSchemaConfig",
"ManagedSchemaRegistry_GetSchemaRegistry",
"ManagedSchemaRegistry_GetSchemaMode",
"ManagedSchemaRegistry_GetSchema",
"ManagedSchemaRegistry_ListLocations",
"ManagedSchemaRegistry_DeleteOperation",
"ManagedSchemaRegistry_GetLocation",
"ManagedSchemaRegistry_ListContexts",
"ManagedSchemaRegistry_ListSchemaTypes",
"ManagedSchemaRegistryQuickstart",
"ManagedSchemaRegistry_ListVersions",
"ManagedSchemaRegistry_DeleteSchemaRegistry",
"ManagedSchemaRegistry_CancelOperation",
"ManagedSchemaRegistry_LookupVersion",
"ManagedSchemaRegistry_ListSubjectsBySchemaId",
"ManagedSchemaRegistry_CheckCompatibility",
"ManagedSchemaRegistry_DeleteSchemaMode",
"ManagedSchemaRegistry_CreateVersion",
"ManagedSchemaRegistry_CreateSchemaRegistry",
"ManagedSchemaRegistry_ListReferencedSchemas",
"ManagedSchemaRegistry_GetRawSchema",
"ManagedSchemaRegistry_GetContext",
"ManagedSchemaRegistry_UpdateSchemaMode",
"ManagedSchemaRegistry_ListSchemaRegistries",
"ManagedSchemaRegistry_DeleteSubject",
"ManagedSchemaRegistry_ListOperations"
],
"sources" : [
"CheckCompatibilityRequest.swift",
"CheckCompatibilityResponse.swift",
"Clients.swift",
"Context.swift",
"CreateSchemaRegistryRequest.swift",
"CreateVersionRequest.swift",
"CreateVersionResponse.swift",
"DeleteSchemaConfigRequest.swift",
"DeleteSchemaModeRequest.swift",
"DeleteSchemaRegistryRequest.swift",
"DeleteSubjectRequest.swift",
"DeleteVersionRequest.swift",
"GetContextRequest.swift",
"GetSchemaConfigRequest.swift",
"GetSchemaModeRequest.swift",
"GetSchemaRegistryRequest.swift",
"GetSchemaRequest.swift",
"GetVersionRequest.swift",
"ListContextsRequest.swift",
"ListReferencedSchemasRequest.swift",
"ListSchemaRegistriesRequest.swift",
"ListSchemaRegistriesResponse.swift",
"ListSchemaTypesRequest.swift",
"ListSchemaVersionsRequest.swift",
"ListSubjectsBySchemaIdRequest.swift",
"ListSubjectsRequest.swift",
"ListVersionsRequest.swift",
"LookupVersionRequest.swift",
"ManagedSchemaRegistry+Logging.swift",
"ManagedSchemaRegistry+Retry.swift",
"ManagedSchemaRegistry+Stub.swift",
"ManagedSchemaRegistry+Transport.swift",
"ManagedSchemaRegistry.swift",
"Schema.swift",
"SchemaConfig.swift",
"SchemaMode.swift",
"SchemaRegistry.swift",
"SchemaSubject.swift",
"SchemaVersion.swift",
"UpdateSchemaConfigRequest.swift",
"UpdateSchemaModeRequest.swift"
],
"type" : "library"
},
{
"c99name" : "ManagedSchemaRegistry_GetVersion",
"module_type" : "SwiftTarget",
"name" : "ManagedSchemaRegistry_GetVersion",
"path" : "Snippets",
"product_memberships" : [
"ManagedSchemaRegistry_GetVersion"
],
"sources" : [
"ManagedSchemaRegistry_GetVersion.swift"
],
"target_dependencies" : [
"GoogleCloudManagedKafkaSchemaRegistryV1"
],
"type" : "snippet"
},
{
"c99name" : "ManagedSchemaRegistry_DeleteSchemaConfig",
"module_type" : "SwiftTarget",
"name" : "ManagedSchemaRegistry_DeleteSchemaConfig",
"path" : "Snippets",
"product_memberships" : [
"ManagedSchemaRegistry_DeleteSchemaConfig"
],
"sources" : [
"ManagedSchemaRegistry_DeleteSchemaConfig.swift"
],
"target_dependencies" : [
"GoogleCloudManagedKafkaSchemaRegistryV1"
],
"type" : "snippet"
},
{
"c99name" : "ManagedSchemaRegistry_GetRawSchemaVersion",
"module_type" : "SwiftTarget",
"name" : "ManagedSchemaRegistry_GetRawSchemaVersion",
"path" : "Snippets",
"product_memberships" : [
"ManagedSchemaRegistry_GetRawSchemaVersion"
],
"sources" : [
"ManagedSchemaRegistry_GetRawSchemaVersion.swift"
],
"target_dependencies" : [
"GoogleCloudManagedKafkaSchemaRegistryV1"
],
"type" : "snippet"
},
{
"c99name" : "ManagedSchemaRegistry_DeleteVersion",
"module_type" : "SwiftTarget",
"name" : "ManagedSchemaRegistry_DeleteVersion",
"path" : "Snippets",
"product_memberships" : [
"ManagedSchemaRegistry_DeleteVersion"
],
"sources" : [
"ManagedSchemaRegistry_DeleteVersion.swift"
],
"target_dependencies" : [
"GoogleCloudManagedKafkaSchemaRegistryV1"
],
"type" : "snippet"
},
{
"c99name" : "ManagedSchemaRegistry_ListSubjects",
"module_type" : "SwiftTarget",
"name" : "ManagedSchemaRegistry_ListSubjects",
"path" : "Snippets",
"product_memberships" : [
"ManagedSchemaRegistry_ListSubjects"
],
"sources" : [
"ManagedSchemaRegistry_ListSubjects.swift"
],
"target_dependencies" : [
"GoogleCloudManagedKafkaSchemaRegistryV1"
],
"type" : "snippet"
},
{
"c99name" : "ManagedSchemaRegistry_ListSchemaVersions",
"module_type" : "SwiftTarget",
"name" : "ManagedSchemaRegistry_ListSchemaVersions",
"path" : "Snippets",
"product_memberships" : [
"ManagedSchemaRegistry_ListSchemaVersions"
],
"sources" : [
"ManagedSchemaRegistry_ListSchemaVersions.swift"
],
"target_dependencies" : [
"GoogleCloudManagedKafkaSchemaRegistryV1"
],
"type" : "snippet"
},
{
"c99name" : "ManagedSchemaRegistry_UpdateSchemaConfig",
"module_type" : "SwiftTarget",
"name" : "ManagedSchemaRegistry_UpdateSchemaConfig",
"path" : "Snippets",
"product_memberships" : [
"ManagedSchemaRegistry_UpdateSchemaConfig"
],
"sources" : [
"ManagedSchemaRegistry_UpdateSchemaConfig.swift"
],
"target_dependencies" : [
"GoogleCloudManagedKafkaSchemaRegistryV1"
],
"type" : "snippet"
},
{
"c99name" : "ManagedSchemaRegistry_GetSchemaConfig",
"module_type" : "SwiftTarget",
"name" : "ManagedSchemaRegistry_GetSchemaConfig",
"path" : "Snippets",
"product_memberships" : [
"ManagedSchemaRegistry_GetSchemaConfig"
],
"sources" : [
"ManagedSchemaRegistry_GetSchemaConfig.swift"
],
"target_dependencies" : [
"GoogleCloudManagedKafkaSchemaRegistryV1"
],
"type" : "snippet"
},
{
"c99name" : "ManagedSchemaRegistry_GetSchemaRegistry",
"module_type" : "SwiftTarget",
"name" : "ManagedSchemaRegistry_GetSchemaRegistry",
"path" : "Snippets",
"product_memberships" : [
"ManagedSchemaRegistry_GetSchemaRegistry"
],
"sources" : [
"ManagedSchemaRegistry_GetSchemaRegistry.swift"
],
"target_dependencies" : [
"GoogleCloudManagedKafkaSchemaRegistryV1"
],
"type" : "snippet"
},
{
"c99name" : "ManagedSchemaRegistry_GetSchemaMode",
"module_type" : "SwiftTarget",
"name" : "ManagedSchemaRegistry_GetSchemaMode",
"path" : "Snippets",
"product_memberships" : [
"ManagedSchemaRegistry_GetSchemaMode"
],
"sources" : [
"ManagedSchemaRegistry_GetSchemaMode.swift"
],
"target_dependencies" : [
"GoogleCloudManagedKafkaSchemaRegistryV1"
],
"type" : "snippet"
},
{
"c99name" : "ManagedSchemaRegistry_GetSchema",
"module_type" : "SwiftTarget",
"name" : "ManagedSchemaRegistry_GetSchema",
"path" : "Snippets",
"product_memberships" : [
"ManagedSchemaRegistry_GetSchema"
],
"sources" : [
"ManagedSchemaRegistry_GetSchema.swift"
],
"target_dependencies" : [
"GoogleCloudManagedKafkaSchemaRegistryV1"
],
"type" : "snippet"
},
{
"c99name" : "ManagedSchemaRegistry_ListLocations",
"module_type" : "SwiftTarget",
"name" : "ManagedSchemaRegistry_ListLocations",
"path" : "Snippets",
"product_memberships" : [
"ManagedSchemaRegistry_ListLocations"
],
"sources" : [
"ManagedSchemaRegistry_ListLocations.swift"
],
"target_dependencies" : [
"GoogleCloudManagedKafkaSchemaRegistryV1"
],
"type" : "snippet"
},
{
"c99name" : "ManagedSchemaRegistry_DeleteOperation",
"module_type" : "SwiftTarget",
"name" : "ManagedSchemaRegistry_DeleteOperation",
"path" : "Snippets",
"product_memberships" : [
"ManagedSchemaRegistry_DeleteOperation"
],
"sources" : [
"ManagedSchemaRegistry_DeleteOperation.swift"
],
"target_dependencies" : [
"GoogleCloudManagedKafkaSchemaRegistryV1"
],
"type" : "snippet"
},
{
"c99name" : "ManagedSchemaRegistry_GetLocation",
"module_type" : "SwiftTarget",
"name" : "ManagedSchemaRegistry_GetLocation",
"path" : "Snippets",
"product_memberships" : [
"ManagedSchemaRegistry_GetLocation"
],
"sources" : [
"ManagedSchemaRegistry_GetLocation.swift"
],
"target_dependencies" : [
"GoogleCloudManagedKafkaSchemaRegistryV1"
],
"type" : "snippet"
},
{
"c99name" : "ManagedSchemaRegistry_ListContexts",
"module_type" : "SwiftTarget",
"name" : "ManagedSchemaRegistry_ListContexts",
"path" : "Snippets",
"product_memberships" : [
"ManagedSchemaRegistry_ListContexts"
],
"sources" : [
"ManagedSchemaRegistry_ListContexts.swift"
],
"target_dependencies" : [
"GoogleCloudManagedKafkaSchemaRegistryV1"
],
"type" : "snippet"
},
{
"c99name" : "ManagedSchemaRegistry_ListSchemaTypes",
"module_type" : "SwiftTarget",
"name" : "ManagedSchemaRegistry_ListSchemaTypes",
"path" : "Snippets",
"product_memberships" : [
"ManagedSchemaRegistry_ListSchemaTypes"
],
"sources" : [
"ManagedSchemaRegistry_ListSchemaTypes.swift"
],
"target_dependencies" : [
"GoogleCloudManagedKafkaSchemaRegistryV1"
],
"type" : "snippet"
},
{
"c99name" : "ManagedSchemaRegistryQuickstart",
"module_type" : "SwiftTarget",
"name" : "ManagedSchemaRegistryQuickstart",
"path" : "Snippets",
"product_memberships" : [
"ManagedSchemaRegistryQuickstart"
],
"sources" : [
"ManagedSchemaRegistryQuickstart.swift"
],
"target_dependencies" : [
"GoogleCloudManagedKafkaSchemaRegistryV1"
],
"type" : "snippet"
},
{
"c99name" : "ManagedSchemaRegistry_ListVersions",
"module_type" : "SwiftTarget",
"name" : "ManagedSchemaRegistry_ListVersions",
"path" : "Snippets",
"product_memberships" : [
"ManagedSchemaRegistry_ListVersions"
],
"sources" : [
"ManagedSchemaRegistry_ListVersions.swift"
],
"target_dependencies" : [
"GoogleCloudManagedKafkaSchemaRegistryV1"
],
"type" : "snippet"
},
{
"c99name" : "ManagedSchemaRegistry_DeleteSchemaRegistry",
"module_type" : "SwiftTarget",
"name" : "ManagedSchemaRegistry_DeleteSchemaRegistry",
"path" : "Snippets",
"product_memberships" : [
"ManagedSchemaRegistry_DeleteSchemaRegistry"
],
"sources" : [
"ManagedSchemaRegistry_DeleteSchemaRegistry.swift"
],
"target_dependencies" : [
"GoogleCloudManagedKafkaSchemaRegistryV1"
],
"type" : "snippet"
},
{
"c99name" : "ManagedSchemaRegistry_CancelOperation",
"module_type" : "SwiftTarget",
"name" : "ManagedSchemaRegistry_CancelOperation",
"path" : "Snippets",
"product_memberships" : [
"ManagedSchemaRegistry_CancelOperation"
],
"sources" : [
"ManagedSchemaRegistry_CancelOperation.swift"
],
"target_dependencies" : [
"GoogleCloudManagedKafkaSchemaRegistryV1"
],
"type" : "snippet"
},
{
"c99name" : "ManagedSchemaRegistry_LookupVersion",
"module_type" : "SwiftTarget",
"name" : "ManagedSchemaRegistry_LookupVersion",
"path" : "Snippets",
"product_memberships" : [
"ManagedSchemaRegistry_LookupVersion"
],
"sources" : [
"ManagedSchemaRegistry_LookupVersion.swift"
],
"target_dependencies" : [
"GoogleCloudManagedKafkaSchemaRegistryV1"
],
"type" : "snippet"
},
{
"c99name" : "ManagedSchemaRegistry_ListSubjectsBySchemaId",
"module_type" : "SwiftTarget",
"name" : "ManagedSchemaRegistry_ListSubjectsBySchemaId",
"path" : "Snippets",
"product_memberships" : [
"ManagedSchemaRegistry_ListSubjectsBySchemaId"
],
"sources" : [
"ManagedSchemaRegistry_ListSubjectsBySchemaId.swift"
],
"target_dependencies" : [
"GoogleCloudManagedKafkaSchemaRegistryV1"
],
"type" : "snippet"
},
{
"c99name" : "ManagedSchemaRegistry_CheckCompatibility",
"module_type" : "SwiftTarget",
"name" : "ManagedSchemaRegistry_CheckCompatibility",
"path" : "Snippets",
"product_memberships" : [
"ManagedSchemaRegistry_CheckCompatibility"
],
"sources" : [
"ManagedSchemaRegistry_CheckCompatibility.swift"
],
"target_dependencies" : [
"GoogleCloudManagedKafkaSchemaRegistryV1"
],
"type" : "snippet"
},
{
"c99name" : "ManagedSchemaRegistry_DeleteSchemaMode",
"module_type" : "SwiftTarget",
"name" : "ManagedSchemaRegistry_DeleteSchemaMode",
"path" : "Snippets",
"product_memberships" : [
"ManagedSchemaRegistry_DeleteSchemaMode"
],
"sources" : [
"ManagedSchemaRegistry_DeleteSchemaMode.swift"
],
"target_dependencies" : [
"GoogleCloudManagedKafkaSchemaRegistryV1"
],
"type" : "snippet"
},
{
"c99name" : "ManagedSchemaRegistry_CreateVersion",
"module_type" : "SwiftTarget",
"name" : "ManagedSchemaRegistry_CreateVersion",
"path" : "Snippets",
"product_memberships" : [
"ManagedSchemaRegistry_CreateVersion"
],
"sources" : [
"ManagedSchemaRegistry_CreateVersion.swift"
],
"target_dependencies" : [
"GoogleCloudManagedKafkaSchemaRegistryV1"
],
"type" : "snippet"
},
{
"c99name" : "ManagedSchemaRegistry_CreateSchemaRegistry",
"module_type" : "SwiftTarget",
"name" : "ManagedSchemaRegistry_CreateSchemaRegistry",
"path" : "Snippets",
"product_memberships" : [
"ManagedSchemaRegistry_CreateSchemaRegistry"
],
"sources" : [
"ManagedSchemaRegistry_CreateSchemaRegistry.swift"
],
"target_dependencies" : [
"GoogleCloudManagedKafkaSchemaRegistryV1"
],
"type" : "snippet"
},
{
"c99name" : "ManagedSchemaRegistry_ListReferencedSchemas",
"module_type" : "SwiftTarget",
"name" : "ManagedSchemaRegistry_ListReferencedSchemas",
"path" : "Snippets",
"product_memberships" : [
"ManagedSchemaRegistry_ListReferencedSchemas"
],
"sources" : [
"ManagedSchemaRegistry_ListReferencedSchemas.swift"
],
"target_dependencies" : [
"GoogleCloudManagedKafkaSchemaRegistryV1"
],
"type" : "snippet"
},
{
"c99name" : "ManagedSchemaRegistry_GetRawSchema",
"module_type" : "SwiftTarget",
"name" : "ManagedSchemaRegistry_GetRawSchema",
"path" : "Snippets",
"product_memberships" : [
"ManagedSchemaRegistry_GetRawSchema"
],
"sources" : [
"ManagedSchemaRegistry_GetRawSchema.swift"
],
"target_dependencies" : [
"GoogleCloudManagedKafkaSchemaRegistryV1"
],
"type" : "snippet"
},
{
"c99name" : "ManagedSchemaRegistry_GetContext",
"module_type" : "SwiftTarget",
"name" : "ManagedSchemaRegistry_GetContext",
"path" : "Snippets",
"product_memberships" : [
"ManagedSchemaRegistry_GetContext"
],
"sources" : [
"ManagedSchemaRegistry_GetContext.swift"
],
"target_dependencies" : [
"GoogleCloudManagedKafkaSchemaRegistryV1"
],
"type" : "snippet"
},
{
"c99name" : "ManagedSchemaRegistry_UpdateSchemaMode",
"module_type" : "SwiftTarget",
"name" : "ManagedSchemaRegistry_UpdateSchemaMode",
"path" : "Snippets",
"product_memberships" : [
"ManagedSchemaRegistry_UpdateSchemaMode"
],
"sources" : [
"ManagedSchemaRegistry_UpdateSchemaMode.swift"
],
"target_dependencies" : [
"GoogleCloudManagedKafkaSchemaRegistryV1"
],
"type" : "snippet"
},
{
"c99name" : "ManagedSchemaRegistry_ListSchemaRegistries",
"module_type" : "SwiftTarget",
"name" : "ManagedSchemaRegistry_ListSchemaRegistries",
"path" : "Snippets",
"product_memberships" : [
"ManagedSchemaRegistry_ListSchemaRegistries"
],
"sources" : [
"ManagedSchemaRegistry_ListSchemaRegistries.swift"
],
"target_dependencies" : [
"GoogleCloudManagedKafkaSchemaRegistryV1"
],
"type" : "snippet"
},
{
"c99name" : "ManagedSchemaRegistry_DeleteSubject",
"module_type" : "SwiftTarget",
"name" : "ManagedSchemaRegistry_DeleteSubject",
"path" : "Snippets",
"product_memberships" : [
"ManagedSchemaRegistry_DeleteSubject"
],
"sources" : [
"ManagedSchemaRegistry_DeleteSubject.swift"
],
"target_dependencies" : [
"GoogleCloudManagedKafkaSchemaRegistryV1"
],
"type" : "snippet"
},
{
"c99name" : "ManagedSchemaRegistry_ListOperations",
"module_type" : "SwiftTarget",
"name" : "ManagedSchemaRegistry_ListOperations",
"path" : "Snippets",
"product_memberships" : [
"ManagedSchemaRegistry_ListOperations"
],
"sources" : [
"ManagedSchemaRegistry_ListOperations.swift"
],
"target_dependencies" : [
"GoogleCloudManagedKafkaSchemaRegistryV1"
],
"type" : "snippet"
}
],
"tools_version" : "6.2"
}
{
"workspace" : {
"name" : "spi-builder-workspace",
"schemes" : [
"GoogleCloudManagedKafkaSchemaRegistryV1"
]
}
}
2026-10-11 14:21:55.776 xcodebuild[4775:15657] [MT] IDERunDestination: Supported platforms for the buildables in the current scheme is empty.
Running build ...
env DEVELOPER_DIR=/Applications/Xcode-26.3.0.app xcrun xcodebuild -IDEClonedSourcePackagesDirPathOverride=$PWD/.dependencies -skipMacroValidation -skipPackagePluginValidation -derivedDataPath $PWD/.derivedData build -scheme GoogleCloudManagedKafkaSchemaRegistryV1 -destination generic/platform=xrOS
Command line invocation:
/Applications/Xcode-26.3.0.app/Contents/Developer/usr/bin/xcodebuild -IDEClonedSourcePackagesDirPathOverride=/Users/admin/builder/spi-builder-workspace/.dependencies -skipMacroValidation -skipPackagePluginValidation -derivedDataPath /Users/admin/builder/spi-builder-workspace/.derivedData build -scheme GoogleCloudManagedKafkaSchemaRegistryV1 -destination generic/platform=xrOS
Resolve Package Graph
Resolved source packages:
swift-nio-extras: https://github.com/apple/swift-nio-extras.git @ 1.35.1
swift-atomics: https://github.com/apple/swift-atomics.git @ 1.3.1
jwt-kit: https://github.com/vapor/jwt-kit.git @ 5.7.1
swift-asn1: https://github.com/apple/swift-asn1.git @ 1.7.3
GoogleApi: https://github.com/googleapis/swift-google-api @ 0.5.0
swift-certificates: https://github.com/apple/swift-certificates.git @ 1.21.0
swift-crypto: https://github.com/apple/swift-crypto.git @ 4.5.2
swift-numerics: https://github.com/apple/swift-numerics.git @ 1.1.1
async-http-client: https://github.com/swift-server/async-http-client.git @ 1.36.2
GoogleCloudManagedKafkaSchemaRegistryV1: /Users/admin/builder/spi-builder-workspace
swift-http-types: https://github.com/apple/swift-http-types.git @ 1.8.0
swift-nio-http2: https://github.com/apple/swift-nio-http2.git @ 1.46.0
swift-service-lifecycle: https://github.com/swift-server/swift-service-lifecycle @ 2.12.1
swift-extras-base64: https://github.com/swift-extras/swift-extras-base64 @ 1.2.0
swift-distributed-tracing: https://github.com/apple/swift-distributed-tracing.git @ 1.5.0
swift-collections: https://github.com/apple/swift-collections.git @ 1.7.2
swift-async-algorithms: https://github.com/apple/swift-async-algorithms.git @ 1.1.7
swift-configuration: https://github.com/apple/swift-configuration.git @ 1.2.2
swift-http-structured-headers: https://github.com/apple/swift-http-structured-headers.git @ 1.7.0
swift-system: https://github.com/apple/swift-system.git @ 1.8.1
GoogleWKT: https://github.com/googleapis/swift-google-wkt @ 0.5.0
GoogleAuth: https://github.com/googleapis/swift-google-auth @ 0.5.0
swift-log: https://github.com/apple/swift-log @ 1.16.1
swift-algorithms: https://github.com/apple/swift-algorithms.git @ 1.2.1
swift-nio-ssl: https://github.com/apple/swift-nio-ssl.git @ 2.37.5
swift-nio-transport-services: https://github.com/apple/swift-nio-transport-services.git @ 1.28.0
GoogleGax: https://github.com/googleapis/swift-google-gax @ 0.5.0
GoogleCloudLocation: https://github.com/googleapis/swift-google-cloud-location @ 0.5.0
swift-nio: https://github.com/apple/swift-nio @ 2.104.0
GoogleRpc: https://github.com/googleapis/swift-google-rpc @ 0.5.0
swift-service-context: https://github.com/apple/swift-service-context.git @ 1.3.0
GoogleLongRunning: https://github.com/googleapis/swift-google-longrunning @ 0.5.0
ComputePackagePrebuildTargetDependencyGraph
Prepare packages
CreateBuildRequest
SendProjectDescription
CreateBuildOperation
ComputeTargetDependencyGraph
note: Building targets in dependency order
note: Target dependency graph (110 targets)
Target 'GoogleCloudManagedKafkaSchemaRegistryV1' in project 'GoogleCloudManagedKafkaSchemaRegistryV1'
➜ Explicit dependency on target 'GoogleCloudManagedKafkaSchemaRegistryV1' in project 'GoogleCloudManagedKafkaSchemaRegistryV1'
➜ Explicit dependency on target 'GoogleApi' in project 'GoogleApi'
➜ Explicit dependency on target 'GoogleAuth' in project 'GoogleAuth'
➜ Explicit dependency on target 'GoogleCloudLocation' in project 'GoogleCloudLocation'
➜ Explicit dependency on target 'GoogleGax' in project 'GoogleGax'
➜ Explicit dependency on target 'GoogleLongRunning' in project 'GoogleLongRunning'
➜ Explicit dependency on target 'GoogleRpc' in project 'GoogleRpc'
➜ Explicit dependency on target 'GoogleWKT' in project 'GoogleWKT'
➜ Explicit dependency on target 'Logging' in project 'swift-log'
Target 'GoogleCloudManagedKafkaSchemaRegistryV1' in project 'GoogleCloudManagedKafkaSchemaRegistryV1'
➜ Explicit dependency on target 'GoogleApi' in project 'GoogleApi'
➜ Explicit dependency on target 'GoogleAuth' in project 'GoogleAuth'
➜ Explicit dependency on target 'GoogleCloudLocation' in project 'GoogleCloudLocation'
➜ Explicit dependency on target 'GoogleGax' in project 'GoogleGax'
➜ Explicit dependency on target 'GoogleLongRunning' in project 'GoogleLongRunning'
➜ Explicit dependency on target 'GoogleRpc' in project 'GoogleRpc'
➜ Explicit dependency on target 'GoogleWKT' in project 'GoogleWKT'
➜ Explicit dependency on target 'Logging' in project 'swift-log'
Target 'GoogleLongRunning' in project 'GoogleLongRunning'
➜ Explicit dependency on target 'GoogleLongRunning' in project 'GoogleLongRunning'
➜ Explicit dependency on target 'GoogleAuth' in project 'GoogleAuth'
➜ Explicit dependency on target 'GoogleGax' in project 'GoogleGax'
➜ Explicit dependency on target 'GoogleRpc' in project 'GoogleRpc'
➜ Explicit dependency on target 'GoogleWKT' in project 'GoogleWKT'
➜ Explicit dependency on target 'Logging' in project 'swift-log'
Target 'GoogleLongRunning' in project 'GoogleLongRunning'
➜ Explicit dependency on target 'GoogleAuth' in project 'GoogleAuth'
➜ Explicit dependency on target 'GoogleGax' in project 'GoogleGax'
➜ Explicit dependency on target 'GoogleRpc' in project 'GoogleRpc'
➜ Explicit dependency on target 'GoogleWKT' in project 'GoogleWKT'
➜ Explicit dependency on target 'Logging' in project 'swift-log'
Target 'GoogleCloudLocation' in project 'GoogleCloudLocation'
➜ Explicit dependency on target 'GoogleCloudLocation' in project 'GoogleCloudLocation'
➜ Explicit dependency on target 'GoogleAuth' in project 'GoogleAuth'
➜ Explicit dependency on target 'GoogleGax' in project 'GoogleGax'
➜ Explicit dependency on target 'GoogleWKT' in project 'GoogleWKT'
➜ Explicit dependency on target 'Logging' in project 'swift-log'
Target 'GoogleCloudLocation' in project 'GoogleCloudLocation'
➜ Explicit dependency on target 'GoogleAuth' in project 'GoogleAuth'
➜ Explicit dependency on target 'GoogleGax' in project 'GoogleGax'
➜ Explicit dependency on target 'GoogleWKT' in project 'GoogleWKT'
➜ Explicit dependency on target 'Logging' in project 'swift-log'
Target 'GoogleGax' in project 'GoogleGax'
➜ Explicit dependency on target 'GoogleGax' in project 'GoogleGax'
➜ Explicit dependency on target 'CGoogleGaxCRC32C' in project 'GoogleGax'
➜ Explicit dependency on target 'AsyncHTTPClient' in project 'async-http-client'
➜ Explicit dependency on target 'GoogleAuth' in project 'GoogleAuth'
➜ Explicit dependency on target 'GoogleWKT' in project 'GoogleWKT'
➜ Explicit dependency on target 'GoogleRpc' in project 'GoogleRpc'
➜ Explicit dependency on target 'Logging' in project 'swift-log'
➜ Explicit dependency on target 'NIOCore' in project 'swift-nio'
➜ Explicit dependency on target 'NIOFoundationCompat' in project 'swift-nio'
➜ Explicit dependency on target 'NIOHTTP1' in project 'swift-nio'
Target 'GoogleGax' in project 'GoogleGax'
➜ Explicit dependency on target 'CGoogleGaxCRC32C' in project 'GoogleGax'
➜ Explicit dependency on target 'AsyncHTTPClient' in project 'async-http-client'
➜ Explicit dependency on target 'GoogleAuth' in project 'GoogleAuth'
➜ Explicit dependency on target 'GoogleWKT' in project 'GoogleWKT'
➜ Explicit dependency on target 'GoogleRpc' in project 'GoogleRpc'
➜ Explicit dependency on target 'Logging' in project 'swift-log'
➜ Explicit dependency on target 'NIOCore' in project 'swift-nio'
➜ Explicit dependency on target 'NIOFoundationCompat' in project 'swift-nio'
➜ Explicit dependency on target 'NIOHTTP1' in project 'swift-nio'
Target 'GoogleRpc' in project 'GoogleRpc'
➜ Explicit dependency on target 'GoogleRpc' in project 'GoogleRpc'
➜ Explicit dependency on target 'GoogleWKT' in project 'GoogleWKT'
Target 'GoogleRpc' in project 'GoogleRpc'
➜ Explicit dependency on target 'GoogleWKT' in project 'GoogleWKT'
Target 'CGoogleGaxCRC32C' in project 'GoogleGax' (no dependencies)
Target 'GoogleAuth' in project 'GoogleAuth'
➜ Explicit dependency on target 'GoogleAuth' in project 'GoogleAuth'
➜ Explicit dependency on target 'AsyncHTTPClient' in project 'async-http-client'
➜ Explicit dependency on target 'JWTKit' in project 'jwt-kit'
➜ Explicit dependency on target 'SystemPackage' in project 'swift-system'
➜ Explicit dependency on target 'Logging' in project 'swift-log'
➜ Explicit dependency on target 'NIOCore' in project 'swift-nio'
➜ Explicit dependency on target 'NIOFoundationCompat' in project 'swift-nio'
➜ Explicit dependency on target 'NIOHTTP1' in project 'swift-nio'
Target 'GoogleAuth' in project 'GoogleAuth'
➜ Explicit dependency on target 'AsyncHTTPClient' in project 'async-http-client'
➜ Explicit dependency on target 'JWTKit' in project 'jwt-kit'
➜ Explicit dependency on target 'SystemPackage' in project 'swift-system'
➜ Explicit dependency on target 'Logging' in project 'swift-log'
➜ Explicit dependency on target 'NIOCore' in project 'swift-nio'
➜ Explicit dependency on target 'NIOFoundationCompat' in project 'swift-nio'
➜ Explicit dependency on target 'NIOHTTP1' in project 'swift-nio'
Target 'JWTKit' in project 'jwt-kit'
➜ Explicit dependency on target 'JWTKit' in project 'jwt-kit'
➜ Explicit dependency on target 'Crypto' in project 'swift-crypto'
➜ Explicit dependency on target 'CryptoExtras' in project 'swift-crypto'
➜ Explicit dependency on target 'X509' in project 'swift-certificates'
➜ Explicit dependency on target 'Logging' in project 'swift-log'
Target 'JWTKit' in project 'jwt-kit'
➜ Explicit dependency on target 'Crypto' in project 'swift-crypto'
➜ Explicit dependency on target 'CryptoExtras' in project 'swift-crypto'
➜ Explicit dependency on target 'X509' in project 'swift-certificates'
➜ Explicit dependency on target 'Logging' in project 'swift-log'
Target 'X509' in project 'swift-certificates'
➜ Explicit dependency on target 'X509' in project 'swift-certificates'
➜ Explicit dependency on target '_CertificateInternals' in project 'swift-certificates'
➜ Explicit dependency on target 'SwiftASN1' in project 'swift-asn1'
➜ Explicit dependency on target 'Crypto' in project 'swift-crypto'
➜ Explicit dependency on target '_CryptoExtras' in project 'swift-crypto'
Target 'X509' in project 'swift-certificates'
➜ Explicit dependency on target '_CertificateInternals' in project 'swift-certificates'
➜ Explicit dependency on target 'SwiftASN1' in project 'swift-asn1'
➜ Explicit dependency on target 'Crypto' in project 'swift-crypto'
➜ Explicit dependency on target '_CryptoExtras' in project 'swift-crypto'
Target '_CryptoExtras' in project 'swift-crypto'
➜ Explicit dependency on target '_CryptoExtras' in project 'swift-crypto'
➜ Explicit dependency on target 'CCryptoBoringSSL' in project 'swift-crypto'
➜ Explicit dependency on target 'CCryptoBoringSSLShims' in project 'swift-crypto'
➜ Explicit dependency on target 'CryptoBoringWrapper' in project 'swift-crypto'
➜ Explicit dependency on target 'Crypto' in project 'swift-crypto'
➜ Explicit dependency on target 'CryptoExtras' in project 'swift-crypto'
➜ Explicit dependency on target 'SwiftASN1' in project 'swift-asn1'
Target '_CryptoExtras' in project 'swift-crypto'
➜ Explicit dependency on target 'CCryptoBoringSSL' in project 'swift-crypto'
➜ Explicit dependency on target 'CCryptoBoringSSLShims' in project 'swift-crypto'
➜ Explicit dependency on target 'CryptoBoringWrapper' in project 'swift-crypto'
➜ Explicit dependency on target 'Crypto' in project 'swift-crypto'
➜ Explicit dependency on target 'CryptoExtras' in project 'swift-crypto'
➜ Explicit dependency on target 'SwiftASN1' in project 'swift-asn1'
Target '_CertificateInternals' in project 'swift-certificates' (no dependencies)
Target 'CryptoExtras' in project 'swift-crypto'
➜ Explicit dependency on target 'CryptoExtras' in project 'swift-crypto'
➜ Explicit dependency on target 'swift-crypto_CryptoExtras' in project 'swift-crypto'
➜ Explicit dependency on target 'CCryptoBoringSSL' in project 'swift-crypto'
➜ Explicit dependency on target 'CCryptoBoringSSLShims' in project 'swift-crypto'
➜ Explicit dependency on target 'CryptoBoringWrapper' in project 'swift-crypto'
➜ Explicit dependency on target 'Crypto' in project 'swift-crypto'
➜ Explicit dependency on target 'SwiftASN1' in project 'swift-asn1'
Target 'CryptoExtras' in project 'swift-crypto'
➜ Explicit dependency on target 'swift-crypto_CryptoExtras' in project 'swift-crypto'
➜ Explicit dependency on target 'CCryptoBoringSSL' in project 'swift-crypto'
➜ Explicit dependency on target 'CCryptoBoringSSLShims' in project 'swift-crypto'
➜ Explicit dependency on target 'CryptoBoringWrapper' in project 'swift-crypto'
➜ Explicit dependency on target 'Crypto' in project 'swift-crypto'
➜ Explicit dependency on target 'SwiftASN1' in project 'swift-asn1'
Target 'SwiftASN1' in project 'swift-asn1'
➜ Explicit dependency on target 'SwiftASN1' in project 'swift-asn1'
Target 'SwiftASN1' in project 'swift-asn1' (no dependencies)
Target 'CryptoBoringWrapper' in project 'swift-crypto'
➜ Explicit dependency on target 'swift-crypto_CryptoBoringWrapper' in project 'swift-crypto'
➜ Explicit dependency on target 'CCryptoBoringSSL' in project 'swift-crypto'
➜ Explicit dependency on target 'CCryptoBoringSSLShims' in project 'swift-crypto'
Target 'swift-crypto_CryptoBoringWrapper' in project 'swift-crypto' (no dependencies)
Target 'CCryptoBoringSSLShims' in project 'swift-crypto'
➜ Explicit dependency on target 'swift-crypto_CCryptoBoringSSLShims' in project 'swift-crypto'
➜ Explicit dependency on target 'CCryptoBoringSSL' in project 'swift-crypto'
Target 'swift-crypto_CCryptoBoringSSLShims' in project 'swift-crypto' (no dependencies)
Target 'CCryptoBoringSSL' in project 'swift-crypto'
➜ Explicit dependency on target 'swift-crypto_CCryptoBoringSSL' in project 'swift-crypto'
Target 'swift-crypto_CCryptoBoringSSL' in project 'swift-crypto' (no dependencies)
Target 'swift-crypto_CryptoExtras' in project 'swift-crypto' (no dependencies)
Target 'Crypto' in project 'swift-crypto'
➜ Explicit dependency on target 'Crypto' in project 'swift-crypto'
➜ Explicit dependency on target 'swift-crypto_Crypto' in project 'swift-crypto'
Target 'Crypto' in project 'swift-crypto'
➜ Explicit dependency on target 'swift-crypto_Crypto' in project 'swift-crypto'
Target 'swift-crypto_Crypto' in project 'swift-crypto' (no dependencies)
Target 'AsyncHTTPClient' in project 'async-http-client'
➜ Explicit dependency on target 'AsyncHTTPClient' in project 'async-http-client'
➜ Explicit dependency on target 'CAsyncHTTPClient' in project 'async-http-client'
➜ Explicit dependency on target 'NIO' in project 'swift-nio'
➜ Explicit dependency on target 'NIOTLS' in project 'swift-nio'
➜ Explicit dependency on target 'NIOCore' in project 'swift-nio'
➜ Explicit dependency on target 'NIOPosix' in project 'swift-nio'
➜ Explicit dependency on target 'NIOHTTP1' in project 'swift-nio'
➜ Explicit dependency on target 'NIOConcurrencyHelpers' in project 'swift-nio'
➜ Explicit dependency on target 'NIOHTTP2' in project 'swift-nio-http2'
➜ Explicit dependency on target 'NIOSSL' in project 'swift-nio-ssl'
➜ Explicit dependency on target 'NIOHTTPCompression' in project 'swift-nio-extras'
➜ Explicit dependency on target 'NIOSOCKS' in project 'swift-nio-extras'
➜ Explicit dependency on target 'NIOTransportServices' in project 'swift-nio-transport-services'
➜ Explicit dependency on target 'Atomics' in project 'swift-atomics'
➜ Explicit dependency on target 'Algorithms' in project 'swift-algorithms'
➜ Explicit dependency on target 'Configuration' in project 'swift-configuration'
➜ Explicit dependency on target 'Logging' in project 'swift-log'
➜ Explicit dependency on target 'Tracing' in project 'swift-distributed-tracing'
➜ Explicit dependency on target 'ServiceContextModule' in project 'swift-service-context'
Target 'AsyncHTTPClient' in project 'async-http-client'
➜ Explicit dependency on target 'CAsyncHTTPClient' in project 'async-http-client'
➜ Explicit dependency on target 'NIO' in project 'swift-nio'
➜ Explicit dependency on target 'NIOTLS' in project 'swift-nio'
➜ Explicit dependency on target 'NIOCore' in project 'swift-nio'
➜ Explicit dependency on target 'NIOPosix' in project 'swift-nio'
➜ Explicit dependency on target 'NIOHTTP1' in project 'swift-nio'
➜ Explicit dependency on target 'NIOConcurrencyHelpers' in project 'swift-nio'
➜ Explicit dependency on target 'NIOHTTP2' in project 'swift-nio-http2'
➜ Explicit dependency on target 'NIOSSL' in project 'swift-nio-ssl'
➜ Explicit dependency on target 'NIOHTTPCompression' in project 'swift-nio-extras'
➜ Explicit dependency on target 'NIOSOCKS' in project 'swift-nio-extras'
➜ Explicit dependency on target 'NIOTransportServices' in project 'swift-nio-transport-services'
➜ Explicit dependency on target 'Atomics' in project 'swift-atomics'
➜ Explicit dependency on target 'Algorithms' in project 'swift-algorithms'
➜ Explicit dependency on target 'Configuration' in project 'swift-configuration'
➜ Explicit dependency on target 'Logging' in project 'swift-log'
➜ Explicit dependency on target 'Tracing' in project 'swift-distributed-tracing'
➜ Explicit dependency on target 'ServiceContextModule' in project 'swift-service-context'
Target 'Tracing' in project 'swift-distributed-tracing'
➜ Explicit dependency on target 'Tracing' in project 'swift-distributed-tracing'
➜ Explicit dependency on target 'Instrumentation' in project 'swift-distributed-tracing'
➜ Explicit dependency on target 'ServiceContextModule' in project 'swift-service-context'
Target 'Tracing' in project 'swift-distributed-tracing'
➜ Explicit dependency on target 'Instrumentation' in project 'swift-distributed-tracing'
➜ Explicit dependency on target 'ServiceContextModule' in project 'swift-service-context'
Target 'Instrumentation' in project 'swift-distributed-tracing'
➜ Explicit dependency on target 'ServiceContextModule' in project 'swift-service-context'
Target 'ServiceContextModule' in project 'swift-service-context'
➜ Explicit dependency on target 'ServiceContextModule' in project 'swift-service-context'
Target 'ServiceContextModule' in project 'swift-service-context' (no dependencies)
Target 'Logging' in project 'swift-log'
➜ Explicit dependency on target 'Logging' in project 'swift-log'
Target 'Logging' in project 'swift-log' (no dependencies)
Target 'Configuration' in project 'swift-configuration'
➜ Explicit dependency on target 'Configuration' in project 'swift-configuration'
➜ Explicit dependency on target 'SystemPackage' in project 'swift-system'
➜ Explicit dependency on target 'DequeModule' in project 'swift-collections'
Target 'Configuration' in project 'swift-configuration'
➜ Explicit dependency on target 'SystemPackage' in project 'swift-system'
➜ Explicit dependency on target 'DequeModule' in project 'swift-collections'
Target 'SystemPackage' in project 'swift-system'
➜ Explicit dependency on target 'SystemPackage' in project 'swift-system'
➜ Explicit dependency on target 'CSystem' in project 'swift-system'
Target 'SystemPackage' in project 'swift-system'
➜ Explicit dependency on target 'CSystem' in project 'swift-system'
Target 'CSystem' in project 'swift-system' (no dependencies)
Target 'Algorithms' in project 'swift-algorithms'
➜ Explicit dependency on target 'Algorithms' in project 'swift-algorithms'
➜ Explicit dependency on target 'RealModule' in project 'swift-numerics'
Target 'Algorithms' in project 'swift-algorithms'
➜ Explicit dependency on target 'RealModule' in project 'swift-numerics'
Target 'RealModule' in project 'swift-numerics'
➜ Explicit dependency on target 'RealModule' in project 'swift-numerics'
➜ Explicit dependency on target '_NumericsShims' in project 'swift-numerics'
Target 'RealModule' in project 'swift-numerics'
➜ Explicit dependency on target '_NumericsShims' in project 'swift-numerics'
Target '_NumericsShims' in project 'swift-numerics' (no dependencies)
Target 'NIOTransportServices' in project 'swift-nio-transport-services'
➜ Explicit dependency on target 'NIOTransportServices' in project 'swift-nio-transport-services'
➜ Explicit dependency on target 'NIO' in project 'swift-nio'
➜ Explicit dependency on target 'NIOCore' in project 'swift-nio'
➜ Explicit dependency on target 'NIOFoundationCompat' in project 'swift-nio'
➜ Explicit dependency on target 'NIOTLS' in project 'swift-nio'
➜ Explicit dependency on target 'Atomics' in project 'swift-atomics'
Target 'NIOTransportServices' in project 'swift-nio-transport-services'
➜ Explicit dependency on target 'NIO' in project 'swift-nio'
➜ Explicit dependency on target 'NIOCore' in project 'swift-nio'
➜ Explicit dependency on target 'NIOFoundationCompat' in project 'swift-nio'
➜ Explicit dependency on target 'NIOTLS' in project 'swift-nio'
➜ Explicit dependency on target 'Atomics' in project 'swift-atomics'
Target 'NIOFoundationCompat' in project 'swift-nio'
➜ Explicit dependency on target 'NIOFoundationCompat' in project 'swift-nio'
➜ Explicit dependency on target 'CNIOAtomics' in project 'swift-nio'
➜ Explicit dependency on target 'NIOConcurrencyHelpers' in project 'swift-nio'
➜ Explicit dependency on target '_NIOBase64' in project 'swift-nio'
➜ Explicit dependency on target 'CNIOOpenBSD' in project 'swift-nio'
➜ Explicit dependency on target 'CNIOFreeBSD' in project 'swift-nio'
➜ Explicit dependency on target 'CNIODarwin' in project 'swift-nio'
➜ Explicit dependency on target 'CNIOLinux' in project 'swift-nio'
➜ Explicit dependency on target 'CNIOWindows' in project 'swift-nio'
➜ Explicit dependency on target 'CNIOWASI' in project 'swift-nio'
➜ Explicit dependency on target '_NIODataStructures' in project 'swift-nio'
➜ Explicit dependency on target 'NIOCore' in project 'swift-nio'
➜ Explicit dependency on target 'NIOEmbedded' in project 'swift-nio'
➜ Explicit dependency on target 'CNIOPosix' in project 'swift-nio'
➜ Explicit dependency on target 'NIOPosix' in project 'swift-nio'
➜ Explicit dependency on target 'NIOFoundationEssentialsCompat' in project 'swift-nio'
➜ Explicit dependency on target 'DequeModule' in project 'swift-collections'
➜ Explicit dependency on target 'Atomics' in project 'swift-atomics'
Target 'NIOFoundationCompat' in project 'swift-nio'
➜ Explicit dependency on target 'CNIOAtomics' in project 'swift-nio'
➜ Explicit dependency on target 'NIOConcurrencyHelpers' in project 'swift-nio'
➜ Explicit dependency on target '_NIOBase64' in project 'swift-nio'
➜ Explicit dependency on target 'CNIOOpenBSD' in project 'swift-nio'
➜ Explicit dependency on target 'CNIOFreeBSD' in project 'swift-nio'
➜ Explicit dependency on target 'CNIODarwin' in project 'swift-nio'
➜ Explicit dependency on target 'CNIOLinux' in project 'swift-nio'
➜ Explicit dependency on target 'CNIOWindows' in project 'swift-nio'
➜ Explicit dependency on target 'CNIOWASI' in project 'swift-nio'
➜ Explicit dependency on target '_NIODataStructures' in project 'swift-nio'
➜ Explicit dependency on target 'NIOCore' in project 'swift-nio'
➜ Explicit dependency on target 'NIOEmbedded' in project 'swift-nio'
➜ Explicit dependency on target 'CNIOPosix' in project 'swift-nio'
➜ Explicit dependency on target 'NIOPosix' in project 'swift-nio'
➜ Explicit dependency on target 'NIOFoundationEssentialsCompat' in project 'swift-nio'
➜ Explicit dependency on target 'DequeModule' in project 'swift-collections'
➜ Explicit dependency on target 'Atomics' in project 'swift-atomics'
Target 'NIOFoundationEssentialsCompat' in project 'swift-nio'
➜ Explicit dependency on target 'CNIOAtomics' in project 'swift-nio'
➜ Explicit dependency on target 'NIOConcurrencyHelpers' in project 'swift-nio'
➜ Explicit dependency on target '_NIOBase64' in project 'swift-nio'
➜ Explicit dependency on target 'CNIOOpenBSD' in project 'swift-nio'
➜ Explicit dependency on target 'CNIOFreeBSD' in project 'swift-nio'
➜ Explicit dependency on target 'CNIODarwin' in project 'swift-nio'
➜ Explicit dependency on target 'CNIOLinux' in project 'swift-nio'
➜ Explicit dependency on target 'CNIOWindows' in project 'swift-nio'
➜ Explicit dependency on target 'CNIOWASI' in project 'swift-nio'
➜ Explicit dependency on target '_NIODataStructures' in project 'swift-nio'
➜ Explicit dependency on target 'NIOCore' in project 'swift-nio'
➜ Explicit dependency on target 'DequeModule' in project 'swift-collections'
➜ Explicit dependency on target 'Atomics' in project 'swift-atomics'
Target 'NIOSOCKS' in project 'swift-nio-extras'
➜ Explicit dependency on target 'NIOSOCKS' in project 'swift-nio-extras'
➜ Explicit dependency on target 'NIO' in project 'swift-nio'
➜ Explicit dependency on target 'NIOCore' in project 'swift-nio'
Target 'NIOSOCKS' in project 'swift-nio-extras'
➜ Explicit dependency on target 'NIO' in project 'swift-nio'
➜ Explicit dependency on target 'NIOCore' in project 'swift-nio'
Target 'NIOHTTPCompression' in project 'swift-nio-extras'
➜ Explicit dependency on target 'NIOHTTPCompression' in project 'swift-nio-extras'
➜ Explicit dependency on target 'CNIOExtrasZlib' in project 'swift-nio-extras'
➜ Explicit dependency on target 'NIO' in project 'swift-nio'
➜ Explicit dependency on target 'NIOCore' in project 'swift-nio'
➜ Explicit dependency on target 'NIOHTTP1' in project 'swift-nio'
Target 'NIOHTTPCompression' in project 'swift-nio-extras'
➜ Explicit dependency on target 'CNIOExtrasZlib' in project 'swift-nio-extras'
➜ Explicit dependency on target 'NIO' in project 'swift-nio'
➜ Explicit dependency on target 'NIOCore' in project 'swift-nio'
➜ Explicit dependency on target 'NIOHTTP1' in project 'swift-nio'
Target 'CNIOExtrasZlib' in project 'swift-nio-extras' (no dependencies)
Target 'NIOSSL' in project 'swift-nio-ssl'
➜ Explicit dependency on target 'NIOSSL' in project 'swift-nio-ssl'
➜ Explicit dependency on target 'swift-nio-ssl_NIOSSL' in project 'swift-nio-ssl'
➜ Explicit dependency on target 'CNIOBoringSSL' in project 'swift-nio-ssl'
➜ Explicit dependency on target 'CNIOBoringSSLShims' in project 'swift-nio-ssl'
➜ Explicit dependency on target 'NIO' in project 'swift-nio'
➜ Explicit dependency on target 'NIOCore' in project 'swift-nio'
➜ Explicit dependency on target 'NIOConcurrencyHelpers' in project 'swift-nio'
➜ Explicit dependency on target 'NIOTLS' in project 'swift-nio'
Target 'NIOSSL' in project 'swift-nio-ssl'
➜ Explicit dependency on target 'swift-nio-ssl_NIOSSL' in project 'swift-nio-ssl'
➜ Explicit dependency on target 'CNIOBoringSSL' in project 'swift-nio-ssl'
➜ Explicit dependency on target 'CNIOBoringSSLShims' in project 'swift-nio-ssl'
➜ Explicit dependency on target 'NIO' in project 'swift-nio'
➜ Explicit dependency on target 'NIOCore' in project 'swift-nio'
➜ Explicit dependency on target 'NIOConcurrencyHelpers' in project 'swift-nio'
➜ Explicit dependency on target 'NIOTLS' in project 'swift-nio'
Target 'CNIOBoringSSLShims' in project 'swift-nio-ssl'
➜ Explicit dependency on target 'CNIOBoringSSL' in project 'swift-nio-ssl'
Target 'CNIOBoringSSL' in project 'swift-nio-ssl' (no dependencies)
Target 'swift-nio-ssl_NIOSSL' in project 'swift-nio-ssl' (no dependencies)
Target 'NIOHTTP2' in project 'swift-nio-http2'
➜ Explicit dependency on target 'NIOHTTP2' in project 'swift-nio-http2'
➜ Explicit dependency on target 'NIOHPACK' in project 'swift-nio-http2'
➜ Explicit dependency on target 'NIO' in project 'swift-nio'
➜ Explicit dependency on target 'NIOCore' in project 'swift-nio'
➜ Explicit dependency on target 'NIOConcurrencyHelpers' in project 'swift-nio'
➜ Explicit dependency on target 'NIOHTTP1' in project 'swift-nio'
➜ Explicit dependency on target 'NIOTLS' in project 'swift-nio'
➜ Explicit dependency on target 'Atomics' in project 'swift-atomics'
Target 'NIOHTTP2' in project 'swift-nio-http2'
➜ Explicit dependency on target 'NIOHPACK' in project 'swift-nio-http2'
➜ Explicit dependency on target 'NIO' in project 'swift-nio'
➜ Explicit dependency on target 'NIOCore' in project 'swift-nio'
➜ Explicit dependency on target 'NIOConcurrencyHelpers' in project 'swift-nio'
➜ Explicit dependency on target 'NIOHTTP1' in project 'swift-nio'
➜ Explicit dependency on target 'NIOTLS' in project 'swift-nio'
➜ Explicit dependency on target 'Atomics' in project 'swift-atomics'
Target 'NIOHPACK' in project 'swift-nio-http2'
➜ Explicit dependency on target 'NIO' in project 'swift-nio'
➜ Explicit dependency on target 'NIOCore' in project 'swift-nio'
➜ Explicit dependency on target 'NIOConcurrencyHelpers' in project 'swift-nio'
➜ Explicit dependency on target 'NIOHTTP1' in project 'swift-nio'
Target 'NIOConcurrencyHelpers' in project 'swift-nio'
➜ Explicit dependency on target 'NIOConcurrencyHelpers' in project 'swift-nio'
➜ Explicit dependency on target 'CNIOAtomics' in project 'swift-nio'
Target 'NIOHTTP1' in project 'swift-nio'
➜ Explicit dependency on target 'NIOHTTP1' in project 'swift-nio'
➜ Explicit dependency on target 'CNIOAtomics' in project 'swift-nio'
➜ Explicit dependency on target 'NIOConcurrencyHelpers' in project 'swift-nio'
➜ Explicit dependency on target '_NIOBase64' in project 'swift-nio'
➜ Explicit dependency on target 'CNIOOpenBSD' in project 'swift-nio'
➜ Explicit dependency on target 'CNIOFreeBSD' in project 'swift-nio'
➜ Explicit dependency on target 'CNIODarwin' in project 'swift-nio'
➜ Explicit dependency on target 'CNIOLinux' in project 'swift-nio'
➜ Explicit dependency on target 'CNIOWindows' in project 'swift-nio'
➜ Explicit dependency on target 'CNIOWASI' in project 'swift-nio'
➜ Explicit dependency on target '_NIODataStructures' in project 'swift-nio'
➜ Explicit dependency on target 'NIOCore' in project 'swift-nio'
➜ Explicit dependency on target 'NIOEmbedded' in project 'swift-nio'
➜ Explicit dependency on target 'CNIOPosix' in project 'swift-nio'
➜ Explicit dependency on target 'NIOPosix' in project 'swift-nio'
➜ Explicit dependency on target 'CNIOLLHTTP' in project 'swift-nio'
➜ Explicit dependency on target 'DequeModule' in project 'swift-collections'
➜ Explicit dependency on target 'Atomics' in project 'swift-atomics'
Target 'NIOHTTP1' in project 'swift-nio'
➜ Explicit dependency on target 'CNIOAtomics' in project 'swift-nio'
➜ Explicit dependency on target 'NIOConcurrencyHelpers' in project 'swift-nio'
➜ Explicit dependency on target '_NIOBase64' in project 'swift-nio'
➜ Explicit dependency on target 'CNIOOpenBSD' in project 'swift-nio'
➜ Explicit dependency on target 'CNIOFreeBSD' in project 'swift-nio'
➜ Explicit dependency on target 'CNIODarwin' in project 'swift-nio'
➜ Explicit dependency on target 'CNIOLinux' in project 'swift-nio'
➜ Explicit dependency on target 'CNIOWindows' in project 'swift-nio'
➜ Explicit dependency on target 'CNIOWASI' in project 'swift-nio'
➜ Explicit dependency on target '_NIODataStructures' in project 'swift-nio'
➜ Explicit dependency on target 'NIOCore' in project 'swift-nio'
➜ Explicit dependency on target 'NIOEmbedded' in project 'swift-nio'
➜ Explicit dependency on target 'CNIOPosix' in project 'swift-nio'
➜ Explicit dependency on target 'NIOPosix' in project 'swift-nio'
➜ Explicit dependency on target 'CNIOLLHTTP' in project 'swift-nio'
➜ Explicit dependency on target 'DequeModule' in project 'swift-collections'
➜ Explicit dependency on target 'Atomics' in project 'swift-atomics'
Target 'CNIOLLHTTP' in project 'swift-nio' (no dependencies)
Target 'NIOPosix' in project 'swift-nio'
➜ Explicit dependency on target 'NIOPosix' in project 'swift-nio'
➜ Explicit dependency on target 'swift-nio_NIOPosix' in project 'swift-nio'
➜ Explicit dependency on target 'CNIOOpenBSD' in project 'swift-nio'
➜ Explicit dependency on target 'CNIOLinux' in project 'swift-nio'
➜ Explicit dependency on target 'CNIODarwin' in project 'swift-nio'
➜ Explicit dependency on target 'CNIOWindows' in project 'swift-nio'
➜ Explicit dependency on target 'CNIOAtomics' in project 'swift-nio'
➜ Explicit dependency on target 'NIOConcurrencyHelpers' in project 'swift-nio'
➜ Explicit dependency on target '_NIOBase64' in project 'swift-nio'
➜ Explicit dependency on target 'CNIOFreeBSD' in project 'swift-nio'
➜ Explicit dependency on target 'CNIOWASI' in project 'swift-nio'
➜ Explicit dependency on target '_NIODataStructures' in project 'swift-nio'
➜ Explicit dependency on target 'NIOCore' in project 'swift-nio'
➜ Explicit dependency on target 'CNIOPosix' in project 'swift-nio'
➜ Explicit dependency on target 'DequeModule' in project 'swift-collections'
➜ Explicit dependency on target 'Atomics' in project 'swift-atomics'
Target 'NIOCore' in project 'swift-nio'
➜ Explicit dependency on target 'NIOCore' in project 'swift-nio'
➜ Explicit dependency on target 'CNIOAtomics' in project 'swift-nio'
➜ Explicit dependency on target 'NIOConcurrencyHelpers' in project 'swift-nio'
➜ Explicit dependency on target '_NIOBase64' in project 'swift-nio'
➜ Explicit dependency on target 'CNIOOpenBSD' in project 'swift-nio'
➜ Explicit dependency on target 'CNIOFreeBSD' in project 'swift-nio'
➜ Explicit dependency on target 'CNIODarwin' in project 'swift-nio'
➜ Explicit dependency on target 'CNIOLinux' in project 'swift-nio'
➜ Explicit dependency on target 'CNIOWindows' in project 'swift-nio'
➜ Explicit dependency on target 'CNIOWASI' in project 'swift-nio'
➜ Explicit dependency on target '_NIODataStructures' in project 'swift-nio'
➜ Explicit dependency on target 'DequeModule' in project 'swift-collections'
➜ Explicit dependency on target 'Atomics' in project 'swift-atomics'
Target 'NIOTLS' in project 'swift-nio'
➜ Explicit dependency on target 'NIOTLS' in project 'swift-nio'
➜ Explicit dependency on target 'CNIOAtomics' in project 'swift-nio'
➜ Explicit dependency on target 'NIOConcurrencyHelpers' in project 'swift-nio'
➜ Explicit dependency on target '_NIOBase64' in project 'swift-nio'
➜ Explicit dependency on target 'CNIOOpenBSD' in project 'swift-nio'
➜ Explicit dependency on target 'CNIOFreeBSD' in project 'swift-nio'
➜ Explicit dependency on target 'CNIODarwin' in project 'swift-nio'
➜ Explicit dependency on target 'CNIOLinux' in project 'swift-nio'
➜ Explicit dependency on target 'CNIOWindows' in project 'swift-nio'
➜ Explicit dependency on target 'CNIOWASI' in project 'swift-nio'
➜ Explicit dependency on target '_NIODataStructures' in project 'swift-nio'
➜ Explicit dependency on target 'NIOCore' in project 'swift-nio'
➜ Explicit dependency on target 'NIOEmbedded' in project 'swift-nio'
➜ Explicit dependency on target 'CNIOPosix' in project 'swift-nio'
➜ Explicit dependency on target 'NIOPosix' in project 'swift-nio'
➜ Explicit dependency on target 'DequeModule' in project 'swift-collections'
➜ Explicit dependency on target 'Atomics' in project 'swift-atomics'
Target 'NIOTLS' in project 'swift-nio'
➜ Explicit dependency on target 'CNIOAtomics' in project 'swift-nio'
➜ Explicit dependency on target 'NIOConcurrencyHelpers' in project 'swift-nio'
➜ Explicit dependency on target '_NIOBase64' in project 'swift-nio'
➜ Explicit dependency on target 'CNIOOpenBSD' in project 'swift-nio'
➜ Explicit dependency on target 'CNIOFreeBSD' in project 'swift-nio'
➜ Explicit dependency on target 'CNIODarwin' in project 'swift-nio'
➜ Explicit dependency on target 'CNIOLinux' in project 'swift-nio'
➜ Explicit dependency on target 'CNIOWindows' in project 'swift-nio'
➜ Explicit dependency on target 'CNIOWASI' in project 'swift-nio'
➜ Explicit dependency on target '_NIODataStructures' in project 'swift-nio'
➜ Explicit dependency on target 'NIOCore' in project 'swift-nio'
➜ Explicit dependency on target 'NIOEmbedded' in project 'swift-nio'
➜ Explicit dependency on target 'CNIOPosix' in project 'swift-nio'
➜ Explicit dependency on target 'NIOPosix' in project 'swift-nio'
➜ Explicit dependency on target 'DequeModule' in project 'swift-collections'
➜ Explicit dependency on target 'Atomics' in project 'swift-atomics'
Target 'NIO' in project 'swift-nio'
➜ Explicit dependency on target 'NIO' in project 'swift-nio'
➜ Explicit dependency on target 'CNIOAtomics' in project 'swift-nio'
➜ Explicit dependency on target 'NIOConcurrencyHelpers' in project 'swift-nio'
➜ Explicit dependency on target '_NIOBase64' in project 'swift-nio'
➜ Explicit dependency on target 'CNIOOpenBSD' in project 'swift-nio'
➜ Explicit dependency on target 'CNIOFreeBSD' in project 'swift-nio'
➜ Explicit dependency on target 'CNIODarwin' in project 'swift-nio'
➜ Explicit dependency on target 'CNIOLinux' in project 'swift-nio'
➜ Explicit dependency on target 'CNIOWindows' in project 'swift-nio'
➜ Explicit dependency on target 'CNIOWASI' in project 'swift-nio'
➜ Explicit dependency on target '_NIODataStructures' in project 'swift-nio'
➜ Explicit dependency on target 'NIOCore' in project 'swift-nio'
➜ Explicit dependency on target 'NIOEmbedded' in project 'swift-nio'
➜ Explicit dependency on target 'CNIOPosix' in project 'swift-nio'
➜ Explicit dependency on target 'NIOPosix' in project 'swift-nio'
➜ Explicit dependency on target 'DequeModule' in project 'swift-collections'
➜ Explicit dependency on target 'Atomics' in project 'swift-atomics'
Target 'NIO' in project 'swift-nio'
➜ Explicit dependency on target 'CNIOAtomics' in project 'swift-nio'
➜ Explicit dependency on target 'NIOConcurrencyHelpers' in project 'swift-nio'
➜ Explicit dependency on target '_NIOBase64' in project 'swift-nio'
➜ Explicit dependency on target 'CNIOOpenBSD' in project 'swift-nio'
➜ Explicit dependency on target 'CNIOFreeBSD' in project 'swift-nio'
➜ Explicit dependency on target 'CNIODarwin' in project 'swift-nio'
➜ Explicit dependency on target 'CNIOLinux' in project 'swift-nio'
➜ Explicit dependency on target 'CNIOWindows' in project 'swift-nio'
➜ Explicit dependency on target 'CNIOWASI' in project 'swift-nio'
➜ Explicit dependency on target '_NIODataStructures' in project 'swift-nio'
➜ Explicit dependency on target 'NIOCore' in project 'swift-nio'
➜ Explicit dependency on target 'NIOEmbedded' in project 'swift-nio'
➜ Explicit dependency on target 'CNIOPosix' in project 'swift-nio'
➜ Explicit dependency on target 'NIOPosix' in project 'swift-nio'
➜ Explicit dependency on target 'DequeModule' in project 'swift-collections'
➜ Explicit dependency on target 'Atomics' in project 'swift-atomics'
Target 'NIOPosix' in project 'swift-nio'
➜ Explicit dependency on target 'swift-nio_NIOPosix' in project 'swift-nio'
➜ Explicit dependency on target 'CNIOOpenBSD' in project 'swift-nio'
➜ Explicit dependency on target 'CNIOLinux' in project 'swift-nio'
➜ Explicit dependency on target 'CNIODarwin' in project 'swift-nio'
➜ Explicit dependency on target 'CNIOWindows' in project 'swift-nio'
➜ Explicit dependency on target 'CNIOAtomics' in project 'swift-nio'
➜ Explicit dependency on target 'NIOConcurrencyHelpers' in project 'swift-nio'
➜ Explicit dependency on target '_NIOBase64' in project 'swift-nio'
➜ Explicit dependency on target 'CNIOFreeBSD' in project 'swift-nio'
➜ Explicit dependency on target 'CNIOWASI' in project 'swift-nio'
➜ Explicit dependency on target '_NIODataStructures' in project 'swift-nio'
➜ Explicit dependency on target 'NIOCore' in project 'swift-nio'
➜ Explicit dependency on target 'CNIOPosix' in project 'swift-nio'
➜ Explicit dependency on target 'DequeModule' in project 'swift-collections'
➜ Explicit dependency on target 'Atomics' in project 'swift-atomics'
Target 'swift-nio_NIOPosix' in project 'swift-nio' (no dependencies)
Target 'CNIOPosix' in project 'swift-nio' (no dependencies)
Target 'NIOEmbedded' in project 'swift-nio'
➜ Explicit dependency on target 'CNIOAtomics' in project 'swift-nio'
➜ Explicit dependency on target 'NIOConcurrencyHelpers' in project 'swift-nio'
➜ Explicit dependency on target '_NIOBase64' in project 'swift-nio'
➜ Explicit dependency on target 'CNIOOpenBSD' in project 'swift-nio'
➜ Explicit dependency on target 'CNIOFreeBSD' in project 'swift-nio'
➜ Explicit dependency on target 'CNIODarwin' in project 'swift-nio'
➜ Explicit dependency on target 'CNIOLinux' in project 'swift-nio'
➜ Explicit dependency on target 'CNIOWindows' in project 'swift-nio'
➜ Explicit dependency on target 'CNIOWASI' in project 'swift-nio'
➜ Explicit dependency on target '_NIODataStructures' in project 'swift-nio'
➜ Explicit dependency on target 'NIOCore' in project 'swift-nio'
➜ Explicit dependency on target 'DequeModule' in project 'swift-collections'
➜ Explicit dependency on target 'Atomics' in project 'swift-atomics'
Target 'NIOCore' in project 'swift-nio'
➜ Explicit dependency on target 'CNIOAtomics' in project 'swift-nio'
➜ Explicit dependency on target 'NIOConcurrencyHelpers' in project 'swift-nio'
➜ Explicit dependency on target '_NIOBase64' in project 'swift-nio'
➜ Explicit dependency on target 'CNIOOpenBSD' in project 'swift-nio'
➜ Explicit dependency on target 'CNIOFreeBSD' in project 'swift-nio'
➜ Explicit dependency on target 'CNIODarwin' in project 'swift-nio'
➜ Explicit dependency on target 'CNIOLinux' in project 'swift-nio'
➜ Explicit dependency on target 'CNIOWindows' in project 'swift-nio'
➜ Explicit dependency on target 'CNIOWASI' in project 'swift-nio'
➜ Explicit dependency on target '_NIODataStructures' in project 'swift-nio'
➜ Explicit dependency on target 'DequeModule' in project 'swift-collections'
➜ Explicit dependency on target 'Atomics' in project 'swift-atomics'
Target 'Atomics' in project 'swift-atomics'
➜ Explicit dependency on target 'Atomics' in project 'swift-atomics'
➜ Explicit dependency on target '_AtomicsShims' in project 'swift-atomics'
Target 'Atomics' in project 'swift-atomics'
➜ Explicit dependency on target '_AtomicsShims' in project 'swift-atomics'
Target '_AtomicsShims' in project 'swift-atomics' (no dependencies)
Target 'DequeModule' in project 'swift-collections'
➜ Explicit dependency on target 'DequeModule' in project 'swift-collections'
➜ Explicit dependency on target 'InternalCollectionsUtilities' in project 'swift-collections'
➜ Explicit dependency on target 'SpanPreview' in project 'swift-collections'
Target 'DequeModule' in project 'swift-collections'
➜ Explicit dependency on target 'InternalCollectionsUtilities' in project 'swift-collections'
➜ Explicit dependency on target 'SpanPreview' in project 'swift-collections'
Target 'SpanPreview' in project 'swift-collections'
➜ Explicit dependency on target 'InternalCollectionsUtilities' in project 'swift-collections'
Target 'InternalCollectionsUtilities' in project 'swift-collections' (no dependencies)
Target '_NIODataStructures' in project 'swift-nio' (no dependencies)
Target 'CNIOWASI' in project 'swift-nio' (no dependencies)
Target 'CNIOWindows' in project 'swift-nio' (no dependencies)
Target 'CNIOLinux' in project 'swift-nio' (no dependencies)
Target 'CNIODarwin' in project 'swift-nio' (no dependencies)
Target 'CNIOFreeBSD' in project 'swift-nio' (no dependencies)
Target 'CNIOOpenBSD' in project 'swift-nio' (no dependencies)
Target '_NIOBase64' in project 'swift-nio' (no dependencies)
Target 'NIOConcurrencyHelpers' in project 'swift-nio'
➜ Explicit dependency on target 'CNIOAtomics' in project 'swift-nio'
Target 'CNIOAtomics' in project 'swift-nio' (no dependencies)
Target 'CAsyncHTTPClient' in project 'async-http-client' (no dependencies)
Target 'GoogleApi' in project 'GoogleApi'
➜ Explicit dependency on target 'GoogleApi' in project 'GoogleApi'
➜ Explicit dependency on target 'GoogleWKT' in project 'GoogleWKT'
Target 'GoogleApi' in project 'GoogleApi'
➜ Explicit dependency on target 'GoogleWKT' in project 'GoogleWKT'
Target 'GoogleWKT' in project 'GoogleWKT'
➜ Explicit dependency on target 'GoogleWKT' in project 'GoogleWKT'
➜ Explicit dependency on target 'ExtrasBase64' in project 'swift-extras-base64'
Target 'GoogleWKT' in project 'GoogleWKT'
➜ Explicit dependency on target 'ExtrasBase64' in project 'swift-extras-base64'
Target 'ExtrasBase64' in project 'swift-extras-base64'
➜ Explicit dependency on target 'ExtrasBase64' in project 'swift-extras-base64'
Target 'ExtrasBase64' in project 'swift-extras-base64' (no dependencies)
GatherProvisioningInputs
CreateBuildDescription
ClangStatCache /Applications/Xcode-26.3.0.app/Contents/Developer/Toolchains/XcodeDefault.xctoolchain/usr/bin/clang-stat-cache /Applications/Xcode-26.3.0.app/Contents/Developer/Platforms/XROS.platform/Developer/SDKs/XROS26.2.sdk /Users/admin/builder/spi-builder-workspace/.derivedData/SDKStatCaches.noindex/xros26.2-23N301-dc75598d0054f22ec865fa860f139d72f5e64962d3ee001da1d77d1957dffdab.sdkstatcache
cd /Users/admin/builder/spi-builder-workspace/.swiftpm/xcode
/Applications/Xcode-26.3.0.app/Contents/Developer/Toolchains/XcodeDefault.xctoolchain/usr/bin/clang-stat-cache /Applications/Xcode-26.3.0.app/Contents/Developer/Platforms/XROS.platform/Developer/SDKs/XROS26.2.sdk -o /Users/admin/builder/spi-builder-workspace/.derivedData/SDKStatCaches.noindex/xros26.2-23N301-dc75598d0054f22ec865fa860f139d72f5e64962d3ee001da1d77d1957dffdab.sdkstatcache
SwiftDriver GoogleWKT normal arm64 com.apple.xcode.tools.swift.compiler (in target 'GoogleWKT' from project 'GoogleWKT')
cd /Users/admin/builder/spi-builder-workspace/.swiftpm/xcode
builtin-SwiftDriver -- /Applications/Xcode-26.3.0.app/Contents/Developer/Toolchains/XcodeDefault.xctoolchain/usr/bin/swiftc -module-name GoogleWKT -Onone -enforce-exclusivity\=checked @/Users/admin/builder/spi-builder-workspace/.derivedData/Build/Intermediates.noindex/GoogleWKT.build/Debug-xros/GoogleWKT.build/Objects-normal/arm64/GoogleWKT.SwiftFileList -DSWIFT_PACKAGE -DDEBUG -DSWIFT_MODULE_RESOURCE_BUNDLE_UNAVAILABLE -DXcode -enable-upcoming-feature ExistentialAny -enable-upcoming-feature InternalImportsByDefault -enable-upcoming-feature MemberImportVisibility -enable-upcoming-feature NonisolatedNonsendingByDefault -strict-memory-safety -plugin-path /Applications/Xcode-26.3.0.app/Contents/Developer/Toolchains/XcodeDefault.xctoolchain/usr/lib/swift/host/plugins/testing -enable-experimental-feature DebugDescriptionMacro -sdk /Applications/Xcode-26.3.0.app/Contents/Developer/Platforms/XROS.platform/Developer/SDKs/XROS26.2.sdk -target arm64-apple-xros1.0 -g -module-cache-path /Users/admin/builder/spi-builder-workspace/.derivedData/ModuleCache.noindex -Xfrontend -serialize-debugging-options -enable-testing -suppress-warnings -index-store-path /Users/admin/builder/spi-builder-workspace/.derivedData/Index.noindex/DataStore -Xcc -D_LIBCPP_HARDENING_MODE\=_LIBCPP_HARDENING_MODE_DEBUG -swift-version 6 -I /Users/admin/builder/spi-builder-workspace/.derivedData/Build/Products/Debug-xros -Isystem /Applications/Xcode-26.3.0.app/Contents/Developer/Platforms/XROS.platform/Developer/usr/lib -F /Users/admin/builder/spi-builder-workspace/.derivedData/Build/Products/Debug-xros/PackageFrameworks -F /Users/admin/builder/spi-builder-workspace/.derivedData/Build/Products/Debug-xros -F /Applications/Xcode-26.3.0.app/Contents/Developer/Platforms/XROS.platform/Developer/Library/Frameworks -F /Applications/Xcode-26.3.0.app/Contents/Developer/Platforms/XROS.platform/Developer/SDKs/XROS26.2.sdk/Developer/Library/Frameworks -c -j10 -enable-batch-mode -incremental -Xcc -ivfsstatcache -Xcc /Users/admin/builder/spi-builder-workspace/.derivedData/SDKStatCaches.noindex/xros26.2-23N301-dc75598d0054f22ec865fa860f139d72f5e64962d3ee001da1d77d1957dffdab.sdkstatcache -output-file-map /Users/admin/builder/spi-builder-workspace/.derivedData/Build/Intermediates.noindex/GoogleWKT.build/Debug-xros/GoogleWKT.build/Objects-normal/arm64/GoogleWKT-OutputFileMap.json -use-frontend-parseable-output -save-temps -no-color-diagnostics -explicit-module-build -module-cache-path /Users/admin/builder/spi-builder-workspace/.derivedData/Build/Intermediates.noindex/SwiftExplicitPrecompiledModules -clang-scanner-module-cache-path /Users/admin/builder/spi-builder-workspace/.derivedData/ModuleCache.noindex -sdk-module-cache-path /Users/admin/builder/spi-builder-workspace/.derivedData/ModuleCache.noindex -serialize-diagnostics -emit-dependencies -emit-module -emit-module-path /Users/admin/builder/spi-builder-workspace/.derivedData/Build/Intermediates.noindex/GoogleWKT.build/Debug-xros/GoogleWKT.build/Objects-normal/arm64/GoogleWKT.swiftmodule -user-module-version 0.5.0 -validate-clang-modules-once -clang-build-session-file /Users/admin/builder/spi-builder-workspace/.derivedData/ModuleCache.noindex/Session.modulevalidation -package-name swift_google_wkt -Xcc -I/Users/admin/builder/spi-builder-workspace/.derivedData/Build/Intermediates.noindex/GoogleWKT.build/Debug-xros/GoogleWKT.build/swift-overrides.hmap -emit-const-values -Xfrontend -const-gather-protocols-file -Xfrontend /Users/admin/builder/spi-builder-workspace/.derivedData/Build/Intermediates.noindex/GoogleWKT.build/Debug-xros/GoogleWKT.build/Objects-normal/arm64/GoogleWKT_const_extract_protocols.json -Xcc -I/Users/admin/builder/spi-builder-workspace/.derivedData/Build/Products/Debug-xros/include -Xcc -I/Users/admin/builder/spi-builder-workspace/.derivedData/Build/Intermediates.noindex/GoogleWKT.build/Debug-xros/GoogleWKT.build/DerivedSources-normal/arm64 -Xcc -I/Users/admin/builder/spi-builder-workspace/.derivedData/Build/Intermediates.noindex/GoogleWKT.build/Debug-xros/GoogleWKT.build/DerivedSources/arm64 -Xcc -I/Users/admin/builder/spi-builder-workspace/.derivedData/Build/Intermediates.noindex/GoogleWKT.build/Debug-xros/GoogleWKT.build/DerivedSources -Xcc -DSWIFT_PACKAGE -Xcc -DDEBUG\=1 -emit-objc-header -emit-objc-header-path /Users/admin/builder/spi-builder-workspace/.derivedData/Build/Intermediates.noindex/GoogleWKT.build/Debug-xros/GoogleWKT.build/Objects-normal/arm64/GoogleWKT-Swift.h -working-directory /Users/admin/builder/spi-builder-workspace/.swiftpm/xcode -experimental-emit-module-separately -disable-cmo
SwiftDriver DequeModule normal arm64 com.apple.xcode.tools.swift.compiler (in target 'DequeModule' from project 'swift-collections')
cd /Users/admin/builder/spi-builder-workspace/.swiftpm/xcode
builtin-SwiftDriver -- /Applications/Xcode-26.3.0.app/Contents/Developer/Toolchains/XcodeDefault.xctoolchain/usr/bin/swiftc -module-name DequeModule -Onone -enforce-exclusivity\=checked @/Users/admin/builder/spi-builder-workspace/.derivedData/Build/Intermediates.noindex/swift-collections.build/Debug-xros/DequeModule.build/Objects-normal/arm64/DequeModule.SwiftFileList -DSWIFT_PACKAGE -DDEBUG -DSWIFT_MODULE_RESOURCE_BUNDLE_UNAVAILABLE -DCOLLECTIONS_RANDOMIZED_TESTING -DXcode -enable-experimental-feature AvailabilityMacro\=SwiftStdlib\ 5.0:\ macOS\ 10.14.4,\ iOS\ 12.2,\ watchOS\ 5.2,\ tvOS\ 12.2 -enable-experimental-feature AvailabilityMacro\=SwiftStdlib\ 5.1:\ macOS\ 10.15,\ iOS\ 13.0,\ watchOS\ 6.0,\ tvOS\ 13.0 -enable-experimental-feature AvailabilityMacro\=SwiftStdlib\ 5.6:\ macOS\ 12.3,\ iOS\ 15.4,\ watchOS\ 8.5,\ tvOS\ 15.4 -enable-experimental-feature AvailabilityMacro\=SwiftStdlib\ 5.7:\ macOS\ 13.0,\ iOS\ 16.0,\ watchOS\ 9.0,\ tvOS\ 16.0 -enable-experimental-feature AvailabilityMacro\=SwiftStdlib\ 5.8:\ macOS\ 13.3,\ iOS\ 16.4,\ watchOS\ 9.4,\ tvOS\ 16.4 -enable-experimental-feature AvailabilityMacro\=SwiftStdlib\ 5.9:\ macOS\ 14.0,\ iOS\ 17.0,\ watchOS\ 10.0,\ tvOS\ 17.0 -enable-experimental-feature AvailabilityMacro\=SwiftStdlib\ 5.10:\ macOS\ 14.4,\ iOS\ 17.4,\ watchOS\ 10.4,\ tvOS\ 17.4,\ visionOS\ 1.1 -enable-experimental-feature AvailabilityMacro\=SwiftStdlib\ 6.0:\ macOS\ 15.0,\ iOS\ 18.0,\ watchOS\ 11.0,\ tvOS\ 18.0,\ visionOS\ 2.0 -enable-experimental-feature AvailabilityMacro\=SwiftStdlib\ 6.1:\ macOS\ 15.4,\ iOS\ 18.4,\ watchOS\ 11.4,\ tvOS\ 18.4,\ visionOS\ 2.4 -enable-experimental-feature AvailabilityMacro\=SwiftStdlib\ 6.2:\ macOS\ 26.0,\ iOS\ 26.0,\ watchOS\ 26.0,\ tvOS\ 26.0,\ visionOS\ 26.0 -enable-experimental-feature AvailabilityMacro\=SwiftStdlib\ 6.3:\ macOS\ 26.4,\ iOS\ 26.4,\ watchOS\ 26.4,\ tvOS\ 26.4,\ visionOS\ 26.4 -enable-experimental-feature AvailabilityMacro\=SwiftStdlib\ 6.4:\ macOS\ 27.0,\ iOS\ 27.0,\ watchOS\ 27.0,\ tvOS\ 27.0,\ visionOS\ 27.0 -enable-experimental-feature AvailabilityMacro\=SwiftStdlib\ 6.5:\ macOS\ 9999,\ iOS\ 9999,\ watchOS\ 9999,\ tvOS\ 9999,\ visionOS\ 9999 -enable-upcoming-feature MemberImportVisibility -enable-experimental-feature BuiltinModule -enable-experimental-feature Lifetimes -enable-experimental-feature InoutLifetimeDependence -enable-experimental-feature AddressableParameters -enable-experimental-feature AddressableTypes -enable-experimental-feature SuppressedAssociatedTypesWithDefaults -enable-experimental-feature BorrowingSequence -plugin-path /Applications/Xcode-26.3.0.app/Contents/Developer/Toolchains/XcodeDefault.xctoolchain/usr/lib/swift/host/plugins/testing -enable-experimental-feature DebugDescriptionMacro -sdk /Applications/Xcode-26.3.0.app/Contents/Developer/Platforms/XROS.platform/Developer/SDKs/XROS26.2.sdk -target arm64-apple-xros1.0 -g -module-cache-path /Users/admin/builder/spi-builder-workspace/.derivedData/ModuleCache.noindex -Xfrontend -serialize-debugging-options -enable-testing -suppress-warnings -index-store-path /Users/admin/builder/spi-builder-workspace/.derivedData/Index.noindex/DataStore -Xcc -D_LIBCPP_HARDENING_MODE\=_LIBCPP_HARDENING_MODE_DEBUG -swift-version 6 -I /Users/admin/builder/spi-builder-workspace/.derivedData/Build/Products/Debug-xros -Isystem /Applications/Xcode-26.3.0.app/Contents/Developer/Platforms/XROS.platform/Developer/usr/lib -F /Users/admin/builder/spi-builder-workspace/.derivedData/Build/Products/Debug-xros/PackageFrameworks -F /Users/admin/builder/spi-builder-workspace/.derivedData/Build/Products/Debug-xros/PackageFrameworks -F /Users/admin/builder/spi-builder-workspace/.derivedData/Build/Products/Debug-xros -F /Applications/Xcode-26.3.0.app/Contents/Developer/Platforms/XROS.platform/Developer/Library/Frameworks -F /Applications/Xcode-26.3.0.app/Contents/Developer/Platforms/XROS.platform/Developer/SDKs/XROS26.2.sdk/Developer/Library/Frameworks -c -j10 -enable-batch-mode -incremental -Xcc -ivfsstatcache -Xcc /Users/admin/builder/spi-builder-workspace/.derivedData/SDKStatCaches.noindex/xros26.2-23N301-dc75598d0054f22ec865fa860f139d72f5e64962d3ee001da1d77d1957dffdab.sdkstatcache -output-file-map /Users/admin/builder/spi-builder-workspace/.derivedData/Build/Intermediates.noindex/swift-collections.build/Debug-xros/DequeModule.build/Objects-normal/arm64/DequeModule-OutputFileMap.json -use-frontend-parseable-output -save-temps -no-color-diagnostics -explicit-module-build -module-cache-path /Users/admin/builder/spi-builder-workspace/.derivedData/Build/Intermediates.noindex/SwiftExplicitPrecompiledModules -clang-scanner-module-cache-path /Users/admin/builder/spi-builder-workspace/.derivedData/ModuleCache.noindex -sdk-module-cache-path /Users/admin/builder/spi-builder-workspace/.derivedData/ModuleCache.noindex -serialize-diagnostics -emit-dependencies -emit-module -emit-module-path /Users/admin/builder/spi-builder-workspace/.derivedData/Build/Intermediates.noindex/swift-collections.build/Debug-xros/DequeModule.build/Objects-normal/arm64/DequeModule.swiftmodule -user-module-version 1.7.2 -validate-clang-modules-once -clang-build-session-file /Users/admin/builder/spi-builder-workspace/.derivedData/ModuleCache.noindex/Session.modulevalidation -package-name swift_collections -Xcc -I/Users/admin/builder/spi-builder-workspace/.derivedData/Build/Intermediates.noindex/swift-collections.build/Debug-xros/DequeModule.build/swift-overrides.hmap -emit-const-values -Xfrontend -const-gather-protocols-file -Xfrontend /Users/admin/builder/spi-builder-workspace/.derivedData/Build/Intermediates.noindex/swift-collections.build/Debug-xros/DequeModule.build/Objects-normal/arm64/DequeModule_const_extract_protocols.json -Xcc -I/Users/admin/builder/spi-builder-workspace/.derivedData/Build/Products/Debug-xros/include -Xcc -I/Users/admin/builder/spi-builder-workspace/.derivedData/Build/Intermediates.noindex/swift-collections.build/Debug-xros/DequeModule.build/DerivedSources-normal/arm64 -Xcc -I/Users/admin/builder/spi-builder-workspace/.derivedData/Build/Intermediates.noindex/swift-collections.build/Debug-xros/DequeModule.build/DerivedSources/arm64 -Xcc -I/Users/admin/builder/spi-builder-workspace/.derivedData/Build/Intermediates.noindex/swift-collections.build/Debug-xros/DequeModule.build/DerivedSources -Xcc -DSWIFT_PACKAGE -Xcc -DDEBUG\=1 -emit-objc-header -emit-objc-header-path /Users/admin/builder/spi-builder-workspace/.derivedData/Build/Intermediates.noindex/swift-collections.build/Debug-xros/DequeModule.build/Objects-normal/arm64/DequeModule-Swift.h -working-directory /Users/admin/builder/spi-builder-workspace/.swiftpm/xcode -experimental-emit-module-separately -disable-cmo
SwiftDriver CryptoExtras normal arm64 com.apple.xcode.tools.swift.compiler (in target 'CryptoExtras' from project 'swift-crypto')
cd /Users/admin/builder/spi-builder-workspace/.swiftpm/xcode
builtin-SwiftDriver -- /Applications/Xcode-26.3.0.app/Contents/Developer/Toolchains/XcodeDefault.xctoolchain/usr/bin/swiftc -module-name CryptoExtras -Onone -enforce-exclusivity\=checked @/Users/admin/builder/spi-builder-workspace/.derivedData/Build/Intermediates.noindex/swift-crypto.build/Debug-xros/CryptoExtras.build/Objects-normal/arm64/CryptoExtras.SwiftFileList -DSWIFT_PACKAGE -DDEBUG -DSWIFT_MODULE_RESOURCE_BUNDLE_AVAILABLE -DCRYPTO_IN_SWIFTPM -DXcode -enable-upcoming-feature MemberImportVisibility -plugin-path /Applications/Xcode-26.3.0.app/Contents/Developer/Toolchains/XcodeDefault.xctoolchain/usr/lib/swift/host/plugins/testing -enable-experimental-feature DebugDescriptionMacro -sdk /Applications/Xcode-26.3.0.app/Contents/Developer/Platforms/XROS.platform/Developer/SDKs/XROS26.2.sdk -target arm64-apple-xros1.0 -g -module-cache-path /Users/admin/builder/spi-builder-workspace/.derivedData/ModuleCache.noindex -Xfrontend -serialize-debugging-options -enable-testing -suppress-warnings -index-store-path /Users/admin/builder/spi-builder-workspace/.derivedData/Index.noindex/DataStore -Xcc -D_LIBCPP_HARDENING_MODE\=_LIBCPP_HARDENING_MODE_DEBUG -swift-version 6 -I /Users/admin/builder/spi-builder-workspace/.derivedData/Build/Products/Debug-xros -Isystem /Applications/Xcode-26.3.0.app/Contents/Developer/Platforms/XROS.platform/Developer/usr/lib -F /Users/admin/builder/spi-builder-workspace/.derivedData/Build/Products/Debug-xros/PackageFrameworks -F /Users/admin/builder/spi-builder-workspace/.derivedData/Build/Products/Debug-xros/PackageFrameworks -F /Users/admin/builder/spi-builder-workspace/.derivedData/Build/Products/Debug-xros/PackageFrameworks -F /Users/admin/builder/spi-builder-workspace/.derivedData/Build/Products/Debug-xros/PackageFrameworks -F /Users/admin/builder/spi-builder-workspace/.derivedData/Build/Products/Debug-xros/PackageFrameworks -F /Users/admin/builder/spi-builder-workspace/.derivedData/Build/Products/Debug-xros -F /Applications/Xcode-26.3.0.app/Contents/Developer/Platforms/XROS.platform/Developer/Library/Frameworks -F /Applications/Xcode-26.3.0.app/Contents/Developer/Platforms/XROS.platform/Developer/SDKs/XROS26.2.sdk/Developer/Library/Frameworks -c -j10 -enable-batch-mode -incremental -Xcc -ivfsstatcache -Xcc /Users/admin/builder/spi-builder-workspace/.derivedData/SDKStatCaches.noindex/xros26.2-23N301-dc75598d0054f22ec865fa860f139d72f5e64962d3ee001da1d77d1957dffdab.sdkstatcache -output-file-map /Users/admin/builder/spi-builder-workspace/.derivedData/Build/Intermediates.noindex/swift-crypto.build/Debug-xros/CryptoExtras.build/Objects-normal/arm64/CryptoExtras-OutputFileMap.json -use-frontend-parseable-output -save-temps -no-color-diagnostics -explicit-module-build -module-cache-path /Users/admin/builder/spi-builder-workspace/.derivedData/Build/Intermediates.noindex/SwiftExplicitPrecompiledModules -clang-scanner-module-cache-path /Users/admin/builder/spi-builder-workspace/.derivedData/ModuleCache.noindex -sdk-module-cache-path /Users/admin/builder/spi-builder-workspace/.derivedData/ModuleCache.noindex -serialize-diagnostics -emit-dependencies -emit-module -emit-module-path /Users/admin/builder/spi-builder-workspace/.derivedData/Build/Intermediates.noindex/swift-crypto.build/Debug-xros/CryptoExtras.build/Objects-normal/arm64/CryptoExtras.swiftmodule -user-module-version 4.5.2 -validate-clang-modules-once -clang-build-session-file /Users/admin/builder/spi-builder-workspace/.derivedData/ModuleCache.noindex/Session.modulevalidation -package-name swift_crypto -Xcc -I/Users/admin/builder/spi-builder-workspace/.derivedData/Build/Intermediates.noindex/swift-crypto.build/Debug-xros/CryptoExtras.build/swift-overrides.hmap -emit-const-values -Xfrontend -const-gather-protocols-file -Xfrontend /Users/admin/builder/spi-builder-workspace/.derivedData/Build/Intermediates.noindex/swift-crypto.build/Debug-xros/CryptoExtras.build/Objects-normal/arm64/CryptoExtras_const_extract_protocols.json -Xcc -I/Users/admin/builder/spi-builder-workspace/.dependencies/checkouts/swift-crypto/Sources/CCryptoBoringSSLShims/include -Xcc -I/Users/admin/builder/spi-builder-workspace/.dependencies/checkouts/swift-crypto/Sources/CCryptoBoringSSL/include -Xcc -I/Users/admin/builder/spi-builder-workspace/.derivedData/Build/Products/Debug-xros/include -Xcc -I/Users/admin/builder/spi-builder-workspace/.derivedData/Build/Intermediates.noindex/swift-crypto.build/Debug-xros/CryptoExtras.build/DerivedSources-normal/arm64 -Xcc -I/Users/admin/builder/spi-builder-workspace/.derivedData/Build/Intermediates.noindex/swift-crypto.build/Debug-xros/CryptoExtras.build/DerivedSources/arm64 -Xcc -I/Users/admin/builder/spi-builder-workspace/.derivedData/Build/Intermediates.noindex/swift-crypto.build/Debug-xros/CryptoExtras.build/DerivedSources -Xcc -DSWIFT_PACKAGE -Xcc -DDEBUG\=1 -emit-objc-header -emit-objc-header-path /Users/admin/builder/spi-builder-workspace/.derivedData/Build/Intermediates.noindex/swift-crypto.build/Debug-xros/CryptoExtras.build/Objects-normal/arm64/CryptoExtras-Swift.h -working-directory /Users/admin/builder/spi-builder-workspace/.swiftpm/xcode -experimental-emit-module-separately -disable-cmo
SwiftDriver Algorithms normal arm64 com.apple.xcode.tools.swift.compiler (in target 'Algorithms' from project 'swift-algorithms')
cd /Users/admin/builder/spi-builder-workspace/.swiftpm/xcode
builtin-SwiftDriver -- /Applications/Xcode-26.3.0.app/Contents/Developer/Toolchains/XcodeDefault.xctoolchain/usr/bin/swiftc -module-name Algorithms -Onone -enforce-exclusivity\=checked @/Users/admin/builder/spi-builder-workspace/.derivedData/Build/Intermediates.noindex/swift-algorithms.build/Debug-xros/Algorithms.build/Objects-normal/arm64/Algorithms.SwiftFileList -DSWIFT_PACKAGE -DDEBUG -DSWIFT_MODULE_RESOURCE_BUNDLE_UNAVAILABLE -DXcode -plugin-path /Applications/Xcode-26.3.0.app/Contents/Developer/Toolchains/XcodeDefault.xctoolchain/usr/lib/swift/host/plugins/testing -enable-experimental-feature DebugDescriptionMacro -sdk /Applications/Xcode-26.3.0.app/Contents/Developer/Platforms/XROS.platform/Developer/SDKs/XROS26.2.sdk -target arm64-apple-xros1.0 -g -module-cache-path /Users/admin/builder/spi-builder-workspace/.derivedData/ModuleCache.noindex -Xfrontend -serialize-debugging-options -enable-testing -suppress-warnings -index-store-path /Users/admin/builder/spi-builder-workspace/.derivedData/Index.noindex/DataStore -Xcc -D_LIBCPP_HARDENING_MODE\=_LIBCPP_HARDENING_MODE_DEBUG -swift-version 5 -I /Users/admin/builder/spi-builder-workspace/.derivedData/Build/Products/Debug-xros -Isystem /Applications/Xcode-26.3.0.app/Contents/Developer/Platforms/XROS.platform/Developer/usr/lib -F /Users/admin/builder/spi-builder-workspace/.derivedData/Build/Products/Debug-xros/PackageFrameworks -F /Users/admin/builder/spi-builder-workspace/.derivedData/Build/Products/Debug-xros/PackageFrameworks -F /Users/admin/builder/spi-builder-workspace/.derivedData/Build/Products/Debug-xros -F /Applications/Xcode-26.3.0.app/Contents/Developer/Platforms/XROS.platform/Developer/Library/Frameworks -F /Applications/Xcode-26.3.0.app/Contents/Developer/Platforms/XROS.platform/Developer/SDKs/XROS26.2.sdk/Developer/Library/Frameworks -c -j10 -enable-batch-mode -incremental -Xcc -ivfsstatcache -Xcc /Users/admin/builder/spi-builder-workspace/.derivedData/SDKStatCaches.noindex/xros26.2-23N301-dc75598d0054f22ec865fa860f139d72f5e64962d3ee001da1d77d1957dffdab.sdkstatcache -output-file-map /Users/admin/builder/spi-builder-workspace/.derivedData/Build/Intermediates.noindex/swift-algorithms.build/Debug-xros/Algorithms.build/Objects-normal/arm64/Algorithms-OutputFileMap.json -use-frontend-parseable-output -save-temps -no-color-diagnostics -explicit-module-build -module-cache-path /Users/admin/builder/spi-builder-workspace/.derivedData/Build/Intermediates.noindex/SwiftExplicitPrecompiledModules -clang-scanner-module-cache-path /Users/admin/builder/spi-builder-workspace/.derivedData/ModuleCache.noindex -sdk-module-cache-path /Users/admin/builder/spi-builder-workspace/.derivedData/ModuleCache.noindex -serialize-diagnostics -emit-dependencies -emit-module -emit-module-path /Users/admin/builder/spi-builder-workspace/.derivedData/Build/Intermediates.noindex/swift-algorithms.build/Debug-xros/Algorithms.build/Objects-normal/arm64/Algorithms.swiftmodule -validate-clang-modules-once -clang-build-session-file /Users/admin/builder/spi-builder-workspace/.derivedData/ModuleCache.noindex/Session.modulevalidation -Xcc -I/Users/admin/builder/spi-builder-workspace/.derivedData/Build/Intermediates.noindex/swift-algorithms.build/Debug-xros/Algorithms.build/swift-overrides.hmap -emit-const-values -Xfrontend -const-gather-protocols-file -Xfrontend /Users/admin/builder/spi-builder-workspace/.derivedData/Build/Intermediates.noindex/swift-algorithms.build/Debug-xros/Algorithms.build/Objects-normal/arm64/Algorithms_const_extract_protocols.json -Xcc -I/Users/admin/builder/spi-builder-workspace/.dependencies/checkouts/swift-numerics/Sources/_NumericsShims/include -Xcc -I/Users/admin/builder/spi-builder-workspace/.derivedData/Build/Products/Debug-xros/include -Xcc -I/Users/admin/builder/spi-builder-workspace/.derivedData/Build/Intermediates.noindex/swift-algorithms.build/Debug-xros/Algorithms.build/DerivedSources-normal/arm64 -Xcc -I/Users/admin/builder/spi-builder-workspace/.derivedData/Build/Intermediates.noindex/swift-algorithms.build/Debug-xros/Algorithms.build/DerivedSources/arm64 -Xcc -I/Users/admin/builder/spi-builder-workspace/.derivedData/Build/Intermediates.noindex/swift-algorithms.build/Debug-xros/Algorithms.build/DerivedSources -Xcc -DSWIFT_PACKAGE -Xcc -DDEBUG\=1 -emit-objc-header -emit-objc-header-path /Users/admin/builder/spi-builder-workspace/.derivedData/Build/Intermediates.noindex/swift-algorithms.build/Debug-xros/Algorithms.build/Objects-normal/arm64/Algorithms-Swift.h -working-directory /Users/admin/builder/spi-builder-workspace/.swiftpm/xcode -experimental-emit-module-separately -disable-cmo
SwiftDriver Instrumentation normal arm64 com.apple.xcode.tools.swift.compiler (in target 'Instrumentation' from project 'swift-distributed-tracing')
cd /Users/admin/builder/spi-builder-workspace/.swiftpm/xcode
builtin-SwiftDriver -- /Applications/Xcode-26.3.0.app/Contents/Developer/Toolchains/XcodeDefault.xctoolchain/usr/bin/swiftc -module-name Instrumentation -Onone -enforce-exclusivity\=checked @/Users/admin/builder/spi-builder-workspace/.derivedData/Build/Intermediates.noindex/swift-distributed-tracing.build/Debug-xros/Instrumentation.build/Objects-normal/arm64/Instrumentation.SwiftFileList -DSWIFT_PACKAGE -DDEBUG -DSWIFT_MODULE_RESOURCE_BUNDLE_UNAVAILABLE -DXcode -enable-experimental-feature StrictConcurrency\=complete -plugin-path /Applications/Xcode-26.3.0.app/Contents/Developer/Toolchains/XcodeDefault.xctoolchain/usr/lib/swift/host/plugins/testing -enable-experimental-feature DebugDescriptionMacro -sdk /Applications/Xcode-26.3.0.app/Contents/Developer/Platforms/XROS.platform/Developer/SDKs/XROS26.2.sdk -target arm64-apple-xros1.0 -g -module-cache-path /Users/admin/builder/spi-builder-workspace/.derivedData/ModuleCache.noindex -Xfrontend -serialize-debugging-options -enable-testing -suppress-warnings -index-store-path /Users/admin/builder/spi-builder-workspace/.derivedData/Index.noindex/DataStore -Xcc -D_LIBCPP_HARDENING_MODE\=_LIBCPP_HARDENING_MODE_DEBUG -swift-version 6 -I /Users/admin/builder/spi-builder-workspace/.derivedData/Build/Products/Debug-xros -Isystem /Applications/Xcode-26.3.0.app/Contents/Developer/Platforms/XROS.platform/Developer/usr/lib -F /Users/admin/builder/spi-builder-workspace/.derivedData/Build/Products/Debug-xros/PackageFrameworks -F /Users/admin/builder/spi-builder-workspace/.derivedData/Build/Products/Debug-xros -F /Applications/Xcode-26.3.0.app/Contents/Developer/Platforms/XROS.platform/Developer/Library/Frameworks -F /Applications/Xcode-26.3.0.app/Contents/Developer/Platforms/XROS.platform/Developer/SDKs/XROS26.2.sdk/Developer/Library/Frameworks -c -j10 -enable-batch-mode -incremental -Xcc -ivfsstatcache -Xcc /Users/admin/builder/spi-builder-workspace/.derivedData/SDKStatCaches.noindex/xros26.2-23N301-dc75598d0054f22ec865fa860f139d72f5e64962d3ee001da1d77d1957dffdab.sdkstatcache -output-file-map /Users/admin/builder/spi-builder-workspace/.derivedData/Build/Intermediates.noindex/swift-distributed-tracing.build/Debug-xros/Instrumentation.build/Objects-normal/arm64/Instrumentation-OutputFileMap.json -use-frontend-parseable-output -save-temps -no-color-diagnostics -explicit-module-build -module-cache-path /Users/admin/builder/spi-builder-workspace/.derivedData/Build/Intermediates.noindex/SwiftExplicitPrecompiledModules -clang-scanner-module-cache-path /Users/admin/builder/spi-builder-workspace/.derivedData/ModuleCache.noindex -sdk-module-cache-path /Users/admin/builder/spi-builder-workspace/.derivedData/ModuleCache.noindex -serialize-diagnostics -emit-dependencies -emit-module -emit-module-path /Users/admin/builder/spi-builder-workspace/.derivedData/Build/Intermediates.noindex/swift-distributed-tracing.build/Debug-xros/Instrumentation.build/Objects-normal/arm64/Instrumentation.swiftmodule -user-module-version 1.5.0 -validate-clang-modules-once -clang-build-session-file /Users/admin/builder/spi-builder-workspace/.derivedData/ModuleCache.noindex/Session.modulevalidation -package-name swift_distributed_tracing -Xcc -I/Users/admin/builder/spi-builder-workspace/.derivedData/Build/Intermediates.noindex/swift-distributed-tracing.build/Debug-xros/Instrumentation.build/swift-overrides.hmap -emit-const-values -Xfrontend -const-gather-protocols-file -Xfrontend /Users/admin/builder/spi-builder-workspace/.derivedData/Build/Intermediates.noindex/swift-distributed-tracing.build/Debug-xros/Instrumentation.build/Objects-normal/arm64/Instrumentation_const_extract_protocols.json -Xcc -I/Users/admin/builder/spi-builder-workspace/.derivedData/Build/Products/Debug-xros/include -Xcc -I/Users/admin/builder/spi-builder-workspace/.derivedData/Build/Intermediates.noindex/swift-distributed-tracing.build/Debug-xros/Instrumentation.build/DerivedSources-normal/arm64 -Xcc -I/Users/admin/builder/spi-builder-workspace/.derivedData/Build/Intermediates.noindex/swift-distributed-tracing.build/Debug-xros/Instrumentation.build/DerivedSources/arm64 -Xcc -I/Users/admin/builder/spi-builder-workspace/.derivedData/Build/Intermediates.noindex/swift-distributed-tracing.build/Debug-xros/Instrumentation.build/DerivedSources -Xcc -DSWIFT_PACKAGE -Xcc -DDEBUG\=1 -emit-objc-header -emit-objc-header-path /Users/admin/builder/spi-builder-workspace/.derivedData/Build/Intermediates.noindex/swift-distributed-tracing.build/Debug-xros/Instrumentation.build/Objects-normal/arm64/Instrumentation-Swift.h -working-directory /Users/admin/builder/spi-builder-workspace/.swiftpm/xcode -experimental-emit-module-separately -disable-cmo
RegisterExecutionPolicyException /Users/admin/builder/spi-builder-workspace/.derivedData/Build/Products/Debug-xros/CAsyncHTTPClient.o (in target 'CAsyncHTTPClient' from project 'async-http-client')
cd /Users/admin/builder/spi-builder-workspace/.dependencies/checkouts/async-http-client
builtin-RegisterExecutionPolicyException /Users/admin/builder/spi-builder-workspace/.derivedData/Build/Products/Debug-xros/CAsyncHTTPClient.o
Ld /Users/admin/builder/spi-builder-workspace/.derivedData/Build/Products/Debug-xros/NIOConcurrencyHelpers.o normal (in target 'NIOConcurrencyHelpers' from project 'swift-nio')
cd /Users/admin/builder/spi-builder-workspace/.dependencies/checkouts/swift-nio
/Applications/Xcode-26.3.0.app/Contents/Developer/Toolchains/XcodeDefault.xctoolchain/usr/bin/clang -Xlinker -reproducible -target arm64-apple-xros1.0 -r -isysroot /Applications/Xcode-26.3.0.app/Contents/Developer/Platforms/XROS.platform/Developer/SDKs/XROS26.2.sdk -O0 -w -L/Users/admin/builder/spi-builder-workspace/.derivedData/Build/Intermediates.noindex/EagerLinkingTBDs/Debug-xros -L/Users/admin/builder/spi-builder-workspace/.derivedData/Build/Products/Debug-xros -L/Applications/Xcode-26.3.0.app/Contents/Developer/Platforms/XROS.platform/Developer/usr/lib -F/Users/admin/builder/spi-builder-workspace/.derivedData/Build/Intermediates.noindex/EagerLinkingTBDs/Debug-xros -F/Users/admin/builder/spi-builder-workspace/.derivedData/Build/Products/Debug-xros/PackageFrameworks -F/Users/admin/builder/spi-builder-workspace/.derivedData/Build/Products/Debug-xros -iframework /Applications/Xcode-26.3.0.app/Contents/Developer/Platforms/XROS.platform/Developer/Library/Frameworks -iframework /Applications/Xcode-26.3.0.app/Contents/Developer/Platforms/XROS.platform/Developer/SDKs/XROS26.2.sdk/Developer/Library/Frameworks -filelist /Users/admin/builder/spi-builder-workspace/.derivedData/Build/Intermediates.noindex/swift-nio.build/Debug-xros/NIOConcurrencyHelpers.build/Objects-normal/arm64/NIOConcurrencyHelpers.LinkFileList -nostdlib -Xlinker -object_path_lto -Xlinker /Users/admin/builder/spi-builder-workspace/.derivedData/Build/Intermediates.noindex/swift-nio.build/Debug-xros/NIOConcurrencyHelpers.build/Objects-normal/arm64/NIOConcurrencyHelpers_lto.o -rdynamic -Xlinker -no_deduplicate -Xlinker -dependency_info -Xlinker /Users/admin/builder/spi-builder-workspace/.derivedData/Build/Intermediates.noindex/swift-nio.build/Debug-xros/NIOConcurrencyHelpers.build/Objects-normal/arm64/NIOConcurrencyHelpers_dependency_info.dat -fobjc-link-runtime -L/Applications/Xcode-26.3.0.app/Contents/Developer/Toolchains/XcodeDefault.xctoolchain/usr/lib/swift/xros -L/usr/lib/swift -Xlinker -add_ast_path -Xlinker /Users/admin/builder/spi-builder-workspace/.derivedData/Build/Intermediates.noindex/swift-nio.build/Debug-xros/NIOConcurrencyHelpers.build/Objects-normal/arm64/NIOConcurrencyHelpers.swiftmodule @/Users/admin/builder/spi-builder-workspace/.derivedData/Build/Intermediates.noindex/swift-nio.build/Debug-xros/NIOConcurrencyHelpers.build/Objects-normal/arm64/NIOConcurrencyHelpers-linker-args.resp -o /Users/admin/builder/spi-builder-workspace/.derivedData/Build/Products/Debug-xros/NIOConcurrencyHelpers.o
Ld /Users/admin/builder/spi-builder-workspace/.derivedData/Build/Products/Debug-xros/CCryptoBoringSSLShims.o normal (in target 'CCryptoBoringSSLShims' from project 'swift-crypto')
cd /Users/admin/builder/spi-builder-workspace/.dependencies/checkouts/swift-crypto
/Applications/Xcode-26.3.0.app/Contents/Developer/Toolchains/XcodeDefault.xctoolchain/usr/bin/clang -Xlinker -reproducible -target arm64-apple-xros1.0 -r -isysroot /Applications/Xcode-26.3.0.app/Contents/Developer/Platforms/XROS.platform/Developer/SDKs/XROS26.2.sdk -O0 -w -L/Users/admin/builder/spi-builder-workspace/.derivedData/Build/Intermediates.noindex/EagerLinkingTBDs/Debug-xros -L/Users/admin/builder/spi-builder-workspace/.derivedData/Build/Products/Debug-xros -L/Applications/Xcode-26.3.0.app/Contents/Developer/Platforms/XROS.platform/Developer/usr/lib -F/Users/admin/builder/spi-builder-workspace/.derivedData/Build/Intermediates.noindex/EagerLinkingTBDs/Debug-xros -F/Users/admin/builder/spi-builder-workspace/.derivedData/Build/Products/Debug-xros/PackageFrameworks -F/Users/admin/builder/spi-builder-workspace/.derivedData/Build/Products/Debug-xros -iframework /Applications/Xcode-26.3.0.app/Contents/Developer/Platforms/XROS.platform/Developer/Library/Frameworks -iframework /Applications/Xcode-26.3.0.app/Contents/Developer/Platforms/XROS.platform/Developer/SDKs/XROS26.2.sdk/Developer/Library/Frameworks -filelist /Users/admin/builder/spi-builder-workspace/.derivedData/Build/Intermediates.noindex/swift-crypto.build/Debug-xros/CCryptoBoringSSLShims.build/Objects-normal/arm64/CCryptoBoringSSLShims.LinkFileList -nostdlib -Xlinker -object_path_lto -Xlinker /Users/admin/builder/spi-builder-workspace/.derivedData/Build/Intermediates.noindex/swift-crypto.build/Debug-xros/CCryptoBoringSSLShims.build/Objects-normal/arm64/CCryptoBoringSSLShims_lto.o -rdynamic -Xlinker -no_deduplicate -Xlinker -dependency_info -Xlinker /Users/admin/builder/spi-builder-workspace/.derivedData/Build/Intermediates.noindex/swift-crypto.build/Debug-xros/CCryptoBoringSSLShims.build/Objects-normal/arm64/CCryptoBoringSSLShims_dependency_info.dat -fobjc-arc -fobjc-link-runtime -o /Users/admin/builder/spi-builder-workspace/.derivedData/Build/Products/Debug-xros/CCryptoBoringSSLShims.o
SwiftDriver Tracing normal arm64 com.apple.xcode.tools.swift.compiler (in target 'Tracing' from project 'swift-distributed-tracing')
cd /Users/admin/builder/spi-builder-workspace/.swiftpm/xcode
builtin-SwiftDriver -- /Applications/Xcode-26.3.0.app/Contents/Developer/Toolchains/XcodeDefault.xctoolchain/usr/bin/swiftc -module-name Tracing -Onone -enforce-exclusivity\=checked @/Users/admin/builder/spi-builder-workspace/.derivedData/Build/Intermediates.noindex/swift-distributed-tracing.build/Debug-xros/Tracing.build/Objects-normal/arm64/Tracing.SwiftFileList -DSWIFT_PACKAGE -DDEBUG -DSWIFT_MODULE_RESOURCE_BUNDLE_UNAVAILABLE -DXcode -enable-experimental-feature StrictConcurrency\=complete -plugin-path /Applications/Xcode-26.3.0.app/Contents/Developer/Toolchains/XcodeDefault.xctoolchain/usr/lib/swift/host/plugins/testing -enable-experimental-feature DebugDescriptionMacro -sdk /Applications/Xcode-26.3.0.app/Contents/Developer/Platforms/XROS.platform/Developer/SDKs/XROS26.2.sdk -target arm64-apple-xros1.0 -g -module-cache-path /Users/admin/builder/spi-builder-workspace/.derivedData/ModuleCache.noindex -Xfrontend -serialize-debugging-options -enable-testing -suppress-warnings -index-store-path /Users/admin/builder/spi-builder-workspace/.derivedData/Index.noindex/DataStore -Xcc -D_LIBCPP_HARDENING_MODE\=_LIBCPP_HARDENING_MODE_DEBUG -swift-version 6 -I /Users/admin/builder/spi-builder-workspace/.derivedData/Build/Products/Debug-xros -Isystem /Applications/Xcode-26.3.0.app/Contents/Developer/Platforms/XROS.platform/Developer/usr/lib -F /Users/admin/builder/spi-builder-workspace/.derivedData/Build/Products/Debug-xros/PackageFrameworks -F /Users/admin/builder/spi-builder-workspace/.derivedData/Build/Products/Debug-xros/PackageFrameworks -F /Users/admin/builder/spi-builder-workspace/.derivedData/Build/Products/Debug-xros -F /Applications/Xcode-26.3.0.app/Contents/Developer/Platforms/XROS.platform/Developer/Library/Frameworks -F /Applications/Xcode-26.3.0.app/Contents/Developer/Platforms/XROS.platform/Developer/SDKs/XROS26.2.sdk/Developer/Library/Frameworks -c -j10 -enable-batch-mode -incremental -Xcc -ivfsstatcache -Xcc /Users/admin/builder/spi-builder-workspace/.derivedData/SDKStatCaches.noindex/xros26.2-23N301-dc75598d0054f22ec865fa860f139d72f5e64962d3ee001da1d77d1957dffdab.sdkstatcache -output-file-map /Users/admin/builder/spi-builder-workspace/.derivedData/Build/Intermediates.noindex/swift-distributed-tracing.build/Debug-xros/Tracing.build/Objects-normal/arm64/Tracing-OutputFileMap.json -use-frontend-parseable-output -save-temps -no-color-diagnostics -explicit-module-build -module-cache-path /Users/admin/builder/spi-builder-workspace/.derivedData/Build/Intermediates.noindex/SwiftExplicitPrecompiledModules -clang-scanner-module-cache-path /Users/admin/builder/spi-builder-workspace/.derivedData/ModuleCache.noindex -sdk-module-cache-path /Users/admin/builder/spi-builder-workspace/.derivedData/ModuleCache.noindex -serialize-diagnostics -emit-dependencies -emit-module -emit-module-path /Users/admin/builder/spi-builder-workspace/.derivedData/Build/Intermediates.noindex/swift-distributed-tracing.build/Debug-xros/Tracing.build/Objects-normal/arm64/Tracing.swiftmodule -user-module-version 1.5.0 -validate-clang-modules-once -clang-build-session-file /Users/admin/builder/spi-builder-workspace/.derivedData/ModuleCache.noindex/Session.modulevalidation -package-name swift_distributed_tracing -Xcc -I/Users/admin/builder/spi-builder-workspace/.derivedData/Build/Intermediates.noindex/swift-distributed-tracing.build/Debug-xros/Tracing.build/swift-overrides.hmap -emit-const-values -Xfrontend -const-gather-protocols-file -Xfrontend /Users/admin/builder/spi-builder-workspace/.derivedData/Build/Intermediates.noindex/swift-distributed-tracing.build/Debug-xros/Tracing.build/Objects-normal/arm64/Tracing_const_extract_protocols.json -Xcc -I/Users/admin/builder/spi-builder-workspace/.derivedData/Build/Products/Debug-xros/include -Xcc -I/Users/admin/builder/spi-builder-workspace/.derivedData/Build/Intermediates.noindex/swift-distributed-tracing.build/Debug-xros/Tracing.build/DerivedSources-normal/arm64 -Xcc -I/Users/admin/builder/spi-builder-workspace/.derivedData/Build/Intermediates.noindex/swift-distributed-tracing.build/Debug-xros/Tracing.build/DerivedSources/arm64 -Xcc -I/Users/admin/builder/spi-builder-workspace/.derivedData/Build/Intermediates.noindex/swift-distributed-tracing.build/Debug-xros/Tracing.build/DerivedSources -Xcc -DSWIFT_PACKAGE -Xcc -DDEBUG\=1 -emit-objc-header -emit-objc-header-path /Users/admin/builder/spi-builder-workspace/.derivedData/Build/Intermediates.noindex/swift-distributed-tracing.build/Debug-xros/Tracing.build/Objects-normal/arm64/Tracing-Swift.h -working-directory /Users/admin/builder/spi-builder-workspace/.swiftpm/xcode -experimental-emit-module-separately -disable-cmo
RegisterExecutionPolicyException /Users/admin/builder/spi-builder-workspace/.derivedData/Build/Products/Debug-xros/SystemPackage.o (in target 'SystemPackage' from project 'swift-system')
cd /Users/admin/builder/spi-builder-workspace/.dependencies/checkouts/swift-system
builtin-RegisterExecutionPolicyException /Users/admin/builder/spi-builder-workspace/.derivedData/Build/Products/Debug-xros/SystemPackage.o
RegisterExecutionPolicyException /Users/admin/builder/spi-builder-workspace/.derivedData/Build/Products/Debug-xros/SpanPreview.o (in target 'SpanPreview' from project 'swift-collections')
cd /Users/admin/builder/spi-builder-workspace/.dependencies/checkouts/swift-collections
builtin-RegisterExecutionPolicyException /Users/admin/builder/spi-builder-workspace/.derivedData/Build/Products/Debug-xros/SpanPreview.o
RegisterExecutionPolicyException /Users/admin/builder/spi-builder-workspace/.derivedData/Build/Products/Debug-xros/ExtrasBase64.o (in target 'ExtrasBase64' from project 'swift-extras-base64')
cd /Users/admin/builder/spi-builder-workspace/.dependencies/checkouts/swift-extras-base64
builtin-RegisterExecutionPolicyException /Users/admin/builder/spi-builder-workspace/.derivedData/Build/Products/Debug-xros/ExtrasBase64.o
RegisterExecutionPolicyException /Users/admin/builder/spi-builder-workspace/.derivedData/Build/Products/Debug-xros/CNIOBoringSSLShims.o (in target 'CNIOBoringSSLShims' from project 'swift-nio-ssl')
cd /Users/admin/builder/spi-builder-workspace/.dependencies/checkouts/swift-nio-ssl
builtin-RegisterExecutionPolicyException /Users/admin/builder/spi-builder-workspace/.derivedData/Build/Products/Debug-xros/CNIOBoringSSLShims.o
RegisterExecutionPolicyException /Users/admin/builder/spi-builder-workspace/.derivedData/Build/Products/Debug-xros/Atomics.o (in target 'Atomics' from project 'swift-atomics')
cd /Users/admin/builder/spi-builder-workspace/.dependencies/checkouts/swift-atomics
builtin-RegisterExecutionPolicyException /Users/admin/builder/spi-builder-workspace/.derivedData/Build/Products/Debug-xros/Atomics.o
ExtractAppIntentsMetadata (in target 'NIOConcurrencyHelpers' from project 'swift-nio')
cd /Users/admin/builder/spi-builder-workspace/.dependencies/checkouts/swift-nio
/Applications/Xcode-26.3.0.app/Contents/Developer/Toolchains/XcodeDefault.xctoolchain/usr/bin/appintentsmetadataprocessor --toolchain-dir /var/run/com.apple.security.cryptexd/mnt/com.apple.MobileAsset.MetalToolchain-v17.3.7003.10.uunLAj/Metal.xctoolchain --module-name NIOConcurrencyHelpers --sdk-root /Applications/Xcode-26.3.0.app/Contents/Developer/Platforms/XROS.platform/Developer/SDKs/XROS26.2.sdk --xcode-version 17C529 --platform-family xrOS --deployment-target 1.0 --bundle-identifier swift-nio.NIOConcurrencyHelpers --output /Users/admin/builder/spi-builder-workspace/.derivedData/Build/Products/Debug-xros/NIOConcurrencyHelpers.appintents --target-triple arm64-apple-xros1.0 --binary-file /Users/admin/builder/spi-builder-workspace/.derivedData/Build/Products/Debug-xros/NIOConcurrencyHelpers.o --dependency-file /Users/admin/builder/spi-builder-workspace/.derivedData/Build/Intermediates.noindex/swift-nio.build/Debug-xros/NIOConcurrencyHelpers.build/Objects-normal/arm64/NIOConcurrencyHelpers_dependency_info.dat --stringsdata-file /Users/admin/builder/spi-builder-workspace/.derivedData/Build/Intermediates.noindex/swift-nio.build/Debug-xros/NIOConcurrencyHelpers.build/Objects-normal/arm64/ExtractedAppShortcutsMetadata.stringsdata --source-file-list /Users/admin/builder/spi-builder-workspace/.derivedData/Build/Intermediates.noindex/swift-nio.build/Debug-xros/NIOConcurrencyHelpers.build/Objects-normal/arm64/NIOConcurrencyHelpers.SwiftFileList --metadata-file-list /Users/admin/builder/spi-builder-workspace/.derivedData/Build/Intermediates.noindex/swift-nio.build/Debug-xros/NIOConcurrencyHelpers.build/NIOConcurrencyHelpers.DependencyMetadataFileList --static-metadata-file-list /Users/admin/builder/spi-builder-workspace/.derivedData/Build/Intermediates.noindex/swift-nio.build/Debug-xros/NIOConcurrencyHelpers.build/NIOConcurrencyHelpers.DependencyStaticMetadataFileList --swift-const-vals-list /Users/admin/builder/spi-builder-workspace/.derivedData/Build/Intermediates.noindex/swift-nio.build/Debug-xros/NIOConcurrencyHelpers.build/Objects-normal/arm64/NIOConcurrencyHelpers.SwiftConstValuesFileList --force --compile-time-extraction --deployment-aware-processing --validate-assistant-intents --no-app-shortcuts-localization
2026-10-11 14:22:01.204 appintentsmetadataprocessor[4971:16340] Starting appintentsmetadataprocessor export
2026-10-11 14:22:01.495 appintentsmetadataprocessor[4971:16340] Extracted no relevant App Intents symbols, skipping writing output
RegisterExecutionPolicyException /Users/admin/builder/spi-builder-workspace/.derivedData/Build/Products/Debug-xros/CCryptoBoringSSLShims.o (in target 'CCryptoBoringSSLShims' from project 'swift-crypto')
cd /Users/admin/builder/spi-builder-workspace/.dependencies/checkouts/swift-crypto
builtin-RegisterExecutionPolicyException /Users/admin/builder/spi-builder-workspace/.derivedData/Build/Products/Debug-xros/CCryptoBoringSSLShims.o
Ld /Users/admin/builder/spi-builder-workspace/.derivedData/Build/Products/Debug-xros/CryptoBoringWrapper.o normal (in target 'CryptoBoringWrapper' from project 'swift-crypto')
cd /Users/admin/builder/spi-builder-workspace/.dependencies/checkouts/swift-crypto
/Applications/Xcode-26.3.0.app/Contents/Developer/Toolchains/XcodeDefault.xctoolchain/usr/bin/clang -Xlinker -reproducible -target arm64-apple-xros1.0 -r -isysroot /Applications/Xcode-26.3.0.app/Contents/Developer/Platforms/XROS.platform/Developer/SDKs/XROS26.2.sdk -O0 -w -L/Users/admin/builder/spi-builder-workspace/.derivedData/Build/Intermediates.noindex/EagerLinkingTBDs/Debug-xros -L/Users/admin/builder/spi-builder-workspace/.derivedData/Build/Products/Debug-xros -L/Applications/Xcode-26.3.0.app/Contents/Developer/Platforms/XROS.platform/Developer/usr/lib -F/Users/admin/builder/spi-builder-workspace/.derivedData/Build/Intermediates.noindex/EagerLinkingTBDs/Debug-xros -F/Users/admin/builder/spi-builder-workspace/.derivedData/Build/Products/Debug-xros/PackageFrameworks -F/Users/admin/builder/spi-builder-workspace/.derivedData/Build/Products/Debug-xros/PackageFrameworks -F/Users/admin/builder/spi-builder-workspace/.derivedData/Build/Products/Debug-xros -iframework /Applications/Xcode-26.3.0.app/Contents/Developer/Platforms/XROS.platform/Developer/Library/Frameworks -iframework /Applications/Xcode-26.3.0.app/Contents/Developer/Platforms/XROS.platform/Developer/SDKs/XROS26.2.sdk/Developer/Library/Frameworks -filelist /Users/admin/builder/spi-builder-workspace/.derivedData/Build/Intermediates.noindex/swift-crypto.build/Debug-xros/CryptoBoringWrapper.build/Objects-normal/arm64/CryptoBoringWrapper.LinkFileList -nostdlib -Xlinker -object_path_lto -Xlinker /Users/admin/builder/spi-builder-workspace/.derivedData/Build/Intermediates.noindex/swift-crypto.build/Debug-xros/CryptoBoringWrapper.build/Objects-normal/arm64/CryptoBoringWrapper_lto.o -rdynamic -Xlinker -no_deduplicate -Xlinker -dependency_info -Xlinker /Users/admin/builder/spi-builder-workspace/.derivedData/Build/Intermediates.noindex/swift-crypto.build/Debug-xros/CryptoBoringWrapper.build/Objects-normal/arm64/CryptoBoringWrapper_dependency_info.dat -fobjc-link-runtime -L/Applications/Xcode-26.3.0.app/Contents/Developer/Toolchains/XcodeDefault.xctoolchain/usr/lib/swift/xros -L/usr/lib/swift -Xlinker -add_ast_path -Xlinker /Users/admin/builder/spi-builder-workspace/.derivedData/Build/Intermediates.noindex/swift-crypto.build/Debug-xros/CryptoBoringWrapper.build/Objects-normal/arm64/CryptoBoringWrapper.swiftmodule @/Users/admin/builder/spi-builder-workspace/.derivedData/Build/Intermediates.noindex/swift-crypto.build/Debug-xros/CryptoBoringWrapper.build/Objects-normal/arm64/CryptoBoringWrapper-linker-args.resp -o /Users/admin/builder/spi-builder-workspace/.derivedData/Build/Products/Debug-xros/CryptoBoringWrapper.o
ExtractAppIntentsMetadata (in target 'CryptoBoringWrapper' from project 'swift-crypto')
cd /Users/admin/builder/spi-builder-workspace/.dependencies/checkouts/swift-crypto
/Applications/Xcode-26.3.0.app/Contents/Developer/Toolchains/XcodeDefault.xctoolchain/usr/bin/appintentsmetadataprocessor --toolchain-dir /var/run/com.apple.security.cryptexd/mnt/com.apple.MobileAsset.MetalToolchain-v17.3.7003.10.uunLAj/Metal.xctoolchain --module-name CryptoBoringWrapper --sdk-root /Applications/Xcode-26.3.0.app/Contents/Developer/Platforms/XROS.platform/Developer/SDKs/XROS26.2.sdk --xcode-version 17C529 --platform-family xrOS --deployment-target 1.0 --bundle-identifier swift-crypto.CryptoBoringWrapper --output /Users/admin/builder/spi-builder-workspace/.derivedData/Build/Products/Debug-xros/CryptoBoringWrapper.appintents --target-triple arm64-apple-xros1.0 --binary-file /Users/admin/builder/spi-builder-workspace/.derivedData/Build/Products/Debug-xros/CryptoBoringWrapper.o --dependency-file /Users/admin/builder/spi-builder-workspace/.derivedData/Build/Intermediates.noindex/swift-crypto.build/Debug-xros/CryptoBoringWrapper.build/Objects-normal/arm64/CryptoBoringWrapper_dependency_info.dat --stringsdata-file /Users/admin/builder/spi-builder-workspace/.derivedData/Build/Intermediates.noindex/swift-crypto.build/Debug-xros/CryptoBoringWrapper.build/Objects-normal/arm64/ExtractedAppShortcutsMetadata.stringsdata --source-file-list /Users/admin/builder/spi-builder-workspace/.derivedData/Build/Intermediates.noindex/swift-crypto.build/Debug-xros/CryptoBoringWrapper.build/Objects-normal/arm64/CryptoBoringWrapper.SwiftFileList --metadata-file-list /Users/admin/builder/spi-builder-workspace/.derivedData/Build/Intermediates.noindex/swift-crypto.build/Debug-xros/CryptoBoringWrapper.build/CryptoBoringWrapper.DependencyMetadataFileList --static-metadata-file-list /Users/admin/builder/spi-builder-workspace/.derivedData/Build/Intermediates.noindex/swift-crypto.build/Debug-xros/CryptoBoringWrapper.build/CryptoBoringWrapper.DependencyStaticMetadataFileList --swift-const-vals-list /Users/admin/builder/spi-builder-workspace/.derivedData/Build/Intermediates.noindex/swift-crypto.build/Debug-xros/CryptoBoringWrapper.build/Objects-normal/arm64/CryptoBoringWrapper.SwiftConstValuesFileList --force --compile-time-extraction --deployment-aware-processing --validate-assistant-intents --no-app-shortcuts-localization
2026-10-11 14:22:01.249 appintentsmetadataprocessor[4986:16372] Starting appintentsmetadataprocessor export
2026-10-11 14:22:01.530 appintentsmetadataprocessor[4986:16372] Extracted no relevant App Intents symbols, skipping writing output
SwiftEmitModule normal arm64 Emitting\ module\ for\ Algorithms (in target 'Algorithms' from project 'swift-algorithms')
EmitSwiftModule normal arm64 (in target 'Algorithms' from project 'swift-algorithms')
cd /Users/admin/builder/spi-builder-workspace/.swiftpm/xcode
SwiftCompile normal arm64 Compiling\ Joined.swift,\ Keyed.swift,\ MinMax.swift /Users/admin/builder/spi-builder-workspace/.dependencies/checkouts/swift-algorithms/Sources/Algorithms/Joined.swift /Users/admin/builder/spi-builder-workspace/.dependencies/checkouts/swift-algorithms/Sources/Algorithms/Keyed.swift /Users/admin/builder/spi-builder-workspace/.dependencies/checkouts/swift-algorithms/Sources/Algorithms/MinMax.swift (in target 'Algorithms' from project 'swift-algorithms')
SwiftCompile normal arm64 /Users/admin/builder/spi-builder-workspace/.dependencies/checkouts/swift-algorithms/Sources/Algorithms/Joined.swift (in target 'Algorithms' from project 'swift-algorithms')
cd /Users/admin/builder/spi-builder-workspace/.swiftpm/xcode
SwiftCompile normal arm64 /Users/admin/builder/spi-builder-workspace/.dependencies/checkouts/swift-algorithms/Sources/Algorithms/Keyed.swift (in target 'Algorithms' from project 'swift-algorithms')
cd /Users/admin/builder/spi-builder-workspace/.swiftpm/xcode
SwiftCompile normal arm64 /Users/admin/builder/spi-builder-workspace/.dependencies/checkouts/swift-algorithms/Sources/Algorithms/MinMax.swift (in target 'Algorithms' from project 'swift-algorithms')
cd /Users/admin/builder/spi-builder-workspace/.swiftpm/xcode
SwiftCompile normal arm64 Compiling\ Combinations.swift,\ Compacted.swift,\ Cycle.swift /Users/admin/builder/spi-builder-workspace/.dependencies/checkouts/swift-algorithms/Sources/Algorithms/Combinations.swift /Users/admin/builder/spi-builder-workspace/.dependencies/checkouts/swift-algorithms/Sources/Algorithms/Compacted.swift /Users/admin/builder/spi-builder-workspace/.dependencies/checkouts/swift-algorithms/Sources/Algorithms/Cycle.swift (in target 'Algorithms' from project 'swift-algorithms')
SwiftCompile normal arm64 /Users/admin/builder/spi-builder-workspace/.dependencies/checkouts/swift-algorithms/Sources/Algorithms/Combinations.swift (in target 'Algorithms' from project 'swift-algorithms')
cd /Users/admin/builder/spi-builder-workspace/.swiftpm/xcode
SwiftCompile normal arm64 /Users/admin/builder/spi-builder-workspace/.dependencies/checkouts/swift-algorithms/Sources/Algorithms/Compacted.swift (in target 'Algorithms' from project 'swift-algorithms')
cd /Users/admin/builder/spi-builder-workspace/.swiftpm/xcode
SwiftCompile normal arm64 /Users/admin/builder/spi-builder-workspace/.dependencies/checkouts/swift-algorithms/Sources/Algorithms/Cycle.swift (in target 'Algorithms' from project 'swift-algorithms')
cd /Users/admin/builder/spi-builder-workspace/.swiftpm/xcode
SwiftDriver\ Compilation Instrumentation normal arm64 com.apple.xcode.tools.swift.compiler (in target 'Instrumentation' from project 'swift-distributed-tracing')
cd /Users/admin/builder/spi-builder-workspace/.swiftpm/xcode
builtin-Swift-Compilation -- /Applications/Xcode-26.3.0.app/Contents/Developer/Toolchains/XcodeDefault.xctoolchain/usr/bin/swiftc -module-name Instrumentation -Onone -enforce-exclusivity\=checked @/Users/admin/builder/spi-builder-workspace/.derivedData/Build/Intermediates.noindex/swift-distributed-tracing.build/Debug-xros/Instrumentation.build/Objects-normal/arm64/Instrumentation.SwiftFileList -DSWIFT_PACKAGE -DDEBUG -DSWIFT_MODULE_RESOURCE_BUNDLE_UNAVAILABLE -DXcode -enable-experimental-feature StrictConcurrency\=complete -plugin-path /Applications/Xcode-26.3.0.app/Contents/Developer/Toolchains/XcodeDefault.xctoolchain/usr/lib/swift/host/plugins/testing -enable-experimental-feature DebugDescriptionMacro -sdk /Applications/Xcode-26.3.0.app/Contents/Developer/Platforms/XROS.platform/Developer/SDKs/XROS26.2.sdk -target arm64-apple-xros1.0 -g -module-cache-path /Users/admin/builder/spi-builder-workspace/.derivedData/ModuleCache.noindex -Xfrontend -serialize-debugging-options -enable-testing -suppress-warnings -index-store-path /Users/admin/builder/spi-builder-workspace/.derivedData/Index.noindex/DataStore -Xcc -D_LIBCPP_HARDENING_MODE\=_LIBCPP_HARDENING_MODE_DEBUG -swift-version 6 -I /Users/admin/builder/spi-builder-workspace/.derivedData/Build/Products/Debug-xros -Isystem /Applications/Xcode-26.3.0.app/Contents/Developer/Platforms/XROS.platform/Developer/usr/lib -F /Users/admin/builder/spi-builder-workspace/.derivedData/Build/Products/Debug-xros/PackageFrameworks -F /Users/admin/builder/spi-builder-workspace/.derivedData/Build/Products/Debug-xros -F /Applications/Xcode-26.3.0.app/Contents/Developer/Platforms/XROS.platform/Developer/Library/Frameworks -F /Applications/Xcode-26.3.0.app/Contents/Developer/Platforms/XROS.platform/Developer/SDKs/XROS26.2.sdk/Developer/Library/Frameworks -c -j10 -enable-batch-mode -incremental -Xcc -ivfsstatcache -Xcc /Users/admin/builder/spi-builder-workspace/.derivedData/SDKStatCaches.noindex/xros26.2-23N301-dc75598d0054f22ec865fa860f139d72f5e64962d3ee001da1d77d1957dffdab.sdkstatcache -output-file-map /Users/admin/builder/spi-builder-workspace/.derivedData/Build/Intermediates.noindex/swift-distributed-tracing.build/Debug-xros/Instrumentation.build/Objects-normal/arm64/Instrumentation-OutputFileMap.json -use-frontend-parseable-output -save-temps -no-color-diagnostics -explicit-module-build -module-cache-path /Users/admin/builder/spi-builder-workspace/.derivedData/Build/Intermediates.noindex/SwiftExplicitPrecompiledModules -clang-scanner-module-cache-path /Users/admin/builder/spi-builder-workspace/.derivedData/ModuleCache.noindex -sdk-module-cache-path /Users/admin/builder/spi-builder-workspace/.derivedData/ModuleCache.noindex -serialize-diagnostics -emit-dependencies -emit-module -emit-module-path /Users/admin/builder/spi-builder-workspace/.derivedData/Build/Intermediates.noindex/swift-distributed-tracing.build/Debug-xros/Instrumentation.build/Objects-normal/arm64/Instrumentation.swiftmodule -user-module-version 1.5.0 -validate-clang-modules-once -clang-build-session-file /Users/admin/builder/spi-builder-workspace/.derivedData/ModuleCache.noindex/Session.modulevalidation -package-name swift_distributed_tracing -Xcc -I/Users/admin/builder/spi-builder-workspace/.derivedData/Build/Intermediates.noindex/swift-distributed-tracing.build/Debug-xros/Instrumentation.build/swift-overrides.hmap -emit-const-values -Xfrontend -const-gather-protocols-file -Xfrontend /Users/admin/builder/spi-builder-workspace/.derivedData/Build/Intermediates.noindex/swift-distributed-tracing.build/Debug-xros/Instrumentation.build/Objects-normal/arm64/Instrumentation_const_extract_protocols.json -Xcc -I/Users/admin/builder/spi-builder-workspace/.derivedData/Build/Products/Debug-xros/include -Xcc -I/Users/admin/builder/spi-builder-workspace/.derivedData/Build/Intermediates.noindex/swift-distributed-tracing.build/Debug-xros/Instrumentation.build/DerivedSources-normal/arm64 -Xcc -I/Users/admin/builder/spi-builder-workspace/.derivedData/Build/Intermediates.noindex/swift-distributed-tracing.build/Debug-xros/Instrumentation.build/DerivedSources/arm64 -Xcc -I/Users/admin/builder/spi-builder-workspace/.derivedData/Build/Intermediates.noindex/swift-distributed-tracing.build/Debug-xros/Instrumentation.build/DerivedSources -Xcc -DSWIFT_PACKAGE -Xcc -DDEBUG\=1 -emit-objc-header -emit-objc-header-path /Users/admin/builder/spi-builder-workspace/.derivedData/Build/Intermediates.noindex/swift-distributed-tracing.build/Debug-xros/Instrumentation.build/Objects-normal/arm64/Instrumentation-Swift.h -working-directory /Users/admin/builder/spi-builder-workspace/.swiftpm/xcode -experimental-emit-module-separately -disable-cmo
SwiftCompile normal arm64 Compiling\ Unique.swift,\ Windows.swift /Users/admin/builder/spi-builder-workspace/.dependencies/checkouts/swift-algorithms/Sources/Algorithms/Unique.swift /Users/admin/builder/spi-builder-workspace/.dependencies/checkouts/swift-algorithms/Sources/Algorithms/Windows.swift (in target 'Algorithms' from project 'swift-algorithms')
SwiftCompile normal arm64 /Users/admin/builder/spi-builder-workspace/.dependencies/checkouts/swift-algorithms/Sources/Algorithms/Unique.swift (in target 'Algorithms' from project 'swift-algorithms')
cd /Users/admin/builder/spi-builder-workspace/.swiftpm/xcode
SwiftCompile normal arm64 /Users/admin/builder/spi-builder-workspace/.dependencies/checkouts/swift-algorithms/Sources/Algorithms/Windows.swift (in target 'Algorithms' from project 'swift-algorithms')
cd /Users/admin/builder/spi-builder-workspace/.swiftpm/xcode
Ld /Users/admin/builder/spi-builder-workspace/.derivedData/Build/Products/Debug-xros/Instrumentation.o normal (in target 'Instrumentation' from project 'swift-distributed-tracing')
cd /Users/admin/builder/spi-builder-workspace/.dependencies/checkouts/swift-distributed-tracing
/Applications/Xcode-26.3.0.app/Contents/Developer/Toolchains/XcodeDefault.xctoolchain/usr/bin/clang -Xlinker -reproducible -target arm64-apple-xros1.0 -r -isysroot /Applications/Xcode-26.3.0.app/Contents/Developer/Platforms/XROS.platform/Developer/SDKs/XROS26.2.sdk -O0 -w -L/Users/admin/builder/spi-builder-workspace/.derivedData/Build/Intermediates.noindex/EagerLinkingTBDs/Debug-xros -L/Users/admin/builder/spi-builder-workspace/.derivedData/Build/Products/Debug-xros -L/Applications/Xcode-26.3.0.app/Contents/Developer/Platforms/XROS.platform/Developer/usr/lib -F/Users/admin/builder/spi-builder-workspace/.derivedData/Build/Intermediates.noindex/EagerLinkingTBDs/Debug-xros -F/Users/admin/builder/spi-builder-workspace/.derivedData/Build/Products/Debug-xros/PackageFrameworks -F/Users/admin/builder/spi-builder-workspace/.derivedData/Build/Products/Debug-xros -iframework /Applications/Xcode-26.3.0.app/Contents/Developer/Platforms/XROS.platform/Developer/Library/Frameworks -iframework /Applications/Xcode-26.3.0.app/Contents/Developer/Platforms/XROS.platform/Developer/SDKs/XROS26.2.sdk/Developer/Library/Frameworks -filelist /Users/admin/builder/spi-builder-workspace/.derivedData/Build/Intermediates.noindex/swift-distributed-tracing.build/Debug-xros/Instrumentation.build/Objects-normal/arm64/Instrumentation.LinkFileList -nostdlib -Xlinker -object_path_lto -Xlinker /Users/admin/builder/spi-builder-workspace/.derivedData/Build/Intermediates.noindex/swift-distributed-tracing.build/Debug-xros/Instrumentation.build/Objects-normal/arm64/Instrumentation_lto.o -rdynamic -Xlinker -no_deduplicate -Xlinker -dependency_info -Xlinker /Users/admin/builder/spi-builder-workspace/.derivedData/Build/Intermediates.noindex/swift-distributed-tracing.build/Debug-xros/Instrumentation.build/Objects-normal/arm64/Instrumentation_dependency_info.dat -fobjc-link-runtime -L/Applications/Xcode-26.3.0.app/Contents/Developer/Toolchains/XcodeDefault.xctoolchain/usr/lib/swift/xros -L/usr/lib/swift -Xlinker -add_ast_path -Xlinker /Users/admin/builder/spi-builder-workspace/.derivedData/Build/Intermediates.noindex/swift-distributed-tracing.build/Debug-xros/Instrumentation.build/Objects-normal/arm64/Instrumentation.swiftmodule @/Users/admin/builder/spi-builder-workspace/.derivedData/Build/Intermediates.noindex/swift-distributed-tracing.build/Debug-xros/Instrumentation.build/Objects-normal/arm64/Instrumentation-linker-args.resp -o /Users/admin/builder/spi-builder-workspace/.derivedData/Build/Products/Debug-xros/Instrumentation.o
SwiftEmitModule normal arm64 Emitting\ module\ for\ DequeModule (in target 'DequeModule' from project 'swift-collections')
EmitSwiftModule normal arm64 (in target 'DequeModule' from project 'swift-collections')
cd /Users/admin/builder/spi-builder-workspace/.swiftpm/xcode
SwiftEmitModule normal arm64 Emitting\ module\ for\ GoogleWKT (in target 'GoogleWKT' from project 'GoogleWKT')
Failed frontend command:
/Applications/Xcode-26.3.0.app/Contents/Developer/Toolchains/XcodeDefault.xctoolchain/usr/bin/swift-frontend -frontend -emit-module -experimental-skip-non-inlinable-function-bodies-without-types /Users/admin/builder/spi-builder-workspace/.dependencies/checkouts/swift-google-wkt/Sources/GoogleWKT/AnyPackable.swift /Users/admin/builder/spi-builder-workspace/.dependencies/checkouts/swift-google-wkt/Sources/GoogleWKT/DecodeToDefault.swift /Users/admin/builder/spi-builder-workspace/.dependencies/checkouts/swift-google-wkt/Sources/GoogleWKT/DiscoveryBase64.swift /Users/admin/builder/spi-builder-workspace/.dependencies/checkouts/swift-google-wkt/Sources/GoogleWKT/ProtoJSONDecoder.swift /Users/admin/builder/spi-builder-workspace/.dependencies/checkouts/swift-google-wkt/Sources/GoogleWKT/ProtoJSONEncoder.swift /Users/admin/builder/spi-builder-workspace/.dependencies/checkouts/swift-google-wkt/Sources/GoogleWKT/UnknownFields.swift /Users/admin/builder/spi-builder-workspace/.dependencies/checkouts/swift-google-wkt/Sources/GoogleWKT/WKTAny.swift /Users/admin/builder/spi-builder-workspace/.dependencies/checkouts/swift-google-wkt/Sources/GoogleWKT/WKTAnyError.swift /Users/admin/builder/spi-builder-workspace/.dependencies/checkouts/swift-google-wkt/Sources/GoogleWKT/WKTBoolValue.swift /Users/admin/builder/spi-builder-workspace/.dependencies/checkouts/swift-google-wkt/Sources/GoogleWKT/WKTBytesValue.swift /Users/admin/builder/spi-builder-workspace/.dependencies/checkouts/swift-google-wkt/Sources/GoogleWKT/WKTDoubleValue.swift /Users/admin/builder/spi-builder-workspace/.dependencies/checkouts/swift-google-wkt/Sources/GoogleWKT/WKTDuration.swift /Users/admin/builder/spi-builder-workspace/.dependencies/checkouts/swift-google-wkt/Sources/GoogleWKT/WKTEmpty.swift /Users/admin/builder/spi-builder-workspace/.dependencies/checkouts/swift-google-wkt/Sources/GoogleWKT/WKTFieldMask.swift /Users/admin/builder/spi-builder-workspace/.dependencies/checkouts/swift-google-wkt/Sources/GoogleWKT/WKTFloatValue.swift /Users/admin/builder/spi-builder-workspace/.dependencies/checkouts/swift-google-wkt/Sources/GoogleWKT/WKTInt32Value.swift /Users/admin/builder/spi-builder-workspace/.dependencies/checkouts/swift-google-wkt/Sources/GoogleWKT/WKTInt64Value.swift /Users/admin/builder/spi-builder-workspace/.dependencies/checkouts/swift-google-wkt/Sources/GoogleWKT/WKTRecursive.swift /Users/admin/builder/spi-builder-workspace/.dependencies/checkouts/swift-google-wkt/Sources/GoogleWKT/WKTStringValue.swift /Users/admin/builder/spi-builder-workspace/.dependencies/checkouts/swift-google-wkt/Sources/GoogleWKT/WKTTimestamp.swift /Users/admin/builder/spi-builder-workspace/.dependencies/checkouts/swift-google-wkt/Sources/GoogleWKT/WKTUInt32Value.swift /Users/admin/builder/spi-builder-workspace/.dependencies/checkouts/swift-google-wkt/Sources/GoogleWKT/WKTUInt64Value.swift /Users/admin/builder/spi-builder-workspace/.dependencies/checkouts/swift-google-wkt/Sources/GoogleWKT/WKTValue.swift /Users/admin/builder/spi-builder-workspace/.dependencies/checkouts/swift-google-wkt/Sources/GoogleWKT/generated/messages/WKTApi.swift /Users/admin/builder/spi-builder-workspace/.dependencies/checkouts/swift-google-wkt/Sources/GoogleWKT/generated/messages/WKTEnum.swift /Users/admin/builder/spi-builder-workspace/.dependencies/checkouts/swift-google-wkt/Sources/GoogleWKT/generated/messages/WKTEnumValue.swift /Users/admin/builder/spi-builder-workspace/.dependencies/checkouts/swift-google-wkt/Sources/GoogleWKT/generated/messages/WKTField.swift /Users/admin/builder/spi-builder-workspace/.dependencies/checkouts/swift-google-wkt/Sources/GoogleWKT/generated/messages/WKTMethod.swift /Users/admin/builder/spi-builder-workspace/.dependencies/checkouts/swift-google-wkt/Sources/GoogleWKT/generated/messages/WKTMixin.swift /Users/admin/builder/spi-builder-workspace/.dependencies/checkouts/swift-google-wkt/Sources/GoogleWKT/generated/messages/WKTOption.swift /Users/admin/builder/spi-builder-workspace/.dependencies/checkouts/swift-google-wkt/Sources/GoogleWKT/generated/messages/WKTSourceContext.swift /Users/admin/builder/spi-builder-workspace/.dependencies/checkouts/swift-google-wkt/Sources/GoogleWKT/generated/messages/WKTSyntax.swift /Users/admin/builder/spi-builder-workspace/.dependencies/checkouts/swift-google-wkt/Sources/GoogleWKT/generated/messages/WKTType.swift /Users/admin/builder/spi-builder-workspace/.dependencies/checkouts/swift-google-wkt/Sources/GoogleWKT/generated/version/PackageVersion.swift -target arm64-apple-xros1.0 -load-resolved-plugin /Applications/Xcode-26.3.0.app/Contents/Developer/Platforms/XROS.platform/Developer/usr/lib/swift/host/plugins/libFoundationMacros.dylib\#/Applications/Xcode-26.3.0.app/Contents/Developer/Platforms/XROS.platform/Developer/usr/bin/swift-plugin-server\#FoundationMacros -load-resolved-plugin /Applications/Xcode-26.3.0.app/Contents/Developer/Platforms/XROS.platform/Developer/usr/lib/swift/host/plugins/libObservationMacros.dylib\#/Applications/Xcode-26.3.0.app/Contents/Developer/Platforms/XROS.platform/Developer/usr/bin/swift-plugin-server\#ObservationMacros -load-resolved-plugin /Applications/Xcode-26.3.0.app/Contents/Developer/Platforms/XROS.platform/Developer/usr/lib/swift/host/plugins/libSwiftMacros.dylib\#/Applications/Xcode-26.3.0.app/Contents/Developer/Platforms/XROS.platform/Developer/usr/bin/swift-plugin-server\#SwiftMacros -disable-implicit-swift-modules -Xcc -fno-implicit-modules -Xcc -fno-implicit-module-maps -explicit-swift-module-map-file /Users/admin/builder/spi-builder-workspace/.derivedData/Build/Intermediates.noindex/GoogleWKT.build/Debug-xros/GoogleWKT.build/Objects-normal/arm64/GoogleWKT-dependencies-1.json -Xllvm -aarch64-use-tbi -enable-objc-interop -stack-check -sdk /Applications/Xcode-26.3.0.app/Contents/Developer/Platforms/XROS.platform/Developer/SDKs/XROS26.2.sdk -I /Users/admin/builder/spi-builder-workspace/.derivedData/Build/Products/Debug-xros -Isystem /Applications/Xcode-26.3.0.app/Contents/Developer/Platforms/XROS.platform/Developer/usr/lib -F /Users/admin/builder/spi-builder-workspace/.derivedData/Build/Products/Debug-xros/PackageFrameworks -F /Users/admin/builder/spi-builder-workspace/.derivedData/Build/Products/Debug-xros -F /Applications/Xcode-26.3.0.app/Contents/Developer/Platforms/XROS.platform/Developer/Library/Frameworks -F /Applications/Xcode-26.3.0.app/Contents/Developer/Platforms/XROS.platform/Developer/SDKs/XROS26.2.sdk/Developer/Library/Frameworks -no-color-diagnostics -Xcc -fno-color-diagnostics -enable-testing -g -debug-info-format\=dwarf -dwarf-version\=4 -module-cache-path /Users/admin/builder/spi-builder-workspace/.derivedData/Build/Intermediates.noindex/SwiftExplicitPrecompiledModules -suppress-warnings -swift-version 6 -enforce-exclusivity\=checked -Onone -D SWIFT_PACKAGE -D DEBUG -D SWIFT_MODULE_RESOURCE_BUNDLE_UNAVAILABLE -D Xcode -serialize-debugging-options -const-gather-protocols-file /Users/admin/builder/spi-builder-workspace/.derivedData/Build/Intermediates.noindex/GoogleWKT.build/Debug-xros/GoogleWKT.build/Objects-normal/arm64/GoogleWKT_const_extract_protocols.json -enable-upcoming-feature ExistentialAny -enable-upcoming-feature InternalImportsByDefault -enable-upcoming-feature MemberImportVisibility -enable-upcoming-feature NonisolatedNonsendingByDefault -enable-experimental-feature DebugDescriptionMacro -strict-memory-safety -empty-abi-descriptor -user-module-version 0.5.0 -validate-clang-modules-once -clang-build-session-file /Users/admin/builder/spi-builder-workspace/.derivedData/ModuleCache.noindex/Session.modulevalidation -Xcc -working-directory -Xcc /Users/admin/builder/spi-builder-workspace/.swiftpm/xcode -enable-anonymous-context-mangled-names -file-compilation-dir /Users/admin/builder/spi-builder-workspace/.swiftpm/xcode -Xcc -D_LIBCPP_HARDENING_MODE\=_LIBCPP_HARDENING_MODE_DEBUG -Xcc -ivfsstatcache -Xcc /Users/admin/builder/spi-builder-workspace/.derivedData/SDKStatCaches.noindex/xros26.2-23N301-dc75598d0054f22ec865fa860f139d72f5e64962d3ee001da1d77d1957dffdab.sdkstatcache -Xcc -I/Users/admin/builder/spi-builder-workspace/.derivedData/Build/Intermediates.noindex/GoogleWKT.build/Debug-xros/GoogleWKT.build/swift-overrides.hmap -Xcc -I/Users/admin/builder/spi-builder-workspace/.derivedData/Build/Products/Debug-xros/include -Xcc -I/Users/admin/builder/spi-builder-workspace/.derivedData/Build/Intermediates.noindex/GoogleWKT.build/Debug-xros/GoogleWKT.build/DerivedSources-normal/arm64 -Xcc -I/Users/admin/builder/spi-builder-workspace/.derivedData/Build/Intermediates.noindex/GoogleWKT.build/Debug-xros/GoogleWKT.build/DerivedSources/arm64 -Xcc -I/Users/admin/builder/spi-builder-workspace/.derivedData/Build/Intermediates.noindex/GoogleWKT.build/Debug-xros/GoogleWKT.build/DerivedSources -Xcc -DSWIFT_PACKAGE -Xcc -DDEBUG\=1 -no-auto-bridging-header-chaining -module-name GoogleWKT -package-name swift_google_wkt -frontend-parseable-output -disable-clang-spi -target-sdk-version 26.2 -target-sdk-name xros26.2 -clang-target arm64-apple-xros26.2 -in-process-plugin-server-path /Applications/Xcode-26.3.0.app/Contents/Developer/Toolchains/XcodeDefault.xctoolchain/usr/lib/swift/host/libSwiftInProcPluginServer.dylib -emit-module-doc-path /Users/admin/builder/spi-builder-workspace/.derivedData/Build/Intermediates.noindex/GoogleWKT.build/Debug-xros/GoogleWKT.build/Objects-normal/arm64/GoogleWKT.swiftdoc -emit-module-source-info-path /Users/admin/builder/spi-builder-workspace/.derivedData/Build/Intermediates.noindex/GoogleWKT.build/Debug-xros/GoogleWKT.build/Objects-normal/arm64/GoogleWKT.swiftsourceinfo -emit-objc-header-path /Users/admin/builder/spi-builder-workspace/.derivedData/Build/Intermediates.noindex/GoogleWKT.build/Debug-xros/GoogleWKT.build/Objects-normal/arm64/GoogleWKT-Swift.h -serialize-diagnostics-path /Users/admin/builder/spi-builder-workspace/.derivedData/Build/Intermediates.noindex/GoogleWKT.build/Debug-xros/GoogleWKT.build/Objects-normal/arm64/GoogleWKT-primary-emit-module.dia -emit-dependencies-path /Users/admin/builder/spi-builder-workspace/.derivedData/Build/Intermediates.noindex/GoogleWKT.build/Debug-xros/GoogleWKT.build/Objects-normal/arm64/GoogleWKT-primary-emit-module.d -o /Users/admin/builder/spi-builder-workspace/.derivedData/Build/Intermediates.noindex/GoogleWKT.build/Debug-xros/GoogleWKT.build/Objects-normal/arm64/GoogleWKT.swiftmodule -emit-abi-descriptor-path /Users/admin/builder/spi-builder-workspace/.derivedData/Build/Intermediates.noindex/GoogleWKT.build/Debug-xros/GoogleWKT.build/Objects-normal/arm64/GoogleWKT.abi.json
EmitSwiftModule normal arm64 (in target 'GoogleWKT' from project 'GoogleWKT')
cd /Users/admin/builder/spi-builder-workspace/.swiftpm/xcode
/Users/admin/builder/spi-builder-workspace/.dependencies/checkouts/swift-google-wkt/Sources/GoogleWKT/DecodeToDefault.swift:106:23: error: 'Int128' is only available in visionOS 2.0 or newer
func decode(_ type: Int128.Type) throws -> Int128 { return Int128() }
^
/Users/admin/builder/spi-builder-workspace/.dependencies/checkouts/swift-google-wkt/Sources/GoogleWKT/DecodeToDefault.swift:106:8: note: add '@available' attribute to enclosing instance method
func decode(_ type: Int128.Type) throws -> Int128 { return Int128() }
^
/Users/admin/builder/spi-builder-workspace/.dependencies/checkouts/swift-google-wkt/Sources/GoogleWKT/DecodeToDefault.swift:89:1: note: add '@available' attribute to enclosing extension
extension DecodeToDefault: SingleValueDecodingContainer {
^
/Users/admin/builder/spi-builder-workspace/.dependencies/checkouts/swift-google-wkt/Sources/GoogleWKT/DecodeToDefault.swift:106:46: error: 'Int128' is only available in visionOS 2.0 or newer
func decode(_ type: Int128.Type) throws -> Int128 { return Int128() }
^
/Users/admin/builder/spi-builder-workspace/.dependencies/checkouts/swift-google-wkt/Sources/GoogleWKT/DecodeToDefault.swift:106:8: note: add '@available' attribute to enclosing instance method
func decode(_ type: Int128.Type) throws -> Int128 { return Int128() }
^
/Users/admin/builder/spi-builder-workspace/.dependencies/checkouts/swift-google-wkt/Sources/GoogleWKT/DecodeToDefault.swift:89:1: note: add '@available' attribute to enclosing extension
extension DecodeToDefault: SingleValueDecodingContainer {
^
/Users/admin/builder/spi-builder-workspace/.dependencies/checkouts/swift-google-wkt/Sources/GoogleWKT/DecodeToDefault.swift:107:23: error: 'UInt128' is only available in visionOS 2.0 or newer
func decode(_ type: UInt128.Type) throws -> UInt128 { return UInt128() }
^
/Users/admin/builder/spi-builder-workspace/.dependencies/checkouts/swift-google-wkt/Sources/GoogleWKT/DecodeToDefault.swift:107:8: note: add '@available' attribute to enclosing instance method
func decode(_ type: UInt128.Type) throws -> UInt128 { return UInt128() }
^
/Users/admin/builder/spi-builder-workspace/.dependencies/checkouts/swift-google-wkt/Sources/GoogleWKT/DecodeToDefault.swift:89:1: note: add '@available' attribute to enclosing extension
extension DecodeToDefault: SingleValueDecodingContainer {
^
/Users/admin/builder/spi-builder-workspace/.dependencies/checkouts/swift-google-wkt/Sources/GoogleWKT/DecodeToDefault.swift:107:47: error: 'UInt128' is only available in visionOS 2.0 or newer
func decode(_ type: UInt128.Type) throws -> UInt128 { return UInt128() }
^
/Users/admin/builder/spi-builder-workspace/.dependencies/checkouts/swift-google-wkt/Sources/GoogleWKT/DecodeToDefault.swift:107:8: note: add '@available' attribute to enclosing instance method
func decode(_ type: UInt128.Type) throws -> UInt128 { return UInt128() }
^
/Users/admin/builder/spi-builder-workspace/.dependencies/checkouts/swift-google-wkt/Sources/GoogleWKT/DecodeToDefault.swift:89:1: note: add '@available' attribute to enclosing extension
extension DecodeToDefault: SingleValueDecodingContainer {
^
/Users/admin/builder/spi-builder-workspace/.dependencies/checkouts/swift-google-wkt/Sources/GoogleWKT/ProtoJSONDecoder.swift:135:23: error: 'Int128' is only available in visionOS 2.0 or newer
func decode(_ type: Int128.Type) throws -> Int128 { try decodeGeneric(type) }
^
/Users/admin/builder/spi-builder-workspace/.dependencies/checkouts/swift-google-wkt/Sources/GoogleWKT/ProtoJSONDecoder.swift:135:8: note: add '@available' attribute to enclosing instance method
func decode(_ type: Int128.Type) throws -> Int128 { try decodeGeneric(type) }
^
/Users/admin/builder/spi-builder-workspace/.dependencies/checkouts/swift-google-wkt/Sources/GoogleWKT/ProtoJSONDecoder.swift:105:1: note: add '@available' attribute to enclosing extension
extension InternalSingleValueContainer: SingleValueDecodingContainer {
^
/Users/admin/builder/spi-builder-workspace/.dependencies/checkouts/swift-google-wkt/Sources/GoogleWKT/ProtoJSONDecoder.swift:135:46: error: 'Int128' is only available in visionOS 2.0 or newer
func decode(_ type: Int128.Type) throws -> Int128 { try decodeGeneric(type) }
^
/Users/admin/builder/spi-builder-workspace/.dependencies/checkouts/swift-google-wkt/Sources/GoogleWKT/ProtoJSONDecoder.swift:135:8: note: add '@available' attribute to enclosing instance method
func decode(_ type: Int128.Type) throws -> Int128 { try decodeGeneric(type) }
^
/Users/admin/builder/spi-builder-workspace/.dependencies/checkouts/swift-google-wkt/Sources/GoogleWKT/ProtoJSONDecoder.swift:105:1: note: add '@available' attribute to enclosing extension
extension InternalSingleValueContainer: SingleValueDecodingContainer {
^
/Users/admin/builder/spi-builder-workspace/.dependencies/checkouts/swift-google-wkt/Sources/GoogleWKT/ProtoJSONDecoder.swift:136:23: error: 'UInt128' is only available in visionOS 2.0 or newer
func decode(_ type: UInt128.Type) throws -> UInt128 { try decodeGeneric(type) }
^
/Users/admin/builder/spi-builder-workspace/.dependencies/checkouts/swift-google-wkt/Sources/GoogleWKT/ProtoJSONDecoder.swift:136:8: note: add '@available' attribute to enclosing instance method
func decode(_ type: UInt128.Type) throws -> UInt128 { try decodeGeneric(type) }
^
/Users/admin/builder/spi-builder-workspace/.dependencies/checkouts/swift-google-wkt/Sources/GoogleWKT/ProtoJSONDecoder.swift:105:1: note: add '@available' attribute to enclosing extension
extension InternalSingleValueContainer: SingleValueDecodingContainer {
^
/Users/admin/builder/spi-builder-workspace/.dependencies/checkouts/swift-google-wkt/Sources/GoogleWKT/ProtoJSONDecoder.swift:136:47: error: 'UInt128' is only available in visionOS 2.0 or newer
func decode(_ type: UInt128.Type) throws -> UInt128 { try decodeGeneric(type) }
^
/Users/admin/builder/spi-builder-workspace/.dependencies/checkouts/swift-google-wkt/Sources/GoogleWKT/ProtoJSONDecoder.swift:136:8: note: add '@available' attribute to enclosing instance method
func decode(_ type: UInt128.Type) throws -> UInt128 { try decodeGeneric(type) }
^
/Users/admin/builder/spi-builder-workspace/.dependencies/checkouts/swift-google-wkt/Sources/GoogleWKT/ProtoJSONDecoder.swift:105:1: note: add '@available' attribute to enclosing extension
extension InternalSingleValueContainer: SingleValueDecodingContainer {
^
SwiftCompile normal arm64 Compiling\ WKTEnumValue.swift,\ WKTField.swift,\ WKTMethod.swift /Users/admin/builder/spi-builder-workspace/.dependencies/checkouts/swift-google-wkt/Sources/GoogleWKT/generated/messages/WKTEnumValue.swift /Users/admin/builder/spi-builder-workspace/.dependencies/checkouts/swift-google-wkt/Sources/GoogleWKT/generated/messages/WKTField.swift /Users/admin/builder/spi-builder-workspace/.dependencies/checkouts/swift-google-wkt/Sources/GoogleWKT/generated/messages/WKTMethod.swift (in target 'GoogleWKT' from project 'GoogleWKT')
SwiftCompile normal arm64 /Users/admin/builder/spi-builder-workspace/.dependencies/checkouts/swift-google-wkt/Sources/GoogleWKT/generated/messages/WKTEnumValue.swift (in target 'GoogleWKT' from project 'GoogleWKT')
cd /Users/admin/builder/spi-builder-workspace/.swiftpm/xcode
SwiftCompile normal arm64 /Users/admin/builder/spi-builder-workspace/.dependencies/checkouts/swift-google-wkt/Sources/GoogleWKT/generated/messages/WKTField.swift (in target 'GoogleWKT' from project 'GoogleWKT')
cd /Users/admin/builder/spi-builder-workspace/.swiftpm/xcode
SwiftCompile normal arm64 /Users/admin/builder/spi-builder-workspace/.dependencies/checkouts/swift-google-wkt/Sources/GoogleWKT/generated/messages/WKTMethod.swift (in target 'GoogleWKT' from project 'GoogleWKT')
cd /Users/admin/builder/spi-builder-workspace/.swiftpm/xcode
SwiftCompile normal arm64 Compiling\ WKTInt64Value.swift,\ WKTRecursive.swift,\ WKTStringValue.swift /Users/admin/builder/spi-builder-workspace/.dependencies/checkouts/swift-google-wkt/Sources/GoogleWKT/WKTInt64Value.swift /Users/admin/builder/spi-builder-workspace/.dependencies/checkouts/swift-google-wkt/Sources/GoogleWKT/WKTRecursive.swift /Users/admin/builder/spi-builder-workspace/.dependencies/checkouts/swift-google-wkt/Sources/GoogleWKT/WKTStringValue.swift (in target 'GoogleWKT' from project 'GoogleWKT')
SwiftCompile normal arm64 /Users/admin/builder/spi-builder-workspace/.dependencies/checkouts/swift-google-wkt/Sources/GoogleWKT/WKTInt64Value.swift (in target 'GoogleWKT' from project 'GoogleWKT')
cd /Users/admin/builder/spi-builder-workspace/.swiftpm/xcode
SwiftCompile normal arm64 /Users/admin/builder/spi-builder-workspace/.dependencies/checkouts/swift-google-wkt/Sources/GoogleWKT/WKTRecursive.swift (in target 'GoogleWKT' from project 'GoogleWKT')
cd /Users/admin/builder/spi-builder-workspace/.swiftpm/xcode
SwiftCompile normal arm64 /Users/admin/builder/spi-builder-workspace/.dependencies/checkouts/swift-google-wkt/Sources/GoogleWKT/WKTStringValue.swift (in target 'GoogleWKT' from project 'GoogleWKT')
cd /Users/admin/builder/spi-builder-workspace/.swiftpm/xcode
SwiftCompile normal arm64 Compiling\ WKTBoolValue.swift,\ WKTBytesValue.swift,\ WKTDoubleValue.swift,\ WKTDuration.swift /Users/admin/builder/spi-builder-workspace/.dependencies/checkouts/swift-google-wkt/Sources/GoogleWKT/WKTBoolValue.swift /Users/admin/builder/spi-builder-workspace/.dependencies/checkouts/swift-google-wkt/Sources/GoogleWKT/WKTBytesValue.swift /Users/admin/builder/spi-builder-workspace/.dependencies/checkouts/swift-google-wkt/Sources/GoogleWKT/WKTDoubleValue.swift /Users/admin/builder/spi-builder-workspace/.dependencies/checkouts/swift-google-wkt/Sources/GoogleWKT/WKTDuration.swift (in target 'GoogleWKT' from project 'GoogleWKT')
SwiftCompile normal arm64 /Users/admin/builder/spi-builder-workspace/.dependencies/checkouts/swift-google-wkt/Sources/GoogleWKT/WKTBoolValue.swift (in target 'GoogleWKT' from project 'GoogleWKT')
cd /Users/admin/builder/spi-builder-workspace/.swiftpm/xcode
SwiftCompile normal arm64 /Users/admin/builder/spi-builder-workspace/.dependencies/checkouts/swift-google-wkt/Sources/GoogleWKT/WKTBytesValue.swift (in target 'GoogleWKT' from project 'GoogleWKT')
cd /Users/admin/builder/spi-builder-workspace/.swiftpm/xcode
SwiftCompile normal arm64 /Users/admin/builder/spi-builder-workspace/.dependencies/checkouts/swift-google-wkt/Sources/GoogleWKT/WKTDoubleValue.swift (in target 'GoogleWKT' from project 'GoogleWKT')
cd /Users/admin/builder/spi-builder-workspace/.swiftpm/xcode
SwiftCompile normal arm64 /Users/admin/builder/spi-builder-workspace/.dependencies/checkouts/swift-google-wkt/Sources/GoogleWKT/WKTDuration.swift (in target 'GoogleWKT' from project 'GoogleWKT')
cd /Users/admin/builder/spi-builder-workspace/.swiftpm/xcode
SwiftEmitModule normal arm64 Emitting\ module\ for\ Tracing (in target 'Tracing' from project 'swift-distributed-tracing')
EmitSwiftModule normal arm64 (in target 'Tracing' from project 'swift-distributed-tracing')
cd /Users/admin/builder/spi-builder-workspace/.swiftpm/xcode
SwiftEmitModule normal arm64 Emitting\ module\ for\ CryptoExtras (in target 'CryptoExtras' from project 'swift-crypto')
SwiftDriverJobDiscovery normal arm64 Emitting module for Tracing (in target 'Tracing' from project 'swift-distributed-tracing')
SwiftCompile normal arm64 Compiling\ WithTracer.swift /Users/admin/builder/spi-builder-workspace/.dependencies/checkouts/swift-distributed-tracing/Sources/Tracing/WithTracer.swift (in target 'Tracing' from project 'swift-distributed-tracing')
SwiftDriverJobDiscovery normal arm64 Compiling Unique.swift, Windows.swift (in target 'Algorithms' from project 'swift-algorithms')
SwiftDriver\ Compilation\ Requirements Tracing normal arm64 com.apple.xcode.tools.swift.compiler (in target 'Tracing' from project 'swift-distributed-tracing')
cd /Users/admin/builder/spi-builder-workspace/.swiftpm/xcode
builtin-Swift-Compilation-Requirements -- /Applications/Xcode-26.3.0.app/Contents/Developer/Toolchains/XcodeDefault.xctoolchain/usr/bin/swiftc -module-name Tracing -Onone -enforce-exclusivity\=checked @/Users/admin/builder/spi-builder-workspace/.derivedData/Build/Intermediates.noindex/swift-distributed-tracing.build/Debug-xros/Tracing.build/Objects-normal/arm64/Tracing.SwiftFileList -DSWIFT_PACKAGE -DDEBUG -DSWIFT_MODULE_RESOURCE_BUNDLE_UNAVAILABLE -DXcode -enable-experimental-feature StrictConcurrency\=complete -plugin-path /Applications/Xcode-26.3.0.app/Contents/Developer/Toolchains/XcodeDefault.xctoolchain/usr/lib/swift/host/plugins/testing -enable-experimental-feature DebugDescriptionMacro -sdk /Applications/Xcode-26.3.0.app/Contents/Developer/Platforms/XROS.platform/Developer/SDKs/XROS26.2.sdk -target arm64-apple-xros1.0 -g -module-cache-path /Users/admin/builder/spi-builder-workspace/.derivedData/ModuleCache.noindex -Xfrontend -serialize-debugging-options -enable-testing -suppress-warnings -index-store-path /Users/admin/builder/spi-builder-workspace/.derivedData/Index.noindex/DataStore -Xcc -D_LIBCPP_HARDENING_MODE\=_LIBCPP_HARDENING_MODE_DEBUG -swift-version 6 -I /Users/admin/builder/spi-builder-workspace/.derivedData/Build/Products/Debug-xros -Isystem /Applications/Xcode-26.3.0.app/Contents/Developer/Platforms/XROS.platform/Developer/usr/lib -F /Users/admin/builder/spi-builder-workspace/.derivedData/Build/Products/Debug-xros/PackageFrameworks -F /Users/admin/builder/spi-builder-workspace/.derivedData/Build/Products/Debug-xros/PackageFrameworks -F /Users/admin/builder/spi-builder-workspace/.derivedData/Build/Products/Debug-xros -F /Applications/Xcode-26.3.0.app/Contents/Developer/Platforms/XROS.platform/Developer/Library/Frameworks -F /Applications/Xcode-26.3.0.app/Contents/Developer/Platforms/XROS.platform/Developer/SDKs/XROS26.2.sdk/Developer/Library/Frameworks -c -j10 -enable-batch-mode -incremental -Xcc -ivfsstatcache -Xcc /Users/admin/builder/spi-builder-workspace/.derivedData/SDKStatCaches.noindex/xros26.2-23N301-dc75598d0054f22ec865fa860f139d72f5e64962d3ee001da1d77d1957dffdab.sdkstatcache -output-file-map /Users/admin/builder/spi-builder-workspace/.derivedData/Build/Intermediates.noindex/swift-distributed-tracing.build/Debug-xros/Tracing.build/Objects-normal/arm64/Tracing-OutputFileMap.json -use-frontend-parseable-output -save-temps -no-color-diagnostics -explicit-module-build -module-cache-path /Users/admin/builder/spi-builder-workspace/.derivedData/Build/Intermediates.noindex/SwiftExplicitPrecompiledModules -clang-scanner-module-cache-path /Users/admin/builder/spi-builder-workspace/.derivedData/ModuleCache.noindex -sdk-module-cache-path /Users/admin/builder/spi-builder-workspace/.derivedData/ModuleCache.noindex -serialize-diagnostics -emit-dependencies -emit-module -emit-module-path /Users/admin/builder/spi-builder-workspace/.derivedData/Build/Intermediates.noindex/swift-distributed-tracing.build/Debug-xros/Tracing.build/Objects-normal/arm64/Tracing.swiftmodule -user-module-version 1.5.0 -validate-clang-modules-once -clang-build-session-file /Users/admin/builder/spi-builder-workspace/.derivedData/ModuleCache.noindex/Session.modulevalidation -package-name swift_distributed_tracing -Xcc -I/Users/admin/builder/spi-builder-workspace/.derivedData/Build/Intermediates.noindex/swift-distributed-tracing.build/Debug-xros/Tracing.build/swift-overrides.hmap -emit-const-values -Xfrontend -const-gather-protocols-file -Xfrontend /Users/admin/builder/spi-builder-workspace/.derivedData/Build/Intermediates.noindex/swift-distributed-tracing.build/Debug-xros/Tracing.build/Objects-normal/arm64/Tracing_const_extract_protocols.json -Xcc -I/Users/admin/builder/spi-builder-workspace/.derivedData/Build/Products/Debug-xros/include -Xcc -I/Users/admin/builder/spi-builder-workspace/.derivedData/Build/Intermediates.noindex/swift-distributed-tracing.build/Debug-xros/Tracing.build/DerivedSources-normal/arm64 -Xcc -I/Users/admin/builder/spi-builder-workspace/.derivedData/Build/Intermediates.noindex/swift-distributed-tracing.build/Debug-xros/Tracing.build/DerivedSources/arm64 -Xcc -I/Users/admin/builder/spi-builder-workspace/.derivedData/Build/Intermediates.noindex/swift-distributed-tracing.build/Debug-xros/Tracing.build/DerivedSources -Xcc -DSWIFT_PACKAGE -Xcc -DDEBUG\=1 -emit-objc-header -emit-objc-header-path /Users/admin/builder/spi-builder-workspace/.derivedData/Build/Intermediates.noindex/swift-distributed-tracing.build/Debug-xros/Tracing.build/Objects-normal/arm64/Tracing-Swift.h -working-directory /Users/admin/builder/spi-builder-workspace/.swiftpm/xcode -experimental-emit-module-separately -disable-cmo
SwiftDriverJobDiscovery normal arm64 Compiling WKTInt64Value.swift, WKTRecursive.swift, WKTStringValue.swift (in target 'GoogleWKT' from project 'GoogleWKT')
SwiftCompile normal arm64 Compiling\ InstrumentationSystem+Tracing.swift /Users/admin/builder/spi-builder-workspace/.dependencies/checkouts/swift-distributed-tracing/Sources/Tracing/InstrumentationSystem+Tracing.swift (in target 'Tracing' from project 'swift-distributed-tracing')
SwiftMergeGeneratedHeaders /Users/admin/builder/spi-builder-workspace/.derivedData/Build/Intermediates.noindex/GeneratedModuleMaps-xros/Tracing-Swift.h /Users/admin/builder/spi-builder-workspace/.derivedData/Build/Intermediates.noindex/swift-distributed-tracing.build/Debug-xros/Tracing.build/Objects-normal/arm64/Tracing-Swift.h (in target 'Tracing' from project 'swift-distributed-tracing')
cd /Users/admin/builder/spi-builder-workspace/.dependencies/checkouts/swift-distributed-tracing
builtin-swiftHeaderTool -arch arm64 /Users/admin/builder/spi-builder-workspace/.derivedData/Build/Intermediates.noindex/swift-distributed-tracing.build/Debug-xros/Tracing.build/Objects-normal/arm64/Tracing-Swift.h -o /Users/admin/builder/spi-builder-workspace/.derivedData/Build/Intermediates.noindex/GeneratedModuleMaps-xros/Tracing-Swift.h
2026-10-11 14:21:58.059 xcodebuild[4870:15975] [MT] IDERunDestination: Supported platforms for the buildables in the current scheme is empty.
** BUILD FAILED **
The following build commands failed:
SwiftEmitModule normal arm64 Emitting\ module\ for\ GoogleWKT (in target 'GoogleWKT' from project 'GoogleWKT')
EmitSwiftModule normal arm64 (in target 'GoogleWKT' from project 'GoogleWKT')
Building workspace spi-builder-workspace with scheme GoogleCloudManagedKafkaSchemaRegistryV1
(3 failures)
BUILD FAILURE 6.2 visionOS