The Swift Package Index logo.Swift Package Index

Build Information

Failed to build SwiftUIScrollOffset, reference v1.6.0 (cfa31f), with Swift 6.1 for watchOS using Xcode 16.3 on 30 Sep 2026 09:06:36 UTC.

Build Command

No build command. This typically means the build failed at an early stage where we determine the build command.

Build Log

========================================
RunAll
========================================
Builder version: 5.1.1
Interrupt handler set up.
========================================
Checkout
========================================
Clone URL: https://github.com/ciaranrobrien/SwiftUIScrollOffset.git
Reference: v1.6.0
Initialized empty Git repository in /Users/admin/builder/spi-builder-workspace/.git/
From https://github.com/ciaranrobrien/SwiftUIScrollOffset
 * tag               v1.6.0     -> FETCH_HEAD
HEAD is now at cfa31ff * Added optional `transaction` parameter to 'ScrollOffset'. * Fixed bug that could cause `scrollTo` to scroll too far. * Updated SwiftUI Introspect to 27.0.0.
Cloned https://github.com/ciaranrobrien/SwiftUIScrollOffset.git
Revision (git rev-parse @):
cfa31ff216e77d50b44cec8eeaf8f11d1a22035a
SUCCESS checkout https://github.com/ciaranrobrien/SwiftUIScrollOffset.git at v1.6.0
========================================
Build
========================================
Selected platform:         watchOS
Swift version:             6.1
Building package at path:  $PWD
https://github.com/ciaranrobrien/SwiftUIScrollOffset.git
https://github.com/ciaranrobrien/SwiftUIScrollOffset.git
error: 'spi-builder-workspace': package 'spi-builder-workspace' is using Swift tools version 6.2.0 but the installed version is 6.1.0
error: fatalError
Command line invocation:
    /Applications/Xcode-16.3.0.app/Contents/Developer/usr/bin/xcodebuild -IDEClonedSourcePackagesDirPathOverride=/Users/admin/builder/spi-builder-workspace/.dependencies -resolvePackageDependencies
Resolve Package Graph
package 'spi-builder-workspace' is using Swift tools version 6.2.0 but the installed version is 6.1.0
Resolved source packages:
  spi-builder-workspace: (null)
2026-09-30 02:06:36.172 xcodebuild[503:2910] Writing error result bundle to /var/folders/5k/5yc19ymj0jqd5v0zvgfqz0xw0000gn/T/ResultBundle_2026-30-09_02-06-0036.xcresult
xcodebuild: error: Could not resolve package dependencies:
  package 'spi-builder-workspace' is using Swift tools version 6.2.0 but the installed version is 6.1.0
Command line invocation:
    /Applications/Xcode-16.3.0.app/Contents/Developer/usr/bin/xcodebuild -IDEClonedSourcePackagesDirPathOverride=/Users/admin/builder/spi-builder-workspace/.dependencies -resolvePackageDependencies
Resolve Package Graph
package 'spi-builder-workspace' is using Swift tools version 6.2.0 but the installed version is 6.1.0
Resolved source packages:
  spi-builder-workspace: (null)
2026-09-30 02:06:36.876 xcodebuild[516:3038] Writing error result bundle to /var/folders/5k/5yc19ymj0jqd5v0zvgfqz0xw0000gn/T/ResultBundle_2026-30-09_02-06-0036.xcresult
xcodebuild: error: Could not resolve package dependencies:
  package 'spi-builder-workspace' is using Swift tools version 6.2.0 but the installed version is 6.1.0
BUILD FAILURE 6.1 watchOS