The Swift Package Index logo.Swift Package Index

Build Information

Failed to build AsyncLineReader, reference main (8db134), with Swift 6.4 for Wasm on 27 Sep 2026 16:56:16 UTC.

Build Command

bash -c docker run --pull=always --rm -v "checkouts-54344845-1":/host -w "$PWD" -e JAVA_HOME="/root/.sdkman/candidates/java/current" -e SPI_BUILD="1" -e SPI_PROCESSING="1" registry.gitlab.com/saguaro1/spi-images:wasm-6.4-latest swift build --swift-sdk swift-6.4.x-DEVELOPMENT-SNAPSHOT-2026-09-04-a_wasm 2>&1

Build Log

========================================
RunAll
========================================
Builder version: 5.1.0
Interrupt handler set up.
========================================
Checkout
========================================
Clone URL: https://github.com/PADL/AsyncLineReader.git
Reference: main
Initialized empty Git repository in /host/spi-builder-workspace/.git/
hint: Using 'master' as the name for the initial branch. This default branch name
hint: is subject to change. To configure the initial branch name to use in all
hint: of your new repositories, which will suppress this warning, call:
hint:
hint: 	git config --global init.defaultBranch <name>
hint:
hint: Names commonly chosen instead of 'master' are 'main', 'trunk' and
hint: 'development'. The just-created branch can be renamed via this command:
hint:
hint: 	git branch -m <name>
From https://github.com/PADL/AsyncLineReader
 * branch            main       -> FETCH_HEAD
 * [new branch]      main       -> origin/main
HEAD is now at 8db134e Stop the POSIX source the way setSource now expects
Cloned https://github.com/PADL/AsyncLineReader.git
Revision (git rev-parse @):
8db134e05a1ed5e000604e21b65476f60d89df35
SUCCESS checkout https://github.com/PADL/AsyncLineReader.git at main
========================================
Build
========================================
Selected platform:         wasm
Swift version:             6.4
Building package at path:  $PWD
https://github.com/PADL/AsyncLineReader.git
Running build ...
bash -c docker run --pull=always --rm -v "checkouts-54344845-1":/host -w "$PWD" -e JAVA_HOME="/root/.sdkman/candidates/java/current" -e SPI_BUILD="1" -e SPI_PROCESSING="1" registry.gitlab.com/saguaro1/spi-images:wasm-6.4-latest swift build --swift-sdk swift-6.4.x-DEVELOPMENT-SNAPSHOT-2026-09-04-a_wasm 2>&1
wasm-6.4-latest: Pulling from saguaro1/spi-images
Digest: sha256:4328fdb43c680d205c1d6761b1e3267aa38277eefdda9ddfb17b6a0f1a77857a
Status: Image is up to date for registry.gitlab.com/saguaro1/spi-images:wasm-6.4-latest
Building for debugging...
[Planning deferred tasks]
error: SwiftCompile normal wasm32 failed with a nonzero exit code. Command line:     cd /host

/host/spi-builder-workspace/Sources/AsyncLineReader/ByteStream.swift:125:23: error: cannot find 'DispatchQueue' in scope
123 |   /// whether the descriptor must be left blocking, and so read a byte at a time
124 |   private let readsOneAtATime: Bool
125 |   private let queue = DispatchQueue(label: "com.padl.AsyncLineReader.input", qos: .userInteractive)
    |                       `- error: cannot find 'DispatchQueue' in scope
126 |   #endif
127 |   private let input = Input()
/host/spi-builder-workspace/Sources/AsyncLineReader/ByteStream.swift:154:8: error: cannot find 'isatty' in scope
152 |   /// settings, which are per device, are unaffected.
153 |   init(fileDescriptor: CInt) {
154 |     if isatty(fileDescriptor) != 0, let own = Self.openControllingTerminal(like: fileDescriptor) {
    |        `- error: cannot find 'isatty' in scope
155 |       self.fileDescriptor = own
156 |       ownsDescriptor = true
/host/spi-builder-workspace/Sources/AsyncLineReader/ByteStream.swift:167:42: error: cannot find 'isatty' in scope
165 |     // where somebody else's write could fail, read it one keystroke at a time: a source only
166 |     // fires when there is something there, so a single read cannot block.
167 |     readsOneAtATime = !ownsDescriptor && isatty(fileDescriptor) != 0
    |                                          `- error: cannot find 'isatty' in scope
168 |   }
169 |   #endif
/host/spi-builder-workspace/Sources/AsyncLineReader/Terminal.swift:38:48: error: cannot find 'STDIN_FILENO' in scope
 36 |   public static let standard = Terminal(input: 0, output: 1)
 37 |   #else
 38 |   public static let standard = Terminal(input: STDIN_FILENO, output: STDOUT_FILENO)
    |                                                `- error: cannot find 'STDIN_FILENO' in scope
 39 |   #endif
 40 |
/host/spi-builder-workspace/Sources/AsyncLineReader/Terminal.swift:38:70: error: cannot find 'STDOUT_FILENO' in scope
 36 |   public static let standard = Terminal(input: 0, output: 1)
 37 |   #else
 38 |   public static let standard = Terminal(input: STDIN_FILENO, output: STDOUT_FILENO)
    |                                                                      `- error: cannot find 'STDOUT_FILENO' in scope
 39 |   #endif
 40 |
/host/spi-builder-workspace/Sources/AsyncLineReader/Terminal.swift:136:19: error: cannot find type 'termios' in scope
134 |   let outputCodePage: UINT
135 |   #else
136 |   let attributes: termios
    |                   `- error: cannot find type 'termios' in scope
137 |   #endif
138 | }
Failed frontend command:
/usr/bin/swift-frontend -frontend -emit-module -experimental-skip-non-inlinable-function-bodies-without-types /host/spi-builder-workspace/Sources/AsyncLineReader/ByteStream.swift /host/spi-builder-workspace/Sources/AsyncLineReader/History.swift /host/spi-builder-workspace/Sources/AsyncLineReader/HistoryFile.swift /host/spi-builder-workspace/Sources/AsyncLineReader/Key.swift /host/spi-builder-workspace/Sources/AsyncLineReader/LineBuffer.swift /host/spi-builder-workspace/Sources/AsyncLineReader/LineReader.swift /host/spi-builder-workspace/Sources/AsyncLineReader/Style.swift /host/spi-builder-workspace/Sources/AsyncLineReader/Terminal.swift /host/spi-builder-workspace/Sources/AsyncLineReader/WindowsConsole.swift -target wasm32-unknown-wasip1 -disable-objc-interop -sdk /root/.swiftpm/swift-sdks/swift-6.4.x-DEVELOPMENT-SNAPSHOT-2026-09-04-a_wasm.artifactbundle/swift-6.4.x-DEVELOPMENT-SNAPSHOT-2026-09-04-a_wasm/wasm32-unknown-wasip1/WASI.sdk -sysroot /root/.swiftpm/swift-sdks/swift-6.4.x-DEVELOPMENT-SNAPSHOT-2026-09-04-a_wasm.artifactbundle/swift-6.4.x-DEVELOPMENT-SNAPSHOT-2026-09-04-a_wasm/wasm32-unknown-wasip1/WASI.sdk -I /host/spi-builder-workspace/.build/out/Products/Debug-webassembly-wasm32 -module-cache-path /host/spi-builder-workspace/.build/out/ModuleCache.noindex -color-diagnostics -Xcc -fcolor-diagnostics -enable-testing -g -debug-info-format\=dwarf -dwarf-version\=4 -swift-version 6 -Onone -D SWIFT_PACKAGE -D DEBUG -D SWIFT_MODULE_RESOURCE_BUNDLE_UNAVAILABLE -D Xcode -serialize-debugging-options -enable-upcoming-feature NonisolatedNonsendingByDefault -enable-experimental-feature DebugDescriptionMacro -empty-abi-descriptor -external-plugin-path /usr/lib/swift/host/plugins/testing\#/usr/bin/swift-plugin-server -validate-clang-modules-once -clang-build-session-file /host/spi-builder-workspace/.build/out/ModuleCache.noindex/Session.modulevalidation -Xcc -working-directory -Xcc /host -resource-dir /root/.swiftpm/swift-sdks/swift-6.4.x-DEVELOPMENT-SNAPSHOT-2026-09-04-a_wasm.artifactbundle/swift-6.4.x-DEVELOPMENT-SNAPSHOT-2026-09-04-a_wasm/wasm32-unknown-wasip1/swift.xctoolchain/usr/lib/swift_static -use-static-resource-dir -enable-anonymous-context-mangled-names -file-compilation-dir /host -Xcc -resource-dir -Xcc /root/.swiftpm/swift-sdks/swift-6.4.x-DEVELOPMENT-SNAPSHOT-2026-09-04-a_wasm.artifactbundle/swift-6.4.x-DEVELOPMENT-SNAPSHOT-2026-09-04-a_wasm/wasm32-unknown-wasip1/swift.xctoolchain/usr/lib/swift_static/clang -Xcc -D_LIBCPP_HARDENING_MODE\=_LIBCPP_HARDENING_MODE_DEBUG -Xcc -fmodules-prune-interval\=86400 -Xcc -fmodules-prune-after\=345600 -Xcc -I/host/spi-builder-workspace/.build/out/Products/Debug-webassembly-wasm32/include -Xcc -I/host/spi-builder-workspace/.build/out/Intermediates.noindex/AsyncLineReader.build/Debug-webassembly-wasm32/AsyncLineReader-t.build/DerivedSources-normal/wasm32 -Xcc -I/host/spi-builder-workspace/.build/out/Intermediates.noindex/AsyncLineReader.build/Debug-webassembly-wasm32/AsyncLineReader-t.build/DerivedSources/wasm32 -Xcc -I/host/spi-builder-workspace/.build/out/Intermediates.noindex/AsyncLineReader.build/Debug-webassembly-wasm32/AsyncLineReader-t.build/DerivedSources -Xcc -DSWIFT_PACKAGE -Xcc -DDEBUG\=1 -no-auto-bridging-header-chaining -module-name AsyncLineReader -package-name spi_builder_workspace -const-gather-protocols-file /host/spi-builder-workspace/.build/out/Intermediates.noindex/AsyncLineReader.build/Debug-webassembly-wasm32/AsyncLineReader-t.build/Objects-normal/wasm32/AsyncLineReader_const_extract_protocols.json -in-process-plugin-server-path /usr/lib/swift/host/libSwiftInProcPluginServer.so -plugin-path /usr/lib/swift/host/plugins -plugin-path /usr/local/lib/swift/host/plugins -emit-module-doc-path /host/spi-builder-workspace/.build/out/Intermediates.noindex/AsyncLineReader.build/Debug-webassembly-wasm32/AsyncLineReader-t.build/Objects-normal/wasm32/Modules/AsyncLineReader.swiftdoc -emit-module-source-info-path /host/spi-builder-workspace/.build/out/Intermediates.noindex/AsyncLineReader.build/Debug-webassembly-wasm32/AsyncLineReader-t.build/Objects-normal/wasm32/Modules/AsyncLineReader.swiftsourceinfo -emit-objc-header-path /host/spi-builder-workspace/.build/out/Intermediates.noindex/AsyncLineReader.build/Debug-webassembly-wasm32/AsyncLineReader-t.build/Objects-normal/wasm32/AsyncLineReader-Swift.h -serialize-diagnostics-path /host/spi-builder-workspace/.build/out/Intermediates.noindex/AsyncLineReader.build/Debug-webassembly-wasm32/AsyncLineReader-t.build/Objects-normal/wasm32/AsyncLineReader-primary-emit-module.dia -emit-dependencies-path /host/spi-builder-workspace/.build/out/Intermediates.noindex/AsyncLineReader.build/Debug-webassembly-wasm32/AsyncLineReader-t.build/Objects-normal/wasm32/AsyncLineReader-primary-emit-module.d -parse-as-library -o /host/spi-builder-workspace/.build/out/Intermediates.noindex/AsyncLineReader.build/Debug-webassembly-wasm32/AsyncLineReader-t.build/Objects-normal/wasm32/Modules/AsyncLineReader.swiftmodule
error: Build failed
BUILD FAILURE 6.4 wasm