The Swift Package Index logo.Swift Package Index

Build Information

Failed to build Jist, reference v0.1.0 (111adb), with Swift 6.1 for watchOS using Xcode 16.3 on 15 Aug 2026 09:36:35 UTC.

Build Command

env DEVELOPER_DIR=/Applications/Xcode-16.3.0.app xcrun xcodebuild -IDEClonedSourcePackagesDirPathOverride=$PWD/.dependencies -skipMacroValidation -skipPackagePluginValidation -derivedDataPath $PWD/.derivedData build -scheme Jist -destination generic/platform=watchOS

Build Log

========================================
RunAll
========================================
Builder version: undefined version: run 'make version' to update
Interrupt handler set up.
========================================
Checkout
========================================
Clone URL: https://github.com/customerio/jist.git
Reference: v0.1.0
Initialized empty Git repository in /Users/admin/builder/spi-builder-workspace/.git/
From https://github.com/customerio/jist
 * tag               v0.1.0     -> FETCH_HEAD
HEAD is now at 111adb1 ios: bump version to 0.1.0
Cloned https://github.com/customerio/jist.git
Revision (git rev-parse @):
111adb1944f06fdaa26a7f7dc5cb612a1d9c556a
SUCCESS checkout https://github.com/customerio/jist.git at v0.1.0
========================================
Build
========================================
Selected platform:         watchOS
Swift version:             6.1
Building package at path:  $PWD
https://github.com/customerio/jist.git
https://github.com/customerio/jist.git
{
  "dependencies" : [
    {
      "identity" : "swift-snapshot-testing",
      "requirement" : {
        "range" : [
          {
            "lower_bound" : "1.17.0",
            "upper_bound" : "2.0.0"
          }
        ]
      },
      "type" : "sourceControl",
      "url" : "https://github.com/pointfreeco/swift-snapshot-testing"
    }
  ],
  "manifest_display_name" : "Jist",
  "name" : "Jist",
  "path" : "/Users/admin/builder/spi-builder-workspace",
  "platforms" : [
    {
      "name" : "ios",
      "version" : "13.0"
    },
    {
      "name" : "macos",
      "version" : "12.0"
    }
  ],
  "products" : [
    {
      "name" : "Jist",
      "targets" : [
        "Jist"
      ],
      "type" : {
        "library" : [
          "automatic"
        ]
      }
    }
  ],
  "targets" : [
    {
      "c99name" : "JistTests",
      "module_type" : "SwiftTarget",
      "name" : "JistTests",
      "path" : "ios/Tests/JistTests",
      "product_dependencies" : [
        "SnapshotTesting"
      ],
      "resources" : [
        {
          "path" : "/Users/admin/builder/spi-builder-workspace/ios/Tests/JistTests/Fonts/AbrilFatface-Regular.ttf",
          "rule" : {
            "process" : {
            }
          }
        },
        {
          "path" : "/Users/admin/builder/spi-builder-workspace/ios/Tests/JistTests/Fonts/DMSans-Bold.ttf",
          "rule" : {
            "process" : {
            }
          }
        },
        {
          "path" : "/Users/admin/builder/spi-builder-workspace/ios/Tests/JistTests/Fonts/DMSans-Medium.ttf",
          "rule" : {
            "process" : {
            }
          }
        },
        {
          "path" : "/Users/admin/builder/spi-builder-workspace/ios/Tests/JistTests/Fonts/DMSans-Regular.ttf",
          "rule" : {
            "process" : {
            }
          }
        },
        {
          "path" : "/Users/admin/builder/spi-builder-workspace/ios/Tests/JistTests/Fonts/DMSans-SemiBold.ttf",
          "rule" : {
            "process" : {
            }
          }
        }
      ],
      "sources" : [
        "ComponentSnapshotTests.swift",
        "FontStackParsingTests.swift",
        "JistImageLoaderTests.swift",
        "SnapshotTests.swift",
        "TestFixtures.swift"
      ],
      "target_dependencies" : [
        "Jist"
      ],
      "type" : "test"
    },
    {
      "c99name" : "Jist",
      "module_type" : "SwiftTarget",
      "name" : "Jist",
      "path" : "ios/Sources/Jist",
      "product_memberships" : [
        "Jist"
      ],
      "sources" : [
        "JistValue.swift",
        "JistView.swift",
        "Models.swift",
        "Renderer.swift",
        "ThemeResolver+FontResolver.swift",
        "ThemeResolver.swift"
      ],
      "type" : "library"
    }
  ],
  "tools_version" : "6.0"
}
Command line invocation:
    /Applications/Xcode-16.3.0.app/Contents/Developer/usr/bin/xcodebuild -IDEClonedSourcePackagesDirPathOverride=/Users/admin/builder/spi-builder-workspace/.dependencies -resolvePackageDependencies
Resolve Package Graph
Fetching from https://github.com/pointfreeco/swift-snapshot-testing (cached)
Fetching from https://github.com/pointfreeco/swift-custom-dump (cached)
Fetching from https://github.com/swiftlang/swift-syntax (cached)
Fetching from https://github.com/pointfreeco/xctest-dynamic-overlay (cached)
Creating working copy of package ‘swift-custom-dump’
Checking out 1.7.0 of package ‘swift-custom-dump’
Creating working copy of package ‘swift-snapshot-testing’
Checking out 1.19.4 of package ‘swift-snapshot-testing’
Creating working copy of package ‘xctest-dynamic-overlay’
Checking out 1.11.0 of package ‘xctest-dynamic-overlay’
Creating working copy of package ‘swift-syntax’
Checking out 603.0.2 of package ‘swift-syntax’
Resolve Package Graph
Resolved source packages:
  xctest-dynamic-overlay: https://github.com/pointfreeco/xctest-dynamic-overlay @ 1.11.0
  Jist: /Users/admin/builder/spi-builder-workspace
  swift-snapshot-testing: https://github.com/pointfreeco/swift-snapshot-testing @ 1.19.4
  swift-custom-dump: https://github.com/pointfreeco/swift-custom-dump @ 1.7.0
  swift-syntax: https://github.com/swiftlang/swift-syntax @ 603.0.2
resolved source packages: xctest-dynamic-overlay, Jist, swift-snapshot-testing, swift-custom-dump, swift-syntax
{
  "dependencies" : [
    {
      "identity" : "swift-snapshot-testing",
      "requirement" : {
        "range" : [
          {
            "lower_bound" : "1.17.0",
            "upper_bound" : "2.0.0"
          }
        ]
      },
      "type" : "sourceControl",
      "url" : "https://github.com/pointfreeco/swift-snapshot-testing"
    }
  ],
  "manifest_display_name" : "Jist",
  "name" : "Jist",
  "path" : "/Users/admin/builder/spi-builder-workspace",
  "platforms" : [
    {
      "name" : "ios",
      "version" : "13.0"
    },
    {
      "name" : "macos",
      "version" : "12.0"
    }
  ],
  "products" : [
    {
      "name" : "Jist",
      "targets" : [
        "Jist"
      ],
      "type" : {
        "library" : [
          "automatic"
        ]
      }
    }
  ],
  "targets" : [
    {
      "c99name" : "JistTests",
      "module_type" : "SwiftTarget",
      "name" : "JistTests",
      "path" : "ios/Tests/JistTests",
      "product_dependencies" : [
        "SnapshotTesting"
      ],
      "resources" : [
        {
          "path" : "/Users/admin/builder/spi-builder-workspace/ios/Tests/JistTests/Fonts/AbrilFatface-Regular.ttf",
          "rule" : {
            "process" : {
            }
          }
        },
        {
          "path" : "/Users/admin/builder/spi-builder-workspace/ios/Tests/JistTests/Fonts/DMSans-Bold.ttf",
          "rule" : {
            "process" : {
            }
          }
        },
        {
          "path" : "/Users/admin/builder/spi-builder-workspace/ios/Tests/JistTests/Fonts/DMSans-Medium.ttf",
          "rule" : {
            "process" : {
            }
          }
        },
        {
          "path" : "/Users/admin/builder/spi-builder-workspace/ios/Tests/JistTests/Fonts/DMSans-Regular.ttf",
          "rule" : {
            "process" : {
            }
          }
        },
        {
          "path" : "/Users/admin/builder/spi-builder-workspace/ios/Tests/JistTests/Fonts/DMSans-SemiBold.ttf",
          "rule" : {
            "process" : {
            }
          }
        }
      ],
      "sources" : [
        "ComponentSnapshotTests.swift",
        "FontStackParsingTests.swift",
        "JistImageLoaderTests.swift",
        "SnapshotTests.swift",
        "TestFixtures.swift"
      ],
      "target_dependencies" : [
        "Jist"
      ],
      "type" : "test"
    },
    {
      "c99name" : "Jist",
      "module_type" : "SwiftTarget",
      "name" : "Jist",
      "path" : "ios/Sources/Jist",
      "product_memberships" : [
        "Jist"
      ],
      "sources" : [
        "JistValue.swift",
        "JistView.swift",
        "Models.swift",
        "Renderer.swift",
        "ThemeResolver+FontResolver.swift",
        "ThemeResolver.swift"
      ],
      "type" : "library"
    }
  ],
  "tools_version" : "6.0"
}
{
  "workspace" : {
    "name" : "spi-builder-workspace",
    "schemes" : [
      "Jist"
    ]
  }
}
Running build ...
env DEVELOPER_DIR=/Applications/Xcode-16.3.0.app xcrun xcodebuild -IDEClonedSourcePackagesDirPathOverride=$PWD/.dependencies -skipMacroValidation -skipPackagePluginValidation -derivedDataPath $PWD/.derivedData build -scheme Jist -destination generic/platform=watchOS OTHER_SWIFT_FLAGS=-stats-output-dir .stats
Command line invocation:
    /Applications/Xcode-16.3.0.app/Contents/Developer/usr/bin/xcodebuild -IDEClonedSourcePackagesDirPathOverride=/Users/admin/builder/spi-builder-workspace/.dependencies -skipMacroValidation -skipPackagePluginValidation -derivedDataPath /Users/admin/builder/spi-builder-workspace/.derivedData build -scheme Jist -destination generic/platform=watchOS "OTHER_SWIFT_FLAGS=-stats-output-dir .stats"
Build settings from command line:
    OTHER_SWIFT_FLAGS = -stats-output-dir .stats
Resolve Package Graph
Resolve Package Graph
Resolved source packages:
  swift-custom-dump: https://github.com/pointfreeco/swift-custom-dump @ 1.7.0
  swift-syntax: https://github.com/swiftlang/swift-syntax @ 603.0.2
  swift-snapshot-testing: https://github.com/pointfreeco/swift-snapshot-testing @ 1.19.4
  Jist: /Users/admin/builder/spi-builder-workspace
  xctest-dynamic-overlay: https://github.com/pointfreeco/xctest-dynamic-overlay @ 1.11.0
ComputePackagePrebuildTargetDependencyGraph
Prepare packages
CreateBuildRequest
SendProjectDescription
CreateBuildOperation
ComputeTargetDependencyGraph
note: Building targets in dependency order
note: Target dependency graph (2 targets)
    Target 'Jist' in project 'Jist'
        ➜ Explicit dependency on target 'Jist' in project 'Jist'
    Target 'Jist' in project 'Jist' (no dependencies)
GatherProvisioningInputs
CreateBuildDescription
ExecuteExternalTool /Applications/Xcode-16.3.0.app/Contents/Developer/Toolchains/XcodeDefault.xctoolchain/usr/bin/clang -v -E -dM -isysroot /Applications/Xcode-16.3.0.app/Contents/Developer/Platforms/WatchOS.platform/Developer/SDKs/WatchOS11.4.sdk -x c -c /dev/null
ExecuteExternalTool /Applications/Xcode-16.3.0.app/Contents/Developer/Toolchains/XcodeDefault.xctoolchain/usr/bin/swiftc --version
ExecuteExternalTool /Applications/Xcode-16.3.0.app/Contents/Developer/Toolchains/XcodeDefault.xctoolchain/usr/bin/ld -version_details
Build description signature: ced5823dae172af28f93f7c2b115969f
Build description path: /Users/admin/builder/spi-builder-workspace/.derivedData/Build/Intermediates.noindex/XCBuildData/ced5823dae172af28f93f7c2b115969f.xcbuilddata
CreateBuildDirectory /Users/admin/builder/spi-builder-workspace/.derivedData/Build/Intermediates.noindex
    cd /Users/admin/builder/spi-builder-workspace/.swiftpm/xcode
    builtin-create-build-directory /Users/admin/builder/spi-builder-workspace/.derivedData/Build/Intermediates.noindex
CreateBuildDirectory /Users/admin/builder/spi-builder-workspace/.derivedData/Build/Products
    cd /Users/admin/builder/spi-builder-workspace/.swiftpm/xcode
    builtin-create-build-directory /Users/admin/builder/spi-builder-workspace/.derivedData/Build/Products
ClangStatCache /Applications/Xcode-16.3.0.app/Contents/Developer/Toolchains/XcodeDefault.xctoolchain/usr/bin/clang-stat-cache /Applications/Xcode-16.3.0.app/Contents/Developer/Platforms/WatchOS.platform/Developer/SDKs/WatchOS11.4.sdk /Users/admin/builder/spi-builder-workspace/.derivedData/SDKStatCaches.noindex/watchos11.4-22T246-43efb940ff07ba2497b70ec94253f576.sdkstatcache
    cd /Users/admin/builder/spi-builder-workspace/.swiftpm/xcode
    /Applications/Xcode-16.3.0.app/Contents/Developer/Toolchains/XcodeDefault.xctoolchain/usr/bin/clang-stat-cache /Applications/Xcode-16.3.0.app/Contents/Developer/Platforms/WatchOS.platform/Developer/SDKs/WatchOS11.4.sdk -o /Users/admin/builder/spi-builder-workspace/.derivedData/SDKStatCaches.noindex/watchos11.4-22T246-43efb940ff07ba2497b70ec94253f576.sdkstatcache
CreateBuildDirectory /Users/admin/builder/spi-builder-workspace/.derivedData/Build/Intermediates.noindex/EagerLinkingTBDs/Debug-watchos
    cd /Users/admin/builder/spi-builder-workspace/.swiftpm/xcode
    builtin-create-build-directory /Users/admin/builder/spi-builder-workspace/.derivedData/Build/Intermediates.noindex/EagerLinkingTBDs/Debug-watchos
CreateBuildDirectory /Users/admin/builder/spi-builder-workspace/.derivedData/Build/Products/Debug-watchos
    cd /Users/admin/builder/spi-builder-workspace/.swiftpm/xcode
    builtin-create-build-directory /Users/admin/builder/spi-builder-workspace/.derivedData/Build/Products/Debug-watchos
CreateBuildDirectory /Users/admin/builder/spi-builder-workspace/.derivedData/Build/Products/Debug-watchos/PackageFrameworks
    cd /Users/admin/builder/spi-builder-workspace/.swiftpm/xcode
    builtin-create-build-directory /Users/admin/builder/spi-builder-workspace/.derivedData/Build/Products/Debug-watchos/PackageFrameworks
WriteAuxiliaryFile /Users/admin/builder/spi-builder-workspace/.derivedData/Build/Intermediates.noindex/Jist.build/Debug-watchos/Jist.build/Jist.modulemap (in target 'Jist' from project 'Jist')
    cd /Users/admin/builder/spi-builder-workspace
    write-file /Users/admin/builder/spi-builder-workspace/.derivedData/Build/Intermediates.noindex/Jist.build/Debug-watchos/Jist.build/Jist.modulemap
WriteAuxiliaryFile /Users/admin/builder/spi-builder-workspace/.derivedData/Build/Intermediates.noindex/Jist.build/Debug-watchos/Jist.build/Objects-normal/arm64_32/Jist-OutputFileMap.json (in target 'Jist' from project 'Jist')
    cd /Users/admin/builder/spi-builder-workspace
    write-file /Users/admin/builder/spi-builder-workspace/.derivedData/Build/Intermediates.noindex/Jist.build/Debug-watchos/Jist.build/Objects-normal/arm64_32/Jist-OutputFileMap.json
WriteAuxiliaryFile /Users/admin/builder/spi-builder-workspace/.derivedData/Build/Intermediates.noindex/Jist.build/Debug-watchos/Jist.build/Objects-normal/arm64_32/Jist_const_extract_protocols.json (in target 'Jist' from project 'Jist')
    cd /Users/admin/builder/spi-builder-workspace
    write-file /Users/admin/builder/spi-builder-workspace/.derivedData/Build/Intermediates.noindex/Jist.build/Debug-watchos/Jist.build/Objects-normal/arm64_32/Jist_const_extract_protocols.json
WriteAuxiliaryFile /Users/admin/builder/spi-builder-workspace/.derivedData/Build/Intermediates.noindex/Jist.build/Debug-watchos/Jist.build/Objects-normal/arm64_32/Jist.SwiftFileList (in target 'Jist' from project 'Jist')
    cd /Users/admin/builder/spi-builder-workspace
    write-file /Users/admin/builder/spi-builder-workspace/.derivedData/Build/Intermediates.noindex/Jist.build/Debug-watchos/Jist.build/Objects-normal/arm64_32/Jist.SwiftFileList
WriteAuxiliaryFile /Users/admin/builder/spi-builder-workspace/.derivedData/Build/Intermediates.noindex/Jist.build/Debug-watchos/Jist.build/Objects-normal/armv7k/Jist_const_extract_protocols.json (in target 'Jist' from project 'Jist')
    cd /Users/admin/builder/spi-builder-workspace
    write-file /Users/admin/builder/spi-builder-workspace/.derivedData/Build/Intermediates.noindex/Jist.build/Debug-watchos/Jist.build/Objects-normal/armv7k/Jist_const_extract_protocols.json
WriteAuxiliaryFile /Users/admin/builder/spi-builder-workspace/.derivedData/Build/Intermediates.noindex/Jist.build/Debug-watchos/Jist.build/Objects-normal/armv7k/Jist.SwiftConstValuesFileList (in target 'Jist' from project 'Jist')
    cd /Users/admin/builder/spi-builder-workspace
    write-file /Users/admin/builder/spi-builder-workspace/.derivedData/Build/Intermediates.noindex/Jist.build/Debug-watchos/Jist.build/Objects-normal/armv7k/Jist.SwiftConstValuesFileList
WriteAuxiliaryFile /Users/admin/builder/spi-builder-workspace/.derivedData/Build/Intermediates.noindex/Jist.build/Debug-watchos/Jist.build/Objects-normal/armv7k/Jist.SwiftFileList (in target 'Jist' from project 'Jist')
    cd /Users/admin/builder/spi-builder-workspace
    write-file /Users/admin/builder/spi-builder-workspace/.derivedData/Build/Intermediates.noindex/Jist.build/Debug-watchos/Jist.build/Objects-normal/armv7k/Jist.SwiftFileList
WriteAuxiliaryFile /Users/admin/builder/spi-builder-workspace/.derivedData/Build/Intermediates.noindex/Jist.build/Debug-watchos/Jist.build/Objects-normal/armv7k/Jist-OutputFileMap.json (in target 'Jist' from project 'Jist')
    cd /Users/admin/builder/spi-builder-workspace
    write-file /Users/admin/builder/spi-builder-workspace/.derivedData/Build/Intermediates.noindex/Jist.build/Debug-watchos/Jist.build/Objects-normal/armv7k/Jist-OutputFileMap.json
WriteAuxiliaryFile /Users/admin/builder/spi-builder-workspace/.derivedData/Build/Intermediates.noindex/Jist.build/Debug-watchos/Jist.build/Objects-normal/armv7k/Jist.LinkFileList (in target 'Jist' from project 'Jist')
    cd /Users/admin/builder/spi-builder-workspace
    write-file /Users/admin/builder/spi-builder-workspace/.derivedData/Build/Intermediates.noindex/Jist.build/Debug-watchos/Jist.build/Objects-normal/armv7k/Jist.LinkFileList
WriteAuxiliaryFile /Users/admin/builder/spi-builder-workspace/.derivedData/Build/Intermediates.noindex/Jist.build/Debug-watchos/Jist.build/Objects-normal/arm64_32/Jist.SwiftConstValuesFileList (in target 'Jist' from project 'Jist')
    cd /Users/admin/builder/spi-builder-workspace
    write-file /Users/admin/builder/spi-builder-workspace/.derivedData/Build/Intermediates.noindex/Jist.build/Debug-watchos/Jist.build/Objects-normal/arm64_32/Jist.SwiftConstValuesFileList
WriteAuxiliaryFile /Users/admin/builder/spi-builder-workspace/.derivedData/Build/Intermediates.noindex/Jist.build/Debug-watchos/Jist.build/Objects-normal/arm64_32/Jist.LinkFileList (in target 'Jist' from project 'Jist')
    cd /Users/admin/builder/spi-builder-workspace
    write-file /Users/admin/builder/spi-builder-workspace/.derivedData/Build/Intermediates.noindex/Jist.build/Debug-watchos/Jist.build/Objects-normal/arm64_32/Jist.LinkFileList
WriteAuxiliaryFile /Users/admin/builder/spi-builder-workspace/.derivedData/Build/Intermediates.noindex/Jist.build/Debug-watchos/Jist.build/Objects-normal/arm64/Jist_const_extract_protocols.json (in target 'Jist' from project 'Jist')
    cd /Users/admin/builder/spi-builder-workspace
    write-file /Users/admin/builder/spi-builder-workspace/.derivedData/Build/Intermediates.noindex/Jist.build/Debug-watchos/Jist.build/Objects-normal/arm64/Jist_const_extract_protocols.json
WriteAuxiliaryFile /Users/admin/builder/spi-builder-workspace/.derivedData/Build/Intermediates.noindex/Jist.build/Debug-watchos/Jist.build/Objects-normal/arm64/Jist.SwiftFileList (in target 'Jist' from project 'Jist')
    cd /Users/admin/builder/spi-builder-workspace
    write-file /Users/admin/builder/spi-builder-workspace/.derivedData/Build/Intermediates.noindex/Jist.build/Debug-watchos/Jist.build/Objects-normal/arm64/Jist.SwiftFileList
WriteAuxiliaryFile /Users/admin/builder/spi-builder-workspace/.derivedData/Build/Intermediates.noindex/Jist.build/Debug-watchos/Jist.build/Objects-normal/arm64/Jist.SwiftConstValuesFileList (in target 'Jist' from project 'Jist')
    cd /Users/admin/builder/spi-builder-workspace
    write-file /Users/admin/builder/spi-builder-workspace/.derivedData/Build/Intermediates.noindex/Jist.build/Debug-watchos/Jist.build/Objects-normal/arm64/Jist.SwiftConstValuesFileList
WriteAuxiliaryFile /Users/admin/builder/spi-builder-workspace/.derivedData/Build/Intermediates.noindex/Jist.build/Debug-watchos/Jist.build/Objects-normal/arm64/Jist.LinkFileList (in target 'Jist' from project 'Jist')
    cd /Users/admin/builder/spi-builder-workspace
    write-file /Users/admin/builder/spi-builder-workspace/.derivedData/Build/Intermediates.noindex/Jist.build/Debug-watchos/Jist.build/Objects-normal/arm64/Jist.LinkFileList
WriteAuxiliaryFile /Users/admin/builder/spi-builder-workspace/.derivedData/Build/Intermediates.noindex/Jist.build/Debug-watchos/Jist.build/Objects-normal/arm64/Jist-OutputFileMap.json (in target 'Jist' from project 'Jist')
    cd /Users/admin/builder/spi-builder-workspace
    write-file /Users/admin/builder/spi-builder-workspace/.derivedData/Build/Intermediates.noindex/Jist.build/Debug-watchos/Jist.build/Objects-normal/arm64/Jist-OutputFileMap.json
WriteAuxiliaryFile /Users/admin/builder/spi-builder-workspace/.derivedData/Build/Intermediates.noindex/Jist.build/Debug-watchos/Jist.build/Jist.DependencyStaticMetadataFileList (in target 'Jist' from project 'Jist')
    cd /Users/admin/builder/spi-builder-workspace
    write-file /Users/admin/builder/spi-builder-workspace/.derivedData/Build/Intermediates.noindex/Jist.build/Debug-watchos/Jist.build/Jist.DependencyStaticMetadataFileList
WriteAuxiliaryFile /Users/admin/builder/spi-builder-workspace/.derivedData/Build/Intermediates.noindex/Jist.build/Debug-watchos/Jist.build/Jist.DependencyMetadataFileList (in target 'Jist' from project 'Jist')
    cd /Users/admin/builder/spi-builder-workspace
    write-file /Users/admin/builder/spi-builder-workspace/.derivedData/Build/Intermediates.noindex/Jist.build/Debug-watchos/Jist.build/Jist.DependencyMetadataFileList
Copy /Users/admin/builder/spi-builder-workspace/.derivedData/Build/Intermediates.noindex/GeneratedModuleMaps-watchos/Jist.modulemap /Users/admin/builder/spi-builder-workspace/.derivedData/Build/Intermediates.noindex/Jist.build/Debug-watchos/Jist.build/Jist.modulemap (in target 'Jist' from project 'Jist')
    cd /Users/admin/builder/spi-builder-workspace
    builtin-copy -exclude .DS_Store -exclude CVS -exclude .svn -exclude .git -exclude .hg -resolve-src-symlinks /Users/admin/builder/spi-builder-workspace/.derivedData/Build/Intermediates.noindex/Jist.build/Debug-watchos/Jist.build/Jist.modulemap /Users/admin/builder/spi-builder-workspace/.derivedData/Build/Intermediates.noindex/GeneratedModuleMaps-watchos
SwiftDriver Jist normal armv7k com.apple.xcode.tools.swift.compiler (in target 'Jist' from project 'Jist')
    cd /Users/admin/builder/spi-builder-workspace/.swiftpm/xcode
    builtin-SwiftDriver -- /Applications/Xcode-16.3.0.app/Contents/Developer/Toolchains/XcodeDefault.xctoolchain/usr/bin/swiftc -module-name Jist -Onone -enforce-exclusivity\=checked @/Users/admin/builder/spi-builder-workspace/.derivedData/Build/Intermediates.noindex/Jist.build/Debug-watchos/Jist.build/Objects-normal/armv7k/Jist.SwiftFileList -DSWIFT_PACKAGE -DDEBUG -stats-output-dir .stats -plugin-path /Applications/Xcode-16.3.0.app/Contents/Developer/Toolchains/XcodeDefault.xctoolchain/usr/lib/swift/host/plugins/testing -enable-experimental-feature DebugDescriptionMacro -sdk /Applications/Xcode-16.3.0.app/Contents/Developer/Platforms/WatchOS.platform/Developer/SDKs/WatchOS11.4.sdk -target armv7k-apple-watchos6.0 -g -module-cache-path /Users/admin/builder/spi-builder-workspace/.derivedData/ModuleCache.noindex -Xfrontend -serialize-debugging-options -profile-coverage-mapping -profile-generate -enable-testing -index-store-path /Users/admin/builder/spi-builder-workspace/.derivedData/Index.noindex/DataStore -swift-version 6 -I /Users/admin/builder/spi-builder-workspace/.derivedData/Build/Products/Debug-watchos -I /Applications/Xcode-16.3.0.app/Contents/Developer/Platforms/WatchOS.platform/Developer/usr/lib -F /Users/admin/builder/spi-builder-workspace/.derivedData/Build/Products/Debug-watchos -F /Applications/Xcode-16.3.0.app/Contents/Developer/Platforms/WatchOS.platform/Developer/Library/Frameworks -F /Applications/Xcode-16.3.0.app/Contents/Developer/Platforms/WatchOS.platform/Developer/SDKs/WatchOS11.4.sdk/Developer/Library/Frameworks -c -j10 -enable-batch-mode -incremental -Xcc -ivfsstatcache -Xcc /Users/admin/builder/spi-builder-workspace/.derivedData/SDKStatCaches.noindex/watchos11.4-22T246-43efb940ff07ba2497b70ec94253f576.sdkstatcache -output-file-map /Users/admin/builder/spi-builder-workspace/.derivedData/Build/Intermediates.noindex/Jist.build/Debug-watchos/Jist.build/Objects-normal/armv7k/Jist-OutputFileMap.json -use-frontend-parseable-output -save-temps -no-color-diagnostics -serialize-diagnostics -emit-dependencies -emit-module -emit-module-path /Users/admin/builder/spi-builder-workspace/.derivedData/Build/Intermediates.noindex/Jist.build/Debug-watchos/Jist.build/Objects-normal/armv7k/Jist.swiftmodule -validate-clang-modules-once -clang-build-session-file /Users/admin/builder/spi-builder-workspace/.derivedData/ModuleCache.noindex/Session.modulevalidation -package-name spi_builder_workspace -Xcc -I/Users/admin/builder/spi-builder-workspace/.derivedData/Build/Intermediates.noindex/Jist.build/Debug-watchos/Jist.build/swift-overrides.hmap -emit-const-values -Xfrontend -const-gather-protocols-file -Xfrontend /Users/admin/builder/spi-builder-workspace/.derivedData/Build/Intermediates.noindex/Jist.build/Debug-watchos/Jist.build/Objects-normal/armv7k/Jist_const_extract_protocols.json -Xcc -I/Users/admin/builder/spi-builder-workspace/.derivedData/Build/Products/Debug-watchos/include -Xcc -I/Users/admin/builder/spi-builder-workspace/.derivedData/Build/Intermediates.noindex/Jist.build/Debug-watchos/Jist.build/DerivedSources-normal/armv7k -Xcc -I/Users/admin/builder/spi-builder-workspace/.derivedData/Build/Intermediates.noindex/Jist.build/Debug-watchos/Jist.build/DerivedSources/armv7k -Xcc -I/Users/admin/builder/spi-builder-workspace/.derivedData/Build/Intermediates.noindex/Jist.build/Debug-watchos/Jist.build/DerivedSources -Xcc -DSWIFT_PACKAGE -Xcc -DDEBUG\=1 -emit-objc-header -emit-objc-header-path /Users/admin/builder/spi-builder-workspace/.derivedData/Build/Intermediates.noindex/Jist.build/Debug-watchos/Jist.build/Objects-normal/armv7k/Jist-Swift.h -working-directory /Users/admin/builder/spi-builder-workspace/.swiftpm/xcode -experimental-emit-module-separately -disable-cmo
SwiftDriver Jist normal arm64_32 com.apple.xcode.tools.swift.compiler (in target 'Jist' from project 'Jist')
    cd /Users/admin/builder/spi-builder-workspace/.swiftpm/xcode
    builtin-SwiftDriver -- /Applications/Xcode-16.3.0.app/Contents/Developer/Toolchains/XcodeDefault.xctoolchain/usr/bin/swiftc -module-name Jist -Onone -enforce-exclusivity\=checked @/Users/admin/builder/spi-builder-workspace/.derivedData/Build/Intermediates.noindex/Jist.build/Debug-watchos/Jist.build/Objects-normal/arm64_32/Jist.SwiftFileList -DSWIFT_PACKAGE -DDEBUG -stats-output-dir .stats -plugin-path /Applications/Xcode-16.3.0.app/Contents/Developer/Toolchains/XcodeDefault.xctoolchain/usr/lib/swift/host/plugins/testing -enable-experimental-feature DebugDescriptionMacro -sdk /Applications/Xcode-16.3.0.app/Contents/Developer/Platforms/WatchOS.platform/Developer/SDKs/WatchOS11.4.sdk -target arm64_32-apple-watchos6.0 -g -module-cache-path /Users/admin/builder/spi-builder-workspace/.derivedData/ModuleCache.noindex -Xfrontend -serialize-debugging-options -profile-coverage-mapping -profile-generate -enable-testing -index-store-path /Users/admin/builder/spi-builder-workspace/.derivedData/Index.noindex/DataStore -swift-version 6 -I /Users/admin/builder/spi-builder-workspace/.derivedData/Build/Products/Debug-watchos -I /Applications/Xcode-16.3.0.app/Contents/Developer/Platforms/WatchOS.platform/Developer/usr/lib -F /Users/admin/builder/spi-builder-workspace/.derivedData/Build/Products/Debug-watchos -F /Applications/Xcode-16.3.0.app/Contents/Developer/Platforms/WatchOS.platform/Developer/Library/Frameworks -F /Applications/Xcode-16.3.0.app/Contents/Developer/Platforms/WatchOS.platform/Developer/SDKs/WatchOS11.4.sdk/Developer/Library/Frameworks -c -j10 -enable-batch-mode -incremental -Xcc -ivfsstatcache -Xcc /Users/admin/builder/spi-builder-workspace/.derivedData/SDKStatCaches.noindex/watchos11.4-22T246-43efb940ff07ba2497b70ec94253f576.sdkstatcache -output-file-map /Users/admin/builder/spi-builder-workspace/.derivedData/Build/Intermediates.noindex/Jist.build/Debug-watchos/Jist.build/Objects-normal/arm64_32/Jist-OutputFileMap.json -use-frontend-parseable-output -save-temps -no-color-diagnostics -serialize-diagnostics -emit-dependencies -emit-module -emit-module-path /Users/admin/builder/spi-builder-workspace/.derivedData/Build/Intermediates.noindex/Jist.build/Debug-watchos/Jist.build/Objects-normal/arm64_32/Jist.swiftmodule -validate-clang-modules-once -clang-build-session-file /Users/admin/builder/spi-builder-workspace/.derivedData/ModuleCache.noindex/Session.modulevalidation -package-name spi_builder_workspace -Xcc -I/Users/admin/builder/spi-builder-workspace/.derivedData/Build/Intermediates.noindex/Jist.build/Debug-watchos/Jist.build/swift-overrides.hmap -emit-const-values -Xfrontend -const-gather-protocols-file -Xfrontend /Users/admin/builder/spi-builder-workspace/.derivedData/Build/Intermediates.noindex/Jist.build/Debug-watchos/Jist.build/Objects-normal/arm64_32/Jist_const_extract_protocols.json -Xcc -I/Users/admin/builder/spi-builder-workspace/.derivedData/Build/Products/Debug-watchos/include -Xcc -I/Users/admin/builder/spi-builder-workspace/.derivedData/Build/Intermediates.noindex/Jist.build/Debug-watchos/Jist.build/DerivedSources-normal/arm64_32 -Xcc -I/Users/admin/builder/spi-builder-workspace/.derivedData/Build/Intermediates.noindex/Jist.build/Debug-watchos/Jist.build/DerivedSources/arm64_32 -Xcc -I/Users/admin/builder/spi-builder-workspace/.derivedData/Build/Intermediates.noindex/Jist.build/Debug-watchos/Jist.build/DerivedSources -Xcc -DSWIFT_PACKAGE -Xcc -DDEBUG\=1 -emit-objc-header -emit-objc-header-path /Users/admin/builder/spi-builder-workspace/.derivedData/Build/Intermediates.noindex/Jist.build/Debug-watchos/Jist.build/Objects-normal/arm64_32/Jist-Swift.h -working-directory /Users/admin/builder/spi-builder-workspace/.swiftpm/xcode -experimental-emit-module-separately -disable-cmo
SwiftDriver Jist normal arm64 com.apple.xcode.tools.swift.compiler (in target 'Jist' from project 'Jist')
    cd /Users/admin/builder/spi-builder-workspace/.swiftpm/xcode
    builtin-SwiftDriver -- /Applications/Xcode-16.3.0.app/Contents/Developer/Toolchains/XcodeDefault.xctoolchain/usr/bin/swiftc -module-name Jist -Onone -enforce-exclusivity\=checked @/Users/admin/builder/spi-builder-workspace/.derivedData/Build/Intermediates.noindex/Jist.build/Debug-watchos/Jist.build/Objects-normal/arm64/Jist.SwiftFileList -DSWIFT_PACKAGE -DDEBUG -stats-output-dir .stats -plugin-path /Applications/Xcode-16.3.0.app/Contents/Developer/Toolchains/XcodeDefault.xctoolchain/usr/lib/swift/host/plugins/testing -enable-experimental-feature DebugDescriptionMacro -sdk /Applications/Xcode-16.3.0.app/Contents/Developer/Platforms/WatchOS.platform/Developer/SDKs/WatchOS11.4.sdk -target arm64-apple-watchos6.0 -g -module-cache-path /Users/admin/builder/spi-builder-workspace/.derivedData/ModuleCache.noindex -Xfrontend -serialize-debugging-options -profile-coverage-mapping -profile-generate -enable-testing -index-store-path /Users/admin/builder/spi-builder-workspace/.derivedData/Index.noindex/DataStore -swift-version 6 -I /Users/admin/builder/spi-builder-workspace/.derivedData/Build/Products/Debug-watchos -I /Applications/Xcode-16.3.0.app/Contents/Developer/Platforms/WatchOS.platform/Developer/usr/lib -F /Users/admin/builder/spi-builder-workspace/.derivedData/Build/Products/Debug-watchos -F /Applications/Xcode-16.3.0.app/Contents/Developer/Platforms/WatchOS.platform/Developer/Library/Frameworks -F /Applications/Xcode-16.3.0.app/Contents/Developer/Platforms/WatchOS.platform/Developer/SDKs/WatchOS11.4.sdk/Developer/Library/Frameworks -c -j10 -enable-batch-mode -incremental -Xcc -ivfsstatcache -Xcc /Users/admin/builder/spi-builder-workspace/.derivedData/SDKStatCaches.noindex/watchos11.4-22T246-43efb940ff07ba2497b70ec94253f576.sdkstatcache -output-file-map /Users/admin/builder/spi-builder-workspace/.derivedData/Build/Intermediates.noindex/Jist.build/Debug-watchos/Jist.build/Objects-normal/arm64/Jist-OutputFileMap.json -use-frontend-parseable-output -save-temps -no-color-diagnostics -serialize-diagnostics -emit-dependencies -emit-module -emit-module-path /Users/admin/builder/spi-builder-workspace/.derivedData/Build/Intermediates.noindex/Jist.build/Debug-watchos/Jist.build/Objects-normal/arm64/Jist.swiftmodule -validate-clang-modules-once -clang-build-session-file /Users/admin/builder/spi-builder-workspace/.derivedData/ModuleCache.noindex/Session.modulevalidation -package-name spi_builder_workspace -Xcc -I/Users/admin/builder/spi-builder-workspace/.derivedData/Build/Intermediates.noindex/Jist.build/Debug-watchos/Jist.build/swift-overrides.hmap -emit-const-values -Xfrontend -const-gather-protocols-file -Xfrontend /Users/admin/builder/spi-builder-workspace/.derivedData/Build/Intermediates.noindex/Jist.build/Debug-watchos/Jist.build/Objects-normal/arm64/Jist_const_extract_protocols.json -Xcc -I/Users/admin/builder/spi-builder-workspace/.derivedData/Build/Products/Debug-watchos/include -Xcc -I/Users/admin/builder/spi-builder-workspace/.derivedData/Build/Intermediates.noindex/Jist.build/Debug-watchos/Jist.build/DerivedSources-normal/arm64 -Xcc -I/Users/admin/builder/spi-builder-workspace/.derivedData/Build/Intermediates.noindex/Jist.build/Debug-watchos/Jist.build/DerivedSources/arm64 -Xcc -I/Users/admin/builder/spi-builder-workspace/.derivedData/Build/Intermediates.noindex/Jist.build/Debug-watchos/Jist.build/DerivedSources -Xcc -DSWIFT_PACKAGE -Xcc -DDEBUG\=1 -emit-objc-header -emit-objc-header-path /Users/admin/builder/spi-builder-workspace/.derivedData/Build/Intermediates.noindex/Jist.build/Debug-watchos/Jist.build/Objects-normal/arm64/Jist-Swift.h -working-directory /Users/admin/builder/spi-builder-workspace/.swiftpm/xcode -experimental-emit-module-separately -disable-cmo
SwiftEmitModule normal arm64_32 Emitting\ module\ for\ Jist (in target 'Jist' from project 'Jist')
EmitSwiftModule normal arm64_32 (in target 'Jist' from project 'Jist')
    cd /Users/admin/builder/spi-builder-workspace/.swiftpm/xcode

/Users/admin/builder/spi-builder-workspace/ios/Sources/Jist/Renderer.swift:917:42: error: cannot find type 'UIActivityIndicatorView' in scope
    func makeUIView(context: Context) -> UIActivityIndicatorView {
                                         ^~~~~~~~~~~~~~~~~~~~~~~
/Users/admin/builder/spi-builder-workspace/ios/Sources/Jist/Renderer.swift:917:30: error: cannot find type 'Context' in scope
    func makeUIView(context: Context) -> UIActivityIndicatorView {
                             ^~~~~~~
/Users/admin/builder/spi-builder-workspace/ios/Sources/Jist/Renderer.swift:923:33: error: cannot find type 'UIActivityIndicatorView' in scope
    func updateUIView(_ uiView: UIActivityIndicatorView, context: Context) {}
                                ^~~~~~~~~~~~~~~~~~~~~~~
/Users/admin/builder/spi-builder-workspace/ios/Sources/Jist/Renderer.swift:923:67: error: cannot find type 'Context' in scope
    func updateUIView(_ uiView: UIActivityIndicatorView, context: Context) {}
                                                                  ^~~~~~~
/Users/admin/builder/spi-builder-workspace/ios/Sources/Jist/Renderer.swift:916:39: error: cannot find type 'UIViewRepresentable' in scope
private struct JistActivityIndicator: UIViewRepresentable {
                                      ^~~~~~~~~~~~~~~~~~~
Failed frontend command:
/Applications/Xcode-16.3.0.app/Contents/Developer/Toolchains/XcodeDefault.xctoolchain/usr/bin/swift-frontend -frontend -emit-module -experimental-skip-non-inlinable-function-bodies-without-types /Users/admin/builder/spi-builder-workspace/ios/Sources/Jist/JistValue.swift /Users/admin/builder/spi-builder-workspace/ios/Sources/Jist/JistView.swift /Users/admin/builder/spi-builder-workspace/ios/Sources/Jist/Models.swift /Users/admin/builder/spi-builder-workspace/ios/Sources/Jist/Renderer.swift /Users/admin/builder/spi-builder-workspace/ios/Sources/Jist/ThemeResolver+FontResolver.swift /Users/admin/builder/spi-builder-workspace/ios/Sources/Jist/ThemeResolver.swift -target arm64_32-apple-watchos6.0 -enable-objc-interop -sdk /Applications/Xcode-16.3.0.app/Contents/Developer/Platforms/WatchOS.platform/Developer/SDKs/WatchOS11.4.sdk -I /Users/admin/builder/spi-builder-workspace/.derivedData/Build/Products/Debug-watchos -I /Applications/Xcode-16.3.0.app/Contents/Developer/Platforms/WatchOS.platform/Developer/usr/lib -F /Users/admin/builder/spi-builder-workspace/.derivedData/Build/Products/Debug-watchos -F /Applications/Xcode-16.3.0.app/Contents/Developer/Platforms/WatchOS.platform/Developer/Library/Frameworks -F /Applications/Xcode-16.3.0.app/Contents/Developer/Platforms/WatchOS.platform/Developer/SDKs/WatchOS11.4.sdk/Developer/Library/Frameworks -no-color-diagnostics -enable-testing -g -debug-info-format\=dwarf -dwarf-version\=4 -module-cache-path /Users/admin/builder/spi-builder-workspace/.derivedData/ModuleCache.noindex -profile-generate -profile-coverage-mapping -swift-version 6 -enforce-exclusivity\=checked -stats-output-dir /Users/admin/builder/spi-builder-workspace/.swiftpm/xcode/.stats -Onone -D SWIFT_PACKAGE -D DEBUG -serialize-debugging-options -const-gather-protocols-file /Users/admin/builder/spi-builder-workspace/.derivedData/Build/Intermediates.noindex/Jist.build/Debug-watchos/Jist.build/Objects-normal/arm64_32/Jist_const_extract_protocols.json -enable-experimental-feature DebugDescriptionMacro -empty-abi-descriptor -plugin-path /Applications/Xcode-16.3.0.app/Contents/Developer/Toolchains/XcodeDefault.xctoolchain/usr/lib/swift/host/plugins/testing -validate-clang-modules-once -clang-build-session-file /Users/admin/builder/spi-builder-workspace/.derivedData/ModuleCache.noindex/Session.modulevalidation -Xcc -working-directory -Xcc /Users/admin/builder/spi-builder-workspace/.swiftpm/xcode -resource-dir /Applications/Xcode-16.3.0.app/Contents/Developer/Toolchains/XcodeDefault.xctoolchain/usr/lib/swift -enable-anonymous-context-mangled-names -file-compilation-dir /Users/admin/builder/spi-builder-workspace/.swiftpm/xcode -Xcc -ivfsstatcache -Xcc /Users/admin/builder/spi-builder-workspace/.derivedData/SDKStatCaches.noindex/watchos11.4-22T246-43efb940ff07ba2497b70ec94253f576.sdkstatcache -Xcc -I/Users/admin/builder/spi-builder-workspace/.derivedData/Build/Intermediates.noindex/Jist.build/Debug-watchos/Jist.build/swift-overrides.hmap -Xcc -I/Users/admin/builder/spi-builder-workspace/.derivedData/Build/Products/Debug-watchos/include -Xcc -I/Users/admin/builder/spi-builder-workspace/.derivedData/Build/Intermediates.noindex/Jist.build/Debug-watchos/Jist.build/DerivedSources-normal/arm64_32 -Xcc -I/Users/admin/builder/spi-builder-workspace/.derivedData/Build/Intermediates.noindex/Jist.build/Debug-watchos/Jist.build/DerivedSources/arm64_32 -Xcc -I/Users/admin/builder/spi-builder-workspace/.derivedData/Build/Intermediates.noindex/Jist.build/Debug-watchos/Jist.build/DerivedSources -Xcc -DSWIFT_PACKAGE -Xcc -DDEBUG\=1 -module-name Jist -package-name spi_builder_workspace -frontend-parseable-output -disable-clang-spi -target-sdk-version 11.4 -target-sdk-name watchos11.4 -external-plugin-path /Applications/Xcode-16.3.0.app/Contents/Developer/Platforms/WatchOS.platform/Developer/usr/lib/swift/host/plugins\#/Applications/Xcode-16.3.0.app/Contents/Developer/Platforms/WatchOS.platform/Developer/usr/bin/swift-plugin-server -external-plugin-path /Applications/Xcode-16.3.0.app/Contents/Developer/Platforms/WatchOS.platform/Developer/usr/local/lib/swift/host/plugins\#/Applications/Xcode-16.3.0.app/Contents/Developer/Platforms/WatchOS.platform/Developer/usr/bin/swift-plugin-server -in-process-plugin-server-path /Applications/Xcode-16.3.0.app/Contents/Developer/Toolchains/XcodeDefault.xctoolchain/usr/lib/swift/host/libSwiftInProcPluginServer.dylib -plugin-path /Applications/Xcode-16.3.0.app/Contents/Developer/Toolchains/XcodeDefault.xctoolchain/usr/lib/swift/host/plugins -plugin-path /Applications/Xcode-16.3.0.app/Contents/Developer/Toolchains/XcodeDefault.xctoolchain/usr/local/lib/swift/host/plugins -emit-module-doc-path /Users/admin/builder/spi-builder-workspace/.derivedData/Build/Intermediates.noindex/Jist.build/Debug-watchos/Jist.build/Objects-normal/arm64_32/Jist.swiftdoc -emit-module-source-info-path /Users/admin/builder/spi-builder-workspace/.derivedData/Build/Intermediates.noindex/Jist.build/Debug-watchos/Jist.build/Objects-normal/arm64_32/Jist.swiftsourceinfo -emit-objc-header-path /Users/admin/builder/spi-builder-workspace/.derivedData/Build/Intermediates.noindex/Jist.build/Debug-watchos/Jist.build/Objects-normal/arm64_32/Jist-Swift.h -serialize-diagnostics-path /Users/admin/builder/spi-builder-workspace/.derivedData/Build/Intermediates.noindex/Jist.build/Debug-watchos/Jist.build/Objects-normal/arm64_32/Jist-master-emit-module.dia -emit-dependencies-path /Users/admin/builder/spi-builder-workspace/.derivedData/Build/Intermediates.noindex/Jist.build/Debug-watchos/Jist.build/Objects-normal/arm64_32/Jist-master-emit-module.d -o /Users/admin/builder/spi-builder-workspace/.derivedData/Build/Intermediates.noindex/Jist.build/Debug-watchos/Jist.build/Objects-normal/arm64_32/Jist.swiftmodule -emit-abi-descriptor-path /Users/admin/builder/spi-builder-workspace/.derivedData/Build/Intermediates.noindex/Jist.build/Debug-watchos/Jist.build/Objects-normal/arm64_32/Jist.abi.json
SwiftCompile normal arm64_32 Compiling\ JistValue.swift /Users/admin/builder/spi-builder-workspace/ios/Sources/Jist/JistValue.swift (in target 'Jist' from project 'Jist')
SwiftCompile normal arm64_32 /Users/admin/builder/spi-builder-workspace/ios/Sources/Jist/JistValue.swift (in target 'Jist' from project 'Jist')
    cd /Users/admin/builder/spi-builder-workspace/.swiftpm/xcode

SwiftCompile normal arm64_32 Compiling\ Renderer.swift /Users/admin/builder/spi-builder-workspace/ios/Sources/Jist/Renderer.swift (in target 'Jist' from project 'Jist')
SwiftCompile normal arm64_32 /Users/admin/builder/spi-builder-workspace/ios/Sources/Jist/Renderer.swift (in target 'Jist' from project 'Jist')
    cd /Users/admin/builder/spi-builder-workspace/.swiftpm/xcode

SwiftCompile normal arm64 Compiling\ Models.swift /Users/admin/builder/spi-builder-workspace/ios/Sources/Jist/Models.swift (in target 'Jist' from project 'Jist')
SwiftCompile normal arm64 /Users/admin/builder/spi-builder-workspace/ios/Sources/Jist/Models.swift (in target 'Jist' from project 'Jist')
    cd /Users/admin/builder/spi-builder-workspace/.swiftpm/xcode

SwiftCompile normal armv7k Compiling\ JistValue.swift /Users/admin/builder/spi-builder-workspace/ios/Sources/Jist/JistValue.swift (in target 'Jist' from project 'Jist')
SwiftCompile normal armv7k /Users/admin/builder/spi-builder-workspace/ios/Sources/Jist/JistValue.swift (in target 'Jist' from project 'Jist')
    cd /Users/admin/builder/spi-builder-workspace/.swiftpm/xcode

SwiftEmitModule normal arm64 Emitting\ module\ for\ Jist (in target 'Jist' from project 'Jist')
Failed frontend command:
/Applications/Xcode-16.3.0.app/Contents/Developer/Toolchains/XcodeDefault.xctoolchain/usr/bin/swift-frontend -frontend -emit-module -experimental-skip-non-inlinable-function-bodies-without-types /Users/admin/builder/spi-builder-workspace/ios/Sources/Jist/JistValue.swift /Users/admin/builder/spi-builder-workspace/ios/Sources/Jist/JistView.swift /Users/admin/builder/spi-builder-workspace/ios/Sources/Jist/Models.swift /Users/admin/builder/spi-builder-workspace/ios/Sources/Jist/Renderer.swift /Users/admin/builder/spi-builder-workspace/ios/Sources/Jist/ThemeResolver+FontResolver.swift /Users/admin/builder/spi-builder-workspace/ios/Sources/Jist/ThemeResolver.swift -target arm64-apple-watchos6.0 -Xllvm -aarch64-use-tbi -enable-objc-interop -stack-check -sdk /Applications/Xcode-16.3.0.app/Contents/Developer/Platforms/WatchOS.platform/Developer/SDKs/WatchOS11.4.sdk -I /Users/admin/builder/spi-builder-workspace/.derivedData/Build/Products/Debug-watchos -I /Applications/Xcode-16.3.0.app/Contents/Developer/Platforms/WatchOS.platform/Developer/usr/lib -F /Users/admin/builder/spi-builder-workspace/.derivedData/Build/Products/Debug-watchos -F /Applications/Xcode-16.3.0.app/Contents/Developer/Platforms/WatchOS.platform/Developer/Library/Frameworks -F /Applications/Xcode-16.3.0.app/Contents/Developer/Platforms/WatchOS.platform/Developer/SDKs/WatchOS11.4.sdk/Developer/Library/Frameworks -no-color-diagnostics -enable-testing -g -debug-info-format\=dwarf -dwarf-version\=4 -module-cache-path /Users/admin/builder/spi-builder-workspace/.derivedData/ModuleCache.noindex -profile-generate -profile-coverage-mapping -swift-version 6 -enforce-exclusivity\=checked -stats-output-dir /Users/admin/builder/spi-builder-workspace/.swiftpm/xcode/.stats -Onone -D SWIFT_PACKAGE -D DEBUG -serialize-debugging-options -const-gather-protocols-file /Users/admin/builder/spi-builder-workspace/.derivedData/Build/Intermediates.noindex/Jist.build/Debug-watchos/Jist.build/Objects-normal/arm64/Jist_const_extract_protocols.json -enable-experimental-feature DebugDescriptionMacro -empty-abi-descriptor -plugin-path /Applications/Xcode-16.3.0.app/Contents/Developer/Toolchains/XcodeDefault.xctoolchain/usr/lib/swift/host/plugins/testing -validate-clang-modules-once -clang-build-session-file /Users/admin/builder/spi-builder-workspace/.derivedData/ModuleCache.noindex/Session.modulevalidation -Xcc -working-directory -Xcc /Users/admin/builder/spi-builder-workspace/.swiftpm/xcode -resource-dir /Applications/Xcode-16.3.0.app/Contents/Developer/Toolchains/XcodeDefault.xctoolchain/usr/lib/swift -enable-anonymous-context-mangled-names -file-compilation-dir /Users/admin/builder/spi-builder-workspace/.swiftpm/xcode -Xcc -ivfsstatcache -Xcc /Users/admin/builder/spi-builder-workspace/.derivedData/SDKStatCaches.noindex/watchos11.4-22T246-43efb940ff07ba2497b70ec94253f576.sdkstatcache -Xcc -I/Users/admin/builder/spi-builder-workspace/.derivedData/Build/Intermediates.noindex/Jist.build/Debug-watchos/Jist.build/swift-overrides.hmap -Xcc -I/Users/admin/builder/spi-builder-workspace/.derivedData/Build/Products/Debug-watchos/include -Xcc -I/Users/admin/builder/spi-builder-workspace/.derivedData/Build/Intermediates.noindex/Jist.build/Debug-watchos/Jist.build/DerivedSources-normal/arm64 -Xcc -I/Users/admin/builder/spi-builder-workspace/.derivedData/Build/Intermediates.noindex/Jist.build/Debug-watchos/Jist.build/DerivedSources/arm64 -Xcc -I/Users/admin/builder/spi-builder-workspace/.derivedData/Build/Intermediates.noindex/Jist.build/Debug-watchos/Jist.build/DerivedSources -Xcc -DSWIFT_PACKAGE -Xcc -DDEBUG\=1 -module-name Jist -package-name spi_builder_workspace -frontend-parseable-output -disable-clang-spi -target-sdk-version 11.4 -target-sdk-name watchos11.4 -external-plugin-path /Applications/Xcode-16.3.0.app/Contents/Developer/Platforms/WatchOS.platform/Developer/usr/lib/swift/host/plugins\#/Applications/Xcode-16.3.0.app/Contents/Developer/Platforms/WatchOS.platform/Developer/usr/bin/swift-plugin-server -external-plugin-path /Applications/Xcode-16.3.0.app/Contents/Developer/Platforms/WatchOS.platform/Developer/usr/local/lib/swift/host/plugins\#/Applications/Xcode-16.3.0.app/Contents/Developer/Platforms/WatchOS.platform/Developer/usr/bin/swift-plugin-server -in-process-plugin-server-path /Applications/Xcode-16.3.0.app/Contents/Developer/Toolchains/XcodeDefault.xctoolchain/usr/lib/swift/host/libSwiftInProcPluginServer.dylib -plugin-path /Applications/Xcode-16.3.0.app/Contents/Developer/Toolchains/XcodeDefault.xctoolchain/usr/lib/swift/host/plugins -plugin-path /Applications/Xcode-16.3.0.app/Contents/Developer/Toolchains/XcodeDefault.xctoolchain/usr/local/lib/swift/host/plugins -emit-module-doc-path /Users/admin/builder/spi-builder-workspace/.derivedData/Build/Intermediates.noindex/Jist.build/Debug-watchos/Jist.build/Objects-normal/arm64/Jist.swiftdoc -emit-module-source-info-path /Users/admin/builder/spi-builder-workspace/.derivedData/Build/Intermediates.noindex/Jist.build/Debug-watchos/Jist.build/Objects-normal/arm64/Jist.swiftsourceinfo -emit-objc-header-path /Users/admin/builder/spi-builder-workspace/.derivedData/Build/Intermediates.noindex/Jist.build/Debug-watchos/Jist.build/Objects-normal/arm64/Jist-Swift.h -serialize-diagnostics-path /Users/admin/builder/spi-builder-workspace/.derivedData/Build/Intermediates.noindex/Jist.build/Debug-watchos/Jist.build/Objects-normal/arm64/Jist-master-emit-module.dia -emit-dependencies-path /Users/admin/builder/spi-builder-workspace/.derivedData/Build/Intermediates.noindex/Jist.build/Debug-watchos/Jist.build/Objects-normal/arm64/Jist-master-emit-module.d -o /Users/admin/builder/spi-builder-workspace/.derivedData/Build/Intermediates.noindex/Jist.build/Debug-watchos/Jist.build/Objects-normal/arm64/Jist.swiftmodule -emit-abi-descriptor-path /Users/admin/builder/spi-builder-workspace/.derivedData/Build/Intermediates.noindex/Jist.build/Debug-watchos/Jist.build/Objects-normal/arm64/Jist.abi.json
EmitSwiftModule normal arm64 (in target 'Jist' from project 'Jist')
    cd /Users/admin/builder/spi-builder-workspace/.swiftpm/xcode

/Users/admin/builder/spi-builder-workspace/ios/Sources/Jist/Renderer.swift:917:42: error: cannot find type 'UIActivityIndicatorView' in scope
    func makeUIView(context: Context) -> UIActivityIndicatorView {
                                         ^~~~~~~~~~~~~~~~~~~~~~~
/Users/admin/builder/spi-builder-workspace/ios/Sources/Jist/Renderer.swift:917:30: error: cannot find type 'Context' in scope
    func makeUIView(context: Context) -> UIActivityIndicatorView {
                             ^~~~~~~
/Users/admin/builder/spi-builder-workspace/ios/Sources/Jist/Renderer.swift:923:33: error: cannot find type 'UIActivityIndicatorView' in scope
    func updateUIView(_ uiView: UIActivityIndicatorView, context: Context) {}
                                ^~~~~~~~~~~~~~~~~~~~~~~
/Users/admin/builder/spi-builder-workspace/ios/Sources/Jist/Renderer.swift:923:67: error: cannot find type 'Context' in scope
    func updateUIView(_ uiView: UIActivityIndicatorView, context: Context) {}
                                                                  ^~~~~~~
/Users/admin/builder/spi-builder-workspace/ios/Sources/Jist/Renderer.swift:916:39: error: cannot find type 'UIViewRepresentable' in scope
private struct JistActivityIndicator: UIViewRepresentable {
                                      ^~~~~~~~~~~~~~~~~~~
SwiftCompile normal arm64 Compiling\ ThemeResolver.swift /Users/admin/builder/spi-builder-workspace/ios/Sources/Jist/ThemeResolver.swift (in target 'Jist' from project 'Jist')
SwiftCompile normal arm64 /Users/admin/builder/spi-builder-workspace/ios/Sources/Jist/ThemeResolver.swift (in target 'Jist' from project 'Jist')
    cd /Users/admin/builder/spi-builder-workspace/.swiftpm/xcode

SwiftEmitModule normal armv7k Emitting\ module\ for\ Jist (in target 'Jist' from project 'Jist')
Failed frontend command:
/Applications/Xcode-16.3.0.app/Contents/Developer/Toolchains/XcodeDefault.xctoolchain/usr/bin/swift-frontend -frontend -emit-module -experimental-skip-non-inlinable-function-bodies-without-types /Users/admin/builder/spi-builder-workspace/ios/Sources/Jist/JistValue.swift /Users/admin/builder/spi-builder-workspace/ios/Sources/Jist/JistView.swift /Users/admin/builder/spi-builder-workspace/ios/Sources/Jist/Models.swift /Users/admin/builder/spi-builder-workspace/ios/Sources/Jist/Renderer.swift /Users/admin/builder/spi-builder-workspace/ios/Sources/Jist/ThemeResolver+FontResolver.swift /Users/admin/builder/spi-builder-workspace/ios/Sources/Jist/ThemeResolver.swift -target armv7k-apple-watchos6.0 -enable-objc-interop -stack-check -sdk /Applications/Xcode-16.3.0.app/Contents/Developer/Platforms/WatchOS.platform/Developer/SDKs/WatchOS11.4.sdk -I /Users/admin/builder/spi-builder-workspace/.derivedData/Build/Products/Debug-watchos -I /Applications/Xcode-16.3.0.app/Contents/Developer/Platforms/WatchOS.platform/Developer/usr/lib -F /Users/admin/builder/spi-builder-workspace/.derivedData/Build/Products/Debug-watchos -F /Applications/Xcode-16.3.0.app/Contents/Developer/Platforms/WatchOS.platform/Developer/Library/Frameworks -F /Applications/Xcode-16.3.0.app/Contents/Developer/Platforms/WatchOS.platform/Developer/SDKs/WatchOS11.4.sdk/Developer/Library/Frameworks -no-color-diagnostics -enable-testing -g -debug-info-format\=dwarf -dwarf-version\=4 -module-cache-path /Users/admin/builder/spi-builder-workspace/.derivedData/ModuleCache.noindex -profile-generate -profile-coverage-mapping -swift-version 6 -enforce-exclusivity\=checked -stats-output-dir /Users/admin/builder/spi-builder-workspace/.swiftpm/xcode/.stats -Onone -D SWIFT_PACKAGE -D DEBUG -serialize-debugging-options -const-gather-protocols-file /Users/admin/builder/spi-builder-workspace/.derivedData/Build/Intermediates.noindex/Jist.build/Debug-watchos/Jist.build/Objects-normal/armv7k/Jist_const_extract_protocols.json -enable-experimental-feature DebugDescriptionMacro -empty-abi-descriptor -plugin-path /Applications/Xcode-16.3.0.app/Contents/Developer/Toolchains/XcodeDefault.xctoolchain/usr/lib/swift/host/plugins/testing -validate-clang-modules-once -clang-build-session-file /Users/admin/builder/spi-builder-workspace/.derivedData/ModuleCache.noindex/Session.modulevalidation -Xcc -working-directory -Xcc /Users/admin/builder/spi-builder-workspace/.swiftpm/xcode -resource-dir /Applications/Xcode-16.3.0.app/Contents/Developer/Toolchains/XcodeDefault.xctoolchain/usr/lib/swift -enable-anonymous-context-mangled-names -file-compilation-dir /Users/admin/builder/spi-builder-workspace/.swiftpm/xcode -Xcc -ivfsstatcache -Xcc /Users/admin/builder/spi-builder-workspace/.derivedData/SDKStatCaches.noindex/watchos11.4-22T246-43efb940ff07ba2497b70ec94253f576.sdkstatcache -Xcc -I/Users/admin/builder/spi-builder-workspace/.derivedData/Build/Intermediates.noindex/Jist.build/Debug-watchos/Jist.build/swift-overrides.hmap -Xcc -I/Users/admin/builder/spi-builder-workspace/.derivedData/Build/Products/Debug-watchos/include -Xcc -I/Users/admin/builder/spi-builder-workspace/.derivedData/Build/Intermediates.noindex/Jist.build/Debug-watchos/Jist.build/DerivedSources-normal/armv7k -Xcc -I/Users/admin/builder/spi-builder-workspace/.derivedData/Build/Intermediates.noindex/Jist.build/Debug-watchos/Jist.build/DerivedSources/armv7k -Xcc -I/Users/admin/builder/spi-builder-workspace/.derivedData/Build/Intermediates.noindex/Jist.build/Debug-watchos/Jist.build/DerivedSources -Xcc -DSWIFT_PACKAGE -Xcc -DDEBUG\=1 -module-name Jist -package-name spi_builder_workspace -frontend-parseable-output -disable-clang-spi -target-sdk-version 11.4 -target-sdk-name watchos11.4 -external-plugin-path /Applications/Xcode-16.3.0.app/Contents/Developer/Platforms/WatchOS.platform/Developer/usr/lib/swift/host/plugins\#/Applications/Xcode-16.3.0.app/Contents/Developer/Platforms/WatchOS.platform/Developer/usr/bin/swift-plugin-server -external-plugin-path /Applications/Xcode-16.3.0.app/Contents/Developer/Platforms/WatchOS.platform/Developer/usr/local/lib/swift/host/plugins\#/Applications/Xcode-16.3.0.app/Contents/Developer/Platforms/WatchOS.platform/Developer/usr/bin/swift-plugin-server -in-process-plugin-server-path /Applications/Xcode-16.3.0.app/Contents/Developer/Toolchains/XcodeDefault.xctoolchain/usr/lib/swift/host/libSwiftInProcPluginServer.dylib -plugin-path /Applications/Xcode-16.3.0.app/Contents/Developer/Toolchains/XcodeDefault.xctoolchain/usr/lib/swift/host/plugins -plugin-path /Applications/Xcode-16.3.0.app/Contents/Developer/Toolchains/XcodeDefault.xctoolchain/usr/local/lib/swift/host/plugins -emit-module-doc-path /Users/admin/builder/spi-builder-workspace/.derivedData/Build/Intermediates.noindex/Jist.build/Debug-watchos/Jist.build/Objects-normal/armv7k/Jist.swiftdoc -emit-module-source-info-path /Users/admin/builder/spi-builder-workspace/.derivedData/Build/Intermediates.noindex/Jist.build/Debug-watchos/Jist.build/Objects-normal/armv7k/Jist.swiftsourceinfo -emit-objc-header-path /Users/admin/builder/spi-builder-workspace/.derivedData/Build/Intermediates.noindex/Jist.build/Debug-watchos/Jist.build/Objects-normal/armv7k/Jist-Swift.h -serialize-diagnostics-path /Users/admin/builder/spi-builder-workspace/.derivedData/Build/Intermediates.noindex/Jist.build/Debug-watchos/Jist.build/Objects-normal/armv7k/Jist-master-emit-module.dia -emit-dependencies-path /Users/admin/builder/spi-builder-workspace/.derivedData/Build/Intermediates.noindex/Jist.build/Debug-watchos/Jist.build/Objects-normal/armv7k/Jist-master-emit-module.d -o /Users/admin/builder/spi-builder-workspace/.derivedData/Build/Intermediates.noindex/Jist.build/Debug-watchos/Jist.build/Objects-normal/armv7k/Jist.swiftmodule -emit-abi-descriptor-path /Users/admin/builder/spi-builder-workspace/.derivedData/Build/Intermediates.noindex/Jist.build/Debug-watchos/Jist.build/Objects-normal/armv7k/Jist.abi.json
EmitSwiftModule normal armv7k (in target 'Jist' from project 'Jist')
    cd /Users/admin/builder/spi-builder-workspace/.swiftpm/xcode

/Users/admin/builder/spi-builder-workspace/ios/Sources/Jist/Renderer.swift:917:42: error: cannot find type 'UIActivityIndicatorView' in scope
    func makeUIView(context: Context) -> UIActivityIndicatorView {
                                         ^~~~~~~~~~~~~~~~~~~~~~~
/Users/admin/builder/spi-builder-workspace/ios/Sources/Jist/Renderer.swift:917:30: error: cannot find type 'Context' in scope
    func makeUIView(context: Context) -> UIActivityIndicatorView {
                             ^~~~~~~
/Users/admin/builder/spi-builder-workspace/ios/Sources/Jist/Renderer.swift:923:33: error: cannot find type 'UIActivityIndicatorView' in scope
    func updateUIView(_ uiView: UIActivityIndicatorView, context: Context) {}
                                ^~~~~~~~~~~~~~~~~~~~~~~
/Users/admin/builder/spi-builder-workspace/ios/Sources/Jist/Renderer.swift:923:67: error: cannot find type 'Context' in scope
    func updateUIView(_ uiView: UIActivityIndicatorView, context: Context) {}
                                                                  ^~~~~~~
/Users/admin/builder/spi-builder-workspace/ios/Sources/Jist/Renderer.swift:916:39: error: cannot find type 'UIViewRepresentable' in scope
private struct JistActivityIndicator: UIViewRepresentable {
                                      ^~~~~~~~~~~~~~~~~~~
SwiftCompile normal armv7k Compiling\ Renderer.swift /Users/admin/builder/spi-builder-workspace/ios/Sources/Jist/Renderer.swift (in target 'Jist' from project 'Jist')
SwiftCompile normal armv7k /Users/admin/builder/spi-builder-workspace/ios/Sources/Jist/Renderer.swift (in target 'Jist' from project 'Jist')
    cd /Users/admin/builder/spi-builder-workspace/.swiftpm/xcode

SwiftCompile normal arm64 Compiling\ JistView.swift /Users/admin/builder/spi-builder-workspace/ios/Sources/Jist/JistView.swift (in target 'Jist' from project 'Jist')
SwiftCompile normal arm64 /Users/admin/builder/spi-builder-workspace/ios/Sources/Jist/JistView.swift (in target 'Jist' from project 'Jist')
    cd /Users/admin/builder/spi-builder-workspace/.swiftpm/xcode

SwiftCompile normal armv7k Compiling\ JistView.swift /Users/admin/builder/spi-builder-workspace/ios/Sources/Jist/JistView.swift (in target 'Jist' from project 'Jist')
Command SwiftCompile failed with a nonzero exit code
** BUILD FAILED **
The following build commands failed:
	EmitSwiftModule normal arm64_32 (in target 'Jist' from project 'Jist')
	SwiftEmitModule normal arm64_32 Emitting\ module\ for\ Jist (in target 'Jist' from project 'Jist')
	SwiftEmitModule normal arm64 Emitting\ module\ for\ Jist (in target 'Jist' from project 'Jist')
	EmitSwiftModule normal arm64 (in target 'Jist' from project 'Jist')
	SwiftEmitModule normal armv7k Emitting\ module\ for\ Jist (in target 'Jist' from project 'Jist')
	EmitSwiftModule normal armv7k (in target 'Jist' from project 'Jist')
	SwiftCompile normal armv7k Compiling\ JistView.swift /Users/admin/builder/spi-builder-workspace/ios/Sources/Jist/JistView.swift (in target 'Jist' from project 'Jist')
	Building workspace spi-builder-workspace with scheme Jist
(8 failures)
Command line invocation:
    /Applications/Xcode-16.3.0.app/Contents/Developer/usr/bin/xcodebuild -IDEClonedSourcePackagesDirPathOverride=/Users/admin/builder/spi-builder-workspace/.dependencies -resolvePackageDependencies
Resolve Package Graph
Resolved source packages:
  swift-custom-dump: https://github.com/pointfreeco/swift-custom-dump @ 1.7.0
  swift-snapshot-testing: https://github.com/pointfreeco/swift-snapshot-testing @ 1.19.4
  Jist: /Users/admin/builder/spi-builder-workspace
  xctest-dynamic-overlay: https://github.com/pointfreeco/xctest-dynamic-overlay @ 1.11.0
  swift-syntax: https://github.com/swiftlang/swift-syntax @ 603.0.2
resolved source packages: swift-custom-dump, swift-snapshot-testing, Jist, xctest-dynamic-overlay, swift-syntax
{
  "dependencies" : [
    {
      "identity" : "swift-snapshot-testing",
      "requirement" : {
        "range" : [
          {
            "lower_bound" : "1.17.0",
            "upper_bound" : "2.0.0"
          }
        ]
      },
      "type" : "sourceControl",
      "url" : "https://github.com/pointfreeco/swift-snapshot-testing"
    }
  ],
  "manifest_display_name" : "Jist",
  "name" : "Jist",
  "path" : "/Users/admin/builder/spi-builder-workspace",
  "platforms" : [
    {
      "name" : "ios",
      "version" : "13.0"
    },
    {
      "name" : "macos",
      "version" : "12.0"
    }
  ],
  "products" : [
    {
      "name" : "Jist",
      "targets" : [
        "Jist"
      ],
      "type" : {
        "library" : [
          "automatic"
        ]
      }
    }
  ],
  "targets" : [
    {
      "c99name" : "JistTests",
      "module_type" : "SwiftTarget",
      "name" : "JistTests",
      "path" : "ios/Tests/JistTests",
      "product_dependencies" : [
        "SnapshotTesting"
      ],
      "resources" : [
        {
          "path" : "/Users/admin/builder/spi-builder-workspace/ios/Tests/JistTests/Fonts/AbrilFatface-Regular.ttf",
          "rule" : {
            "process" : {
            }
          }
        },
        {
          "path" : "/Users/admin/builder/spi-builder-workspace/ios/Tests/JistTests/Fonts/DMSans-Bold.ttf",
          "rule" : {
            "process" : {
            }
          }
        },
        {
          "path" : "/Users/admin/builder/spi-builder-workspace/ios/Tests/JistTests/Fonts/DMSans-Medium.ttf",
          "rule" : {
            "process" : {
            }
          }
        },
        {
          "path" : "/Users/admin/builder/spi-builder-workspace/ios/Tests/JistTests/Fonts/DMSans-Regular.ttf",
          "rule" : {
            "process" : {
            }
          }
        },
        {
          "path" : "/Users/admin/builder/spi-builder-workspace/ios/Tests/JistTests/Fonts/DMSans-SemiBold.ttf",
          "rule" : {
            "process" : {
            }
          }
        }
      ],
      "sources" : [
        "ComponentSnapshotTests.swift",
        "FontStackParsingTests.swift",
        "JistImageLoaderTests.swift",
        "SnapshotTests.swift",
        "TestFixtures.swift"
      ],
      "target_dependencies" : [
        "Jist"
      ],
      "type" : "test"
    },
    {
      "c99name" : "Jist",
      "module_type" : "SwiftTarget",
      "name" : "Jist",
      "path" : "ios/Sources/Jist",
      "product_memberships" : [
        "Jist"
      ],
      "sources" : [
        "JistValue.swift",
        "JistView.swift",
        "Models.swift",
        "Renderer.swift",
        "ThemeResolver+FontResolver.swift",
        "ThemeResolver.swift"
      ],
      "type" : "library"
    }
  ],
  "tools_version" : "6.0"
}
{
  "workspace" : {
    "name" : "spi-builder-workspace",
    "schemes" : [
      "Jist"
    ]
  }
}
Running build ...
env DEVELOPER_DIR=/Applications/Xcode-16.3.0.app xcrun xcodebuild -IDEClonedSourcePackagesDirPathOverride=$PWD/.dependencies -skipMacroValidation -skipPackagePluginValidation -derivedDataPath $PWD/.derivedData build -scheme Jist -destination generic/platform=watchOS
Command line invocation:
    /Applications/Xcode-16.3.0.app/Contents/Developer/usr/bin/xcodebuild -IDEClonedSourcePackagesDirPathOverride=/Users/admin/builder/spi-builder-workspace/.dependencies -skipMacroValidation -skipPackagePluginValidation -derivedDataPath /Users/admin/builder/spi-builder-workspace/.derivedData build -scheme Jist -destination generic/platform=watchOS
Resolve Package Graph
Resolved source packages:
  xctest-dynamic-overlay: https://github.com/pointfreeco/xctest-dynamic-overlay @ 1.11.0
  swift-syntax: https://github.com/swiftlang/swift-syntax @ 603.0.2
  swift-snapshot-testing: https://github.com/pointfreeco/swift-snapshot-testing @ 1.19.4
  swift-custom-dump: https://github.com/pointfreeco/swift-custom-dump @ 1.7.0
  Jist: /Users/admin/builder/spi-builder-workspace
ComputePackagePrebuildTargetDependencyGraph
Prepare packages
CreateBuildRequest
SendProjectDescription
CreateBuildOperation
ComputeTargetDependencyGraph
note: Building targets in dependency order
note: Target dependency graph (2 targets)
    Target 'Jist' in project 'Jist'
        ➜ Explicit dependency on target 'Jist' in project 'Jist'
    Target 'Jist' in project 'Jist' (no dependencies)
GatherProvisioningInputs
CreateBuildDescription
ExecuteExternalTool /Applications/Xcode-16.3.0.app/Contents/Developer/Toolchains/XcodeDefault.xctoolchain/usr/bin/clang -v -E -dM -isysroot /Applications/Xcode-16.3.0.app/Contents/Developer/Platforms/WatchOS.platform/Developer/SDKs/WatchOS11.4.sdk -x c -c /dev/null
ExecuteExternalTool /Applications/Xcode-16.3.0.app/Contents/Developer/Toolchains/XcodeDefault.xctoolchain/usr/bin/swiftc --version
ExecuteExternalTool /Applications/Xcode-16.3.0.app/Contents/Developer/Toolchains/XcodeDefault.xctoolchain/usr/bin/ld -version_details
Build description signature: 89fe631c2a62c1337520a8919dfd9e14
Build description path: /Users/admin/builder/spi-builder-workspace/.derivedData/Build/Intermediates.noindex/XCBuildData/89fe631c2a62c1337520a8919dfd9e14.xcbuilddata
ClangStatCache /Applications/Xcode-16.3.0.app/Contents/Developer/Toolchains/XcodeDefault.xctoolchain/usr/bin/clang-stat-cache /Applications/Xcode-16.3.0.app/Contents/Developer/Platforms/WatchOS.platform/Developer/SDKs/WatchOS11.4.sdk /Users/admin/builder/spi-builder-workspace/.derivedData/SDKStatCaches.noindex/watchos11.4-22T246-43efb940ff07ba2497b70ec94253f576.sdkstatcache
    cd /Users/admin/builder/spi-builder-workspace/.swiftpm/xcode
    /Applications/Xcode-16.3.0.app/Contents/Developer/Toolchains/XcodeDefault.xctoolchain/usr/bin/clang-stat-cache /Applications/Xcode-16.3.0.app/Contents/Developer/Platforms/WatchOS.platform/Developer/SDKs/WatchOS11.4.sdk -o /Users/admin/builder/spi-builder-workspace/.derivedData/SDKStatCaches.noindex/watchos11.4-22T246-43efb940ff07ba2497b70ec94253f576.sdkstatcache
SwiftDriver Jist normal armv7k com.apple.xcode.tools.swift.compiler (in target 'Jist' from project 'Jist')
    cd /Users/admin/builder/spi-builder-workspace/.swiftpm/xcode
    builtin-SwiftDriver -- /Applications/Xcode-16.3.0.app/Contents/Developer/Toolchains/XcodeDefault.xctoolchain/usr/bin/swiftc -module-name Jist -Onone -enforce-exclusivity\=checked @/Users/admin/builder/spi-builder-workspace/.derivedData/Build/Intermediates.noindex/Jist.build/Debug-watchos/Jist.build/Objects-normal/armv7k/Jist.SwiftFileList -DSWIFT_PACKAGE -DDEBUG -DXcode -plugin-path /Applications/Xcode-16.3.0.app/Contents/Developer/Toolchains/XcodeDefault.xctoolchain/usr/lib/swift/host/plugins/testing -enable-experimental-feature DebugDescriptionMacro -sdk /Applications/Xcode-16.3.0.app/Contents/Developer/Platforms/WatchOS.platform/Developer/SDKs/WatchOS11.4.sdk -target armv7k-apple-watchos6.0 -g -module-cache-path /Users/admin/builder/spi-builder-workspace/.derivedData/ModuleCache.noindex -Xfrontend -serialize-debugging-options -profile-coverage-mapping -profile-generate -enable-testing -index-store-path /Users/admin/builder/spi-builder-workspace/.derivedData/Index.noindex/DataStore -swift-version 6 -I /Users/admin/builder/spi-builder-workspace/.derivedData/Build/Products/Debug-watchos -I /Applications/Xcode-16.3.0.app/Contents/Developer/Platforms/WatchOS.platform/Developer/usr/lib -F /Users/admin/builder/spi-builder-workspace/.derivedData/Build/Products/Debug-watchos -F /Applications/Xcode-16.3.0.app/Contents/Developer/Platforms/WatchOS.platform/Developer/Library/Frameworks -F /Applications/Xcode-16.3.0.app/Contents/Developer/Platforms/WatchOS.platform/Developer/SDKs/WatchOS11.4.sdk/Developer/Library/Frameworks -c -j10 -enable-batch-mode -incremental -Xcc -ivfsstatcache -Xcc /Users/admin/builder/spi-builder-workspace/.derivedData/SDKStatCaches.noindex/watchos11.4-22T246-43efb940ff07ba2497b70ec94253f576.sdkstatcache -output-file-map /Users/admin/builder/spi-builder-workspace/.derivedData/Build/Intermediates.noindex/Jist.build/Debug-watchos/Jist.build/Objects-normal/armv7k/Jist-OutputFileMap.json -use-frontend-parseable-output -save-temps -no-color-diagnostics -serialize-diagnostics -emit-dependencies -emit-module -emit-module-path /Users/admin/builder/spi-builder-workspace/.derivedData/Build/Intermediates.noindex/Jist.build/Debug-watchos/Jist.build/Objects-normal/armv7k/Jist.swiftmodule -validate-clang-modules-once -clang-build-session-file /Users/admin/builder/spi-builder-workspace/.derivedData/ModuleCache.noindex/Session.modulevalidation -package-name spi_builder_workspace -Xcc -I/Users/admin/builder/spi-builder-workspace/.derivedData/Build/Intermediates.noindex/Jist.build/Debug-watchos/Jist.build/swift-overrides.hmap -emit-const-values -Xfrontend -const-gather-protocols-file -Xfrontend /Users/admin/builder/spi-builder-workspace/.derivedData/Build/Intermediates.noindex/Jist.build/Debug-watchos/Jist.build/Objects-normal/armv7k/Jist_const_extract_protocols.json -Xcc -I/Users/admin/builder/spi-builder-workspace/.derivedData/Build/Products/Debug-watchos/include -Xcc -I/Users/admin/builder/spi-builder-workspace/.derivedData/Build/Intermediates.noindex/Jist.build/Debug-watchos/Jist.build/DerivedSources-normal/armv7k -Xcc -I/Users/admin/builder/spi-builder-workspace/.derivedData/Build/Intermediates.noindex/Jist.build/Debug-watchos/Jist.build/DerivedSources/armv7k -Xcc -I/Users/admin/builder/spi-builder-workspace/.derivedData/Build/Intermediates.noindex/Jist.build/Debug-watchos/Jist.build/DerivedSources -Xcc -DSWIFT_PACKAGE -Xcc -DDEBUG\=1 -emit-objc-header -emit-objc-header-path /Users/admin/builder/spi-builder-workspace/.derivedData/Build/Intermediates.noindex/Jist.build/Debug-watchos/Jist.build/Objects-normal/armv7k/Jist-Swift.h -working-directory /Users/admin/builder/spi-builder-workspace/.swiftpm/xcode -experimental-emit-module-separately -disable-cmo
SwiftDriver Jist normal arm64_32 com.apple.xcode.tools.swift.compiler (in target 'Jist' from project 'Jist')
    cd /Users/admin/builder/spi-builder-workspace/.swiftpm/xcode
    builtin-SwiftDriver -- /Applications/Xcode-16.3.0.app/Contents/Developer/Toolchains/XcodeDefault.xctoolchain/usr/bin/swiftc -module-name Jist -Onone -enforce-exclusivity\=checked @/Users/admin/builder/spi-builder-workspace/.derivedData/Build/Intermediates.noindex/Jist.build/Debug-watchos/Jist.build/Objects-normal/arm64_32/Jist.SwiftFileList -DSWIFT_PACKAGE -DDEBUG -DXcode -plugin-path /Applications/Xcode-16.3.0.app/Contents/Developer/Toolchains/XcodeDefault.xctoolchain/usr/lib/swift/host/plugins/testing -enable-experimental-feature DebugDescriptionMacro -sdk /Applications/Xcode-16.3.0.app/Contents/Developer/Platforms/WatchOS.platform/Developer/SDKs/WatchOS11.4.sdk -target arm64_32-apple-watchos6.0 -g -module-cache-path /Users/admin/builder/spi-builder-workspace/.derivedData/ModuleCache.noindex -Xfrontend -serialize-debugging-options -profile-coverage-mapping -profile-generate -enable-testing -index-store-path /Users/admin/builder/spi-builder-workspace/.derivedData/Index.noindex/DataStore -swift-version 6 -I /Users/admin/builder/spi-builder-workspace/.derivedData/Build/Products/Debug-watchos -I /Applications/Xcode-16.3.0.app/Contents/Developer/Platforms/WatchOS.platform/Developer/usr/lib -F /Users/admin/builder/spi-builder-workspace/.derivedData/Build/Products/Debug-watchos -F /Applications/Xcode-16.3.0.app/Contents/Developer/Platforms/WatchOS.platform/Developer/Library/Frameworks -F /Applications/Xcode-16.3.0.app/Contents/Developer/Platforms/WatchOS.platform/Developer/SDKs/WatchOS11.4.sdk/Developer/Library/Frameworks -c -j10 -enable-batch-mode -incremental -Xcc -ivfsstatcache -Xcc /Users/admin/builder/spi-builder-workspace/.derivedData/SDKStatCaches.noindex/watchos11.4-22T246-43efb940ff07ba2497b70ec94253f576.sdkstatcache -output-file-map /Users/admin/builder/spi-builder-workspace/.derivedData/Build/Intermediates.noindex/Jist.build/Debug-watchos/Jist.build/Objects-normal/arm64_32/Jist-OutputFileMap.json -use-frontend-parseable-output -save-temps -no-color-diagnostics -serialize-diagnostics -emit-dependencies -emit-module -emit-module-path /Users/admin/builder/spi-builder-workspace/.derivedData/Build/Intermediates.noindex/Jist.build/Debug-watchos/Jist.build/Objects-normal/arm64_32/Jist.swiftmodule -validate-clang-modules-once -clang-build-session-file /Users/admin/builder/spi-builder-workspace/.derivedData/ModuleCache.noindex/Session.modulevalidation -package-name spi_builder_workspace -Xcc -I/Users/admin/builder/spi-builder-workspace/.derivedData/Build/Intermediates.noindex/Jist.build/Debug-watchos/Jist.build/swift-overrides.hmap -emit-const-values -Xfrontend -const-gather-protocols-file -Xfrontend /Users/admin/builder/spi-builder-workspace/.derivedData/Build/Intermediates.noindex/Jist.build/Debug-watchos/Jist.build/Objects-normal/arm64_32/Jist_const_extract_protocols.json -Xcc -I/Users/admin/builder/spi-builder-workspace/.derivedData/Build/Products/Debug-watchos/include -Xcc -I/Users/admin/builder/spi-builder-workspace/.derivedData/Build/Intermediates.noindex/Jist.build/Debug-watchos/Jist.build/DerivedSources-normal/arm64_32 -Xcc -I/Users/admin/builder/spi-builder-workspace/.derivedData/Build/Intermediates.noindex/Jist.build/Debug-watchos/Jist.build/DerivedSources/arm64_32 -Xcc -I/Users/admin/builder/spi-builder-workspace/.derivedData/Build/Intermediates.noindex/Jist.build/Debug-watchos/Jist.build/DerivedSources -Xcc -DSWIFT_PACKAGE -Xcc -DDEBUG\=1 -emit-objc-header -emit-objc-header-path /Users/admin/builder/spi-builder-workspace/.derivedData/Build/Intermediates.noindex/Jist.build/Debug-watchos/Jist.build/Objects-normal/arm64_32/Jist-Swift.h -working-directory /Users/admin/builder/spi-builder-workspace/.swiftpm/xcode -experimental-emit-module-separately -disable-cmo
SwiftDriver Jist normal arm64 com.apple.xcode.tools.swift.compiler (in target 'Jist' from project 'Jist')
    cd /Users/admin/builder/spi-builder-workspace/.swiftpm/xcode
    builtin-SwiftDriver -- /Applications/Xcode-16.3.0.app/Contents/Developer/Toolchains/XcodeDefault.xctoolchain/usr/bin/swiftc -module-name Jist -Onone -enforce-exclusivity\=checked @/Users/admin/builder/spi-builder-workspace/.derivedData/Build/Intermediates.noindex/Jist.build/Debug-watchos/Jist.build/Objects-normal/arm64/Jist.SwiftFileList -DSWIFT_PACKAGE -DDEBUG -DXcode -plugin-path /Applications/Xcode-16.3.0.app/Contents/Developer/Toolchains/XcodeDefault.xctoolchain/usr/lib/swift/host/plugins/testing -enable-experimental-feature DebugDescriptionMacro -sdk /Applications/Xcode-16.3.0.app/Contents/Developer/Platforms/WatchOS.platform/Developer/SDKs/WatchOS11.4.sdk -target arm64-apple-watchos6.0 -g -module-cache-path /Users/admin/builder/spi-builder-workspace/.derivedData/ModuleCache.noindex -Xfrontend -serialize-debugging-options -profile-coverage-mapping -profile-generate -enable-testing -index-store-path /Users/admin/builder/spi-builder-workspace/.derivedData/Index.noindex/DataStore -swift-version 6 -I /Users/admin/builder/spi-builder-workspace/.derivedData/Build/Products/Debug-watchos -I /Applications/Xcode-16.3.0.app/Contents/Developer/Platforms/WatchOS.platform/Developer/usr/lib -F /Users/admin/builder/spi-builder-workspace/.derivedData/Build/Products/Debug-watchos -F /Applications/Xcode-16.3.0.app/Contents/Developer/Platforms/WatchOS.platform/Developer/Library/Frameworks -F /Applications/Xcode-16.3.0.app/Contents/Developer/Platforms/WatchOS.platform/Developer/SDKs/WatchOS11.4.sdk/Developer/Library/Frameworks -c -j10 -enable-batch-mode -incremental -Xcc -ivfsstatcache -Xcc /Users/admin/builder/spi-builder-workspace/.derivedData/SDKStatCaches.noindex/watchos11.4-22T246-43efb940ff07ba2497b70ec94253f576.sdkstatcache -output-file-map /Users/admin/builder/spi-builder-workspace/.derivedData/Build/Intermediates.noindex/Jist.build/Debug-watchos/Jist.build/Objects-normal/arm64/Jist-OutputFileMap.json -use-frontend-parseable-output -save-temps -no-color-diagnostics -serialize-diagnostics -emit-dependencies -emit-module -emit-module-path /Users/admin/builder/spi-builder-workspace/.derivedData/Build/Intermediates.noindex/Jist.build/Debug-watchos/Jist.build/Objects-normal/arm64/Jist.swiftmodule -validate-clang-modules-once -clang-build-session-file /Users/admin/builder/spi-builder-workspace/.derivedData/ModuleCache.noindex/Session.modulevalidation -package-name spi_builder_workspace -Xcc -I/Users/admin/builder/spi-builder-workspace/.derivedData/Build/Intermediates.noindex/Jist.build/Debug-watchos/Jist.build/swift-overrides.hmap -emit-const-values -Xfrontend -const-gather-protocols-file -Xfrontend /Users/admin/builder/spi-builder-workspace/.derivedData/Build/Intermediates.noindex/Jist.build/Debug-watchos/Jist.build/Objects-normal/arm64/Jist_const_extract_protocols.json -Xcc -I/Users/admin/builder/spi-builder-workspace/.derivedData/Build/Products/Debug-watchos/include -Xcc -I/Users/admin/builder/spi-builder-workspace/.derivedData/Build/Intermediates.noindex/Jist.build/Debug-watchos/Jist.build/DerivedSources-normal/arm64 -Xcc -I/Users/admin/builder/spi-builder-workspace/.derivedData/Build/Intermediates.noindex/Jist.build/Debug-watchos/Jist.build/DerivedSources/arm64 -Xcc -I/Users/admin/builder/spi-builder-workspace/.derivedData/Build/Intermediates.noindex/Jist.build/Debug-watchos/Jist.build/DerivedSources -Xcc -DSWIFT_PACKAGE -Xcc -DDEBUG\=1 -emit-objc-header -emit-objc-header-path /Users/admin/builder/spi-builder-workspace/.derivedData/Build/Intermediates.noindex/Jist.build/Debug-watchos/Jist.build/Objects-normal/arm64/Jist-Swift.h -working-directory /Users/admin/builder/spi-builder-workspace/.swiftpm/xcode -experimental-emit-module-separately -disable-cmo
SwiftCompile normal arm64 Compiling\ JistValue.swift /Users/admin/builder/spi-builder-workspace/ios/Sources/Jist/JistValue.swift (in target 'Jist' from project 'Jist')
SwiftCompile normal arm64 /Users/admin/builder/spi-builder-workspace/ios/Sources/Jist/JistValue.swift (in target 'Jist' from project 'Jist')
    cd /Users/admin/builder/spi-builder-workspace/.swiftpm/xcode

SwiftCompile normal arm64 Compiling\ JistView.swift /Users/admin/builder/spi-builder-workspace/ios/Sources/Jist/JistView.swift (in target 'Jist' from project 'Jist')
SwiftCompile normal arm64 /Users/admin/builder/spi-builder-workspace/ios/Sources/Jist/JistView.swift (in target 'Jist' from project 'Jist')
    cd /Users/admin/builder/spi-builder-workspace/.swiftpm/xcode

SwiftEmitModule normal arm64 Emitting\ module\ for\ Jist (in target 'Jist' from project 'Jist')
Failed frontend command:
/Applications/Xcode-16.3.0.app/Contents/Developer/Toolchains/XcodeDefault.xctoolchain/usr/bin/swift-frontend -frontend -emit-module -experimental-skip-non-inlinable-function-bodies-without-types /Users/admin/builder/spi-builder-workspace/ios/Sources/Jist/JistValue.swift /Users/admin/builder/spi-builder-workspace/ios/Sources/Jist/JistView.swift /Users/admin/builder/spi-builder-workspace/ios/Sources/Jist/Models.swift /Users/admin/builder/spi-builder-workspace/ios/Sources/Jist/Renderer.swift /Users/admin/builder/spi-builder-workspace/ios/Sources/Jist/ThemeResolver+FontResolver.swift /Users/admin/builder/spi-builder-workspace/ios/Sources/Jist/ThemeResolver.swift -target arm64-apple-watchos6.0 -Xllvm -aarch64-use-tbi -enable-objc-interop -stack-check -sdk /Applications/Xcode-16.3.0.app/Contents/Developer/Platforms/WatchOS.platform/Developer/SDKs/WatchOS11.4.sdk -I /Users/admin/builder/spi-builder-workspace/.derivedData/Build/Products/Debug-watchos -I /Applications/Xcode-16.3.0.app/Contents/Developer/Platforms/WatchOS.platform/Developer/usr/lib -F /Users/admin/builder/spi-builder-workspace/.derivedData/Build/Products/Debug-watchos -F /Applications/Xcode-16.3.0.app/Contents/Developer/Platforms/WatchOS.platform/Developer/Library/Frameworks -F /Applications/Xcode-16.3.0.app/Contents/Developer/Platforms/WatchOS.platform/Developer/SDKs/WatchOS11.4.sdk/Developer/Library/Frameworks -no-color-diagnostics -enable-testing -g -debug-info-format\=dwarf -dwarf-version\=4 -module-cache-path /Users/admin/builder/spi-builder-workspace/.derivedData/ModuleCache.noindex -profile-generate -profile-coverage-mapping -swift-version 6 -enforce-exclusivity\=checked -Onone -D SWIFT_PACKAGE -D DEBUG -D Xcode -serialize-debugging-options -const-gather-protocols-file /Users/admin/builder/spi-builder-workspace/.derivedData/Build/Intermediates.noindex/Jist.build/Debug-watchos/Jist.build/Objects-normal/arm64/Jist_const_extract_protocols.json -enable-experimental-feature DebugDescriptionMacro -empty-abi-descriptor -plugin-path /Applications/Xcode-16.3.0.app/Contents/Developer/Toolchains/XcodeDefault.xctoolchain/usr/lib/swift/host/plugins/testing -validate-clang-modules-once -clang-build-session-file /Users/admin/builder/spi-builder-workspace/.derivedData/ModuleCache.noindex/Session.modulevalidation -Xcc -working-directory -Xcc /Users/admin/builder/spi-builder-workspace/.swiftpm/xcode -resource-dir /Applications/Xcode-16.3.0.app/Contents/Developer/Toolchains/XcodeDefault.xctoolchain/usr/lib/swift -enable-anonymous-context-mangled-names -file-compilation-dir /Users/admin/builder/spi-builder-workspace/.swiftpm/xcode -Xcc -ivfsstatcache -Xcc /Users/admin/builder/spi-builder-workspace/.derivedData/SDKStatCaches.noindex/watchos11.4-22T246-43efb940ff07ba2497b70ec94253f576.sdkstatcache -Xcc -I/Users/admin/builder/spi-builder-workspace/.derivedData/Build/Intermediates.noindex/Jist.build/Debug-watchos/Jist.build/swift-overrides.hmap -Xcc -I/Users/admin/builder/spi-builder-workspace/.derivedData/Build/Products/Debug-watchos/include -Xcc -I/Users/admin/builder/spi-builder-workspace/.derivedData/Build/Intermediates.noindex/Jist.build/Debug-watchos/Jist.build/DerivedSources-normal/arm64 -Xcc -I/Users/admin/builder/spi-builder-workspace/.derivedData/Build/Intermediates.noindex/Jist.build/Debug-watchos/Jist.build/DerivedSources/arm64 -Xcc -I/Users/admin/builder/spi-builder-workspace/.derivedData/Build/Intermediates.noindex/Jist.build/Debug-watchos/Jist.build/DerivedSources -Xcc -DSWIFT_PACKAGE -Xcc -DDEBUG\=1 -module-name Jist -package-name spi_builder_workspace -frontend-parseable-output -disable-clang-spi -target-sdk-version 11.4 -target-sdk-name watchos11.4 -external-plugin-path /Applications/Xcode-16.3.0.app/Contents/Developer/Platforms/WatchOS.platform/Developer/usr/lib/swift/host/plugins\#/Applications/Xcode-16.3.0.app/Contents/Developer/Platforms/WatchOS.platform/Developer/usr/bin/swift-plugin-server -external-plugin-path /Applications/Xcode-16.3.0.app/Contents/Developer/Platforms/WatchOS.platform/Developer/usr/local/lib/swift/host/plugins\#/Applications/Xcode-16.3.0.app/Contents/Developer/Platforms/WatchOS.platform/Developer/usr/bin/swift-plugin-server -in-process-plugin-server-path /Applications/Xcode-16.3.0.app/Contents/Developer/Toolchains/XcodeDefault.xctoolchain/usr/lib/swift/host/libSwiftInProcPluginServer.dylib -plugin-path /Applications/Xcode-16.3.0.app/Contents/Developer/Toolchains/XcodeDefault.xctoolchain/usr/lib/swift/host/plugins -plugin-path /Applications/Xcode-16.3.0.app/Contents/Developer/Toolchains/XcodeDefault.xctoolchain/usr/local/lib/swift/host/plugins -emit-module-doc-path /Users/admin/builder/spi-builder-workspace/.derivedData/Build/Intermediates.noindex/Jist.build/Debug-watchos/Jist.build/Objects-normal/arm64/Jist.swiftdoc -emit-module-source-info-path /Users/admin/builder/spi-builder-workspace/.derivedData/Build/Intermediates.noindex/Jist.build/Debug-watchos/Jist.build/Objects-normal/arm64/Jist.swiftsourceinfo -emit-objc-header-path /Users/admin/builder/spi-builder-workspace/.derivedData/Build/Intermediates.noindex/Jist.build/Debug-watchos/Jist.build/Objects-normal/arm64/Jist-Swift.h -serialize-diagnostics-path /Users/admin/builder/spi-builder-workspace/.derivedData/Build/Intermediates.noindex/Jist.build/Debug-watchos/Jist.build/Objects-normal/arm64/Jist-master-emit-module.dia -emit-dependencies-path /Users/admin/builder/spi-builder-workspace/.derivedData/Build/Intermediates.noindex/Jist.build/Debug-watchos/Jist.build/Objects-normal/arm64/Jist-master-emit-module.d -o /Users/admin/builder/spi-builder-workspace/.derivedData/Build/Intermediates.noindex/Jist.build/Debug-watchos/Jist.build/Objects-normal/arm64/Jist.swiftmodule -emit-abi-descriptor-path /Users/admin/builder/spi-builder-workspace/.derivedData/Build/Intermediates.noindex/Jist.build/Debug-watchos/Jist.build/Objects-normal/arm64/Jist.abi.json
EmitSwiftModule normal arm64 (in target 'Jist' from project 'Jist')
    cd /Users/admin/builder/spi-builder-workspace/.swiftpm/xcode

/Users/admin/builder/spi-builder-workspace/ios/Sources/Jist/Renderer.swift:917:42: error: cannot find type 'UIActivityIndicatorView' in scope
    func makeUIView(context: Context) -> UIActivityIndicatorView {
                                         ^~~~~~~~~~~~~~~~~~~~~~~
/Users/admin/builder/spi-builder-workspace/ios/Sources/Jist/Renderer.swift:917:30: error: cannot find type 'Context' in scope
    func makeUIView(context: Context) -> UIActivityIndicatorView {
                             ^~~~~~~
/Users/admin/builder/spi-builder-workspace/ios/Sources/Jist/Renderer.swift:923:33: error: cannot find type 'UIActivityIndicatorView' in scope
    func updateUIView(_ uiView: UIActivityIndicatorView, context: Context) {}
                                ^~~~~~~~~~~~~~~~~~~~~~~
/Users/admin/builder/spi-builder-workspace/ios/Sources/Jist/Renderer.swift:923:67: error: cannot find type 'Context' in scope
    func updateUIView(_ uiView: UIActivityIndicatorView, context: Context) {}
                                                                  ^~~~~~~
/Users/admin/builder/spi-builder-workspace/ios/Sources/Jist/Renderer.swift:916:39: error: cannot find type 'UIViewRepresentable' in scope
private struct JistActivityIndicator: UIViewRepresentable {
                                      ^~~~~~~~~~~~~~~~~~~
SwiftCompile normal arm64 Compiling\ Renderer.swift /Users/admin/builder/spi-builder-workspace/ios/Sources/Jist/Renderer.swift (in target 'Jist' from project 'Jist')
SwiftCompile normal arm64 /Users/admin/builder/spi-builder-workspace/ios/Sources/Jist/Renderer.swift (in target 'Jist' from project 'Jist')
    cd /Users/admin/builder/spi-builder-workspace/.swiftpm/xcode

SwiftEmitModule normal armv7k Emitting\ module\ for\ Jist (in target 'Jist' from project 'Jist')
Failed frontend command:
/Applications/Xcode-16.3.0.app/Contents/Developer/Toolchains/XcodeDefault.xctoolchain/usr/bin/swift-frontend -frontend -emit-module -experimental-skip-non-inlinable-function-bodies-without-types /Users/admin/builder/spi-builder-workspace/ios/Sources/Jist/JistValue.swift /Users/admin/builder/spi-builder-workspace/ios/Sources/Jist/JistView.swift /Users/admin/builder/spi-builder-workspace/ios/Sources/Jist/Models.swift /Users/admin/builder/spi-builder-workspace/ios/Sources/Jist/Renderer.swift /Users/admin/builder/spi-builder-workspace/ios/Sources/Jist/ThemeResolver+FontResolver.swift /Users/admin/builder/spi-builder-workspace/ios/Sources/Jist/ThemeResolver.swift -target armv7k-apple-watchos6.0 -enable-objc-interop -stack-check -sdk /Applications/Xcode-16.3.0.app/Contents/Developer/Platforms/WatchOS.platform/Developer/SDKs/WatchOS11.4.sdk -I /Users/admin/builder/spi-builder-workspace/.derivedData/Build/Products/Debug-watchos -I /Applications/Xcode-16.3.0.app/Contents/Developer/Platforms/WatchOS.platform/Developer/usr/lib -F /Users/admin/builder/spi-builder-workspace/.derivedData/Build/Products/Debug-watchos -F /Applications/Xcode-16.3.0.app/Contents/Developer/Platforms/WatchOS.platform/Developer/Library/Frameworks -F /Applications/Xcode-16.3.0.app/Contents/Developer/Platforms/WatchOS.platform/Developer/SDKs/WatchOS11.4.sdk/Developer/Library/Frameworks -no-color-diagnostics -enable-testing -g -debug-info-format\=dwarf -dwarf-version\=4 -module-cache-path /Users/admin/builder/spi-builder-workspace/.derivedData/ModuleCache.noindex -profile-generate -profile-coverage-mapping -swift-version 6 -enforce-exclusivity\=checked -Onone -D SWIFT_PACKAGE -D DEBUG -D Xcode -serialize-debugging-options -const-gather-protocols-file /Users/admin/builder/spi-builder-workspace/.derivedData/Build/Intermediates.noindex/Jist.build/Debug-watchos/Jist.build/Objects-normal/armv7k/Jist_const_extract_protocols.json -enable-experimental-feature DebugDescriptionMacro -empty-abi-descriptor -plugin-path /Applications/Xcode-16.3.0.app/Contents/Developer/Toolchains/XcodeDefault.xctoolchain/usr/lib/swift/host/plugins/testing -validate-clang-modules-once -clang-build-session-file /Users/admin/builder/spi-builder-workspace/.derivedData/ModuleCache.noindex/Session.modulevalidation -Xcc -working-directory -Xcc /Users/admin/builder/spi-builder-workspace/.swiftpm/xcode -resource-dir /Applications/Xcode-16.3.0.app/Contents/Developer/Toolchains/XcodeDefault.xctoolchain/usr/lib/swift -enable-anonymous-context-mangled-names -file-compilation-dir /Users/admin/builder/spi-builder-workspace/.swiftpm/xcode -Xcc -ivfsstatcache -Xcc /Users/admin/builder/spi-builder-workspace/.derivedData/SDKStatCaches.noindex/watchos11.4-22T246-43efb940ff07ba2497b70ec94253f576.sdkstatcache -Xcc -I/Users/admin/builder/spi-builder-workspace/.derivedData/Build/Intermediates.noindex/Jist.build/Debug-watchos/Jist.build/swift-overrides.hmap -Xcc -I/Users/admin/builder/spi-builder-workspace/.derivedData/Build/Products/Debug-watchos/include -Xcc -I/Users/admin/builder/spi-builder-workspace/.derivedData/Build/Intermediates.noindex/Jist.build/Debug-watchos/Jist.build/DerivedSources-normal/armv7k -Xcc -I/Users/admin/builder/spi-builder-workspace/.derivedData/Build/Intermediates.noindex/Jist.build/Debug-watchos/Jist.build/DerivedSources/armv7k -Xcc -I/Users/admin/builder/spi-builder-workspace/.derivedData/Build/Intermediates.noindex/Jist.build/Debug-watchos/Jist.build/DerivedSources -Xcc -DSWIFT_PACKAGE -Xcc -DDEBUG\=1 -module-name Jist -package-name spi_builder_workspace -frontend-parseable-output -disable-clang-spi -target-sdk-version 11.4 -target-sdk-name watchos11.4 -external-plugin-path /Applications/Xcode-16.3.0.app/Contents/Developer/Platforms/WatchOS.platform/Developer/usr/lib/swift/host/plugins\#/Applications/Xcode-16.3.0.app/Contents/Developer/Platforms/WatchOS.platform/Developer/usr/bin/swift-plugin-server -external-plugin-path /Applications/Xcode-16.3.0.app/Contents/Developer/Platforms/WatchOS.platform/Developer/usr/local/lib/swift/host/plugins\#/Applications/Xcode-16.3.0.app/Contents/Developer/Platforms/WatchOS.platform/Developer/usr/bin/swift-plugin-server -in-process-plugin-server-path /Applications/Xcode-16.3.0.app/Contents/Developer/Toolchains/XcodeDefault.xctoolchain/usr/lib/swift/host/libSwiftInProcPluginServer.dylib -plugin-path /Applications/Xcode-16.3.0.app/Contents/Developer/Toolchains/XcodeDefault.xctoolchain/usr/lib/swift/host/plugins -plugin-path /Applications/Xcode-16.3.0.app/Contents/Developer/Toolchains/XcodeDefault.xctoolchain/usr/local/lib/swift/host/plugins -emit-module-doc-path /Users/admin/builder/spi-builder-workspace/.derivedData/Build/Intermediates.noindex/Jist.build/Debug-watchos/Jist.build/Objects-normal/armv7k/Jist.swiftdoc -emit-module-source-info-path /Users/admin/builder/spi-builder-workspace/.derivedData/Build/Intermediates.noindex/Jist.build/Debug-watchos/Jist.build/Objects-normal/armv7k/Jist.swiftsourceinfo -emit-objc-header-path /Users/admin/builder/spi-builder-workspace/.derivedData/Build/Intermediates.noindex/Jist.build/Debug-watchos/Jist.build/Objects-normal/armv7k/Jist-Swift.h -serialize-diagnostics-path /Users/admin/builder/spi-builder-workspace/.derivedData/Build/Intermediates.noindex/Jist.build/Debug-watchos/Jist.build/Objects-normal/armv7k/Jist-master-emit-module.dia -emit-dependencies-path /Users/admin/builder/spi-builder-workspace/.derivedData/Build/Intermediates.noindex/Jist.build/Debug-watchos/Jist.build/Objects-normal/armv7k/Jist-master-emit-module.d -o /Users/admin/builder/spi-builder-workspace/.derivedData/Build/Intermediates.noindex/Jist.build/Debug-watchos/Jist.build/Objects-normal/armv7k/Jist.swiftmodule -emit-abi-descriptor-path /Users/admin/builder/spi-builder-workspace/.derivedData/Build/Intermediates.noindex/Jist.build/Debug-watchos/Jist.build/Objects-normal/armv7k/Jist.abi.json
EmitSwiftModule normal armv7k (in target 'Jist' from project 'Jist')
    cd /Users/admin/builder/spi-builder-workspace/.swiftpm/xcode

/Users/admin/builder/spi-builder-workspace/ios/Sources/Jist/Renderer.swift:917:42: error: cannot find type 'UIActivityIndicatorView' in scope
    func makeUIView(context: Context) -> UIActivityIndicatorView {
                                         ^~~~~~~~~~~~~~~~~~~~~~~
/Users/admin/builder/spi-builder-workspace/ios/Sources/Jist/Renderer.swift:917:30: error: cannot find type 'Context' in scope
    func makeUIView(context: Context) -> UIActivityIndicatorView {
                             ^~~~~~~
/Users/admin/builder/spi-builder-workspace/ios/Sources/Jist/Renderer.swift:923:33: error: cannot find type 'UIActivityIndicatorView' in scope
    func updateUIView(_ uiView: UIActivityIndicatorView, context: Context) {}
                                ^~~~~~~~~~~~~~~~~~~~~~~
/Users/admin/builder/spi-builder-workspace/ios/Sources/Jist/Renderer.swift:923:67: error: cannot find type 'Context' in scope
    func updateUIView(_ uiView: UIActivityIndicatorView, context: Context) {}
                                                                  ^~~~~~~
/Users/admin/builder/spi-builder-workspace/ios/Sources/Jist/Renderer.swift:916:39: error: cannot find type 'UIViewRepresentable' in scope
private struct JistActivityIndicator: UIViewRepresentable {
                                      ^~~~~~~~~~~~~~~~~~~
SwiftCompile normal armv7k Compiling\ JistValue.swift /Users/admin/builder/spi-builder-workspace/ios/Sources/Jist/JistValue.swift (in target 'Jist' from project 'Jist')
SwiftCompile normal armv7k /Users/admin/builder/spi-builder-workspace/ios/Sources/Jist/JistValue.swift (in target 'Jist' from project 'Jist')
    cd /Users/admin/builder/spi-builder-workspace/.swiftpm/xcode

SwiftCompile normal arm64 Compiling\ ThemeResolver+FontResolver.swift /Users/admin/builder/spi-builder-workspace/ios/Sources/Jist/ThemeResolver+FontResolver.swift (in target 'Jist' from project 'Jist')
SwiftCompile normal arm64 /Users/admin/builder/spi-builder-workspace/ios/Sources/Jist/ThemeResolver+FontResolver.swift (in target 'Jist' from project 'Jist')
    cd /Users/admin/builder/spi-builder-workspace/.swiftpm/xcode

SwiftCompile normal arm64 Compiling\ Models.swift /Users/admin/builder/spi-builder-workspace/ios/Sources/Jist/Models.swift (in target 'Jist' from project 'Jist')
SwiftCompile normal arm64 /Users/admin/builder/spi-builder-workspace/ios/Sources/Jist/Models.swift (in target 'Jist' from project 'Jist')
    cd /Users/admin/builder/spi-builder-workspace/.swiftpm/xcode

SwiftCompile normal armv7k Compiling\ Models.swift /Users/admin/builder/spi-builder-workspace/ios/Sources/Jist/Models.swift (in target 'Jist' from project 'Jist')
SwiftCompile normal armv7k /Users/admin/builder/spi-builder-workspace/ios/Sources/Jist/Models.swift (in target 'Jist' from project 'Jist')
    cd /Users/admin/builder/spi-builder-workspace/.swiftpm/xcode

SwiftCompile normal armv7k Compiling\ JistView.swift /Users/admin/builder/spi-builder-workspace/ios/Sources/Jist/JistView.swift (in target 'Jist' from project 'Jist')
SwiftCompile normal armv7k /Users/admin/builder/spi-builder-workspace/ios/Sources/Jist/JistView.swift (in target 'Jist' from project 'Jist')
    cd /Users/admin/builder/spi-builder-workspace/.swiftpm/xcode

SwiftEmitModule normal arm64_32 Emitting\ module\ for\ Jist (in target 'Jist' from project 'Jist')
Command SwiftEmitModule failed with a nonzero exit code
** BUILD FAILED **
The following build commands failed:
	SwiftEmitModule normal arm64 Emitting\ module\ for\ Jist (in target 'Jist' from project 'Jist')
	EmitSwiftModule normal arm64 (in target 'Jist' from project 'Jist')
	SwiftEmitModule normal armv7k Emitting\ module\ for\ Jist (in target 'Jist' from project 'Jist')
	EmitSwiftModule normal armv7k (in target 'Jist' from project 'Jist')
	SwiftEmitModule normal arm64_32 Emitting\ module\ for\ Jist (in target 'Jist' from project 'Jist')
	Building workspace spi-builder-workspace with scheme Jist
(6 failures)
BUILD FAILURE 6.1 watchOS