The Swift Package Index logo.Swift Package Index

Build Information

Failed to build SDWebImageAVIFCoder, reference master (b6455e), with Swift 6.4 for Linux on 24 Sep 2026 00:57:41 UTC.

Build Command

bash -c docker run --pull=always --rm -v "checkouts-54344845-0":/host -w "$PWD" -e JAVA_HOME="/root/.sdkman/candidates/java/current" -e SPI_BUILD="1" -e SPI_PROCESSING="1" registry.gitlab.com/saguaro1/spi-images:basic-6.4-latest swift build --triple x86_64-unknown-linux-gnu 2>&1

Build Log

========================================
RunAll
========================================
Builder version: 5.1.0
Interrupt handler set up.
========================================
Checkout
========================================
Clone URL: https://github.com/SDWebImage/SDWebImageAVIFCoder.git
Reference: master
Initialized empty Git repository in /host/spi-builder-workspace/.git/
hint: Using 'master' as the name for the initial branch. This default branch name
hint: is subject to change. To configure the initial branch name to use in all
hint: of your new repositories, which will suppress this warning, call:
hint:
hint: 	git config --global init.defaultBranch <name>
hint:
hint: Names commonly chosen instead of 'master' are 'main', 'trunk' and
hint: 'development'. The just-created branch can be renamed via this command:
hint:
hint: 	git branch -m <name>
From https://github.com/SDWebImage/SDWebImageAVIFCoder
 * branch            master     -> FETCH_HEAD
 * [new branch]      master     -> origin/master
HEAD is now at b6455e1 Bump 0.12.0
Cloned https://github.com/SDWebImage/SDWebImageAVIFCoder.git
Revision (git rev-parse @):
b6455e16f2752d43e05d58ffbe38aac56e7c1149
SUCCESS checkout https://github.com/SDWebImage/SDWebImageAVIFCoder.git at master
========================================
Build
========================================
Selected platform:         linux
Swift version:             6.4
Building package at path:  $PWD
https://github.com/SDWebImage/SDWebImageAVIFCoder.git
Running build ...
bash -c docker run --pull=always --rm -v "checkouts-54344845-0":/host -w "$PWD" -e JAVA_HOME="/root/.sdkman/candidates/java/current" -e SPI_BUILD="1" -e SPI_PROCESSING="1" registry.gitlab.com/saguaro1/spi-images:basic-6.4-latest swift build --triple x86_64-unknown-linux-gnu 2>&1
basic-6.4-latest: Pulling from saguaro1/spi-images
Digest: sha256:c77fcce225e223ac0fafed844619173fc6de8d62dd560eeb28db3182af6a282b
Status: Image is up to date for registry.gitlab.com/saguaro1/spi-images:basic-6.4-latest
Fetching https://github.com/SDWebImage/SDWebImage.git
Fetching https://github.com/SDWebImage/libavif-Xcode.git
[1/519] Fetching libavif-xcode
[520/26560] Fetching libavif-xcode, sdwebimage
Fetched https://github.com/SDWebImage/libavif-Xcode.git (1.16s)
Fetched https://github.com/SDWebImage/SDWebImage.git (1.17s)
Computing version for https://github.com/SDWebImage/libavif-Xcode.git
Computed https://github.com/SDWebImage/libavif-Xcode.git at 1.0.0 (1.37s)
Fetching https://github.com/SDWebImage/libaom-Xcode.git
[1/250] Fetching libaom-xcode
Fetched https://github.com/SDWebImage/libaom-Xcode.git (0.90s)
Computing version for https://github.com/SDWebImage/libaom-Xcode.git
Computed https://github.com/SDWebImage/libaom-Xcode.git at 3.0.0 (1.09s)
Fetching https://github.com/SDWebImage/libvmaf-Xcode.git
[1/98] Fetching libvmaf-xcode
Fetched https://github.com/SDWebImage/libvmaf-Xcode.git (0.48s)
Computing version for https://github.com/SDWebImage/libvmaf-Xcode.git
Computed https://github.com/SDWebImage/libvmaf-Xcode.git at 2.3.1 (0.67s)
Computing version for https://github.com/SDWebImage/SDWebImage.git
Computed https://github.com/SDWebImage/SDWebImage.git at 5.21.7 (0.18s)
Creating working copy for https://github.com/SDWebImage/libavif-Xcode.git
Working copy of https://github.com/SDWebImage/libavif-Xcode.git resolved at 1.0.0
Creating working copy for https://github.com/SDWebImage/SDWebImage.git
Working copy of https://github.com/SDWebImage/SDWebImage.git resolved at 5.21.7
Creating working copy for https://github.com/SDWebImage/libvmaf-Xcode.git
Working copy of https://github.com/SDWebImage/libvmaf-Xcode.git resolved at 2.3.1
Creating working copy for https://github.com/SDWebImage/libaom-Xcode.git
Working copy of https://github.com/SDWebImage/libaom-Xcode.git resolved at 3.0.0
Building for debugging...
[Computing dependencies]
[Pre-planning 1 / 220]
[Planning deferred tasks]
[46 / 378] libvmaf
[59 / 378] libvmaf
[75 / 378] libvmaf
[87 / 378] libvmaf
[100 / 378] libvmaf
[114 / 378] libavif
[125 / 378] libaom
[133 / 378] libaom
[136 / 378] libaom
[141 / 378] libaom
[145 / 378] libaom
[147 / 378] libaom
[152 / 378] libaom
[154 / 378] libaom
[157 / 378] libaom
[158 / 378] libaom
[161 / 378] libaom
[164 / 378] libaom
[168 / 378] libaom
[171 / 378] libaom
[175 / 378] libaom
[180 / 378] libaom
[187 / 378] libaom
[190 / 378] libaom
[194 / 378] libaom
[198 / 378] libaom
[210 / 378] libaom
[219 / 378] libaom
[225 / 378] libaom
[228 / 378] libaom
[233 / 378] libaom
[240 / 378] libaom
[243 / 378] libaom
[249 / 378] libaom
[252 / 378] libaom
[255 / 378] libaom
[262 / 378] libaom
[265 / 378] libaom
[268 / 378] libaom
[270 / 378] libaom
[273 / 378] libaom
[278 / 378] libaom
[280 / 378] libaom
[293 / 378] libaom
In file included from <built-in>:1:
/host/spi-builder-workspace/.build/out/Intermediates.noindex/SDWebImage.build/Debug-linux-x86_64/SDWebImage-t.build/DerivedSources/resource_bundle_accessor.h:1:9: fatal error: 'Foundation/Foundation.h' file not found
    1 | #import <Foundation/Foundation.h>
      |         ^~~~~~~~~~~~~~~~~~~~~~~~~
1 error generated.
error: CompileC /host/spi-builder-workspace/.build/out/Intermediates.noindex/SDWebImage.build/Debug-linux-x86_64/SDWebImage-t.build/Objects-normal/x86_64/UIView+WebCacheState.o /host/spi-builder-workspace/.build/checkouts/SDWebImage/SDWebImage/Core/UIView+WebCacheState.m normal x86_64 objective-c com.apple.compilers.llvm.clang.1_0.compiler failed with a nonzero exit code. Command line:     cd /host

    Using response file: /host/spi-builder-workspace/.build/out/Intermediates.noindex/SDWebImage.build/Debug-linux-x86_64/SDWebImage-t.build/Objects-normal/x86_64/6f95552a3397ee1cec971b90cf334075d5f321c3a3b0689ad55c3d1e24702600-common-args.resp

    /usr/bin/clang -x objective-c -target x86_64-unknown-linux-gnu -fmessage-length\=0 -fdiagnostics-show-note-include-stack -fmacro-backtrace-limit\=0 -fcolor-diagnostics -Wno-trigraphs -Wno-missing-field-initializers -Wno-missing-prototypes -Wno-return-type -Wno-implicit-atomic-properties -Wno-objc-interface-ivars -Wno-arc-repeated-use-of-weak -Wno-missing-braces -Wparentheses -Wswitch -Wno-unused-function -Wno-unused-label -Wno-unused-parameter -Wno-unused-variable -Wunused-value -Wno-empty-body -Wno-uninitialized -Wno-unknown-pragmas -w -Wno-shadow -Wno-four-char-constants -Wno-conversion -Wno-constant-conversion -Wno-int-conversion -Wno-bool-conversion -Wno-enum-conversion -Wno-float-conversion -Wno-non-literal-null-conversion -Wno-objc-literal-conversion -Wno-shorten-64-to-32 -Wpointer-sign -Wno-newline-eof -Wno-selector -Wno-strict-selector-match -Wno-undeclared-selector -Wno-deprecated-implementations -Wno-implicit-fallthrough -fstrict-aliasing -Wprotocol -Wdeprecated-declarations -Wno-sign-conversion -Wno-infinite-recursion -Wno-comma -Wno-block-capture-autoreleasing -Wno-strict-prototypes -Wno-semicolon-before-method-body --sysroot / @/host/spi-builder-workspace/.build/out/Intermediates.noindex/SDWebImage.build/Debug-linux-x86_64/SDWebImage-t.build/Objects-normal/x86_64/6f95552a3397ee1cec971b90cf334075d5f321c3a3b0689ad55c3d1e24702600-common-args.resp -include /host/spi-builder-workspace/.build/out/Intermediates.noindex/SDWebImage.build/Debug-linux-x86_64/SDWebImage-t.build/DerivedSources/resource_bundle_accessor.h -MMD -MT dependencies -MF /host/spi-builder-workspace/.build/out/Intermediates.noindex/SDWebImage.build/Debug-linux-x86_64/SDWebImage-t.build/Objects-normal/x86_64/UIView+WebCacheState.d --serialize-diagnostics /host/spi-builder-workspace/.build/out/Intermediates.noindex/SDWebImage.build/Debug-linux-x86_64/SDWebImage-t.build/Objects-normal/x86_64/UIView+WebCacheState.dia -c /host/spi-builder-workspace/.build/checkouts/SDWebImage/SDWebImage/Core/UIView+WebCacheState.m -o /host/spi-builder-workspace/.build/out/Intermediates.noindex/SDWebImage.build/Debug-linux-x86_64/SDWebImage-t.build/Objects-normal/x86_64/UIView+WebCacheState.o
In file included from <built-in>:1:
/host/spi-builder-workspace/.build/out/Intermediates.noindex/SDWebImage.build/Debug-linux-x86_64/SDWebImage-t.build/DerivedSources/resource_bundle_accessor.h:1:9: fatal error: 'Foundation/Foundation.h' file not found
    1 | #import <Foundation/Foundation.h>
      |         ^~~~~~~~~~~~~~~~~~~~~~~~~
1 error generated.
error: CompileC /host/spi-builder-workspace/.build/out/Intermediates.noindex/SDWebImage.build/Debug-linux-x86_64/SDWebImage-t.build/Objects-normal/x86_64/SDWeakProxy.o /host/spi-builder-workspace/.build/checkouts/SDWebImage/SDWebImage/Private/SDWeakProxy.m normal x86_64 objective-c com.apple.compilers.llvm.clang.1_0.compiler failed with a nonzero exit code. Command line:     cd /host

    Using response file: /host/spi-builder-workspace/.build/out/Intermediates.noindex/SDWebImage.build/Debug-linux-x86_64/SDWebImage-t.build/Objects-normal/x86_64/6f95552a3397ee1cec971b90cf334075d5f321c3a3b0689ad55c3d1e24702600-common-args.resp

    /usr/bin/clang -x objective-c -target x86_64-unknown-linux-gnu -fmessage-length\=0 -fdiagnostics-show-note-include-stack -fmacro-backtrace-limit\=0 -fcolor-diagnostics -Wno-trigraphs -Wno-missing-field-initializers -Wno-missing-prototypes -Wno-return-type -Wno-implicit-atomic-properties -Wno-objc-interface-ivars -Wno-arc-repeated-use-of-weak -Wno-missing-braces -Wparentheses -Wswitch -Wno-unused-function -Wno-unused-label -Wno-unused-parameter -Wno-unused-variable -Wunused-value -Wno-empty-body -Wno-uninitialized -Wno-unknown-pragmas -w -Wno-shadow -Wno-four-char-constants -Wno-conversion -Wno-constant-conversion -Wno-int-conversion -Wno-bool-conversion -Wno-enum-conversion -Wno-float-conversion -Wno-non-literal-null-conversion -Wno-objc-literal-conversion -Wno-shorten-64-to-32 -Wpointer-sign -Wno-newline-eof -Wno-selector -Wno-strict-selector-match -Wno-undeclared-selector -Wno-deprecated-implementations -Wno-implicit-fallthrough -fstrict-aliasing -Wprotocol -Wdeprecated-declarations -Wno-sign-conversion -Wno-infinite-recursion -Wno-comma -Wno-block-capture-autoreleasing -Wno-strict-prototypes -Wno-semicolon-before-method-body --sysroot / @/host/spi-builder-workspace/.build/out/Intermediates.noindex/SDWebImage.build/Debug-linux-x86_64/SDWebImage-t.build/Objects-normal/x86_64/6f95552a3397ee1cec971b90cf334075d5f321c3a3b0689ad55c3d1e24702600-common-args.resp -include /host/spi-builder-workspace/.build/out/Intermediates.noindex/SDWebImage.build/Debug-linux-x86_64/SDWebImage-t.build/DerivedSources/resource_bundle_accessor.h -MMD -MT dependencies -MF /host/spi-builder-workspace/.build/out/Intermediates.noindex/SDWebImage.build/Debug-linux-x86_64/SDWebImage-t.build/Objects-normal/x86_64/SDWeakProxy.d --serialize-diagnostics /host/spi-builder-workspace/.build/out/Intermediates.noindex/SDWebImage.build/Debug-linux-x86_64/SDWebImage-t.build/Objects-normal/x86_64/SDWeakProxy.dia -c /host/spi-builder-workspace/.build/checkouts/SDWebImage/SDWebImage/Private/SDWeakProxy.m -o /host/spi-builder-workspace/.build/out/Intermediates.noindex/SDWebImage.build/Debug-linux-x86_64/SDWebImage-t.build/Objects-normal/x86_64/SDWeakProxy.o
In file included from <built-in>:1:
/host/spi-builder-workspace/.build/out/Intermediates.noindex/SDWebImage.build/Debug-linux-x86_64/SDWebImage-t.build/DerivedSources/resource_bundle_accessor.h:1:9: fatal error: 'Foundation/Foundation.h' file not found
    1 | #import <Foundation/Foundation.h>
      |         ^~~~~~~~~~~~~~~~~~~~~~~~~
1 error generated.
error: CompileC /host/spi-builder-workspace/.build/out/Intermediates.noindex/SDWebImage.build/Debug-linux-x86_64/SDWebImage-t.build/Objects-normal/x86_64/UIColor+SDHexString.o /host/spi-builder-workspace/.build/checkouts/SDWebImage/SDWebImage/Private/UIColor+SDHexString.m normal x86_64 objective-c com.apple.compilers.llvm.clang.1_0.compiler failed with a nonzero exit code. Command line:     cd /host

    Using response file: /host/spi-builder-workspace/.build/out/Intermediates.noindex/SDWebImage.build/Debug-linux-x86_64/SDWebImage-t.build/Objects-normal/x86_64/6f95552a3397ee1cec971b90cf334075d5f321c3a3b0689ad55c3d1e24702600-common-args.resp

    /usr/bin/clang -x objective-c -target x86_64-unknown-linux-gnu -fmessage-length\=0 -fdiagnostics-show-note-include-stack -fmacro-backtrace-limit\=0 -fcolor-diagnostics -Wno-trigraphs -Wno-missing-field-initializers -Wno-missing-prototypes -Wno-return-type -Wno-implicit-atomic-properties -Wno-objc-interface-ivars -Wno-arc-repeated-use-of-weak -Wno-missing-braces -Wparentheses -Wswitch -Wno-unused-function -Wno-unused-label -Wno-unused-parameter -Wno-unused-variable -Wunused-value -Wno-empty-body -Wno-uninitialized -Wno-unknown-pragmas -w -Wno-shadow -Wno-four-char-constants -Wno-conversion -Wno-constant-conversion -Wno-int-conversion -Wno-bool-conversion -Wno-enum-conversion -Wno-float-conversion -Wno-non-literal-null-conversion -Wno-objc-literal-conversion -Wno-shorten-64-to-32 -Wpointer-sign -Wno-newline-eof -Wno-selector -Wno-strict-selector-match -Wno-undeclared-selector -Wno-deprecated-implementations -Wno-implicit-fallthrough -fstrict-aliasing -Wprotocol -Wdeprecated-declarations -Wno-sign-conversion -Wno-infinite-recursion -Wno-comma -Wno-block-capture-autoreleasing -Wno-strict-prototypes -Wno-semicolon-before-method-body --sysroot / @/host/spi-builder-workspace/.build/out/Intermediates.noindex/SDWebImage.build/Debug-linux-x86_64/SDWebImage-t.build/Objects-normal/x86_64/6f95552a3397ee1cec971b90cf334075d5f321c3a3b0689ad55c3d1e24702600-common-args.resp -include /host/spi-builder-workspace/.build/out/Intermediates.noindex/SDWebImage.build/Debug-linux-x86_64/SDWebImage-t.build/DerivedSources/resource_bundle_accessor.h -MMD -MT dependencies -MF /host/spi-builder-workspace/.build/out/Intermediates.noindex/SDWebImage.build/Debug-linux-x86_64/SDWebImage-t.build/Objects-normal/x86_64/UIColor+SDHexString.d --serialize-diagnostics /host/spi-builder-workspace/.build/out/Intermediates.noindex/SDWebImage.build/Debug-linux-x86_64/SDWebImage-t.build/Objects-normal/x86_64/UIColor+SDHexString.dia -c /host/spi-builder-workspace/.build/checkouts/SDWebImage/SDWebImage/Private/UIColor+SDHexString.m -o /host/spi-builder-workspace/.build/out/Intermediates.noindex/SDWebImage.build/Debug-linux-x86_64/SDWebImage-t.build/Objects-normal/x86_64/UIColor+SDHexString.o
error: Build failed
BUILD FAILURE 6.4 linux