Build Information
Failed to build SaneSwift, reference 3.1.0 (f611e7), with Swift 6.4 for macOS (Xcode) using Xcode 27.0 on 27 Sep 2026 16:33:13 UTC.
Build Command
env DEVELOPER_DIR=/Applications/Xcode-27.0.0-Release.Candidate.app xcrun xcodebuild -IDEClonedSourcePackagesDirPathOverride=$PWD/.dependencies -skipMacroValidation -skipPackagePluginValidation -derivedDataPath $PWD/.derivedData build -scheme SaneSwift -destination platform=macOS,arch=arm64Build Log
========================================
RunAll
========================================
Builder version: 5.1.0
Interrupt handler set up.
========================================
Checkout
========================================
Clone URL: https://github.com/dvkch/SaneSwift.git
Reference: 3.1.0
Initialized empty Git repository in /Users/admin/builder/spi-builder-workspace/.git/
From https://github.com/dvkch/SaneSwift
* tag 3.1.0 -> FETCH_HEAD
HEAD is now at f611e71 Change license to MPL-2.0
Cloned https://github.com/dvkch/SaneSwift.git
Revision (git rev-parse @):
f611e71948f99ce0ffbe65ec85912807fdde635e
SUCCESS checkout https://github.com/dvkch/SaneSwift.git at 3.1.0
========================================
Build
========================================
Selected platform: macosXcodebuild
Swift version: 6.4
Building package at path: $PWD
https://github.com/dvkch/SaneSwift.git
Command line invocation:
/Applications/Xcode-27.0.0-Release.Candidate.app/Contents/Developer/usr/bin/xcodebuild -IDEClonedSourcePackagesDirPathOverride=/Users/admin/builder/spi-builder-workspace/.dependencies -resolvePackageDependencies
Resolve Package Graph
Resolve Package Graph
Resolved source packages:
SaneSwift: /Users/admin/builder/spi-builder-workspace
resolved source packages: SaneSwift
2026-09-27 12:32:28.416 xcodebuild[529:3019] [MT] IDERunDestination: Supported platforms for the buildables in the current scheme is empty.
{
"default_localization" : "en",
"dependencies" : [
],
"manifest_display_name" : "SaneSwift",
"name" : "SaneSwift",
"path" : "/Users/admin/builder/spi-builder-workspace",
"platforms" : [
{
"name" : "ios",
"version" : "12.0"
},
{
"name" : "tvos",
"version" : "12.0"
}
],
"products" : [
{
"name" : "Sane",
"targets" : [
"SaneBackends",
"SaneTranslations",
"SaneSwift",
"SaneSwiftC"
],
"type" : {
"library" : [
"automatic"
]
}
}
],
"swift_languages_versions" : [
"5"
],
"targets" : [
{
"c99name" : "SaneTranslations",
"module_type" : "SwiftTarget",
"name" : "SaneTranslations",
"path" : "Sources/SaneTranslations",
"product_memberships" : [
"Sane"
],
"resources" : [
{
"path" : "/Users/admin/builder/spi-builder-workspace/Sources/SaneTranslations/SaneBackends/bg.lproj/sane_strings.po",
"rule" : {
"process" : {
"localization" : "bg"
}
}
},
{
"path" : "/Users/admin/builder/spi-builder-workspace/Sources/SaneTranslations/SaneBackends/ca.lproj/sane_strings.po",
"rule" : {
"process" : {
"localization" : "ca"
}
}
},
{
"path" : "/Users/admin/builder/spi-builder-workspace/Sources/SaneTranslations/SaneBackends/cs.lproj/sane_strings.po",
"rule" : {
"process" : {
"localization" : "cs"
}
}
},
{
"path" : "/Users/admin/builder/spi-builder-workspace/Sources/SaneTranslations/SaneBackends/da.lproj/sane_strings.po",
"rule" : {
"process" : {
"localization" : "da"
}
}
},
{
"path" : "/Users/admin/builder/spi-builder-workspace/Sources/SaneTranslations/SaneBackends/de.lproj/sane_strings.po",
"rule" : {
"process" : {
"localization" : "de"
}
}
},
{
"path" : "/Users/admin/builder/spi-builder-workspace/Sources/SaneTranslations/SaneBackends/en-GB.lproj/sane_strings.po",
"rule" : {
"process" : {
"localization" : "en-gb"
}
}
},
{
"path" : "/Users/admin/builder/spi-builder-workspace/Sources/SaneTranslations/SaneBackends/eo.lproj/sane_strings.po",
"rule" : {
"process" : {
"localization" : "eo"
}
}
},
{
"path" : "/Users/admin/builder/spi-builder-workspace/Sources/SaneTranslations/SaneBackends/es.lproj/sane_strings.po",
"rule" : {
"process" : {
"localization" : "es"
}
}
},
{
"path" : "/Users/admin/builder/spi-builder-workspace/Sources/SaneTranslations/SaneBackends/fi.lproj/sane_strings.po",
"rule" : {
"process" : {
"localization" : "fi"
}
}
},
{
"path" : "/Users/admin/builder/spi-builder-workspace/Sources/SaneTranslations/SaneBackends/fr.lproj/sane_strings.po",
"rule" : {
"process" : {
"localization" : "fr"
}
}
},
{
"path" : "/Users/admin/builder/spi-builder-workspace/Sources/SaneTranslations/SaneBackends/gl.lproj/sane_strings.po",
"rule" : {
"process" : {
"localization" : "gl"
}
}
},
{
"path" : "/Users/admin/builder/spi-builder-workspace/Sources/SaneTranslations/SaneBackends/he.lproj/sane_strings.po",
"rule" : {
"process" : {
"localization" : "he"
}
}
},
{
"path" : "/Users/admin/builder/spi-builder-workspace/Sources/SaneTranslations/SaneBackends/hu.lproj/sane_strings.po",
"rule" : {
"process" : {
"localization" : "hu"
}
}
},
{
"path" : "/Users/admin/builder/spi-builder-workspace/Sources/SaneTranslations/SaneBackends/it.lproj/sane_strings.po",
"rule" : {
"process" : {
"localization" : "it"
}
}
},
{
"path" : "/Users/admin/builder/spi-builder-workspace/Sources/SaneTranslations/SaneBackends/ja.lproj/sane_strings.po",
"rule" : {
"process" : {
"localization" : "ja"
}
}
},
{
"path" : "/Users/admin/builder/spi-builder-workspace/Sources/SaneTranslations/SaneBackends/ka.lproj/sane_strings.po",
"rule" : {
"process" : {
"localization" : "ka"
}
}
},
{
"path" : "/Users/admin/builder/spi-builder-workspace/Sources/SaneTranslations/SaneBackends/nb.lproj/sane_strings.po",
"rule" : {
"process" : {
"localization" : "nb"
}
}
},
{
"path" : "/Users/admin/builder/spi-builder-workspace/Sources/SaneTranslations/SaneBackends/nl.lproj/sane_strings.po",
"rule" : {
"process" : {
"localization" : "nl"
}
}
},
{
"path" : "/Users/admin/builder/spi-builder-workspace/Sources/SaneTranslations/SaneBackends/pl.lproj/sane_strings.po",
"rule" : {
"process" : {
"localization" : "pl"
}
}
},
{
"path" : "/Users/admin/builder/spi-builder-workspace/Sources/SaneTranslations/SaneBackends/pt.lproj/sane_strings.po",
"rule" : {
"process" : {
"localization" : "pt"
}
}
},
{
"path" : "/Users/admin/builder/spi-builder-workspace/Sources/SaneTranslations/SaneBackends/ru.lproj/sane_strings.po",
"rule" : {
"process" : {
"localization" : "ru"
}
}
},
{
"path" : "/Users/admin/builder/spi-builder-workspace/Sources/SaneTranslations/SaneBackends/sv.lproj/sane_strings.po",
"rule" : {
"process" : {
"localization" : "sv"
}
}
},
{
"path" : "/Users/admin/builder/spi-builder-workspace/Sources/SaneTranslations/SaneBackends/tr.lproj/sane_strings.po",
"rule" : {
"process" : {
"localization" : "tr"
}
}
},
{
"path" : "/Users/admin/builder/spi-builder-workspace/Sources/SaneTranslations/SaneBackends/uk.lproj/sane_strings.po",
"rule" : {
"process" : {
"localization" : "uk"
}
}
},
{
"path" : "/Users/admin/builder/spi-builder-workspace/Sources/SaneTranslations/SaneBackends/zh-CN.lproj/sane_strings.po",
"rule" : {
"process" : {
"localization" : "zh-cn"
}
}
},
{
"path" : "/Users/admin/builder/spi-builder-workspace/Sources/SaneTranslations/SaneSwift/en.lproj/Localizable.strings",
"rule" : {
"process" : {
"localization" : "en"
}
}
},
{
"path" : "/Users/admin/builder/spi-builder-workspace/Sources/SaneTranslations/SaneSwift/fr.lproj/Localizable.strings",
"rule" : {
"process" : {
"localization" : "fr"
}
}
}
],
"sources" : [
"Translation.swift"
],
"type" : "library"
},
{
"c99name" : "SaneSwiftTests",
"module_type" : "SwiftTarget",
"name" : "SaneSwiftTests",
"path" : "Tests/SaneSwiftTests",
"sources" : [
"SaneSwiftTests.swift"
],
"target_dependencies" : [
"SaneBackends",
"SaneTranslations",
"SaneSwift",
"SaneSwiftC"
],
"type" : "test"
},
{
"c99name" : "SaneSwiftC",
"module_type" : "ClangTarget",
"name" : "SaneSwiftC",
"path" : "Sources/SaneSwiftC",
"product_memberships" : [
"Sane"
],
"sources" : [
"SaneSwiftC.m"
],
"type" : "library"
},
{
"c99name" : "SaneSwift",
"module_type" : "SwiftTarget",
"name" : "SaneSwift",
"path" : "Sources/SaneSwift",
"product_memberships" : [
"Sane"
],
"sources" : [
"Device.swift",
"DeviceAuthentication.swift",
"DeviceOption.swift",
"Sane.swift",
"SaneConfig.swift",
"SaneError.swift",
"SaneHost.swift",
"SaneLogger.swift",
"SaneSwiftExtensions.swift",
"SaneTypes.swift",
"ScanParameters.swift"
],
"target_dependencies" : [
"SaneSwiftC",
"SaneTranslations"
],
"type" : "library"
},
{
"c99name" : "SaneBackends",
"module_type" : "BinaryTarget",
"name" : "SaneBackends",
"path" : "Sources/SaneBackends/Sane.xcframework",
"product_memberships" : [
"Sane"
],
"sources" : [
],
"type" : "binary"
}
],
"tools_version" : "5.9"
}
{
"workspace" : {
"name" : "SaneSwift",
"schemes" : [
"SaneSwift"
]
}
}
2026-09-27 12:33:00.430 xcodebuild[626:3827] [MT] IDERunDestination: Supported platforms for the buildables in the current scheme is empty.
Running build ...
env DEVELOPER_DIR=/Applications/Xcode-27.0.0-Release.Candidate.app xcrun xcodebuild -IDEClonedSourcePackagesDirPathOverride=$PWD/.dependencies -skipMacroValidation -skipPackagePluginValidation -derivedDataPath $PWD/.derivedData build -scheme SaneSwift -destination platform=macOS,arch=arm64
Command line invocation:
/Applications/Xcode-27.0.0-Release.Candidate.app/Contents/Developer/usr/bin/xcodebuild -IDEClonedSourcePackagesDirPathOverride=/Users/admin/builder/spi-builder-workspace/.dependencies -skipMacroValidation -skipPackagePluginValidation -derivedDataPath /Users/admin/builder/spi-builder-workspace/.derivedData build -scheme SaneSwift -destination platform=macOS,arch=arm64
Resolve Package Graph
Resolved source packages:
SaneSwift: /Users/admin/builder/spi-builder-workspace
ComputePackagePrebuildTargetDependencyGraph
Prepare packages
CreateBuildRequest
SendProjectDescription
CreateBuildOperation
ComputeTargetDependencyGraph
note: Building targets in dependency order
note: Target dependency graph (5 targets)
Target 'Sane-product' in project 'SaneSwift'
➜ Explicit dependency on target 'SaneTranslations' in project 'SaneSwift'
➜ Explicit dependency on target 'SaneSwift' in project 'SaneSwift'
➜ Explicit dependency on target 'SaneSwiftC' in project 'SaneSwift'
➜ Explicit dependency on target 'SaneSwift_SaneTranslations' in project 'SaneSwift'
Target 'SaneSwift' in project 'SaneSwift'
➜ Explicit dependency on target 'SaneSwiftC' in project 'SaneSwift'
➜ Explicit dependency on target 'SaneTranslations' in project 'SaneSwift'
Target 'SaneSwiftC' in project 'SaneSwift' (no dependencies)
Target 'SaneTranslations' in project 'SaneSwift'
➜ Explicit dependency on target 'SaneSwift_SaneTranslations' in project 'SaneSwift'
Target 'SaneSwift_SaneTranslations' in project 'SaneSwift' (no dependencies)
GatherProvisioningInputs
CreateBuildDescription
ExecuteExternalTool /Applications/Xcode-27.0.0-Release.Candidate.app/Contents/Developer/Toolchains/XcodeDefault.xctoolchain/usr/bin/clang -v -E -dM -arch arm64 -isysroot /Applications/Xcode-27.0.0-Release.Candidate.app/Contents/Developer/Platforms/MacOSX.platform/Developer/SDKs/MacOSX27.0.sdk -x objective-c -c /dev/null
ExecuteExternalTool /Applications/Xcode-27.0.0-Release.Candidate.app/Contents/Developer/Toolchains/XcodeDefault.xctoolchain/usr/bin/swiftc --version
ExecuteExternalTool /Applications/Xcode-27.0.0-Release.Candidate.app/Contents/Developer/Toolchains/XcodeDefault.xctoolchain/usr/bin/clang -v -E -dM -isysroot /Applications/Xcode-27.0.0-Release.Candidate.app/Contents/Developer/Platforms/MacOSX.platform/Developer/SDKs/MacOSX27.0.sdk -x c -c /dev/null
ExecuteExternalTool /Applications/Xcode-27.0.0-Release.Candidate.app/Contents/Developer/Toolchains/XcodeDefault.xctoolchain/usr/bin/clang -v -E -dM -arch arm64 -isysroot /Applications/Xcode-27.0.0-Release.Candidate.app/Contents/Developer/Platforms/MacOSX.platform/Developer/SDKs/MacOSX27.0.sdk -x c -c /dev/null
ExecuteExternalTool /Applications/Xcode-27.0.0-Release.Candidate.app/Contents/Developer/Toolchains/XcodeDefault.xctoolchain/usr/bin/ld -version_details
Build description signature: c59b9924cdfd600f2a2d079b093dcc81
Build description path: /Users/admin/builder/spi-builder-workspace/.derivedData/Build/Intermediates.noindex/XCBuildData/c59b9924cdfd600f2a2d079b093dcc81.xcbuilddata
CreateBuildDirectory /Users/admin/builder/spi-builder-workspace/.derivedData/SDKExplicitPrecompiledModules
cd /Users/admin/builder/spi-builder-workspace/.swiftpm/xcode
builtin-create-build-directory /Users/admin/builder/spi-builder-workspace/.derivedData/SDKExplicitPrecompiledModules
CreateBuildDirectory /Users/admin/builder/spi-builder-workspace/.derivedData/ModuleCache.noindex
cd /Users/admin/builder/spi-builder-workspace/.swiftpm/xcode
builtin-create-build-directory /Users/admin/builder/spi-builder-workspace/.derivedData/ModuleCache.noindex
CreateBuildDirectory /Users/admin/builder/spi-builder-workspace/.derivedData/CompilationCache.noindex
cd /Users/admin/builder/spi-builder-workspace/.swiftpm/xcode
builtin-create-build-directory /Users/admin/builder/spi-builder-workspace/.derivedData/CompilationCache.noindex
CreateBuildDirectory /Users/admin/builder/spi-builder-workspace/.derivedData/Build/Products
cd /Users/admin/builder/spi-builder-workspace/.swiftpm/xcode
builtin-create-build-directory /Users/admin/builder/spi-builder-workspace/.derivedData/Build/Products
CreateBuildDirectory /Users/admin/builder/spi-builder-workspace/.derivedData/Build/Intermediates.noindex
cd /Users/admin/builder/spi-builder-workspace/.swiftpm/xcode
builtin-create-build-directory /Users/admin/builder/spi-builder-workspace/.derivedData/Build/Intermediates.noindex
ClangStatCache /Applications/Xcode-27.0.0-Release.Candidate.app/Contents/Developer/Toolchains/XcodeDefault.xctoolchain/usr/bin/clang-stat-cache /Applications/Xcode-27.0.0-Release.Candidate.app/Contents/Developer/Platforms/MacOSX.platform/Developer/SDKs/MacOSX27.0.sdk /Users/admin/builder/spi-builder-workspace/.derivedData/SDKStatCaches.noindex/macosx27.0-26A425-e829b21a6f8c9b70876ba0858053c0446a22442a12e9d48fe1a705f55a1adfc4.sdkstatcache
cd /Users/admin/builder/spi-builder-workspace/.swiftpm/xcode
/Applications/Xcode-27.0.0-Release.Candidate.app/Contents/Developer/Toolchains/XcodeDefault.xctoolchain/usr/bin/clang-stat-cache /Applications/Xcode-27.0.0-Release.Candidate.app/Contents/Developer/Platforms/MacOSX.platform/Developer/SDKs/MacOSX27.0.sdk -o /Users/admin/builder/spi-builder-workspace/.derivedData/SDKStatCaches.noindex/macosx27.0-26A425-e829b21a6f8c9b70876ba0858053c0446a22442a12e9d48fe1a705f55a1adfc4.sdkstatcache
CreateBuildDirectory /Users/admin/builder/spi-builder-workspace/.derivedData/Build/Products/Debug
cd /Users/admin/builder/spi-builder-workspace/.swiftpm/xcode
builtin-create-build-directory /Users/admin/builder/spi-builder-workspace/.derivedData/Build/Products/Debug
CreateBuildDirectory /Users/admin/builder/spi-builder-workspace/.derivedData/Build/Intermediates.noindex/SwiftExplicitPrecompiledModules
cd /Users/admin/builder/spi-builder-workspace/.swiftpm/xcode
builtin-create-build-directory /Users/admin/builder/spi-builder-workspace/.derivedData/Build/Intermediates.noindex/SwiftExplicitPrecompiledModules
CreateBuildDirectory /Users/admin/builder/spi-builder-workspace/.derivedData/Build/Intermediates.noindex/PrecompiledHeaders
cd /Users/admin/builder/spi-builder-workspace/.swiftpm/xcode
builtin-create-build-directory /Users/admin/builder/spi-builder-workspace/.derivedData/Build/Intermediates.noindex/PrecompiledHeaders
CreateBuildDirectory /Users/admin/builder/spi-builder-workspace/.derivedData/Build/Intermediates.noindex/ExplicitPrecompiledModules
cd /Users/admin/builder/spi-builder-workspace/.swiftpm/xcode
builtin-create-build-directory /Users/admin/builder/spi-builder-workspace/.derivedData/Build/Intermediates.noindex/ExplicitPrecompiledModules
CreateBuildDirectory /Users/admin/builder/spi-builder-workspace/.derivedData/Build/Intermediates.noindex/EagerLinkingTBDs/Debug
cd /Users/admin/builder/spi-builder-workspace/.swiftpm/xcode
builtin-create-build-directory /Users/admin/builder/spi-builder-workspace/.derivedData/Build/Intermediates.noindex/EagerLinkingTBDs/Debug
CreateBuildDirectory /Users/admin/builder/spi-builder-workspace/.derivedData/Build/Products/Debug/PackageFrameworks
cd /Users/admin/builder/spi-builder-workspace/.swiftpm/xcode
builtin-create-build-directory /Users/admin/builder/spi-builder-workspace/.derivedData/Build/Products/Debug/PackageFrameworks
ProcessXCFramework /Users/admin/builder/spi-builder-workspace/Sources/SaneBackends/Sane.xcframework /Users/admin/builder/spi-builder-workspace/.derivedData/Build/Products/Debug/libSane.a macos
cd /Users/admin/builder/spi-builder-workspace/.swiftpm/xcode
builtin-process-xcframework --xcframework /Users/admin/builder/spi-builder-workspace/Sources/SaneBackends/Sane.xcframework --platform macos --target-path /Users/admin/builder/spi-builder-workspace/.derivedData/Build/Products/Debug
WriteAuxiliaryFile /Users/admin/builder/spi-builder-workspace/.derivedData/Build/Intermediates.noindex/SaneSwift.build/Debug/SaneTranslations-t.build/SaneTranslations.DependencyStaticMetadataFileList (in target 'SaneTranslations' from project 'SaneSwift')
cd /Users/admin/builder/spi-builder-workspace
write-file /Users/admin/builder/spi-builder-workspace/.derivedData/Build/Intermediates.noindex/SaneSwift.build/Debug/SaneTranslations-t.build/SaneTranslations.DependencyStaticMetadataFileList
WriteAuxiliaryFile /Users/admin/builder/spi-builder-workspace/.derivedData/Build/Intermediates.noindex/SaneSwift.build/Debug/SaneTranslations-t.build/SaneTranslations.modulemap (in target 'SaneTranslations' from project 'SaneSwift')
cd /Users/admin/builder/spi-builder-workspace
write-file /Users/admin/builder/spi-builder-workspace/.derivedData/Build/Intermediates.noindex/SaneSwift.build/Debug/SaneTranslations-t.build/SaneTranslations.modulemap
WriteAuxiliaryFile /Users/admin/builder/spi-builder-workspace/.derivedData/Build/Intermediates.noindex/SaneSwift.build/Debug/SaneTranslations-t.build/SaneTranslations.DependencyMetadataFileList (in target 'SaneTranslations' from project 'SaneSwift')
cd /Users/admin/builder/spi-builder-workspace
write-file /Users/admin/builder/spi-builder-workspace/.derivedData/Build/Intermediates.noindex/SaneSwift.build/Debug/SaneTranslations-t.build/SaneTranslations.DependencyMetadataFileList
WriteAuxiliaryFile /Users/admin/builder/spi-builder-workspace/.derivedData/Build/Intermediates.noindex/SaneSwift.build/Debug/SaneTranslations-t.build/Objects-normal/arm64/SaneTranslations-OutputFileMap.json (in target 'SaneTranslations' from project 'SaneSwift')
cd /Users/admin/builder/spi-builder-workspace
write-file /Users/admin/builder/spi-builder-workspace/.derivedData/Build/Intermediates.noindex/SaneSwift.build/Debug/SaneTranslations-t.build/Objects-normal/arm64/SaneTranslations-OutputFileMap.json
WriteAuxiliaryFile /Users/admin/builder/spi-builder-workspace/.derivedData/Build/Intermediates.noindex/SaneSwift.build/Debug/SaneTranslations-t.build/Objects-normal/arm64/SaneTranslations.LinkFileList (in target 'SaneTranslations' from project 'SaneSwift')
cd /Users/admin/builder/spi-builder-workspace
write-file /Users/admin/builder/spi-builder-workspace/.derivedData/Build/Intermediates.noindex/SaneSwift.build/Debug/SaneTranslations-t.build/Objects-normal/arm64/SaneTranslations.LinkFileList
WriteAuxiliaryFile /Users/admin/builder/spi-builder-workspace/.derivedData/Build/Intermediates.noindex/SaneSwift.build/Debug/SaneTranslations-t.build/Objects-normal/arm64/SaneTranslations.SwiftConstValuesFileList (in target 'SaneTranslations' from project 'SaneSwift')
cd /Users/admin/builder/spi-builder-workspace
write-file /Users/admin/builder/spi-builder-workspace/.derivedData/Build/Intermediates.noindex/SaneSwift.build/Debug/SaneTranslations-t.build/Objects-normal/arm64/SaneTranslations.SwiftConstValuesFileList
WriteAuxiliaryFile /Users/admin/builder/spi-builder-workspace/.derivedData/Build/Intermediates.noindex/SaneSwift.build/Debug/SaneTranslations-t.build/Objects-normal/arm64/SaneTranslations_const_extract_protocols.json (in target 'SaneTranslations' from project 'SaneSwift')
cd /Users/admin/builder/spi-builder-workspace
write-file /Users/admin/builder/spi-builder-workspace/.derivedData/Build/Intermediates.noindex/SaneSwift.build/Debug/SaneTranslations-t.build/Objects-normal/arm64/SaneTranslations_const_extract_protocols.json
WriteAuxiliaryFile /Users/admin/builder/spi-builder-workspace/.derivedData/Build/Intermediates.noindex/SaneSwift.build/Debug/SaneTranslations-t.build/Objects-normal/arm64/SaneTranslations.SwiftFileList (in target 'SaneTranslations' from project 'SaneSwift')
cd /Users/admin/builder/spi-builder-workspace
write-file /Users/admin/builder/spi-builder-workspace/.derivedData/Build/Intermediates.noindex/SaneSwift.build/Debug/SaneTranslations-t.build/Objects-normal/arm64/SaneTranslations.SwiftFileList
WriteAuxiliaryFile /Users/admin/builder/spi-builder-workspace/.derivedData/Build/Intermediates.noindex/SaneSwift.build/Debug/SaneSwift_SaneTranslations-b.build/empty-SaneSwift_SaneTranslations.plist (in target 'SaneSwift_SaneTranslations' from project 'SaneSwift')
cd /Users/admin/builder/spi-builder-workspace
write-file /Users/admin/builder/spi-builder-workspace/.derivedData/Build/Intermediates.noindex/SaneSwift.build/Debug/SaneSwift_SaneTranslations-b.build/empty-SaneSwift_SaneTranslations.plist
WriteAuxiliaryFile /Users/admin/builder/spi-builder-workspace/.derivedData/Build/Intermediates.noindex/SaneSwift.build/Debug/SaneTranslations-t.build/DerivedSources/resource_bundle_accessor.swift (in target 'SaneTranslations' from project 'SaneSwift')
cd /Users/admin/builder/spi-builder-workspace
write-file /Users/admin/builder/spi-builder-workspace/.derivedData/Build/Intermediates.noindex/SaneSwift.build/Debug/SaneTranslations-t.build/DerivedSources/resource_bundle_accessor.swift
WriteAuxiliaryFile /Users/admin/builder/spi-builder-workspace/.derivedData/Build/Intermediates.noindex/SaneSwift.build/Debug/SaneSwift_SaneTranslations-b.build/SaneSwift_SaneTranslations.DependencyStaticMetadataFileList (in target 'SaneSwift_SaneTranslations' from project 'SaneSwift')
cd /Users/admin/builder/spi-builder-workspace
write-file /Users/admin/builder/spi-builder-workspace/.derivedData/Build/Intermediates.noindex/SaneSwift.build/Debug/SaneSwift_SaneTranslations-b.build/SaneSwift_SaneTranslations.DependencyStaticMetadataFileList
WriteAuxiliaryFile /Users/admin/builder/spi-builder-workspace/.derivedData/Build/Intermediates.noindex/SaneSwift.build/Debug/SaneSwift_SaneTranslations-b.build/SaneSwift_SaneTranslations.DependencyMetadataFileList (in target 'SaneSwift_SaneTranslations' from project 'SaneSwift')
cd /Users/admin/builder/spi-builder-workspace
write-file /Users/admin/builder/spi-builder-workspace/.derivedData/Build/Intermediates.noindex/SaneSwift.build/Debug/SaneSwift_SaneTranslations-b.build/SaneSwift_SaneTranslations.DependencyMetadataFileList
Copy /Users/admin/builder/spi-builder-workspace/.derivedData/Build/Intermediates.noindex/GeneratedModuleMaps/SaneTranslations.modulemap /Users/admin/builder/spi-builder-workspace/.derivedData/Build/Intermediates.noindex/SaneSwift.build/Debug/SaneTranslations-t.build/SaneTranslations.modulemap (in target 'SaneTranslations' from project 'SaneSwift')
cd /Users/admin/builder/spi-builder-workspace
builtin-copy -exclude .DS_Store -exclude CVS -exclude .svn -exclude .git -exclude .hg -resolve-src-symlinks /Users/admin/builder/spi-builder-workspace/.derivedData/Build/Intermediates.noindex/SaneSwift.build/Debug/SaneTranslations-t.build/SaneTranslations.modulemap /Users/admin/builder/spi-builder-workspace/.derivedData/Build/Intermediates.noindex/GeneratedModuleMaps
WriteAuxiliaryFile /Users/admin/builder/spi-builder-workspace/.derivedData/Build/Intermediates.noindex/SaneSwift.build/Debug/SaneSwiftC-t.build/SaneSwiftC.DependencyStaticMetadataFileList (in target 'SaneSwiftC' from project 'SaneSwift')
cd /Users/admin/builder/spi-builder-workspace
write-file /Users/admin/builder/spi-builder-workspace/.derivedData/Build/Intermediates.noindex/SaneSwift.build/Debug/SaneSwiftC-t.build/SaneSwiftC.DependencyStaticMetadataFileList
WriteAuxiliaryFile /Users/admin/builder/spi-builder-workspace/.derivedData/Build/Intermediates.noindex/SaneSwift.build/Debug/SaneSwiftC-t.build/SaneSwiftC.DependencyMetadataFileList (in target 'SaneSwiftC' from project 'SaneSwift')
cd /Users/admin/builder/spi-builder-workspace
write-file /Users/admin/builder/spi-builder-workspace/.derivedData/Build/Intermediates.noindex/SaneSwift.build/Debug/SaneSwiftC-t.build/SaneSwiftC.DependencyMetadataFileList
WriteAuxiliaryFile /Users/admin/builder/spi-builder-workspace/.derivedData/Build/Intermediates.noindex/SaneSwift.build/Debug/SaneSwiftC-t.build/SaneSwiftC.modulemap (in target 'SaneSwiftC' from project 'SaneSwift')
cd /Users/admin/builder/spi-builder-workspace
write-file /Users/admin/builder/spi-builder-workspace/.derivedData/Build/Intermediates.noindex/SaneSwift.build/Debug/SaneSwiftC-t.build/SaneSwiftC.modulemap
WriteAuxiliaryFile /Users/admin/builder/spi-builder-workspace/.derivedData/Build/Intermediates.noindex/SaneSwift.build/Debug/SaneSwift-t.build/SaneSwift.DependencyStaticMetadataFileList (in target 'SaneSwift' from project 'SaneSwift')
cd /Users/admin/builder/spi-builder-workspace
write-file /Users/admin/builder/spi-builder-workspace/.derivedData/Build/Intermediates.noindex/SaneSwift.build/Debug/SaneSwift-t.build/SaneSwift.DependencyStaticMetadataFileList
WriteAuxiliaryFile /Users/admin/builder/spi-builder-workspace/.derivedData/Build/Intermediates.noindex/SaneSwift.build/Debug/SaneSwift-t.build/SaneSwift.modulemap (in target 'SaneSwift' from project 'SaneSwift')
cd /Users/admin/builder/spi-builder-workspace
write-file /Users/admin/builder/spi-builder-workspace/.derivedData/Build/Intermediates.noindex/SaneSwift.build/Debug/SaneSwift-t.build/SaneSwift.modulemap
WriteAuxiliaryFile /Users/admin/builder/spi-builder-workspace/.derivedData/Build/Intermediates.noindex/SaneSwift.build/Debug/SaneSwift-t.build/SaneSwift.DependencyMetadataFileList (in target 'SaneSwift' from project 'SaneSwift')
cd /Users/admin/builder/spi-builder-workspace
write-file /Users/admin/builder/spi-builder-workspace/.derivedData/Build/Intermediates.noindex/SaneSwift.build/Debug/SaneSwift-t.build/SaneSwift.DependencyMetadataFileList
WriteAuxiliaryFile /Users/admin/builder/spi-builder-workspace/.derivedData/Build/Intermediates.noindex/SaneSwift.build/Debug/SaneSwiftC-t.build/Objects-normal/arm64/e6072d4f65d7061329687fe24e3d63a7-common-args.resp (in target 'SaneSwiftC' from project 'SaneSwift')
cd /Users/admin/builder/spi-builder-workspace
write-file /Users/admin/builder/spi-builder-workspace/.derivedData/Build/Intermediates.noindex/SaneSwift.build/Debug/SaneSwiftC-t.build/Objects-normal/arm64/e6072d4f65d7061329687fe24e3d63a7-common-args.resp
-fobjc-arc -fmodules -gmodules '-fmodules-cache-path=/Users/admin/builder/spi-builder-workspace/.derivedData/ModuleCache.noindex' '-fmodule-name=SaneSwiftC' -fpascal-strings -O0 -DSWIFT_PACKAGE '-DDEBUG=1' '-DOBJC_OLD_DISPATCH_PROTOTYPES=1' -g -fprofile-instr-generate -fcoverage-mapping -I/Users/admin/builder/spi-builder-workspace/.derivedData/Build/Products/Debug/include -I/Users/admin/builder/spi-builder-workspace/Sources/SaneSwiftC/include -I/Users/admin/builder/spi-builder-workspace/.derivedData/Build/Intermediates.noindex/SaneSwift.build/Debug/SaneSwiftC-t.build/DerivedSources-normal/arm64 -I/Users/admin/builder/spi-builder-workspace/.derivedData/Build/Intermediates.noindex/SaneSwift.build/Debug/SaneSwiftC-t.build/DerivedSources/arm64 -I/Users/admin/builder/spi-builder-workspace/.derivedData/Build/Intermediates.noindex/SaneSwift.build/Debug/SaneSwiftC-t.build/DerivedSources -F/Users/admin/builder/spi-builder-workspace/.derivedData/Build/Products/Debug -iframework /Applications/Xcode-27.0.0-Release.Candidate.app/Contents/Developer/Platforms/MacOSX.platform/Developer/Library/Frameworks -DXcode
WriteAuxiliaryFile /Users/admin/builder/spi-builder-workspace/.derivedData/Build/Intermediates.noindex/SaneSwift.build/Debug/SaneSwiftC-t.build/Objects-normal/arm64/SaneSwiftC.LinkFileList (in target 'SaneSwiftC' from project 'SaneSwift')
cd /Users/admin/builder/spi-builder-workspace
write-file /Users/admin/builder/spi-builder-workspace/.derivedData/Build/Intermediates.noindex/SaneSwift.build/Debug/SaneSwiftC-t.build/Objects-normal/arm64/SaneSwiftC.LinkFileList
WriteAuxiliaryFile /Users/admin/builder/spi-builder-workspace/.derivedData/Build/Intermediates.noindex/SaneSwift.build/Debug/SaneSwift-t.build/Objects-normal/arm64/SaneSwift_const_extract_protocols.json (in target 'SaneSwift' from project 'SaneSwift')
cd /Users/admin/builder/spi-builder-workspace
write-file /Users/admin/builder/spi-builder-workspace/.derivedData/Build/Intermediates.noindex/SaneSwift.build/Debug/SaneSwift-t.build/Objects-normal/arm64/SaneSwift_const_extract_protocols.json
WriteAuxiliaryFile /Users/admin/builder/spi-builder-workspace/.derivedData/Build/Intermediates.noindex/SaneSwift.build/Debug/SaneSwift-t.build/Objects-normal/arm64/SaneSwift.SwiftFileList (in target 'SaneSwift' from project 'SaneSwift')
cd /Users/admin/builder/spi-builder-workspace
write-file /Users/admin/builder/spi-builder-workspace/.derivedData/Build/Intermediates.noindex/SaneSwift.build/Debug/SaneSwift-t.build/Objects-normal/arm64/SaneSwift.SwiftFileList
Copy /Users/admin/builder/spi-builder-workspace/.derivedData/Build/Intermediates.noindex/GeneratedModuleMaps/SaneSwiftC.modulemap /Users/admin/builder/spi-builder-workspace/.derivedData/Build/Intermediates.noindex/SaneSwift.build/Debug/SaneSwiftC-t.build/SaneSwiftC.modulemap (in target 'SaneSwiftC' from project 'SaneSwift')
cd /Users/admin/builder/spi-builder-workspace
builtin-copy -exclude .DS_Store -exclude CVS -exclude .svn -exclude .git -exclude .hg -resolve-src-symlinks /Users/admin/builder/spi-builder-workspace/.derivedData/Build/Intermediates.noindex/SaneSwift.build/Debug/SaneSwiftC-t.build/SaneSwiftC.modulemap /Users/admin/builder/spi-builder-workspace/.derivedData/Build/Intermediates.noindex/GeneratedModuleMaps
WriteAuxiliaryFile /Users/admin/builder/spi-builder-workspace/.derivedData/Build/Intermediates.noindex/SaneSwift.build/Debug/SaneSwift-t.build/Objects-normal/arm64/SaneSwift.SwiftConstValuesFileList (in target 'SaneSwift' from project 'SaneSwift')
cd /Users/admin/builder/spi-builder-workspace
write-file /Users/admin/builder/spi-builder-workspace/.derivedData/Build/Intermediates.noindex/SaneSwift.build/Debug/SaneSwift-t.build/Objects-normal/arm64/SaneSwift.SwiftConstValuesFileList
WriteAuxiliaryFile /Users/admin/builder/spi-builder-workspace/.derivedData/Build/Intermediates.noindex/SaneSwift.build/Debug/SaneSwift-t.build/Objects-normal/arm64/SaneSwift.LinkFileList (in target 'SaneSwift' from project 'SaneSwift')
cd /Users/admin/builder/spi-builder-workspace
write-file /Users/admin/builder/spi-builder-workspace/.derivedData/Build/Intermediates.noindex/SaneSwift.build/Debug/SaneSwift-t.build/Objects-normal/arm64/SaneSwift.LinkFileList
WriteAuxiliaryFile /Users/admin/builder/spi-builder-workspace/.derivedData/Build/Intermediates.noindex/SaneSwift.build/Debug/SaneSwift-t.build/Objects-normal/arm64/SaneSwift-OutputFileMap.json (in target 'SaneSwift' from project 'SaneSwift')
cd /Users/admin/builder/spi-builder-workspace
write-file /Users/admin/builder/spi-builder-workspace/.derivedData/Build/Intermediates.noindex/SaneSwift.build/Debug/SaneSwift-t.build/Objects-normal/arm64/SaneSwift-OutputFileMap.json
MkDir /Users/admin/builder/spi-builder-workspace/.derivedData/Build/Products/Debug/SaneSwift_SaneTranslations.bundle/Contents/Resources (in target 'SaneSwift_SaneTranslations' from project 'SaneSwift')
cd /Users/admin/builder/spi-builder-workspace
/bin/mkdir -p /Users/admin/builder/spi-builder-workspace/.derivedData/Build/Products/Debug/SaneSwift_SaneTranslations.bundle/Contents/Resources
Copy /Users/admin/builder/spi-builder-workspace/.derivedData/Build/Intermediates.noindex/GeneratedModuleMaps/SaneSwift.modulemap /Users/admin/builder/spi-builder-workspace/.derivedData/Build/Intermediates.noindex/SaneSwift.build/Debug/SaneSwift-t.build/SaneSwift.modulemap (in target 'SaneSwift' from project 'SaneSwift')
cd /Users/admin/builder/spi-builder-workspace
builtin-copy -exclude .DS_Store -exclude CVS -exclude .svn -exclude .git -exclude .hg -resolve-src-symlinks /Users/admin/builder/spi-builder-workspace/.derivedData/Build/Intermediates.noindex/SaneSwift.build/Debug/SaneSwift-t.build/SaneSwift.modulemap /Users/admin/builder/spi-builder-workspace/.derivedData/Build/Intermediates.noindex/GeneratedModuleMaps
MkDir /Users/admin/builder/spi-builder-workspace/.derivedData/Build/Products/Debug/SaneSwift_SaneTranslations.bundle/Contents (in target 'SaneSwift_SaneTranslations' from project 'SaneSwift')
cd /Users/admin/builder/spi-builder-workspace
/bin/mkdir -p /Users/admin/builder/spi-builder-workspace/.derivedData/Build/Products/Debug/SaneSwift_SaneTranslations.bundle/Contents
MkDir /Users/admin/builder/spi-builder-workspace/.derivedData/Build/Products/Debug/SaneSwift_SaneTranslations.bundle (in target 'SaneSwift_SaneTranslations' from project 'SaneSwift')
cd /Users/admin/builder/spi-builder-workspace
/bin/mkdir -p /Users/admin/builder/spi-builder-workspace/.derivedData/Build/Products/Debug/SaneSwift_SaneTranslations.bundle
ProcessInfoPlistFile /Users/admin/builder/spi-builder-workspace/.derivedData/Build/Products/Debug/SaneSwift_SaneTranslations.bundle/Contents/Info.plist /Users/admin/builder/spi-builder-workspace/.derivedData/Build/Intermediates.noindex/SaneSwift.build/Debug/SaneSwift_SaneTranslations-b.build/empty-SaneSwift_SaneTranslations.plist (in target 'SaneSwift_SaneTranslations' from project 'SaneSwift')
cd /Users/admin/builder/spi-builder-workspace
builtin-infoPlistUtility /Users/admin/builder/spi-builder-workspace/.derivedData/Build/Intermediates.noindex/SaneSwift.build/Debug/SaneSwift_SaneTranslations-b.build/empty-SaneSwift_SaneTranslations.plist -producttype com.apple.product-type.bundle -expandbuildsettings -platform macosx -o /Users/admin/builder/spi-builder-workspace/.derivedData/Build/Products/Debug/SaneSwift_SaneTranslations.bundle/Contents/Info.plist
CpResource /Users/admin/builder/spi-builder-workspace/.derivedData/Build/Products/Debug/SaneSwift_SaneTranslations.bundle/Contents/Resources/uk.lproj/sane_strings.po /Users/admin/builder/spi-builder-workspace/Sources/SaneTranslations/SaneBackends/uk.lproj/sane_strings.po (in target 'SaneSwift_SaneTranslations' from project 'SaneSwift')
cd /Users/admin/builder/spi-builder-workspace
builtin-copy -exclude .DS_Store -exclude CVS -exclude .svn -exclude .git -exclude .hg -resolve-src-symlinks /Users/admin/builder/spi-builder-workspace/Sources/SaneTranslations/SaneBackends/uk.lproj/sane_strings.po /Users/admin/builder/spi-builder-workspace/.derivedData/Build/Products/Debug/SaneSwift_SaneTranslations.bundle/Contents/Resources/uk.lproj
CpResource /Users/admin/builder/spi-builder-workspace/.derivedData/Build/Products/Debug/SaneSwift_SaneTranslations.bundle/Contents/Resources/tr.lproj/sane_strings.po /Users/admin/builder/spi-builder-workspace/Sources/SaneTranslations/SaneBackends/tr.lproj/sane_strings.po (in target 'SaneSwift_SaneTranslations' from project 'SaneSwift')
cd /Users/admin/builder/spi-builder-workspace
builtin-copy -exclude .DS_Store -exclude CVS -exclude .svn -exclude .git -exclude .hg -resolve-src-symlinks /Users/admin/builder/spi-builder-workspace/Sources/SaneTranslations/SaneBackends/tr.lproj/sane_strings.po /Users/admin/builder/spi-builder-workspace/.derivedData/Build/Products/Debug/SaneSwift_SaneTranslations.bundle/Contents/Resources/tr.lproj
CpResource /Users/admin/builder/spi-builder-workspace/.derivedData/Build/Products/Debug/SaneSwift_SaneTranslations.bundle/Contents/Resources/ru.lproj/sane_strings.po /Users/admin/builder/spi-builder-workspace/Sources/SaneTranslations/SaneBackends/ru.lproj/sane_strings.po (in target 'SaneSwift_SaneTranslations' from project 'SaneSwift')
cd /Users/admin/builder/spi-builder-workspace
builtin-copy -exclude .DS_Store -exclude CVS -exclude .svn -exclude .git -exclude .hg -resolve-src-symlinks /Users/admin/builder/spi-builder-workspace/Sources/SaneTranslations/SaneBackends/ru.lproj/sane_strings.po /Users/admin/builder/spi-builder-workspace/.derivedData/Build/Products/Debug/SaneSwift_SaneTranslations.bundle/Contents/Resources/ru.lproj
CpResource /Users/admin/builder/spi-builder-workspace/.derivedData/Build/Products/Debug/SaneSwift_SaneTranslations.bundle/Contents/Resources/zh-CN.lproj/sane_strings.po /Users/admin/builder/spi-builder-workspace/Sources/SaneTranslations/SaneBackends/zh-CN.lproj/sane_strings.po (in target 'SaneSwift_SaneTranslations' from project 'SaneSwift')
cd /Users/admin/builder/spi-builder-workspace
builtin-copy -exclude .DS_Store -exclude CVS -exclude .svn -exclude .git -exclude .hg -resolve-src-symlinks /Users/admin/builder/spi-builder-workspace/Sources/SaneTranslations/SaneBackends/zh-CN.lproj/sane_strings.po /Users/admin/builder/spi-builder-workspace/.derivedData/Build/Products/Debug/SaneSwift_SaneTranslations.bundle/Contents/Resources/zh-CN.lproj
CpResource /Users/admin/builder/spi-builder-workspace/.derivedData/Build/Products/Debug/SaneSwift_SaneTranslations.bundle/Contents/Resources/pl.lproj/sane_strings.po /Users/admin/builder/spi-builder-workspace/Sources/SaneTranslations/SaneBackends/pl.lproj/sane_strings.po (in target 'SaneSwift_SaneTranslations' from project 'SaneSwift')
cd /Users/admin/builder/spi-builder-workspace
builtin-copy -exclude .DS_Store -exclude CVS -exclude .svn -exclude .git -exclude .hg -resolve-src-symlinks /Users/admin/builder/spi-builder-workspace/Sources/SaneTranslations/SaneBackends/pl.lproj/sane_strings.po /Users/admin/builder/spi-builder-workspace/.derivedData/Build/Products/Debug/SaneSwift_SaneTranslations.bundle/Contents/Resources/pl.lproj
CpResource /Users/admin/builder/spi-builder-workspace/.derivedData/Build/Products/Debug/SaneSwift_SaneTranslations.bundle/Contents/Resources/pt.lproj/sane_strings.po /Users/admin/builder/spi-builder-workspace/Sources/SaneTranslations/SaneBackends/pt.lproj/sane_strings.po (in target 'SaneSwift_SaneTranslations' from project 'SaneSwift')
cd /Users/admin/builder/spi-builder-workspace
builtin-copy -exclude .DS_Store -exclude CVS -exclude .svn -exclude .git -exclude .hg -resolve-src-symlinks /Users/admin/builder/spi-builder-workspace/Sources/SaneTranslations/SaneBackends/pt.lproj/sane_strings.po /Users/admin/builder/spi-builder-workspace/.derivedData/Build/Products/Debug/SaneSwift_SaneTranslations.bundle/Contents/Resources/pt.lproj
CpResource /Users/admin/builder/spi-builder-workspace/.derivedData/Build/Products/Debug/SaneSwift_SaneTranslations.bundle/Contents/Resources/sv.lproj/sane_strings.po /Users/admin/builder/spi-builder-workspace/Sources/SaneTranslations/SaneBackends/sv.lproj/sane_strings.po (in target 'SaneSwift_SaneTranslations' from project 'SaneSwift')
cd /Users/admin/builder/spi-builder-workspace
builtin-copy -exclude .DS_Store -exclude CVS -exclude .svn -exclude .git -exclude .hg -resolve-src-symlinks /Users/admin/builder/spi-builder-workspace/Sources/SaneTranslations/SaneBackends/sv.lproj/sane_strings.po /Users/admin/builder/spi-builder-workspace/.derivedData/Build/Products/Debug/SaneSwift_SaneTranslations.bundle/Contents/Resources/sv.lproj
CpResource /Users/admin/builder/spi-builder-workspace/.derivedData/Build/Products/Debug/SaneSwift_SaneTranslations.bundle/Contents/Resources/nl.lproj/sane_strings.po /Users/admin/builder/spi-builder-workspace/Sources/SaneTranslations/SaneBackends/nl.lproj/sane_strings.po (in target 'SaneSwift_SaneTranslations' from project 'SaneSwift')
cd /Users/admin/builder/spi-builder-workspace
builtin-copy -exclude .DS_Store -exclude CVS -exclude .svn -exclude .git -exclude .hg -resolve-src-symlinks /Users/admin/builder/spi-builder-workspace/Sources/SaneTranslations/SaneBackends/nl.lproj/sane_strings.po /Users/admin/builder/spi-builder-workspace/.derivedData/Build/Products/Debug/SaneSwift_SaneTranslations.bundle/Contents/Resources/nl.lproj
CpResource /Users/admin/builder/spi-builder-workspace/.derivedData/Build/Products/Debug/SaneSwift_SaneTranslations.bundle/Contents/Resources/nb.lproj/sane_strings.po /Users/admin/builder/spi-builder-workspace/Sources/SaneTranslations/SaneBackends/nb.lproj/sane_strings.po (in target 'SaneSwift_SaneTranslations' from project 'SaneSwift')
cd /Users/admin/builder/spi-builder-workspace
builtin-copy -exclude .DS_Store -exclude CVS -exclude .svn -exclude .git -exclude .hg -resolve-src-symlinks /Users/admin/builder/spi-builder-workspace/Sources/SaneTranslations/SaneBackends/nb.lproj/sane_strings.po /Users/admin/builder/spi-builder-workspace/.derivedData/Build/Products/Debug/SaneSwift_SaneTranslations.bundle/Contents/Resources/nb.lproj
CpResource /Users/admin/builder/spi-builder-workspace/.derivedData/Build/Products/Debug/SaneSwift_SaneTranslations.bundle/Contents/Resources/ka.lproj/sane_strings.po /Users/admin/builder/spi-builder-workspace/Sources/SaneTranslations/SaneBackends/ka.lproj/sane_strings.po (in target 'SaneSwift_SaneTranslations' from project 'SaneSwift')
cd /Users/admin/builder/spi-builder-workspace
builtin-copy -exclude .DS_Store -exclude CVS -exclude .svn -exclude .git -exclude .hg -resolve-src-symlinks /Users/admin/builder/spi-builder-workspace/Sources/SaneTranslations/SaneBackends/ka.lproj/sane_strings.po /Users/admin/builder/spi-builder-workspace/.derivedData/Build/Products/Debug/SaneSwift_SaneTranslations.bundle/Contents/Resources/ka.lproj
CpResource /Users/admin/builder/spi-builder-workspace/.derivedData/Build/Products/Debug/SaneSwift_SaneTranslations.bundle/Contents/Resources/ja.lproj/sane_strings.po /Users/admin/builder/spi-builder-workspace/Sources/SaneTranslations/SaneBackends/ja.lproj/sane_strings.po (in target 'SaneSwift_SaneTranslations' from project 'SaneSwift')
cd /Users/admin/builder/spi-builder-workspace
builtin-copy -exclude .DS_Store -exclude CVS -exclude .svn -exclude .git -exclude .hg -resolve-src-symlinks /Users/admin/builder/spi-builder-workspace/Sources/SaneTranslations/SaneBackends/ja.lproj/sane_strings.po /Users/admin/builder/spi-builder-workspace/.derivedData/Build/Products/Debug/SaneSwift_SaneTranslations.bundle/Contents/Resources/ja.lproj
CpResource /Users/admin/builder/spi-builder-workspace/.derivedData/Build/Products/Debug/SaneSwift_SaneTranslations.bundle/Contents/Resources/it.lproj/sane_strings.po /Users/admin/builder/spi-builder-workspace/Sources/SaneTranslations/SaneBackends/it.lproj/sane_strings.po (in target 'SaneSwift_SaneTranslations' from project 'SaneSwift')
cd /Users/admin/builder/spi-builder-workspace
builtin-copy -exclude .DS_Store -exclude CVS -exclude .svn -exclude .git -exclude .hg -resolve-src-symlinks /Users/admin/builder/spi-builder-workspace/Sources/SaneTranslations/SaneBackends/it.lproj/sane_strings.po /Users/admin/builder/spi-builder-workspace/.derivedData/Build/Products/Debug/SaneSwift_SaneTranslations.bundle/Contents/Resources/it.lproj
CpResource /Users/admin/builder/spi-builder-workspace/.derivedData/Build/Products/Debug/SaneSwift_SaneTranslations.bundle/Contents/Resources/hu.lproj/sane_strings.po /Users/admin/builder/spi-builder-workspace/Sources/SaneTranslations/SaneBackends/hu.lproj/sane_strings.po (in target 'SaneSwift_SaneTranslations' from project 'SaneSwift')
cd /Users/admin/builder/spi-builder-workspace
builtin-copy -exclude .DS_Store -exclude CVS -exclude .svn -exclude .git -exclude .hg -resolve-src-symlinks /Users/admin/builder/spi-builder-workspace/Sources/SaneTranslations/SaneBackends/hu.lproj/sane_strings.po /Users/admin/builder/spi-builder-workspace/.derivedData/Build/Products/Debug/SaneSwift_SaneTranslations.bundle/Contents/Resources/hu.lproj
CpResource /Users/admin/builder/spi-builder-workspace/.derivedData/Build/Products/Debug/SaneSwift_SaneTranslations.bundle/Contents/Resources/he.lproj/sane_strings.po /Users/admin/builder/spi-builder-workspace/Sources/SaneTranslations/SaneBackends/he.lproj/sane_strings.po (in target 'SaneSwift_SaneTranslations' from project 'SaneSwift')
cd /Users/admin/builder/spi-builder-workspace
builtin-copy -exclude .DS_Store -exclude CVS -exclude .svn -exclude .git -exclude .hg -resolve-src-symlinks /Users/admin/builder/spi-builder-workspace/Sources/SaneTranslations/SaneBackends/he.lproj/sane_strings.po /Users/admin/builder/spi-builder-workspace/.derivedData/Build/Products/Debug/SaneSwift_SaneTranslations.bundle/Contents/Resources/he.lproj
CpResource /Users/admin/builder/spi-builder-workspace/.derivedData/Build/Products/Debug/SaneSwift_SaneTranslations.bundle/Contents/Resources/gl.lproj/sane_strings.po /Users/admin/builder/spi-builder-workspace/Sources/SaneTranslations/SaneBackends/gl.lproj/sane_strings.po (in target 'SaneSwift_SaneTranslations' from project 'SaneSwift')
cd /Users/admin/builder/spi-builder-workspace
builtin-copy -exclude .DS_Store -exclude CVS -exclude .svn -exclude .git -exclude .hg -resolve-src-symlinks /Users/admin/builder/spi-builder-workspace/Sources/SaneTranslations/SaneBackends/gl.lproj/sane_strings.po /Users/admin/builder/spi-builder-workspace/.derivedData/Build/Products/Debug/SaneSwift_SaneTranslations.bundle/Contents/Resources/gl.lproj
CpResource /Users/admin/builder/spi-builder-workspace/.derivedData/Build/Products/Debug/SaneSwift_SaneTranslations.bundle/Contents/Resources/fr.lproj/sane_strings.po /Users/admin/builder/spi-builder-workspace/Sources/SaneTranslations/SaneBackends/fr.lproj/sane_strings.po (in target 'SaneSwift_SaneTranslations' from project 'SaneSwift')
cd /Users/admin/builder/spi-builder-workspace
builtin-copy -exclude .DS_Store -exclude CVS -exclude .svn -exclude .git -exclude .hg -resolve-src-symlinks /Users/admin/builder/spi-builder-workspace/Sources/SaneTranslations/SaneBackends/fr.lproj/sane_strings.po /Users/admin/builder/spi-builder-workspace/.derivedData/Build/Products/Debug/SaneSwift_SaneTranslations.bundle/Contents/Resources/fr.lproj
CpResource /Users/admin/builder/spi-builder-workspace/.derivedData/Build/Products/Debug/SaneSwift_SaneTranslations.bundle/Contents/Resources/fr.lproj/Localizable.strings /Users/admin/builder/spi-builder-workspace/Sources/SaneTranslations/SaneSwift/fr.lproj/Localizable.strings (in target 'SaneSwift_SaneTranslations' from project 'SaneSwift')
cd /Users/admin/builder/spi-builder-workspace
builtin-copy -exclude .DS_Store -exclude CVS -exclude .svn -exclude .git -exclude .hg -resolve-src-symlinks /Users/admin/builder/spi-builder-workspace/Sources/SaneTranslations/SaneSwift/fr.lproj/Localizable.strings /Users/admin/builder/spi-builder-workspace/.derivedData/Build/Products/Debug/SaneSwift_SaneTranslations.bundle/Contents/Resources/fr.lproj
CpResource /Users/admin/builder/spi-builder-workspace/.derivedData/Build/Products/Debug/SaneSwift_SaneTranslations.bundle/Contents/Resources/fi.lproj/sane_strings.po /Users/admin/builder/spi-builder-workspace/Sources/SaneTranslations/SaneBackends/fi.lproj/sane_strings.po (in target 'SaneSwift_SaneTranslations' from project 'SaneSwift')
cd /Users/admin/builder/spi-builder-workspace
builtin-copy -exclude .DS_Store -exclude CVS -exclude .svn -exclude .git -exclude .hg -resolve-src-symlinks /Users/admin/builder/spi-builder-workspace/Sources/SaneTranslations/SaneBackends/fi.lproj/sane_strings.po /Users/admin/builder/spi-builder-workspace/.derivedData/Build/Products/Debug/SaneSwift_SaneTranslations.bundle/Contents/Resources/fi.lproj
CpResource /Users/admin/builder/spi-builder-workspace/.derivedData/Build/Products/Debug/SaneSwift_SaneTranslations.bundle/Contents/Resources/es.lproj/sane_strings.po /Users/admin/builder/spi-builder-workspace/Sources/SaneTranslations/SaneBackends/es.lproj/sane_strings.po (in target 'SaneSwift_SaneTranslations' from project 'SaneSwift')
cd /Users/admin/builder/spi-builder-workspace
builtin-copy -exclude .DS_Store -exclude CVS -exclude .svn -exclude .git -exclude .hg -resolve-src-symlinks /Users/admin/builder/spi-builder-workspace/Sources/SaneTranslations/SaneBackends/es.lproj/sane_strings.po /Users/admin/builder/spi-builder-workspace/.derivedData/Build/Products/Debug/SaneSwift_SaneTranslations.bundle/Contents/Resources/es.lproj
CpResource /Users/admin/builder/spi-builder-workspace/.derivedData/Build/Products/Debug/SaneSwift_SaneTranslations.bundle/Contents/Resources/eo.lproj/sane_strings.po /Users/admin/builder/spi-builder-workspace/Sources/SaneTranslations/SaneBackends/eo.lproj/sane_strings.po (in target 'SaneSwift_SaneTranslations' from project 'SaneSwift')
cd /Users/admin/builder/spi-builder-workspace
builtin-copy -exclude .DS_Store -exclude CVS -exclude .svn -exclude .git -exclude .hg -resolve-src-symlinks /Users/admin/builder/spi-builder-workspace/Sources/SaneTranslations/SaneBackends/eo.lproj/sane_strings.po /Users/admin/builder/spi-builder-workspace/.derivedData/Build/Products/Debug/SaneSwift_SaneTranslations.bundle/Contents/Resources/eo.lproj
CpResource /Users/admin/builder/spi-builder-workspace/.derivedData/Build/Products/Debug/SaneSwift_SaneTranslations.bundle/Contents/Resources/en.lproj/Localizable.strings /Users/admin/builder/spi-builder-workspace/Sources/SaneTranslations/SaneSwift/en.lproj/Localizable.strings (in target 'SaneSwift_SaneTranslations' from project 'SaneSwift')
cd /Users/admin/builder/spi-builder-workspace
builtin-copy -exclude .DS_Store -exclude CVS -exclude .svn -exclude .git -exclude .hg -resolve-src-symlinks /Users/admin/builder/spi-builder-workspace/Sources/SaneTranslations/SaneSwift/en.lproj/Localizable.strings /Users/admin/builder/spi-builder-workspace/.derivedData/Build/Products/Debug/SaneSwift_SaneTranslations.bundle/Contents/Resources/en.lproj
CpResource /Users/admin/builder/spi-builder-workspace/.derivedData/Build/Products/Debug/SaneSwift_SaneTranslations.bundle/Contents/Resources/en-GB.lproj/sane_strings.po /Users/admin/builder/spi-builder-workspace/Sources/SaneTranslations/SaneBackends/en-GB.lproj/sane_strings.po (in target 'SaneSwift_SaneTranslations' from project 'SaneSwift')
cd /Users/admin/builder/spi-builder-workspace
builtin-copy -exclude .DS_Store -exclude CVS -exclude .svn -exclude .git -exclude .hg -resolve-src-symlinks /Users/admin/builder/spi-builder-workspace/Sources/SaneTranslations/SaneBackends/en-GB.lproj/sane_strings.po /Users/admin/builder/spi-builder-workspace/.derivedData/Build/Products/Debug/SaneSwift_SaneTranslations.bundle/Contents/Resources/en-GB.lproj
CpResource /Users/admin/builder/spi-builder-workspace/.derivedData/Build/Products/Debug/SaneSwift_SaneTranslations.bundle/Contents/Resources/de.lproj/sane_strings.po /Users/admin/builder/spi-builder-workspace/Sources/SaneTranslations/SaneBackends/de.lproj/sane_strings.po (in target 'SaneSwift_SaneTranslations' from project 'SaneSwift')
cd /Users/admin/builder/spi-builder-workspace
builtin-copy -exclude .DS_Store -exclude CVS -exclude .svn -exclude .git -exclude .hg -resolve-src-symlinks /Users/admin/builder/spi-builder-workspace/Sources/SaneTranslations/SaneBackends/de.lproj/sane_strings.po /Users/admin/builder/spi-builder-workspace/.derivedData/Build/Products/Debug/SaneSwift_SaneTranslations.bundle/Contents/Resources/de.lproj
CpResource /Users/admin/builder/spi-builder-workspace/.derivedData/Build/Products/Debug/SaneSwift_SaneTranslations.bundle/Contents/Resources/da.lproj/sane_strings.po /Users/admin/builder/spi-builder-workspace/Sources/SaneTranslations/SaneBackends/da.lproj/sane_strings.po (in target 'SaneSwift_SaneTranslations' from project 'SaneSwift')
cd /Users/admin/builder/spi-builder-workspace
builtin-copy -exclude .DS_Store -exclude CVS -exclude .svn -exclude .git -exclude .hg -resolve-src-symlinks /Users/admin/builder/spi-builder-workspace/Sources/SaneTranslations/SaneBackends/da.lproj/sane_strings.po /Users/admin/builder/spi-builder-workspace/.derivedData/Build/Products/Debug/SaneSwift_SaneTranslations.bundle/Contents/Resources/da.lproj
CpResource /Users/admin/builder/spi-builder-workspace/.derivedData/Build/Products/Debug/SaneSwift_SaneTranslations.bundle/Contents/Resources/cs.lproj/sane_strings.po /Users/admin/builder/spi-builder-workspace/Sources/SaneTranslations/SaneBackends/cs.lproj/sane_strings.po (in target 'SaneSwift_SaneTranslations' from project 'SaneSwift')
cd /Users/admin/builder/spi-builder-workspace
builtin-copy -exclude .DS_Store -exclude CVS -exclude .svn -exclude .git -exclude .hg -resolve-src-symlinks /Users/admin/builder/spi-builder-workspace/Sources/SaneTranslations/SaneBackends/cs.lproj/sane_strings.po /Users/admin/builder/spi-builder-workspace/.derivedData/Build/Products/Debug/SaneSwift_SaneTranslations.bundle/Contents/Resources/cs.lproj
CpResource /Users/admin/builder/spi-builder-workspace/.derivedData/Build/Products/Debug/SaneSwift_SaneTranslations.bundle/Contents/Resources/ca.lproj/sane_strings.po /Users/admin/builder/spi-builder-workspace/Sources/SaneTranslations/SaneBackends/ca.lproj/sane_strings.po (in target 'SaneSwift_SaneTranslations' from project 'SaneSwift')
cd /Users/admin/builder/spi-builder-workspace
builtin-copy -exclude .DS_Store -exclude CVS -exclude .svn -exclude .git -exclude .hg -resolve-src-symlinks /Users/admin/builder/spi-builder-workspace/Sources/SaneTranslations/SaneBackends/ca.lproj/sane_strings.po /Users/admin/builder/spi-builder-workspace/.derivedData/Build/Products/Debug/SaneSwift_SaneTranslations.bundle/Contents/Resources/ca.lproj
CpResource /Users/admin/builder/spi-builder-workspace/.derivedData/Build/Products/Debug/SaneSwift_SaneTranslations.bundle/Contents/Resources/bg.lproj/sane_strings.po /Users/admin/builder/spi-builder-workspace/Sources/SaneTranslations/SaneBackends/bg.lproj/sane_strings.po (in target 'SaneSwift_SaneTranslations' from project 'SaneSwift')
cd /Users/admin/builder/spi-builder-workspace
builtin-copy -exclude .DS_Store -exclude CVS -exclude .svn -exclude .git -exclude .hg -resolve-src-symlinks /Users/admin/builder/spi-builder-workspace/Sources/SaneTranslations/SaneBackends/bg.lproj/sane_strings.po /Users/admin/builder/spi-builder-workspace/.derivedData/Build/Products/Debug/SaneSwift_SaneTranslations.bundle/Contents/Resources/bg.lproj
RegisterExecutionPolicyException /Users/admin/builder/spi-builder-workspace/.derivedData/Build/Products/Debug/SaneSwift_SaneTranslations.bundle (in target 'SaneSwift_SaneTranslations' from project 'SaneSwift')
cd /Users/admin/builder/spi-builder-workspace
builtin-RegisterExecutionPolicyException /Users/admin/builder/spi-builder-workspace/.derivedData/Build/Products/Debug/SaneSwift_SaneTranslations.bundle
Touch /Users/admin/builder/spi-builder-workspace/.derivedData/Build/Products/Debug/SaneSwift_SaneTranslations.bundle (in target 'SaneSwift_SaneTranslations' from project 'SaneSwift')
cd /Users/admin/builder/spi-builder-workspace
/usr/bin/touch -c /Users/admin/builder/spi-builder-workspace/.derivedData/Build/Products/Debug/SaneSwift_SaneTranslations.bundle
ScanDependencies /Users/admin/builder/spi-builder-workspace/.derivedData/Build/Intermediates.noindex/SaneSwift.build/Debug/SaneSwiftC-t.build/Objects-normal/arm64/SaneSwiftC.o /Users/admin/builder/spi-builder-workspace/Sources/SaneSwiftC/SaneSwiftC.m normal arm64 objective-c com.apple.compilers.llvm.clang.1_0.compiler (in target 'SaneSwiftC' from project 'SaneSwift')
cd /Users/admin/builder/spi-builder-workspace/.swiftpm/xcode
Using response file: /Users/admin/builder/spi-builder-workspace/.derivedData/Build/Intermediates.noindex/SaneSwift.build/Debug/SaneSwiftC-t.build/Objects-normal/arm64/e6072d4f65d7061329687fe24e3d63a7-common-args.resp
builtin-ScanDependencies -o /Users/admin/builder/spi-builder-workspace/.derivedData/Build/Intermediates.noindex/SaneSwift.build/Debug/SaneSwiftC-t.build/Objects-normal/arm64/SaneSwiftC.o.scan -- /Applications/Xcode-27.0.0-Release.Candidate.app/Contents/Developer/Toolchains/XcodeDefault.xctoolchain/usr/bin/clang -x objective-c -ivfsstatcache /Users/admin/builder/spi-builder-workspace/.derivedData/SDKStatCaches.noindex/macosx27.0-26A425-e829b21a6f8c9b70876ba0858053c0446a22442a12e9d48fe1a705f55a1adfc4.sdkstatcache -target arm64-apple-macos12.0 -fmessage-length\=0 -fdiagnostics-show-note-include-stack -fmacro-backtrace-limit\=0 -fno-color-diagnostics -fmodules-prune-interval\=86400 -fmodules-prune-after\=345600 -fbuild-session-file\=/Users/admin/builder/spi-builder-workspace/.derivedData/ModuleCache.noindex/Session.modulevalidation -fmodules-validate-once-per-build-session -Wnon-modular-include-in-framework-module -Werror\=non-modular-include-in-framework-module -Wno-trigraphs -Wno-missing-field-initializers -Wno-missing-prototypes -Wno-return-type -Wno-implicit-atomic-properties -Wno-objc-interface-ivars -Wno-arc-repeated-use-of-weak -Wno-missing-braces -Wparentheses -Wswitch -Wno-unused-function -Wno-unused-label -Wno-unused-parameter -Wno-unused-variable -Wunused-value -Wno-empty-body -Wno-uninitialized -Wno-unknown-pragmas -Wno-shadow -Wno-four-char-constants -Wno-conversion -Wno-constant-conversion -Wno-int-conversion -Wno-bool-conversion -Wno-enum-conversion -Wno-float-conversion -Wno-non-literal-null-conversion -Wno-objc-literal-conversion -Wshorten-64-to-32 -Wpointer-sign -Wno-newline-eof -Wno-selector -Wno-strict-selector-match -Wno-undeclared-selector -Wno-deprecated-implementations -Wno-implicit-fallthrough -isysroot /Applications/Xcode-27.0.0-Release.Candidate.app/Contents/Developer/Platforms/MacOSX.platform/Developer/SDKs/MacOSX27.0.sdk -fstrict-aliasing -Wprotocol -Wdeprecated-declarations -Wno-sign-conversion -Wno-infinite-recursion -Wno-comma -Wno-block-capture-autoreleasing -Wno-strict-prototypes -Wno-semicolon-before-method-body -index-store-path /Users/admin/builder/spi-builder-workspace/.derivedData/Index.noindex/DataStore @/Users/admin/builder/spi-builder-workspace/.derivedData/Build/Intermediates.noindex/SaneSwift.build/Debug/SaneSwiftC-t.build/Objects-normal/arm64/e6072d4f65d7061329687fe24e3d63a7-common-args.resp -MMD -MT dependencies -MF /Users/admin/builder/spi-builder-workspace/.derivedData/Build/Intermediates.noindex/SaneSwift.build/Debug/SaneSwiftC-t.build/Objects-normal/arm64/SaneSwiftC.d --serialize-diagnostics /Users/admin/builder/spi-builder-workspace/.derivedData/Build/Intermediates.noindex/SaneSwift.build/Debug/SaneSwiftC-t.build/Objects-normal/arm64/SaneSwiftC.dia -c /Users/admin/builder/spi-builder-workspace/Sources/SaneSwiftC/SaneSwiftC.m -o /Users/admin/builder/spi-builder-workspace/.derivedData/Build/Intermediates.noindex/SaneSwift.build/Debug/SaneSwiftC-t.build/Objects-normal/arm64/SaneSwiftC.o -index-unit-output-path /SaneSwift.build/Debug/SaneSwiftC-t.build/Objects-normal/arm64/SaneSwiftC.o
SwiftDriver SaneTranslations normal arm64 com.apple.xcode.tools.swift.compiler (in target 'SaneTranslations' from project 'SaneSwift')
cd /Users/admin/builder/spi-builder-workspace/.swiftpm/xcode
builtin-SwiftDriver -- /Applications/Xcode-27.0.0-Release.Candidate.app/Contents/Developer/Toolchains/XcodeDefault.xctoolchain/usr/bin/swiftc -parse-as-library -module-name SaneTranslations -Onone @/Users/admin/builder/spi-builder-workspace/.derivedData/Build/Intermediates.noindex/SaneSwift.build/Debug/SaneTranslations-t.build/Objects-normal/arm64/SaneTranslations.SwiftFileList -DSWIFT_PACKAGE -DDEBUG -DSWIFT_MODULE_RESOURCE_BUNDLE_AVAILABLE -DXcode -plugin-path /Applications/Xcode-27.0.0-Release.Candidate.app/Contents/Developer/Toolchains/XcodeDefault.xctoolchain/usr/lib/swift/host/plugins/testing -enable-experimental-feature DebugDescriptionMacro -sdk /Applications/Xcode-27.0.0-Release.Candidate.app/Contents/Developer/Platforms/MacOSX.platform/Developer/SDKs/MacOSX27.0.sdk -target arm64-apple-macos12.0 -g -module-cache-path /Users/admin/builder/spi-builder-workspace/.derivedData/ModuleCache.noindex -Xfrontend -serialize-debugging-options -profile-coverage-mapping -profile-generate -enable-testing -index-store-path /Users/admin/builder/spi-builder-workspace/.derivedData/Index.noindex/DataStore -Xcc -D_LIBCPP_HARDENING_MODE\=_LIBCPP_HARDENING_MODE_DEBUG -swift-version 5 -I /Users/admin/builder/spi-builder-workspace/.derivedData/Build/Products/Debug -Isystem /Applications/Xcode-27.0.0-Release.Candidate.app/Contents/Developer/Platforms/MacOSX.platform/Developer/usr/lib -F /Users/admin/builder/spi-builder-workspace/.derivedData/Build/Products/Debug -F /Applications/Xcode-27.0.0-Release.Candidate.app/Contents/Developer/Platforms/MacOSX.platform/Developer/Library/Frameworks -emit-localized-strings -emit-localized-strings-path /Users/admin/builder/spi-builder-workspace/.derivedData/Build/Intermediates.noindex/SaneSwift.build/Debug/SaneTranslations-t.build/Objects-normal/arm64 -c -j10 -enable-batch-mode -incremental -Xcc -ivfsstatcache -Xcc /Users/admin/builder/spi-builder-workspace/.derivedData/SDKStatCaches.noindex/macosx27.0-26A425-e829b21a6f8c9b70876ba0858053c0446a22442a12e9d48fe1a705f55a1adfc4.sdkstatcache -output-file-map /Users/admin/builder/spi-builder-workspace/.derivedData/Build/Intermediates.noindex/SaneSwift.build/Debug/SaneTranslations-t.build/Objects-normal/arm64/SaneTranslations-OutputFileMap.json -save-temps -no-color-diagnostics -explicit-module-build -module-cache-path /Users/admin/builder/spi-builder-workspace/.derivedData/Build/Intermediates.noindex/SwiftExplicitPrecompiledModules -clang-scanner-module-cache-path /Users/admin/builder/spi-builder-workspace/.derivedData/ModuleCache.noindex -sdk-module-cache-path /Users/admin/builder/spi-builder-workspace/.derivedData/SDKExplicitPrecompiledModules -emit-dependencies -emit-module -emit-module-path /Users/admin/builder/spi-builder-workspace/.derivedData/Build/Intermediates.noindex/SaneSwift.build/Debug/SaneTranslations-t.build/Objects-normal/arm64/SaneTranslations.swiftmodule -serialize-diagnostics -dependency-scan-serialize-diagnostics-path /Users/admin/builder/spi-builder-workspace/.derivedData/Build/Intermediates.noindex/SaneSwift.build/Debug/SaneTranslations-t.build/Objects-normal/arm64/SaneTranslations-dependency-scan.dia -validate-clang-modules-once -clang-build-session-file /Users/admin/builder/spi-builder-workspace/.derivedData/ModuleCache.noindex/Session.modulevalidation -Xcc -fmodules-prune-interval\=86400 -Xcc -fmodules-prune-after\=345600 -package-name spi_builder_workspace -emit-const-values -const-gather-protocols-list /Users/admin/builder/spi-builder-workspace/.derivedData/Build/Intermediates.noindex/SaneSwift.build/Debug/SaneTranslations-t.build/Objects-normal/arm64/SaneTranslations_const_extract_protocols.json -Xcc -I/Users/admin/builder/spi-builder-workspace/.derivedData/Build/Products/Debug/include -Xcc -I/Users/admin/builder/spi-builder-workspace/.derivedData/Build/Intermediates.noindex/SaneSwift.build/Debug/SaneTranslations-t.build/DerivedSources-normal/arm64 -Xcc -I/Users/admin/builder/spi-builder-workspace/.derivedData/Build/Intermediates.noindex/SaneSwift.build/Debug/SaneTranslations-t.build/DerivedSources/arm64 -Xcc -I/Users/admin/builder/spi-builder-workspace/.derivedData/Build/Intermediates.noindex/SaneSwift.build/Debug/SaneTranslations-t.build/DerivedSources -Xcc -DSWIFT_PACKAGE -Xcc -DDEBUG\=1 -emit-objc-header -emit-objc-header-path /Users/admin/builder/spi-builder-workspace/.derivedData/Build/Intermediates.noindex/SaneSwift.build/Debug/SaneTranslations-t.build/Objects-normal/arm64/SaneTranslations-Swift.h -working-directory /Users/admin/builder/spi-builder-workspace/.swiftpm/xcode -experimental-emit-module-separately -disable-cmo
PrecompileModule /Users/admin/builder/spi-builder-workspace/.derivedData/Build/Intermediates.noindex/ExplicitPrecompiledModules/_Builtin_stdarg-3452PFVJN9WY58M1K65NI3XTQ.scan
cd /
builtin-precompileModule /Users/admin/builder/spi-builder-workspace/.derivedData/Build/Intermediates.noindex/ExplicitPrecompiledModules/_Builtin_stdarg-3452PFVJN9WY58M1K65NI3XTQ.scan
PrecompileModule /Users/admin/builder/spi-builder-workspace/.derivedData/Build/Intermediates.noindex/ExplicitPrecompiledModules/Sane-DKX2MHL8O8I2QYI5YE71IT45R.scan
cd /
builtin-precompileModule /Users/admin/builder/spi-builder-workspace/.derivedData/Build/Intermediates.noindex/ExplicitPrecompiledModules/Sane-DKX2MHL8O8I2QYI5YE71IT45R.scan
PrecompileModule /Users/admin/builder/spi-builder-workspace/.derivedData/Build/Intermediates.noindex/ExplicitPrecompiledModules/ptrcheck-CPLKX8A7ZJMALPKPTEXZCJFE2.scan
cd /
builtin-precompileModule /Users/admin/builder/spi-builder-workspace/.derivedData/Build/Intermediates.noindex/ExplicitPrecompiledModules/ptrcheck-CPLKX8A7ZJMALPKPTEXZCJFE2.scan
PrecompileModule /Users/admin/builder/spi-builder-workspace/.derivedData/Build/Intermediates.noindex/ExplicitPrecompiledModules/_Builtin_float-EG7J52CRCVYUS1CA70V7T6IWG.scan
cd /
builtin-precompileModule /Users/admin/builder/spi-builder-workspace/.derivedData/Build/Intermediates.noindex/ExplicitPrecompiledModules/_Builtin_float-EG7J52CRCVYUS1CA70V7T6IWG.scan
PrecompileModule /Users/admin/builder/spi-builder-workspace/.derivedData/Build/Intermediates.noindex/ExplicitPrecompiledModules/_Builtin_stddef-7NU4WHSHZ8UIUGYIPSELN5PUY.scan
cd /
builtin-precompileModule /Users/admin/builder/spi-builder-workspace/.derivedData/Build/Intermediates.noindex/ExplicitPrecompiledModules/_Builtin_stddef-7NU4WHSHZ8UIUGYIPSELN5PUY.scan
PrecompileModule /Users/admin/builder/spi-builder-workspace/.derivedData/Build/Intermediates.noindex/ExplicitPrecompiledModules/_Builtin_stdbool-BU3Q33AAFAV7ESF74C3J26AF4.scan
cd /
builtin-precompileModule /Users/admin/builder/spi-builder-workspace/.derivedData/Build/Intermediates.noindex/ExplicitPrecompiledModules/_Builtin_stdbool-BU3Q33AAFAV7ESF74C3J26AF4.scan
PrecompileModule /Users/admin/builder/spi-builder-workspace/.derivedData/Build/Intermediates.noindex/ExplicitPrecompiledModules/ptrauth-E9QPKE8KBFSCB0HP2DWRS0QF9.scan
cd /
builtin-precompileModule /Users/admin/builder/spi-builder-workspace/.derivedData/Build/Intermediates.noindex/ExplicitPrecompiledModules/ptrauth-E9QPKE8KBFSCB0HP2DWRS0QF9.scan
PrecompileModule /Users/admin/builder/spi-builder-workspace/.derivedData/Build/Intermediates.noindex/ExplicitPrecompiledModules/_AvailabilityInternal-99GWWMP15GBGQC7MKEM7M7LCI.scan
cd /
builtin-precompileModule /Users/admin/builder/spi-builder-workspace/.derivedData/Build/Intermediates.noindex/ExplicitPrecompiledModules/_AvailabilityInternal-99GWWMP15GBGQC7MKEM7M7LCI.scan
SwiftExplicitDependencyGeneratePcm arm64 /Users/admin/builder/spi-builder-workspace/.derivedData/SDKExplicitPrecompiledModules/ptrcheck-DHLCBWKPNUZOYTPJ1J3QVTCXK.pcm
SwiftExplicitDependencyGeneratePcm arm64 /Users/admin/builder/spi-builder-workspace/.derivedData/SDKExplicitPrecompiledModules/_Builtin_stdarg-7CFWA9OSW5N24E7PG4ZOCF1VH.pcm
SwiftExplicitDependencyGeneratePcm arm64 /Users/admin/builder/spi-builder-workspace/.derivedData/SDKExplicitPrecompiledModules/_AvailabilityInternal-CJTV5E7EL3MWRA437DUFPBVN2.pcm
SwiftExplicitDependencyGeneratePcm arm64 /Users/admin/builder/spi-builder-workspace/.derivedData/SDKExplicitPrecompiledModules/_Builtin_float-105CRCDRP90FQCQO5ZX1LHV7H.pcm
SwiftExplicitDependencyGeneratePcm arm64 /Users/admin/builder/spi-builder-workspace/.derivedData/SDKExplicitPrecompiledModules/ptrauth-2W92ZJRLNJU99RJUQGGJG3OC3.pcm
SwiftExplicitDependencyGeneratePcm arm64 /Users/admin/builder/spi-builder-workspace/.derivedData/SDKExplicitPrecompiledModules/_SwiftConcurrencyShims-BLUUWKI6AGMD7TJ4RGYS7DP6T.pcm
SwiftExplicitDependencyGeneratePcm arm64 /Users/admin/builder/spi-builder-workspace/.derivedData/SDKExplicitPrecompiledModules/_Builtin_stddef-3GI9GOKXSW3QCTFOI1USFLDZO.pcm
SwiftExplicitDependencyGeneratePcm arm64 /Users/admin/builder/spi-builder-workspace/.derivedData/SDKExplicitPrecompiledModules/_Builtin_stdbool-KYV2HKP8IKLKMKQS9DGA2GUQ.pcm
SwiftExplicitDependencyGeneratePcm arm64 /Users/admin/builder/spi-builder-workspace/.derivedData/SDKExplicitPrecompiledModules/SwiftShims-C4V0DQ62WSTCYBYGILXXGQNO3.pcm
PrecompileModule /Users/admin/builder/spi-builder-workspace/.derivedData/Build/Intermediates.noindex/ExplicitPrecompiledModules/_DarwinFoundation1-40R3W1Y94NDDC62W1ITVU8U3.scan
cd /
builtin-precompileModule /Users/admin/builder/spi-builder-workspace/.derivedData/Build/Intermediates.noindex/ExplicitPrecompiledModules/_DarwinFoundation1-40R3W1Y94NDDC62W1ITVU8U3.scan
SwiftExplicitDependencyGeneratePcm arm64 /Users/admin/builder/spi-builder-workspace/.derivedData/SDKExplicitPrecompiledModules/_DarwinFoundation1-7PRJIG163YE9KSKYA3BS35ZZP.pcm
PrecompileModule /Users/admin/builder/spi-builder-workspace/.derivedData/Build/Intermediates.noindex/ExplicitPrecompiledModules/_Builtin_limits-8Y34Q28FWB7ZZEF74GSZAW2UG.scan
cd /
builtin-precompileModule /Users/admin/builder/spi-builder-workspace/.derivedData/Build/Intermediates.noindex/ExplicitPrecompiledModules/_Builtin_limits-8Y34Q28FWB7ZZEF74GSZAW2UG.scan
PrecompileModule /Users/admin/builder/spi-builder-workspace/.derivedData/Build/Intermediates.noindex/ExplicitPrecompiledModules/_DarwinFoundation2-APORPNC3E7L72SRA6XUVUR5VX.scan
cd /
builtin-precompileModule /Users/admin/builder/spi-builder-workspace/.derivedData/Build/Intermediates.noindex/ExplicitPrecompiledModules/_DarwinFoundation2-APORPNC3E7L72SRA6XUVUR5VX.scan
SwiftExplicitDependencyGeneratePcm arm64 /Users/admin/builder/spi-builder-workspace/.derivedData/SDKExplicitPrecompiledModules/_DarwinFoundation2-94WUUGE4H5R03OWXE0QFZX1DN.pcm
SwiftExplicitDependencyGeneratePcm arm64 /Users/admin/builder/spi-builder-workspace/.derivedData/SDKExplicitPrecompiledModules/_Builtin_limits-AXGUGXBFPC0I7QDLJFB0K341Y.pcm
PrecompileModule /Users/admin/builder/spi-builder-workspace/.derivedData/Build/Intermediates.noindex/ExplicitPrecompiledModules/_Builtin_stdint-6TYR0UG2IP7GUK0MD8MP615KM.scan
cd /
builtin-precompileModule /Users/admin/builder/spi-builder-workspace/.derivedData/Build/Intermediates.noindex/ExplicitPrecompiledModules/_Builtin_stdint-6TYR0UG2IP7GUK0MD8MP615KM.scan
PrecompileModule /Users/admin/builder/spi-builder-workspace/.derivedData/Build/Intermediates.noindex/ExplicitPrecompiledModules/_DarwinFoundation3-K8FNSESZCE1R0GU413U2PDG6.scan
cd /
builtin-precompileModule /Users/admin/builder/spi-builder-workspace/.derivedData/Build/Intermediates.noindex/ExplicitPrecompiledModules/_DarwinFoundation3-K8FNSESZCE1R0GU413U2PDG6.scan
PrecompileModule /Users/admin/builder/spi-builder-workspace/.derivedData/Build/Intermediates.noindex/ExplicitPrecompiledModules/libDER-C0EDTBSL8FQF8UBFRJZ4FZXBM.scan
cd /
builtin-precompileModule /Users/admin/builder/spi-builder-workspace/.derivedData/Build/Intermediates.noindex/ExplicitPrecompiledModules/libDER-C0EDTBSL8FQF8UBFRJZ4FZXBM.scan
SwiftExplicitDependencyGeneratePcm arm64 /Users/admin/builder/spi-builder-workspace/.derivedData/SDKExplicitPrecompiledModules/string_h-10WPXBF3YFYMX5HUAW06LSABR.pcm
SwiftExplicitDependencyGeneratePcm arm64 /Users/admin/builder/spi-builder-workspace/.derivedData/SDKExplicitPrecompiledModules/sys_types-F4RNCN6UR5R5OWTLTOUM7TN3E.pcm
SwiftExplicitDependencyGeneratePcm arm64 /Users/admin/builder/spi-builder-workspace/.derivedData/SDKExplicitPrecompiledModules/_Builtin_stdint-22CBBOK8BNSF0UELDCAXSHGB.pcm
PrecompileModule /Users/admin/builder/spi-builder-workspace/.derivedData/Build/Intermediates.noindex/ExplicitPrecompiledModules/libxml2-6RUR2SPFC1TW1KHUMOVRYGN5E.scan
cd /
builtin-precompileModule /Users/admin/builder/spi-builder-workspace/.derivedData/Build/Intermediates.noindex/ExplicitPrecompiledModules/libxml2-6RUR2SPFC1TW1KHUMOVRYGN5E.scan
PrecompileModule /Users/admin/builder/spi-builder-workspace/.derivedData/Build/Intermediates.noindex/ExplicitPrecompiledModules/_Builtin_inttypes-E6R9AWCLPNQF4G1D4LHWQ62.scan
cd /
builtin-precompileModule /Users/admin/builder/spi-builder-workspace/.derivedData/Build/Intermediates.noindex/ExplicitPrecompiledModules/_Builtin_inttypes-E6R9AWCLPNQF4G1D4LHWQ62.scan
PrecompileModule /Users/admin/builder/spi-builder-workspace/.derivedData/Build/Intermediates.noindex/ExplicitPrecompiledModules/Darwin-D45LYXK0T6YLN3ETRCHFKH3SW.scan
cd /
builtin-precompileModule /Users/admin/builder/spi-builder-workspace/.derivedData/Build/Intermediates.noindex/ExplicitPrecompiledModules/Darwin-D45LYXK0T6YLN3ETRCHFKH3SW.scan
SwiftExplicitDependencyGeneratePcm arm64 /Users/admin/builder/spi-builder-workspace/.derivedData/SDKExplicitPrecompiledModules/libDER-5RCYOD0PCUUY2UGMBNE9LI8N9.pcm
SwiftExplicitDependencyGeneratePcm arm64 /Users/admin/builder/spi-builder-workspace/.derivedData/SDKExplicitPrecompiledModules/_DarwinFoundation3-32PO5Q4RCB6WXH5VFO3HA3AVS.pcm
SwiftExplicitDependencyGeneratePcm arm64 /Users/admin/builder/spi-builder-workspace/.derivedData/SDKExplicitPrecompiledModules/_Builtin_inttypes-1U6AP9A8AJ4G9WD98E9RHLGTJ.pcm
SwiftExplicitDependencyGeneratePcm arm64 /Users/admin/builder/spi-builder-workspace/.derivedData/SDKExplicitPrecompiledModules/Darwin-1RAAWNGKQM8YGHV0YJNNN5YDY.pcm
PrecompileModule /Users/admin/builder/spi-builder-workspace/.derivedData/Build/Intermediates.noindex/ExplicitPrecompiledModules/libkern-7HSEL04J5P67IZ2QBSM2OPLAL.scan
cd /
builtin-precompileModule /Users/admin/builder/spi-builder-workspace/.derivedData/Build/Intermediates.noindex/ExplicitPrecompiledModules/libkern-7HSEL04J5P67IZ2QBSM2OPLAL.scan
PrecompileModule /Users/admin/builder/spi-builder-workspace/.derivedData/Build/Intermediates.noindex/ExplicitPrecompiledModules/launch-7EFKM6YQC4T3IL37G0MQ43BSI.scan
cd /
builtin-precompileModule /Users/admin/builder/spi-builder-workspace/.derivedData/Build/Intermediates.noindex/ExplicitPrecompiledModules/launch-7EFKM6YQC4T3IL37G0MQ43BSI.scan
PrecompileModule /Users/admin/builder/spi-builder-workspace/.derivedData/Build/Intermediates.noindex/ExplicitPrecompiledModules/MachO-7N33WG8H978D15C1YF4LU4YGA.scan
cd /
builtin-precompileModule /Users/admin/builder/spi-builder-workspace/.derivedData/Build/Intermediates.noindex/ExplicitPrecompiledModules/MachO-7N33WG8H978D15C1YF4LU4YGA.scan
PrecompileModule /Users/admin/builder/spi-builder-workspace/.derivedData/Build/Intermediates.noindex/ExplicitPrecompiledModules/ObjectiveC-DFGZLXVDZ65KC84W1B0K77TX0.scan
cd /
builtin-precompileModule /Users/admin/builder/spi-builder-workspace/.derivedData/Build/Intermediates.noindex/ExplicitPrecompiledModules/ObjectiveC-DFGZLXVDZ65KC84W1B0K77TX0.scan
PrecompileModule /Users/admin/builder/spi-builder-workspace/.derivedData/Build/Intermediates.noindex/ExplicitPrecompiledModules/os_object-CZZBCAZIHYZZ53UC71ASCPEYK.scan
cd /
builtin-precompileModule /Users/admin/builder/spi-builder-workspace/.derivedData/Build/Intermediates.noindex/ExplicitPrecompiledModules/os_object-CZZBCAZIHYZZ53UC71ASCPEYK.scan
PrecompileModule /Users/admin/builder/spi-builder-workspace/.derivedData/Build/Intermediates.noindex/ExplicitPrecompiledModules/os_workgroup-ETFLJRU46RNZHNVK443V2PJV8.scan
cd /
builtin-precompileModule /Users/admin/builder/spi-builder-workspace/.derivedData/Build/Intermediates.noindex/ExplicitPrecompiledModules/os_workgroup-ETFLJRU46RNZHNVK443V2PJV8.scan
SwiftExplicitDependencyGeneratePcm arm64 /Users/admin/builder/spi-builder-workspace/.derivedData/SDKExplicitPrecompiledModules/launch-2XAORMJNLLVS0OVKC1M0752GY.pcm
SwiftExplicitDependencyGeneratePcm arm64 /Users/admin/builder/spi-builder-workspace/.derivedData/SDKExplicitPrecompiledModules/MachO-AWTJ65TFR7TMST2NUE6ZCC1SL.pcm
SwiftExplicitDependencyGeneratePcm arm64 /Users/admin/builder/spi-builder-workspace/.derivedData/SDKExplicitPrecompiledModules/libkern-22MDXN9G35RPO3OLKX9B2PN16.pcm
PrecompileModule /Users/admin/builder/spi-builder-workspace/.derivedData/Build/Intermediates.noindex/ExplicitPrecompiledModules/Dispatch-2NXSJ2IGOZRNHA7KIKRZS46X1.scan
cd /
builtin-precompileModule /Users/admin/builder/spi-builder-workspace/.derivedData/Build/Intermediates.noindex/ExplicitPrecompiledModules/Dispatch-2NXSJ2IGOZRNHA7KIKRZS46X1.scan
PrecompileModule /Users/admin/builder/spi-builder-workspace/.derivedData/Build/Intermediates.noindex/ExplicitPrecompiledModules/CoreFoundation-8GEM9QFSCZ2D5V4IT53U25AYU.scan
cd /
builtin-precompileModule /Users/admin/builder/spi-builder-workspace/.derivedData/Build/Intermediates.noindex/ExplicitPrecompiledModules/CoreFoundation-8GEM9QFSCZ2D5V4IT53U25AYU.scan
PrecompileModule /Users/admin/builder/spi-builder-workspace/.derivedData/Build/Intermediates.noindex/ExplicitPrecompiledModules/XPC-ADW78A9VT510Y017SKD5GLJC8.scan
cd /
builtin-precompileModule /Users/admin/builder/spi-builder-workspace/.derivedData/Build/Intermediates.noindex/ExplicitPrecompiledModules/XPC-ADW78A9VT510Y017SKD5GLJC8.scan
SwiftExplicitDependencyGeneratePcm arm64 /Users/admin/builder/spi-builder-workspace/.derivedData/SDKExplicitPrecompiledModules/ObjectiveC-B89IQP2TC4CFSWOUMTUZRI1VZ.pcm
PrecompileModule /Users/admin/builder/spi-builder-workspace/.derivedData/Build/Intermediates.noindex/ExplicitPrecompiledModules/Security-BMDY2ZNX5UQ8TUEYGTQ4RNNSE.scan
cd /
builtin-precompileModule /Users/admin/builder/spi-builder-workspace/.derivedData/Build/Intermediates.noindex/ExplicitPrecompiledModules/Security-BMDY2ZNX5UQ8TUEYGTQ4RNNSE.scan
PrecompileModule /Users/admin/builder/spi-builder-workspace/.derivedData/Build/Intermediates.noindex/ExplicitPrecompiledModules/IOKit-35EZ1Q9CM94QJROK9NCLUXMML.scan
cd /
builtin-precompileModule /Users/admin/builder/spi-builder-workspace/.derivedData/Build/Intermediates.noindex/ExplicitPrecompiledModules/IOKit-35EZ1Q9CM94QJROK9NCLUXMML.scan
PrecompileModule /Users/admin/builder/spi-builder-workspace/.derivedData/Build/Intermediates.noindex/ExplicitPrecompiledModules/CFNetwork-2BPPTUBRWGG7SCCNCV6KRR97T.scan
cd /
builtin-precompileModule /Users/admin/builder/spi-builder-workspace/.derivedData/Build/Intermediates.noindex/ExplicitPrecompiledModules/CFNetwork-2BPPTUBRWGG7SCCNCV6KRR97T.scan
SwiftExplicitDependencyGeneratePcm arm64 /Users/admin/builder/spi-builder-workspace/.derivedData/SDKExplicitPrecompiledModules/os_object-3KLCCI03OX6OQTLJ92KQH2KIO.pcm
SwiftExplicitDependencyGeneratePcm arm64 /Users/admin/builder/spi-builder-workspace/.derivedData/SDKExplicitPrecompiledModules/os_workgroup-10SJ5M8R2OB4BG1TPFL9SZMKV.pcm
SwiftExplicitDependencyGeneratePcm arm64 /Users/admin/builder/spi-builder-workspace/.derivedData/SDKExplicitPrecompiledModules/Dispatch-NAMWF9KN29KC7Z5OS3TTTAE8.pcm
PrecompileModule /Users/admin/builder/spi-builder-workspace/.derivedData/Build/Intermediates.noindex/ExplicitPrecompiledModules/CoreGraphics-53EK87RGWH8N06GCJDPQVRRSK.scan
cd /
builtin-precompileModule /Users/admin/builder/spi-builder-workspace/.derivedData/Build/Intermediates.noindex/ExplicitPrecompiledModules/CoreGraphics-53EK87RGWH8N06GCJDPQVRRSK.scan
PrecompileModule /Users/admin/builder/spi-builder-workspace/.derivedData/Build/Intermediates.noindex/ExplicitPrecompiledModules/DiskArbitration-4BLQXU3Q54C1T079AXYP9DVC6.scan
cd /
builtin-precompileModule /Users/admin/builder/spi-builder-workspace/.derivedData/Build/Intermediates.noindex/ExplicitPrecompiledModules/DiskArbitration-4BLQXU3Q54C1T079AXYP9DVC6.scan
PrecompileModule /Users/admin/builder/spi-builder-workspace/.derivedData/Build/Intermediates.noindex/ExplicitPrecompiledModules/CoreServices-2O50WHTYNXPG0C2ZSLNJEDJT8.scan
cd /
builtin-precompileModule /Users/admin/builder/spi-builder-workspace/.derivedData/Build/Intermediates.noindex/ExplicitPrecompiledModules/CoreServices-2O50WHTYNXPG0C2ZSLNJEDJT8.scan
SwiftExplicitDependencyGeneratePcm arm64 /Users/admin/builder/spi-builder-workspace/.derivedData/SDKExplicitPrecompiledModules/XPC-E1MSAZG4ZNL24S2WK6K6Y7GWW.pcm
SwiftExplicitDependencyGeneratePcm arm64 /Users/admin/builder/spi-builder-workspace/.derivedData/SDKExplicitPrecompiledModules/CoreFoundation-4ZIITQ30SOGUQE8KJAB99ZV0Q.pcm
SwiftExplicitDependencyGeneratePcm arm64 /Users/admin/builder/spi-builder-workspace/.derivedData/SDKExplicitPrecompiledModules/IOKit-6H3X691EDBH124EYTC2PEOP5T.pcm
SwiftExplicitDependencyGeneratePcm arm64 /Users/admin/builder/spi-builder-workspace/.derivedData/SDKExplicitPrecompiledModules/CFNetwork-CVHS5CT20191MFYXQIEDWSRGJ.pcm
SwiftExplicitDependencyGeneratePcm arm64 /Users/admin/builder/spi-builder-workspace/.derivedData/SDKExplicitPrecompiledModules/Security-ESPJ7FP0YAY1EL3VXBGY9MCZ8.pcm
PrecompileModule /Users/admin/builder/spi-builder-workspace/.derivedData/Build/Intermediates.noindex/ExplicitPrecompiledModules/Foundation-AQJZ2RIX2WT5KAE70I8GCBVLB.scan
cd /
builtin-precompileModule /Users/admin/builder/spi-builder-workspace/.derivedData/Build/Intermediates.noindex/ExplicitPrecompiledModules/Foundation-AQJZ2RIX2WT5KAE70I8GCBVLB.scan
SwiftExplicitDependencyGeneratePcm arm64 /Users/admin/builder/spi-builder-workspace/.derivedData/SDKExplicitPrecompiledModules/DiskArbitration-ZNZZU7T0SYELB0DAR56WQF0R.pcm
SwiftExplicitDependencyGeneratePcm arm64 /Users/admin/builder/spi-builder-workspace/.derivedData/SDKExplicitPrecompiledModules/CoreServices-CGCGY0FOMEQGSNMO3HQSC09XU.pcm
CompileC /Users/admin/builder/spi-builder-workspace/.derivedData/Build/Intermediates.noindex/SaneSwift.build/Debug/SaneSwiftC-t.build/Objects-normal/arm64/SaneSwiftC.o /Users/admin/builder/spi-builder-workspace/Sources/SaneSwiftC/SaneSwiftC.m normal arm64 objective-c com.apple.compilers.llvm.clang.1_0.compiler (in target 'SaneSwiftC' from project 'SaneSwift')
cd /Users/admin/builder/spi-builder-workspace/.swiftpm/xcode
Using response file: /Users/admin/builder/spi-builder-workspace/.derivedData/Build/Intermediates.noindex/SaneSwift.build/Debug/SaneSwiftC-t.build/Objects-normal/arm64/e6072d4f65d7061329687fe24e3d63a7-common-args.resp
/Applications/Xcode-27.0.0-Release.Candidate.app/Contents/Developer/Toolchains/XcodeDefault.xctoolchain/usr/bin/clang -x objective-c -ivfsstatcache /Users/admin/builder/spi-builder-workspace/.derivedData/SDKStatCaches.noindex/macosx27.0-26A425-e829b21a6f8c9b70876ba0858053c0446a22442a12e9d48fe1a705f55a1adfc4.sdkstatcache -target arm64-apple-macos12.0 -fmessage-length\=0 -fdiagnostics-show-note-include-stack -fmacro-backtrace-limit\=0 -fno-color-diagnostics -fmodules-prune-interval\=86400 -fmodules-prune-after\=345600 -fbuild-session-file\=/Users/admin/builder/spi-builder-workspace/.derivedData/ModuleCache.noindex/Session.modulevalidation -fmodules-validate-once-per-build-session -Wnon-modular-include-in-framework-module -Werror\=non-modular-include-in-framework-module -Wno-trigraphs -Wno-missing-field-initializers -Wno-missing-prototypes -Wno-return-type -Wno-implicit-atomic-properties -Wno-objc-interface-ivars -Wno-arc-repeated-use-of-weak -Wno-missing-braces -Wparentheses -Wswitch -Wno-unused-function -Wno-unused-label -Wno-unused-parameter -Wno-unused-variable -Wunused-value -Wno-empty-body -Wno-uninitialized -Wno-unknown-pragmas -Wno-shadow -Wno-four-char-constants -Wno-conversion -Wno-constant-conversion -Wno-int-conversion -Wno-bool-conversion -Wno-enum-conversion -Wno-float-conversion -Wno-non-literal-null-conversion -Wno-objc-literal-conversion -Wshorten-64-to-32 -Wpointer-sign -Wno-newline-eof -Wno-selector -Wno-strict-selector-match -Wno-undeclared-selector -Wno-deprecated-implementations -Wno-implicit-fallthrough -isysroot /Applications/Xcode-27.0.0-Release.Candidate.app/Contents/Developer/Platforms/MacOSX.platform/Developer/SDKs/MacOSX27.0.sdk -fstrict-aliasing -Wprotocol -Wdeprecated-declarations -Wno-sign-conversion -Wno-infinite-recursion -Wno-comma -Wno-block-capture-autoreleasing -Wno-strict-prototypes -Wno-semicolon-before-method-body -index-store-path /Users/admin/builder/spi-builder-workspace/.derivedData/Index.noindex/DataStore @/Users/admin/builder/spi-builder-workspace/.derivedData/Build/Intermediates.noindex/SaneSwift.build/Debug/SaneSwiftC-t.build/Objects-normal/arm64/e6072d4f65d7061329687fe24e3d63a7-common-args.resp -MMD -MT dependencies -MF /Users/admin/builder/spi-builder-workspace/.derivedData/Build/Intermediates.noindex/SaneSwift.build/Debug/SaneSwiftC-t.build/Objects-normal/arm64/SaneSwiftC.d --serialize-diagnostics /Users/admin/builder/spi-builder-workspace/.derivedData/Build/Intermediates.noindex/SaneSwift.build/Debug/SaneSwiftC-t.build/Objects-normal/arm64/SaneSwiftC.dia -c /Users/admin/builder/spi-builder-workspace/Sources/SaneSwiftC/SaneSwiftC.m -o /Users/admin/builder/spi-builder-workspace/.derivedData/Build/Intermediates.noindex/SaneSwift.build/Debug/SaneSwiftC-t.build/Objects-normal/arm64/SaneSwiftC.o -index-unit-output-path /SaneSwift.build/Debug/SaneSwiftC-t.build/Objects-normal/arm64/SaneSwiftC.o
Ld /Users/admin/builder/spi-builder-workspace/.derivedData/Build/Products/Debug/SaneSwiftC.o normal (in target 'SaneSwiftC' from project 'SaneSwift')
cd /Users/admin/builder/spi-builder-workspace
/Applications/Xcode-27.0.0-Release.Candidate.app/Contents/Developer/Toolchains/XcodeDefault.xctoolchain/usr/bin/clang -Xlinker -reproducible -target arm64-apple-macos12.0 -r -isysroot /Applications/Xcode-27.0.0-Release.Candidate.app/Contents/Developer/Platforms/MacOSX.platform/Developer/SDKs/MacOSX27.0.sdk -O0 -Xlinker -no_warn_duplicate_libraries -F/Users/admin/builder/spi-builder-workspace/.derivedData/Build/Intermediates.noindex/EagerLinkingTBDs/Debug -F/Users/admin/builder/spi-builder-workspace/.derivedData/Build/Products/Debug -iframework /Applications/Xcode-27.0.0-Release.Candidate.app/Contents/Developer/Platforms/MacOSX.platform/Developer/Library/Frameworks -filelist /Users/admin/builder/spi-builder-workspace/.derivedData/Build/Intermediates.noindex/SaneSwift.build/Debug/SaneSwiftC-t.build/Objects-normal/arm64/SaneSwiftC.LinkFileList -nostdlib -Xlinker -object_path_lto -Xlinker /Users/admin/builder/spi-builder-workspace/.derivedData/Build/Intermediates.noindex/SaneSwift.build/Debug/SaneSwiftC-t.build/Objects-normal/arm64/SaneSwiftC_lto.o -Xlinker -no_deduplicate -Xlinker -debug_variant -Xlinker -dependency_info -Xlinker /Users/admin/builder/spi-builder-workspace/.derivedData/Build/Intermediates.noindex/SaneSwift.build/Debug/SaneSwiftC-t.build/Objects-normal/arm64/SaneSwiftC_dependency_info.dat -fobjc-arc -fobjc-link-runtime -o /Users/admin/builder/spi-builder-workspace/.derivedData/Build/Products/Debug/SaneSwiftC.o
SwiftExplicitDependencyGeneratePcm arm64 /Users/admin/builder/spi-builder-workspace/.derivedData/SDKExplicitPrecompiledModules/Foundation-44WR0NU86C67CV5BW8W1MGKNG.pcm
SwiftCompile normal arm64 Compiling\ Translation.swift /Users/admin/builder/spi-builder-workspace/Sources/SaneTranslations/Translation.swift (in target 'SaneTranslations' from project 'SaneSwift')
SwiftCompile normal arm64 /Users/admin/builder/spi-builder-workspace/Sources/SaneTranslations/Translation.swift (in target 'SaneTranslations' from project 'SaneSwift')
cd /Users/admin/builder/spi-builder-workspace/.swiftpm/xcode
builtin-SwiftPerFileCompile Translation.swift
SwiftEmitModule normal arm64 Emitting\ module\ for\ SaneTranslations (in target 'SaneTranslations' from project 'SaneSwift')
SwiftCompile normal arm64 (in target 'SaneTranslations' from project 'SaneSwift')
cd /Users/admin/builder/spi-builder-workspace/.swiftpm/xcode
SwiftCompile normal arm64 Compiling\ resource_bundle_accessor.swift /Users/admin/builder/spi-builder-workspace/.derivedData/Build/Intermediates.noindex/SaneSwift.build/Debug/SaneTranslations-t.build/DerivedSources/resource_bundle_accessor.swift (in target 'SaneTranslations' from project 'SaneSwift')
SwiftCompile normal arm64 /Users/admin/builder/spi-builder-workspace/.derivedData/Build/Intermediates.noindex/SaneSwift.build/Debug/SaneTranslations-t.build/DerivedSources/resource_bundle_accessor.swift (in target 'SaneTranslations' from project 'SaneSwift')
cd /Users/admin/builder/spi-builder-workspace/.swiftpm/xcode
builtin-SwiftPerFileCompile resource_bundle_accessor.swift
SwiftDriverJobDiscovery normal arm64 Emitting module for SaneTranslations (in target 'SaneTranslations' from project 'SaneSwift')
SwiftDriver\ Compilation\ Requirements SaneTranslations normal arm64 com.apple.xcode.tools.swift.compiler (in target 'SaneTranslations' from project 'SaneSwift')
cd /Users/admin/builder/spi-builder-workspace/.swiftpm/xcode
builtin-Swift-Compilation-Requirements -- /Applications/Xcode-27.0.0-Release.Candidate.app/Contents/Developer/Toolchains/XcodeDefault.xctoolchain/usr/bin/swiftc -parse-as-library -module-name SaneTranslations -Onone @/Users/admin/builder/spi-builder-workspace/.derivedData/Build/Intermediates.noindex/SaneSwift.build/Debug/SaneTranslations-t.build/Objects-normal/arm64/SaneTranslations.SwiftFileList -DSWIFT_PACKAGE -DDEBUG -DSWIFT_MODULE_RESOURCE_BUNDLE_AVAILABLE -DXcode -plugin-path /Applications/Xcode-27.0.0-Release.Candidate.app/Contents/Developer/Toolchains/XcodeDefault.xctoolchain/usr/lib/swift/host/plugins/testing -enable-experimental-feature DebugDescriptionMacro -sdk /Applications/Xcode-27.0.0-Release.Candidate.app/Contents/Developer/Platforms/MacOSX.platform/Developer/SDKs/MacOSX27.0.sdk -target arm64-apple-macos12.0 -g -module-cache-path /Users/admin/builder/spi-builder-workspace/.derivedData/ModuleCache.noindex -Xfrontend -serialize-debugging-options -profile-coverage-mapping -profile-generate -enable-testing -index-store-path /Users/admin/builder/spi-builder-workspace/.derivedData/Index.noindex/DataStore -Xcc -D_LIBCPP_HARDENING_MODE\=_LIBCPP_HARDENING_MODE_DEBUG -swift-version 5 -I /Users/admin/builder/spi-builder-workspace/.derivedData/Build/Products/Debug -Isystem /Applications/Xcode-27.0.0-Release.Candidate.app/Contents/Developer/Platforms/MacOSX.platform/Developer/usr/lib -F /Users/admin/builder/spi-builder-workspace/.derivedData/Build/Products/Debug -F /Applications/Xcode-27.0.0-Release.Candidate.app/Contents/Developer/Platforms/MacOSX.platform/Developer/Library/Frameworks -emit-localized-strings -emit-localized-strings-path /Users/admin/builder/spi-builder-workspace/.derivedData/Build/Intermediates.noindex/SaneSwift.build/Debug/SaneTranslations-t.build/Objects-normal/arm64 -c -j10 -enable-batch-mode -incremental -Xcc -ivfsstatcache -Xcc /Users/admin/builder/spi-builder-workspace/.derivedData/SDKStatCaches.noindex/macosx27.0-26A425-e829b21a6f8c9b70876ba0858053c0446a22442a12e9d48fe1a705f55a1adfc4.sdkstatcache -output-file-map /Users/admin/builder/spi-builder-workspace/.derivedData/Build/Intermediates.noindex/SaneSwift.build/Debug/SaneTranslations-t.build/Objects-normal/arm64/SaneTranslations-OutputFileMap.json -save-temps -no-color-diagnostics -explicit-module-build -module-cache-path /Users/admin/builder/spi-builder-workspace/.derivedData/Build/Intermediates.noindex/SwiftExplicitPrecompiledModules -clang-scanner-module-cache-path /Users/admin/builder/spi-builder-workspace/.derivedData/ModuleCache.noindex -sdk-module-cache-path /Users/admin/builder/spi-builder-workspace/.derivedData/SDKExplicitPrecompiledModules -emit-dependencies -emit-module -emit-module-path /Users/admin/builder/spi-builder-workspace/.derivedData/Build/Intermediates.noindex/SaneSwift.build/Debug/SaneTranslations-t.build/Objects-normal/arm64/SaneTranslations.swiftmodule -serialize-diagnostics -dependency-scan-serialize-diagnostics-path /Users/admin/builder/spi-builder-workspace/.derivedData/Build/Intermediates.noindex/SaneSwift.build/Debug/SaneTranslations-t.build/Objects-normal/arm64/SaneTranslations-dependency-scan.dia -validate-clang-modules-once -clang-build-session-file /Users/admin/builder/spi-builder-workspace/.derivedData/ModuleCache.noindex/Session.modulevalidation -Xcc -fmodules-prune-interval\=86400 -Xcc -fmodules-prune-after\=345600 -package-name spi_builder_workspace -emit-const-values -const-gather-protocols-list /Users/admin/builder/spi-builder-workspace/.derivedData/Build/Intermediates.noindex/SaneSwift.build/Debug/SaneTranslations-t.build/Objects-normal/arm64/SaneTranslations_const_extract_protocols.json -Xcc -I/Users/admin/builder/spi-builder-workspace/.derivedData/Build/Products/Debug/include -Xcc -I/Users/admin/builder/spi-builder-workspace/.derivedData/Build/Intermediates.noindex/SaneSwift.build/Debug/SaneTranslations-t.build/DerivedSources-normal/arm64 -Xcc -I/Users/admin/builder/spi-builder-workspace/.derivedData/Build/Intermediates.noindex/SaneSwift.build/Debug/SaneTranslations-t.build/DerivedSources/arm64 -Xcc -I/Users/admin/builder/spi-builder-workspace/.derivedData/Build/Intermediates.noindex/SaneSwift.build/Debug/SaneTranslations-t.build/DerivedSources -Xcc -DSWIFT_PACKAGE -Xcc -DDEBUG\=1 -emit-objc-header -emit-objc-header-path /Users/admin/builder/spi-builder-workspace/.derivedData/Build/Intermediates.noindex/SaneSwift.build/Debug/SaneTranslations-t.build/Objects-normal/arm64/SaneTranslations-Swift.h -working-directory /Users/admin/builder/spi-builder-workspace/.swiftpm/xcode -experimental-emit-module-separately -disable-cmo
SwiftMergeGeneratedHeaders /Users/admin/builder/spi-builder-workspace/.derivedData/Build/Intermediates.noindex/GeneratedModuleMaps/SaneTranslations-Swift.h /Users/admin/builder/spi-builder-workspace/.derivedData/Build/Intermediates.noindex/SaneSwift.build/Debug/SaneTranslations-t.build/Objects-normal/arm64/SaneTranslations-Swift.h (in target 'SaneTranslations' from project 'SaneSwift')
cd /Users/admin/builder/spi-builder-workspace
builtin-swiftHeaderTool -arch arm64 /Users/admin/builder/spi-builder-workspace/.derivedData/Build/Intermediates.noindex/SaneSwift.build/Debug/SaneTranslations-t.build/Objects-normal/arm64/SaneTranslations-Swift.h -o /Users/admin/builder/spi-builder-workspace/.derivedData/Build/Intermediates.noindex/GeneratedModuleMaps/SaneTranslations-Swift.h
Copy /Users/admin/builder/spi-builder-workspace/.derivedData/Build/Products/Debug/SaneTranslations.swiftmodule/arm64-apple-macos.swiftdoc /Users/admin/builder/spi-builder-workspace/.derivedData/Build/Intermediates.noindex/SaneSwift.build/Debug/SaneTranslations-t.build/Objects-normal/arm64/SaneTranslations.swiftdoc (in target 'SaneTranslations' from project 'SaneSwift')
cd /Users/admin/builder/spi-builder-workspace
builtin-copy -exclude .DS_Store -exclude CVS -exclude .svn -exclude .git -exclude .hg -resolve-src-symlinks -rename /Users/admin/builder/spi-builder-workspace/.derivedData/Build/Intermediates.noindex/SaneSwift.build/Debug/SaneTranslations-t.build/Objects-normal/arm64/SaneTranslations.swiftdoc /Users/admin/builder/spi-builder-workspace/.derivedData/Build/Products/Debug/SaneTranslations.swiftmodule/arm64-apple-macos.swiftdoc
Copy /Users/admin/builder/spi-builder-workspace/.derivedData/Build/Products/Debug/SaneTranslations.swiftmodule/arm64-apple-macos.swiftmodule /Users/admin/builder/spi-builder-workspace/.derivedData/Build/Intermediates.noindex/SaneSwift.build/Debug/SaneTranslations-t.build/Objects-normal/arm64/SaneTranslations.swiftmodule (in target 'SaneTranslations' from project 'SaneSwift')
cd /Users/admin/builder/spi-builder-workspace
builtin-copy -exclude .DS_Store -exclude CVS -exclude .svn -exclude .git -exclude .hg -resolve-src-symlinks -rename /Users/admin/builder/spi-builder-workspace/.derivedData/Build/Intermediates.noindex/SaneSwift.build/Debug/SaneTranslations-t.build/Objects-normal/arm64/SaneTranslations.swiftmodule /Users/admin/builder/spi-builder-workspace/.derivedData/Build/Products/Debug/SaneTranslations.swiftmodule/arm64-apple-macos.swiftmodule
Copy /Users/admin/builder/spi-builder-workspace/.derivedData/Build/Products/Debug/SaneTranslations.swiftmodule/arm64-apple-macos.abi.json /Users/admin/builder/spi-builder-workspace/.derivedData/Build/Intermediates.noindex/SaneSwift.build/Debug/SaneTranslations-t.build/Objects-normal/arm64/SaneTranslations.abi.json (in target 'SaneTranslations' from project 'SaneSwift')
cd /Users/admin/builder/spi-builder-workspace
builtin-copy -exclude .DS_Store -exclude CVS -exclude .svn -exclude .git -exclude .hg -resolve-src-symlinks -rename /Users/admin/builder/spi-builder-workspace/.derivedData/Build/Intermediates.noindex/SaneSwift.build/Debug/SaneTranslations-t.build/Objects-normal/arm64/SaneTranslations.abi.json /Users/admin/builder/spi-builder-workspace/.derivedData/Build/Products/Debug/SaneTranslations.swiftmodule/arm64-apple-macos.abi.json
Copy /Users/admin/builder/spi-builder-workspace/.derivedData/Build/Products/Debug/SaneTranslations.swiftmodule/Project/arm64-apple-macos.swiftsourceinfo /Users/admin/builder/spi-builder-workspace/.derivedData/Build/Intermediates.noindex/SaneSwift.build/Debug/SaneTranslations-t.build/Objects-normal/arm64/SaneTranslations.swiftsourceinfo (in target 'SaneTranslations' from project 'SaneSwift')
cd /Users/admin/builder/spi-builder-workspace
builtin-copy -exclude .DS_Store -exclude CVS -exclude .svn -exclude .git -exclude .hg -resolve-src-symlinks -rename /Users/admin/builder/spi-builder-workspace/.derivedData/Build/Intermediates.noindex/SaneSwift.build/Debug/SaneTranslations-t.build/Objects-normal/arm64/SaneTranslations.swiftsourceinfo /Users/admin/builder/spi-builder-workspace/.derivedData/Build/Products/Debug/SaneTranslations.swiftmodule/Project/arm64-apple-macos.swiftsourceinfo
SwiftDriver SaneSwift normal arm64 com.apple.xcode.tools.swift.compiler (in target 'SaneSwift' from project 'SaneSwift')
cd /Users/admin/builder/spi-builder-workspace/.swiftpm/xcode
builtin-SwiftDriver -- /Applications/Xcode-27.0.0-Release.Candidate.app/Contents/Developer/Toolchains/XcodeDefault.xctoolchain/usr/bin/swiftc -parse-as-library -module-name SaneSwift -Onone @/Users/admin/builder/spi-builder-workspace/.derivedData/Build/Intermediates.noindex/SaneSwift.build/Debug/SaneSwift-t.build/Objects-normal/arm64/SaneSwift.SwiftFileList -DSWIFT_PACKAGE -DDEBUG -DSWIFT_MODULE_RESOURCE_BUNDLE_UNAVAILABLE -Xcc -fmodule-map-file\=/Users/admin/builder/spi-builder-workspace/.derivedData/Build/Intermediates.noindex/GeneratedModuleMaps/SaneSwiftC.modulemap -DXcode -plugin-path /Applications/Xcode-27.0.0-Release.Candidate.app/Contents/Developer/Toolchains/XcodeDefault.xctoolchain/usr/lib/swift/host/plugins/testing -enable-experimental-feature DebugDescriptionMacro -sdk /Applications/Xcode-27.0.0-Release.Candidate.app/Contents/Developer/Platforms/MacOSX.platform/Developer/SDKs/MacOSX27.0.sdk -target arm64-apple-macos12.0 -g -module-cache-path /Users/admin/builder/spi-builder-workspace/.derivedData/ModuleCache.noindex -Xfrontend -serialize-debugging-options -profile-coverage-mapping -profile-generate -enable-testing -index-store-path /Users/admin/builder/spi-builder-workspace/.derivedData/Index.noindex/DataStore -Xcc -D_LIBCPP_HARDENING_MODE\=_LIBCPP_HARDENING_MODE_DEBUG -swift-version 5 -I /Users/admin/builder/spi-builder-workspace/.derivedData/Build/Products/Debug -Isystem /Applications/Xcode-27.0.0-Release.Candidate.app/Contents/Developer/Platforms/MacOSX.platform/Developer/usr/lib -F /Users/admin/builder/spi-builder-workspace/.derivedData/Build/Products/Debug/PackageFrameworks -F /Users/admin/builder/spi-builder-workspace/.derivedData/Build/Products/Debug -F /Applications/Xcode-27.0.0-Release.Candidate.app/Contents/Developer/Platforms/MacOSX.platform/Developer/Library/Frameworks -emit-localized-strings -emit-localized-strings-path /Users/admin/builder/spi-builder-workspace/.derivedData/Build/Intermediates.noindex/SaneSwift.build/Debug/SaneSwift-t.build/Objects-normal/arm64 -c -j10 -enable-batch-mode -incremental -Xcc -ivfsstatcache -Xcc /Users/admin/builder/spi-builder-workspace/.derivedData/SDKStatCaches.noindex/macosx27.0-26A425-e829b21a6f8c9b70876ba0858053c0446a22442a12e9d48fe1a705f55a1adfc4.sdkstatcache -output-file-map /Users/admin/builder/spi-builder-workspace/.derivedData/Build/Intermediates.noindex/SaneSwift.build/Debug/SaneSwift-t.build/Objects-normal/arm64/SaneSwift-OutputFileMap.json -save-temps -no-color-diagnostics -explicit-module-build -module-cache-path /Users/admin/builder/spi-builder-workspace/.derivedData/Build/Intermediates.noindex/SwiftExplicitPrecompiledModules -clang-scanner-module-cache-path /Users/admin/builder/spi-builder-workspace/.derivedData/ModuleCache.noindex -sdk-module-cache-path /Users/admin/builder/spi-builder-workspace/.derivedData/SDKExplicitPrecompiledModules -emit-dependencies -emit-module -emit-module-path /Users/admin/builder/spi-builder-workspace/.derivedData/Build/Intermediates.noindex/SaneSwift.build/Debug/SaneSwift-t.build/Objects-normal/arm64/SaneSwift.swiftmodule -serialize-diagnostics -dependency-scan-serialize-diagnostics-path /Users/admin/builder/spi-builder-workspace/.derivedData/Build/Intermediates.noindex/SaneSwift.build/Debug/SaneSwift-t.build/Objects-normal/arm64/SaneSwift-dependency-scan.dia -validate-clang-modules-once -clang-build-session-file /Users/admin/builder/spi-builder-workspace/.derivedData/ModuleCache.noindex/Session.modulevalidation -Xcc -fmodules-prune-interval\=86400 -Xcc -fmodules-prune-after\=345600 -package-name spi_builder_workspace -emit-const-values -const-gather-protocols-list /Users/admin/builder/spi-builder-workspace/.derivedData/Build/Intermediates.noindex/SaneSwift.build/Debug/SaneSwift-t.build/Objects-normal/arm64/SaneSwift_const_extract_protocols.json -Xcc -I/Users/admin/builder/spi-builder-workspace/Sources/SaneSwiftC/include -Xcc -I/Users/admin/builder/spi-builder-workspace/.derivedData/Build/Products/Debug/include -Xcc -I/Users/admin/builder/spi-builder-workspace/.derivedData/Build/Intermediates.noindex/SaneSwift.build/Debug/SaneSwift-t.build/DerivedSources-normal/arm64 -Xcc -I/Users/admin/builder/spi-builder-workspace/.derivedData/Build/Intermediates.noindex/SaneSwift.build/Debug/SaneSwift-t.build/DerivedSources/arm64 -Xcc -I/Users/admin/builder/spi-builder-workspace/.derivedData/Build/Intermediates.noindex/SaneSwift.build/Debug/SaneSwift-t.build/DerivedSources -Xcc -DSWIFT_PACKAGE -Xcc -DDEBUG\=1 -emit-objc-header -emit-objc-header-path /Users/admin/builder/spi-builder-workspace/.derivedData/Build/Intermediates.noindex/SaneSwift.build/Debug/SaneSwift-t.build/Objects-normal/arm64/SaneSwift-Swift.h -working-directory /Users/admin/builder/spi-builder-workspace/.swiftpm/xcode -experimental-emit-module-separately -disable-cmo
/Users/admin/builder/spi-builder-workspace/Sources/SaneSwift/Device.swift:9:8: error: Unable to resolve module dependency: 'UIKit' (in target 'SaneSwift' from project 'SaneSwift')
note: A dependency of main module 'SaneSwift'
/Users/admin/builder/spi-builder-workspace/Sources/SaneSwift/Sane.swift:10:8: note: Also imported here
/Users/admin/builder/spi-builder-workspace/Sources/SaneSwift/SaneSwiftExtensions.swift:9:8: note: Also imported here
/Users/admin/builder/spi-builder-workspace/Sources/SaneSwift/SaneTypes.swift:10:8: note: Also imported here
/Users/admin/builder/spi-builder-workspace/Sources/SaneSwift/SaneSwiftExtensions.swift:12:8: error: Unable to resolve module dependency: 'MobileCoreServices' (in target 'SaneSwift' from project 'SaneSwift')
note: A dependency of main module 'SaneSwift'
/Users/admin/builder/spi-builder-workspace/Sources/SaneSwift/Device.swift:9:8: note: A dependency of main module 'SaneSwift'
import UIKit
^ (in target 'SaneSwift' from project 'SaneSwift')
/Users/admin/builder/spi-builder-workspace/Sources/SaneSwift/Sane.swift:10:8: note: Also imported here
import UIKit
^ (in target 'SaneSwift' from project 'SaneSwift')
/Users/admin/builder/spi-builder-workspace/Sources/SaneSwift/SaneSwiftExtensions.swift:9:8: note: Also imported here
import UIKit
^ (in target 'SaneSwift' from project 'SaneSwift')
/Users/admin/builder/spi-builder-workspace/Sources/SaneSwift/SaneTypes.swift:10:8: note: Also imported here
import UIKit
^ (in target 'SaneSwift' from project 'SaneSwift')
/Users/admin/builder/spi-builder-workspace/Sources/SaneSwift/SaneSwiftExtensions.swift:12:8: note: A dependency of main module 'SaneSwift'
import MobileCoreServices
^ (in target 'SaneSwift' from project 'SaneSwift')
PruneExplicitPrecompiledModules /Users/admin/builder/spi-builder-workspace/.derivedData/SDKExplicitPrecompiledModules
PruneExplicitPrecompiledModules /Users/admin/builder/spi-builder-workspace/.derivedData/Build/Intermediates.noindex/ExplicitPrecompiledModules
PruneExplicitPrecompiledModules /Users/admin/builder/spi-builder-workspace/.derivedData/Build/Intermediates.noindex/SwiftExplicitPrecompiledModules
2026-09-27 12:33:02.072 xcodebuild[627:3872] [MT] IDERunDestination: Supported platforms for the buildables in the current scheme is empty.
--- xcodebuild: WARNING: Using the first of multiple matching destinations:
{ platform:macOS, arch:arm64, id:beb34bfd40fc4f9839a03459f9382fb8518c3ec2, name:My Mac }
{ platform:macOS, arch:arm64, variant:Mac Catalyst, id:beb34bfd40fc4f9839a03459f9382fb8518c3ec2, name:My Mac }
{ platform:macOS, arch:arm64, variant:DriverKit, id:beb34bfd40fc4f9839a03459f9382fb8518c3ec2, name:My Mac }
{ platform:macOS, arch:arm64, variant:Designed for [iPad,iPhone], id:beb34bfd40fc4f9839a03459f9382fb8518c3ec2, name:My Mac }
** BUILD FAILED **
The following build commands failed:
SwiftDriver SaneSwift normal arm64 com.apple.xcode.tools.swift.compiler (in target 'SaneSwift' from project 'SaneSwift')
Building workspace SaneSwift with scheme SaneSwift
(2 failures)
Command line invocation:
/Applications/Xcode-27.0.0-Release.Candidate.app/Contents/Developer/usr/bin/xcodebuild -IDEClonedSourcePackagesDirPathOverride=/Users/admin/builder/spi-builder-workspace/.dependencies -resolvePackageDependencies
Resolve Package Graph
Resolved source packages:
SaneSwift: /Users/admin/builder/spi-builder-workspace
resolved source packages: SaneSwift
2026-09-27 12:33:10.138 xcodebuild[756:4585] [MT] IDERunDestination: Supported platforms for the buildables in the current scheme is empty.
{
"default_localization" : "en",
"dependencies" : [
],
"manifest_display_name" : "SaneSwift",
"name" : "SaneSwift",
"path" : "/Users/admin/builder/spi-builder-workspace",
"platforms" : [
{
"name" : "ios",
"version" : "12.0"
},
{
"name" : "tvos",
"version" : "12.0"
}
],
"products" : [
{
"name" : "Sane",
"targets" : [
"SaneBackends",
"SaneTranslations",
"SaneSwift",
"SaneSwiftC"
],
"type" : {
"library" : [
"automatic"
]
}
}
],
"swift_languages_versions" : [
"5"
],
"targets" : [
{
"c99name" : "SaneTranslations",
"module_type" : "SwiftTarget",
"name" : "SaneTranslations",
"path" : "Sources/SaneTranslations",
"product_memberships" : [
"Sane"
],
"resources" : [
{
"path" : "/Users/admin/builder/spi-builder-workspace/Sources/SaneTranslations/SaneBackends/bg.lproj/sane_strings.po",
"rule" : {
"process" : {
"localization" : "bg"
}
}
},
{
"path" : "/Users/admin/builder/spi-builder-workspace/Sources/SaneTranslations/SaneBackends/ca.lproj/sane_strings.po",
"rule" : {
"process" : {
"localization" : "ca"
}
}
},
{
"path" : "/Users/admin/builder/spi-builder-workspace/Sources/SaneTranslations/SaneBackends/cs.lproj/sane_strings.po",
"rule" : {
"process" : {
"localization" : "cs"
}
}
},
{
"path" : "/Users/admin/builder/spi-builder-workspace/Sources/SaneTranslations/SaneBackends/da.lproj/sane_strings.po",
"rule" : {
"process" : {
"localization" : "da"
}
}
},
{
"path" : "/Users/admin/builder/spi-builder-workspace/Sources/SaneTranslations/SaneBackends/de.lproj/sane_strings.po",
"rule" : {
"process" : {
"localization" : "de"
}
}
},
{
"path" : "/Users/admin/builder/spi-builder-workspace/Sources/SaneTranslations/SaneBackends/en-GB.lproj/sane_strings.po",
"rule" : {
"process" : {
"localization" : "en-gb"
}
}
},
{
"path" : "/Users/admin/builder/spi-builder-workspace/Sources/SaneTranslations/SaneBackends/eo.lproj/sane_strings.po",
"rule" : {
"process" : {
"localization" : "eo"
}
}
},
{
"path" : "/Users/admin/builder/spi-builder-workspace/Sources/SaneTranslations/SaneBackends/es.lproj/sane_strings.po",
"rule" : {
"process" : {
"localization" : "es"
}
}
},
{
"path" : "/Users/admin/builder/spi-builder-workspace/Sources/SaneTranslations/SaneBackends/fi.lproj/sane_strings.po",
"rule" : {
"process" : {
"localization" : "fi"
}
}
},
{
"path" : "/Users/admin/builder/spi-builder-workspace/Sources/SaneTranslations/SaneBackends/fr.lproj/sane_strings.po",
"rule" : {
"process" : {
"localization" : "fr"
}
}
},
{
"path" : "/Users/admin/builder/spi-builder-workspace/Sources/SaneTranslations/SaneBackends/gl.lproj/sane_strings.po",
"rule" : {
"process" : {
"localization" : "gl"
}
}
},
{
"path" : "/Users/admin/builder/spi-builder-workspace/Sources/SaneTranslations/SaneBackends/he.lproj/sane_strings.po",
"rule" : {
"process" : {
"localization" : "he"
}
}
},
{
"path" : "/Users/admin/builder/spi-builder-workspace/Sources/SaneTranslations/SaneBackends/hu.lproj/sane_strings.po",
"rule" : {
"process" : {
"localization" : "hu"
}
}
},
{
"path" : "/Users/admin/builder/spi-builder-workspace/Sources/SaneTranslations/SaneBackends/it.lproj/sane_strings.po",
"rule" : {
"process" : {
"localization" : "it"
}
}
},
{
"path" : "/Users/admin/builder/spi-builder-workspace/Sources/SaneTranslations/SaneBackends/ja.lproj/sane_strings.po",
"rule" : {
"process" : {
"localization" : "ja"
}
}
},
{
"path" : "/Users/admin/builder/spi-builder-workspace/Sources/SaneTranslations/SaneBackends/ka.lproj/sane_strings.po",
"rule" : {
"process" : {
"localization" : "ka"
}
}
},
{
"path" : "/Users/admin/builder/spi-builder-workspace/Sources/SaneTranslations/SaneBackends/nb.lproj/sane_strings.po",
"rule" : {
"process" : {
"localization" : "nb"
}
}
},
{
"path" : "/Users/admin/builder/spi-builder-workspace/Sources/SaneTranslations/SaneBackends/nl.lproj/sane_strings.po",
"rule" : {
"process" : {
"localization" : "nl"
}
}
},
{
"path" : "/Users/admin/builder/spi-builder-workspace/Sources/SaneTranslations/SaneBackends/pl.lproj/sane_strings.po",
"rule" : {
"process" : {
"localization" : "pl"
}
}
},
{
"path" : "/Users/admin/builder/spi-builder-workspace/Sources/SaneTranslations/SaneBackends/pt.lproj/sane_strings.po",
"rule" : {
"process" : {
"localization" : "pt"
}
}
},
{
"path" : "/Users/admin/builder/spi-builder-workspace/Sources/SaneTranslations/SaneBackends/ru.lproj/sane_strings.po",
"rule" : {
"process" : {
"localization" : "ru"
}
}
},
{
"path" : "/Users/admin/builder/spi-builder-workspace/Sources/SaneTranslations/SaneBackends/sv.lproj/sane_strings.po",
"rule" : {
"process" : {
"localization" : "sv"
}
}
},
{
"path" : "/Users/admin/builder/spi-builder-workspace/Sources/SaneTranslations/SaneBackends/tr.lproj/sane_strings.po",
"rule" : {
"process" : {
"localization" : "tr"
}
}
},
{
"path" : "/Users/admin/builder/spi-builder-workspace/Sources/SaneTranslations/SaneBackends/uk.lproj/sane_strings.po",
"rule" : {
"process" : {
"localization" : "uk"
}
}
},
{
"path" : "/Users/admin/builder/spi-builder-workspace/Sources/SaneTranslations/SaneBackends/zh-CN.lproj/sane_strings.po",
"rule" : {
"process" : {
"localization" : "zh-cn"
}
}
},
{
"path" : "/Users/admin/builder/spi-builder-workspace/Sources/SaneTranslations/SaneSwift/en.lproj/Localizable.strings",
"rule" : {
"process" : {
"localization" : "en"
}
}
},
{
"path" : "/Users/admin/builder/spi-builder-workspace/Sources/SaneTranslations/SaneSwift/fr.lproj/Localizable.strings",
"rule" : {
"process" : {
"localization" : "fr"
}
}
}
],
"sources" : [
"Translation.swift"
],
"type" : "library"
},
{
"c99name" : "SaneSwiftTests",
"module_type" : "SwiftTarget",
"name" : "SaneSwiftTests",
"path" : "Tests/SaneSwiftTests",
"sources" : [
"SaneSwiftTests.swift"
],
"target_dependencies" : [
"SaneBackends",
"SaneTranslations",
"SaneSwift",
"SaneSwiftC"
],
"type" : "test"
},
{
"c99name" : "SaneSwiftC",
"module_type" : "ClangTarget",
"name" : "SaneSwiftC",
"path" : "Sources/SaneSwiftC",
"product_memberships" : [
"Sane"
],
"sources" : [
"SaneSwiftC.m"
],
"type" : "library"
},
{
"c99name" : "SaneSwift",
"module_type" : "SwiftTarget",
"name" : "SaneSwift",
"path" : "Sources/SaneSwift",
"product_memberships" : [
"Sane"
],
"sources" : [
"Device.swift",
"DeviceAuthentication.swift",
"DeviceOption.swift",
"Sane.swift",
"SaneConfig.swift",
"SaneError.swift",
"SaneHost.swift",
"SaneLogger.swift",
"SaneSwiftExtensions.swift",
"SaneTypes.swift",
"ScanParameters.swift"
],
"target_dependencies" : [
"SaneSwiftC",
"SaneTranslations"
],
"type" : "library"
},
{
"c99name" : "SaneBackends",
"module_type" : "BinaryTarget",
"name" : "SaneBackends",
"path" : "Sources/SaneBackends/Sane.xcframework",
"product_memberships" : [
"Sane"
],
"sources" : [
],
"type" : "binary"
}
],
"tools_version" : "5.9"
}
{
"workspace" : {
"name" : "SaneSwift",
"schemes" : [
"SaneSwift"
]
}
}
2026-09-27 12:33:11.483 xcodebuild[764:4650] [MT] IDERunDestination: Supported platforms for the buildables in the current scheme is empty.
Running build ...
env DEVELOPER_DIR=/Applications/Xcode-27.0.0-Release.Candidate.app xcrun xcodebuild -IDEClonedSourcePackagesDirPathOverride=$PWD/.dependencies -skipMacroValidation -skipPackagePluginValidation -derivedDataPath $PWD/.derivedData build -scheme SaneSwift -destination platform=macOS,arch=arm64
Command line invocation:
/Applications/Xcode-27.0.0-Release.Candidate.app/Contents/Developer/usr/bin/xcodebuild -IDEClonedSourcePackagesDirPathOverride=/Users/admin/builder/spi-builder-workspace/.dependencies -skipMacroValidation -skipPackagePluginValidation -derivedDataPath /Users/admin/builder/spi-builder-workspace/.derivedData build -scheme SaneSwift -destination platform=macOS,arch=arm64
Resolve Package Graph
Resolved source packages:
SaneSwift: /Users/admin/builder/spi-builder-workspace
ComputePackagePrebuildTargetDependencyGraph
Prepare packages
CreateBuildRequest
SendProjectDescription
CreateBuildOperation
ComputeTargetDependencyGraph
note: Building targets in dependency order
note: Target dependency graph (5 targets)
Target 'Sane-product' in project 'SaneSwift'
➜ Explicit dependency on target 'SaneTranslations' in project 'SaneSwift'
➜ Explicit dependency on target 'SaneSwift' in project 'SaneSwift'
➜ Explicit dependency on target 'SaneSwiftC' in project 'SaneSwift'
➜ Explicit dependency on target 'SaneSwift_SaneTranslations' in project 'SaneSwift'
Target 'SaneSwift' in project 'SaneSwift'
➜ Explicit dependency on target 'SaneSwiftC' in project 'SaneSwift'
➜ Explicit dependency on target 'SaneTranslations' in project 'SaneSwift'
Target 'SaneSwiftC' in project 'SaneSwift' (no dependencies)
Target 'SaneTranslations' in project 'SaneSwift'
➜ Explicit dependency on target 'SaneSwift_SaneTranslations' in project 'SaneSwift'
Target 'SaneSwift_SaneTranslations' in project 'SaneSwift' (no dependencies)
GatherProvisioningInputs
CreateBuildDescription
ClangStatCache /Applications/Xcode-27.0.0-Release.Candidate.app/Contents/Developer/Toolchains/XcodeDefault.xctoolchain/usr/bin/clang-stat-cache /Applications/Xcode-27.0.0-Release.Candidate.app/Contents/Developer/Platforms/MacOSX.platform/Developer/SDKs/MacOSX27.0.sdk /Users/admin/builder/spi-builder-workspace/.derivedData/SDKStatCaches.noindex/macosx27.0-26A425-e829b21a6f8c9b70876ba0858053c0446a22442a12e9d48fe1a705f55a1adfc4.sdkstatcache
cd /Users/admin/builder/spi-builder-workspace/.swiftpm/xcode
/Applications/Xcode-27.0.0-Release.Candidate.app/Contents/Developer/Toolchains/XcodeDefault.xctoolchain/usr/bin/clang-stat-cache /Applications/Xcode-27.0.0-Release.Candidate.app/Contents/Developer/Platforms/MacOSX.platform/Developer/SDKs/MacOSX27.0.sdk -o /Users/admin/builder/spi-builder-workspace/.derivedData/SDKStatCaches.noindex/macosx27.0-26A425-e829b21a6f8c9b70876ba0858053c0446a22442a12e9d48fe1a705f55a1adfc4.sdkstatcache
SwiftDriver SaneSwift normal arm64 com.apple.xcode.tools.swift.compiler (in target 'SaneSwift' from project 'SaneSwift')
cd /Users/admin/builder/spi-builder-workspace/.swiftpm/xcode
builtin-SwiftDriver -- /Applications/Xcode-27.0.0-Release.Candidate.app/Contents/Developer/Toolchains/XcodeDefault.xctoolchain/usr/bin/swiftc -parse-as-library -module-name SaneSwift -Onone @/Users/admin/builder/spi-builder-workspace/.derivedData/Build/Intermediates.noindex/SaneSwift.build/Debug/SaneSwift-t.build/Objects-normal/arm64/SaneSwift.SwiftFileList -DSWIFT_PACKAGE -DDEBUG -DSWIFT_MODULE_RESOURCE_BUNDLE_UNAVAILABLE -Xcc -fmodule-map-file\=/Users/admin/builder/spi-builder-workspace/.derivedData/Build/Intermediates.noindex/GeneratedModuleMaps/SaneSwiftC.modulemap -DXcode -plugin-path /Applications/Xcode-27.0.0-Release.Candidate.app/Contents/Developer/Toolchains/XcodeDefault.xctoolchain/usr/lib/swift/host/plugins/testing -enable-experimental-feature DebugDescriptionMacro -sdk /Applications/Xcode-27.0.0-Release.Candidate.app/Contents/Developer/Platforms/MacOSX.platform/Developer/SDKs/MacOSX27.0.sdk -target arm64-apple-macos12.0 -g -module-cache-path /Users/admin/builder/spi-builder-workspace/.derivedData/ModuleCache.noindex -Xfrontend -serialize-debugging-options -profile-coverage-mapping -profile-generate -enable-testing -index-store-path /Users/admin/builder/spi-builder-workspace/.derivedData/Index.noindex/DataStore -Xcc -D_LIBCPP_HARDENING_MODE\=_LIBCPP_HARDENING_MODE_DEBUG -swift-version 5 -I /Users/admin/builder/spi-builder-workspace/.derivedData/Build/Products/Debug -Isystem /Applications/Xcode-27.0.0-Release.Candidate.app/Contents/Developer/Platforms/MacOSX.platform/Developer/usr/lib -F /Users/admin/builder/spi-builder-workspace/.derivedData/Build/Products/Debug/PackageFrameworks -F /Users/admin/builder/spi-builder-workspace/.derivedData/Build/Products/Debug -F /Applications/Xcode-27.0.0-Release.Candidate.app/Contents/Developer/Platforms/MacOSX.platform/Developer/Library/Frameworks -emit-localized-strings -emit-localized-strings-path /Users/admin/builder/spi-builder-workspace/.derivedData/Build/Intermediates.noindex/SaneSwift.build/Debug/SaneSwift-t.build/Objects-normal/arm64 -c -j10 -enable-batch-mode -incremental -Xcc -ivfsstatcache -Xcc /Users/admin/builder/spi-builder-workspace/.derivedData/SDKStatCaches.noindex/macosx27.0-26A425-e829b21a6f8c9b70876ba0858053c0446a22442a12e9d48fe1a705f55a1adfc4.sdkstatcache -output-file-map /Users/admin/builder/spi-builder-workspace/.derivedData/Build/Intermediates.noindex/SaneSwift.build/Debug/SaneSwift-t.build/Objects-normal/arm64/SaneSwift-OutputFileMap.json -save-temps -no-color-diagnostics -explicit-module-build -module-cache-path /Users/admin/builder/spi-builder-workspace/.derivedData/Build/Intermediates.noindex/SwiftExplicitPrecompiledModules -clang-scanner-module-cache-path /Users/admin/builder/spi-builder-workspace/.derivedData/ModuleCache.noindex -sdk-module-cache-path /Users/admin/builder/spi-builder-workspace/.derivedData/SDKExplicitPrecompiledModules -emit-dependencies -emit-module -emit-module-path /Users/admin/builder/spi-builder-workspace/.derivedData/Build/Intermediates.noindex/SaneSwift.build/Debug/SaneSwift-t.build/Objects-normal/arm64/SaneSwift.swiftmodule -serialize-diagnostics -dependency-scan-serialize-diagnostics-path /Users/admin/builder/spi-builder-workspace/.derivedData/Build/Intermediates.noindex/SaneSwift.build/Debug/SaneSwift-t.build/Objects-normal/arm64/SaneSwift-dependency-scan.dia -validate-clang-modules-once -clang-build-session-file /Users/admin/builder/spi-builder-workspace/.derivedData/ModuleCache.noindex/Session.modulevalidation -Xcc -fmodules-prune-interval\=86400 -Xcc -fmodules-prune-after\=345600 -package-name spi_builder_workspace -emit-const-values -const-gather-protocols-list /Users/admin/builder/spi-builder-workspace/.derivedData/Build/Intermediates.noindex/SaneSwift.build/Debug/SaneSwift-t.build/Objects-normal/arm64/SaneSwift_const_extract_protocols.json -Xcc -I/Users/admin/builder/spi-builder-workspace/Sources/SaneSwiftC/include -Xcc -I/Users/admin/builder/spi-builder-workspace/.derivedData/Build/Products/Debug/include -Xcc -I/Users/admin/builder/spi-builder-workspace/.derivedData/Build/Intermediates.noindex/SaneSwift.build/Debug/SaneSwift-t.build/DerivedSources-normal/arm64 -Xcc -I/Users/admin/builder/spi-builder-workspace/.derivedData/Build/Intermediates.noindex/SaneSwift.build/Debug/SaneSwift-t.build/DerivedSources/arm64 -Xcc -I/Users/admin/builder/spi-builder-workspace/.derivedData/Build/Intermediates.noindex/SaneSwift.build/Debug/SaneSwift-t.build/DerivedSources -Xcc -DSWIFT_PACKAGE -Xcc -DDEBUG\=1 -emit-objc-header -emit-objc-header-path /Users/admin/builder/spi-builder-workspace/.derivedData/Build/Intermediates.noindex/SaneSwift.build/Debug/SaneSwift-t.build/Objects-normal/arm64/SaneSwift-Swift.h -working-directory /Users/admin/builder/spi-builder-workspace/.swiftpm/xcode -experimental-emit-module-separately -disable-cmo
/Users/admin/builder/spi-builder-workspace/Sources/SaneSwift/Device.swift:9:8: error: Unable to resolve module dependency: 'UIKit' (in target 'SaneSwift' from project 'SaneSwift')
note: A dependency of main module 'SaneSwift'
/Users/admin/builder/spi-builder-workspace/Sources/SaneSwift/Sane.swift:10:8: note: Also imported here
/Users/admin/builder/spi-builder-workspace/Sources/SaneSwift/SaneSwiftExtensions.swift:9:8: note: Also imported here
/Users/admin/builder/spi-builder-workspace/Sources/SaneSwift/SaneTypes.swift:10:8: note: Also imported here
/Users/admin/builder/spi-builder-workspace/Sources/SaneSwift/SaneSwiftExtensions.swift:12:8: error: Unable to resolve module dependency: 'MobileCoreServices' (in target 'SaneSwift' from project 'SaneSwift')
note: A dependency of main module 'SaneSwift'
/Users/admin/builder/spi-builder-workspace/Sources/SaneSwift/Device.swift:9:8: note: A dependency of main module 'SaneSwift'
import UIKit
^ (in target 'SaneSwift' from project 'SaneSwift')
/Users/admin/builder/spi-builder-workspace/Sources/SaneSwift/Sane.swift:10:8: note: Also imported here
import UIKit
^ (in target 'SaneSwift' from project 'SaneSwift')
/Users/admin/builder/spi-builder-workspace/Sources/SaneSwift/SaneSwiftExtensions.swift:9:8: note: Also imported here
import UIKit
^ (in target 'SaneSwift' from project 'SaneSwift')
/Users/admin/builder/spi-builder-workspace/Sources/SaneSwift/SaneTypes.swift:10:8: note: Also imported here
import UIKit
^ (in target 'SaneSwift' from project 'SaneSwift')
/Users/admin/builder/spi-builder-workspace/Sources/SaneSwift/SaneSwiftExtensions.swift:12:8: note: A dependency of main module 'SaneSwift'
import MobileCoreServices
^ (in target 'SaneSwift' from project 'SaneSwift')
SwiftDriver SaneTranslations normal arm64 com.apple.xcode.tools.swift.compiler (in target 'SaneTranslations' from project 'SaneSwift')
cd /Users/admin/builder/spi-builder-workspace/.swiftpm/xcode
builtin-SwiftDriver -- /Applications/Xcode-27.0.0-Release.Candidate.app/Contents/Developer/Toolchains/XcodeDefault.xctoolchain/usr/bin/swiftc -parse-as-library -module-name SaneTranslations -Onone @/Users/admin/builder/spi-builder-workspace/.derivedData/Build/Intermediates.noindex/SaneSwift.build/Debug/SaneTranslations-t.build/Objects-normal/arm64/SaneTranslations.SwiftFileList -DSWIFT_PACKAGE -DDEBUG -DSWIFT_MODULE_RESOURCE_BUNDLE_AVAILABLE -DXcode -plugin-path /Applications/Xcode-27.0.0-Release.Candidate.app/Contents/Developer/Toolchains/XcodeDefault.xctoolchain/usr/lib/swift/host/plugins/testing -enable-experimental-feature DebugDescriptionMacro -sdk /Applications/Xcode-27.0.0-Release.Candidate.app/Contents/Developer/Platforms/MacOSX.platform/Developer/SDKs/MacOSX27.0.sdk -target arm64-apple-macos12.0 -g -module-cache-path /Users/admin/builder/spi-builder-workspace/.derivedData/ModuleCache.noindex -Xfrontend -serialize-debugging-options -profile-coverage-mapping -profile-generate -enable-testing -index-store-path /Users/admin/builder/spi-builder-workspace/.derivedData/Index.noindex/DataStore -Xcc -D_LIBCPP_HARDENING_MODE\=_LIBCPP_HARDENING_MODE_DEBUG -swift-version 5 -I /Users/admin/builder/spi-builder-workspace/.derivedData/Build/Products/Debug -Isystem /Applications/Xcode-27.0.0-Release.Candidate.app/Contents/Developer/Platforms/MacOSX.platform/Developer/usr/lib -F /Users/admin/builder/spi-builder-workspace/.derivedData/Build/Products/Debug -F /Applications/Xcode-27.0.0-Release.Candidate.app/Contents/Developer/Platforms/MacOSX.platform/Developer/Library/Frameworks -emit-localized-strings -emit-localized-strings-path /Users/admin/builder/spi-builder-workspace/.derivedData/Build/Intermediates.noindex/SaneSwift.build/Debug/SaneTranslations-t.build/Objects-normal/arm64 -c -j10 -enable-batch-mode -incremental -Xcc -ivfsstatcache -Xcc /Users/admin/builder/spi-builder-workspace/.derivedData/SDKStatCaches.noindex/macosx27.0-26A425-e829b21a6f8c9b70876ba0858053c0446a22442a12e9d48fe1a705f55a1adfc4.sdkstatcache -output-file-map /Users/admin/builder/spi-builder-workspace/.derivedData/Build/Intermediates.noindex/SaneSwift.build/Debug/SaneTranslations-t.build/Objects-normal/arm64/SaneTranslations-OutputFileMap.json -save-temps -no-color-diagnostics -explicit-module-build -module-cache-path /Users/admin/builder/spi-builder-workspace/.derivedData/Build/Intermediates.noindex/SwiftExplicitPrecompiledModules -clang-scanner-module-cache-path /Users/admin/builder/spi-builder-workspace/.derivedData/ModuleCache.noindex -sdk-module-cache-path /Users/admin/builder/spi-builder-workspace/.derivedData/SDKExplicitPrecompiledModules -emit-dependencies -emit-module -emit-module-path /Users/admin/builder/spi-builder-workspace/.derivedData/Build/Intermediates.noindex/SaneSwift.build/Debug/SaneTranslations-t.build/Objects-normal/arm64/SaneTranslations.swiftmodule -serialize-diagnostics -dependency-scan-serialize-diagnostics-path /Users/admin/builder/spi-builder-workspace/.derivedData/Build/Intermediates.noindex/SaneSwift.build/Debug/SaneTranslations-t.build/Objects-normal/arm64/SaneTranslations-dependency-scan.dia -validate-clang-modules-once -clang-build-session-file /Users/admin/builder/spi-builder-workspace/.derivedData/ModuleCache.noindex/Session.modulevalidation -Xcc -fmodules-prune-interval\=86400 -Xcc -fmodules-prune-after\=345600 -package-name spi_builder_workspace -emit-const-values -const-gather-protocols-list /Users/admin/builder/spi-builder-workspace/.derivedData/Build/Intermediates.noindex/SaneSwift.build/Debug/SaneTranslations-t.build/Objects-normal/arm64/SaneTranslations_const_extract_protocols.json -Xcc -I/Users/admin/builder/spi-builder-workspace/.derivedData/Build/Products/Debug/include -Xcc -I/Users/admin/builder/spi-builder-workspace/.derivedData/Build/Intermediates.noindex/SaneSwift.build/Debug/SaneTranslations-t.build/DerivedSources-normal/arm64 -Xcc -I/Users/admin/builder/spi-builder-workspace/.derivedData/Build/Intermediates.noindex/SaneSwift.build/Debug/SaneTranslations-t.build/DerivedSources/arm64 -Xcc -I/Users/admin/builder/spi-builder-workspace/.derivedData/Build/Intermediates.noindex/SaneSwift.build/Debug/SaneTranslations-t.build/DerivedSources -Xcc -DSWIFT_PACKAGE -Xcc -DDEBUG\=1 -emit-objc-header -emit-objc-header-path /Users/admin/builder/spi-builder-workspace/.derivedData/Build/Intermediates.noindex/SaneSwift.build/Debug/SaneTranslations-t.build/Objects-normal/arm64/SaneTranslations-Swift.h -working-directory /Users/admin/builder/spi-builder-workspace/.swiftpm/xcode -experimental-emit-module-separately -disable-cmo
SwiftCompile normal arm64 Compiling\ Translation.swift /Users/admin/builder/spi-builder-workspace/Sources/SaneTranslations/Translation.swift (in target 'SaneTranslations' from project 'SaneSwift')
SwiftCompile normal arm64 /Users/admin/builder/spi-builder-workspace/Sources/SaneTranslations/Translation.swift (in target 'SaneTranslations' from project 'SaneSwift')
cd /Users/admin/builder/spi-builder-workspace/.swiftpm/xcode
builtin-SwiftPerFileCompile Translation.swift
SwiftEmitModule normal arm64 Emitting\ module\ for\ SaneTranslations (in target 'SaneTranslations' from project 'SaneSwift')
SwiftCompile normal arm64 (in target 'SaneTranslations' from project 'SaneSwift')
cd /Users/admin/builder/spi-builder-workspace/.swiftpm/xcode
SwiftCompile normal arm64 Compiling\ resource_bundle_accessor.swift /Users/admin/builder/spi-builder-workspace/.derivedData/Build/Intermediates.noindex/SaneSwift.build/Debug/SaneTranslations-t.build/DerivedSources/resource_bundle_accessor.swift (in target 'SaneTranslations' from project 'SaneSwift')
SwiftCompile normal arm64 /Users/admin/builder/spi-builder-workspace/.derivedData/Build/Intermediates.noindex/SaneSwift.build/Debug/SaneTranslations-t.build/DerivedSources/resource_bundle_accessor.swift (in target 'SaneTranslations' from project 'SaneSwift')
cd /Users/admin/builder/spi-builder-workspace/.swiftpm/xcode
builtin-SwiftPerFileCompile resource_bundle_accessor.swift
PruneExplicitPrecompiledModules /Users/admin/builder/spi-builder-workspace/.derivedData/SDKExplicitPrecompiledModules
PruneExplicitPrecompiledModules /Users/admin/builder/spi-builder-workspace/.derivedData/Build/Intermediates.noindex/SwiftExplicitPrecompiledModules
PruneExplicitPrecompiledModules /Users/admin/builder/spi-builder-workspace/.derivedData/Build/Intermediates.noindex/ExplicitPrecompiledModules
2026-09-27 12:33:12.563 xcodebuild[765:4674] [MT] IDERunDestination: Supported platforms for the buildables in the current scheme is empty.
--- xcodebuild: WARNING: Using the first of multiple matching destinations:
{ platform:macOS, arch:arm64, id:beb34bfd40fc4f9839a03459f9382fb8518c3ec2, name:My Mac }
{ platform:macOS, arch:arm64, variant:Mac Catalyst, id:beb34bfd40fc4f9839a03459f9382fb8518c3ec2, name:My Mac }
{ platform:macOS, arch:arm64, variant:DriverKit, id:beb34bfd40fc4f9839a03459f9382fb8518c3ec2, name:My Mac }
{ platform:macOS, arch:arm64, variant:Designed for [iPad,iPhone], id:beb34bfd40fc4f9839a03459f9382fb8518c3ec2, name:My Mac }
** BUILD FAILED **
The following build commands failed:
SwiftDriver SaneSwift normal arm64 com.apple.xcode.tools.swift.compiler (in target 'SaneSwift' from project 'SaneSwift')
Building workspace SaneSwift with scheme SaneSwift
(2 failures)
BUILD FAILURE 6.4 macosXcodebuild