The Swift Package Index logo.Swift Package Index

Build Information

Failed to build LicensePlist, reference main (5017fc), with Swift 6.1 for Wasm on 3 Oct 2026 10:44:46 UTC.

Build Command

bash -c docker run --pull=always --rm -v "checkouts-54344844-1":/host -w "$PWD" -e JAVA_HOME="/root/.sdkman/candidates/java/current" -e SPI_BUILD="1" -e SPI_PROCESSING="1" registry.gitlab.com/saguaro1/spi-images:wasm-6.1-latest swift build --swift-sdk wasm32-unknown-wasi 2>&1

Build Log

========================================
RunAll
========================================
Builder version: 5.1.1
Interrupt handler set up.
========================================
Checkout
========================================
Clone URL: https://github.com/mono0926/LicensePlist.git
Reference: main
Initialized empty Git repository in /host/spi-builder-workspace/.git/
hint: Using 'master' as the name for the initial branch. This default branch name
hint: is subject to change. To configure the initial branch name to use in all
hint: of your new repositories, which will suppress this warning, call:
hint:
hint: 	git config --global init.defaultBranch <name>
hint:
hint: Names commonly chosen instead of 'master' are 'main', 'trunk' and
hint: 'development'. The just-created branch can be renamed via this command:
hint:
hint: 	git branch -m <name>
From https://github.com/mono0926/LicensePlist
 * branch            main       -> FETCH_HEAD
 * [new branch]      main       -> origin/main
HEAD is now at 5017fc1 fix: CocoaPodsのpodspecテンプレートのdeployment_targetを更新
Cloned https://github.com/mono0926/LicensePlist.git
Revision (git rev-parse @):
5017fc1bbb611d3708daaba3209fdb41b9cd1de7
SUCCESS checkout https://github.com/mono0926/LicensePlist.git at main
========================================
Build
========================================
Selected platform:         wasm
Swift version:             6.1
Building package at path:  $PWD
https://github.com/mono0926/LicensePlist.git
https://github.com/mono0926/LicensePlist.git
WARNING: environment variable SUPPRESS_SWIFT_6_FLAGS is not set
Running build ...
bash -c docker run --pull=always --rm -v "checkouts-54344844-1":/host -w "$PWD" -e JAVA_HOME="/root/.sdkman/candidates/java/current" -e SPI_BUILD="1" -e SPI_PROCESSING="1" registry.gitlab.com/saguaro1/spi-images:wasm-6.1-latest swift build --swift-sdk wasm32-unknown-wasi -Xswiftc -Xfrontend -Xswiftc -stats-output-dir -Xswiftc -Xfrontend -Xswiftc .stats -Xswiftc -strict-concurrency=complete -Xswiftc -enable-upcoming-feature -Xswiftc StrictConcurrency -Xswiftc -enable-upcoming-feature -Xswiftc DisableOutwardActorInference -Xswiftc -enable-upcoming-feature -Xswiftc GlobalActorIsolatedTypesUsability -Xswiftc -enable-upcoming-feature -Xswiftc InferSendableFromCaptures 2>&1
wasm-6.1-latest: Pulling from saguaro1/spi-images
Digest: sha256:beceeede496da67681f4fa220a6b97cc098a0178841a413735f598dc6bbaf4c8
Status: Image is up to date for registry.gitlab.com/saguaro1/spi-images:wasm-6.1-latest
Fetching https://github.com/Kitura/HeliumLogger.git
Fetching https://github.com/tomlokhorst/XcodeEdit.git
Fetching https://github.com/YusukeHosonuma/SwiftParamTest
Fetching https://github.com/jpsim/Yams.git
Fetching https://github.com/LebJe/TOMLKit.git
Fetching https://github.com/Kitura/swift-html-entities.git
[1/1267] Fetching heliumlogger
[217/24689] Fetching heliumlogger, tomlkit
[218/25942] Fetching heliumlogger, tomlkit, xcodeedit
[295/26605] Fetching heliumlogger, tomlkit, xcodeedit, swift-html-entities
[385/27417] Fetching heliumlogger, tomlkit, xcodeedit, swift-html-entities, swiftparamtest
Fetched https://github.com/Kitura/HeliumLogger.git from cache (0.45s)
[8185/26150] Fetching tomlkit, xcodeedit, swift-html-entities, swiftparamtest
Fetching https://github.com/ishkawa/APIKit.git
[9357/38011] Fetching tomlkit, xcodeedit, swift-html-entities, swiftparamtest, yams
Fetched https://github.com/tomlokhorst/XcodeEdit.git from cache (0.84s)
Fetching https://github.com/apple/swift-argument-parser.git
[33200/36758] Fetching tomlkit, swift-html-entities, swiftparamtest, yams
[33557/42323] Fetching tomlkit, swift-html-entities, swiftparamtest, yams, apikit
Fetched https://github.com/ishkawa/APIKit.git from cache (0.51s)
[35335/36758] Fetching tomlkit, swift-html-entities, swiftparamtest, yams
Fetched https://github.com/Kitura/swift-html-entities.git from cache (1.13s)
Fetched https://github.com/YusukeHosonuma/SwiftParamTest from cache (1.14s)
Fetched https://github.com/LebJe/TOMLKit.git from cache (1.14s)
Fetched https://github.com/jpsim/Yams.git from cache (1.16s)
[1/19010] Fetching swift-argument-parser
Fetched https://github.com/apple/swift-argument-parser.git from cache (0.92s)
Computing version for https://github.com/LebJe/TOMLKit.git
Computed https://github.com/LebJe/TOMLKit.git at 0.6.0 (3.23s)
Computing version for https://github.com/Kitura/swift-html-entities.git
Computed https://github.com/Kitura/swift-html-entities.git at 4.0.1 (0.36s)
Computing version for https://github.com/Kitura/HeliumLogger.git
Computed https://github.com/Kitura/HeliumLogger.git at 2.0.0 (0.36s)
Fetching https://github.com/apple/swift-log.git
Fetching https://github.com/Kitura/LoggerAPI.git
[1/8232] Fetching swift-log
Fetched https://github.com/apple/swift-log.git from cache (0.57s)
[1/784] Fetching loggerapi
Fetched https://github.com/Kitura/LoggerAPI.git from cache (1.02s)
Computing version for https://github.com/ishkawa/APIKit.git
Computed https://github.com/ishkawa/APIKit.git at 5.4.0 (1.28s)
Computing version for https://github.com/Kitura/LoggerAPI.git
Computed https://github.com/Kitura/LoggerAPI.git at 2.1.0 (0.29s)
Computing version for https://github.com/YusukeHosonuma/SwiftParamTest
Computed https://github.com/YusukeHosonuma/SwiftParamTest at 2.2.1 (0.27s)
Fetching https://github.com/YusukeHosonuma/Flatten.git
[1/146] Fetching flatten
Fetched https://github.com/YusukeHosonuma/Flatten.git from cache (0.39s)
Fetching https://github.com/YusukeHosonuma/SHList.git
[1/68] Fetching shlist
Fetched https://github.com/YusukeHosonuma/SHList.git from cache (0.38s)
Computing version for https://github.com/YusukeHosonuma/SHList.git
Computed https://github.com/YusukeHosonuma/SHList.git at 0.1.0 (1.03s)
Computing version for https://github.com/YusukeHosonuma/Flatten.git
Computed https://github.com/YusukeHosonuma/Flatten.git at 0.1.0 (0.24s)
Computing version for https://github.com/jpsim/Yams.git
Computed https://github.com/jpsim/Yams.git at 6.2.2 (0.21s)
Computing version for https://github.com/tomlokhorst/XcodeEdit.git
Computed https://github.com/tomlokhorst/XcodeEdit.git at 2.13.0 (0.24s)
Computing version for https://github.com/apple/swift-argument-parser.git
Computed https://github.com/apple/swift-argument-parser.git at 1.8.2 (0.23s)
Computing version for https://github.com/apple/swift-log.git
Computed https://github.com/apple/swift-log.git at 1.15.1 (0.24s)
Creating working copy for https://github.com/ishkawa/APIKit.git
Working copy of https://github.com/ishkawa/APIKit.git resolved at 5.4.0
Creating working copy for https://github.com/Kitura/HeliumLogger.git
Working copy of https://github.com/Kitura/HeliumLogger.git resolved at 2.0.0
Creating working copy for https://github.com/LebJe/TOMLKit.git
Working copy of https://github.com/LebJe/TOMLKit.git resolved at 0.6.0
Creating working copy for https://github.com/YusukeHosonuma/SwiftParamTest
Working copy of https://github.com/YusukeHosonuma/SwiftParamTest resolved at 2.2.1
Creating working copy for https://github.com/YusukeHosonuma/SHList.git
Working copy of https://github.com/YusukeHosonuma/SHList.git resolved at 0.1.0
Creating working copy for https://github.com/jpsim/Yams.git
Working copy of https://github.com/jpsim/Yams.git resolved at 6.2.2
Creating working copy for https://github.com/apple/swift-argument-parser.git
Working copy of https://github.com/apple/swift-argument-parser.git resolved at 1.8.2
Creating working copy for https://github.com/apple/swift-log.git
Working copy of https://github.com/apple/swift-log.git resolved at 1.15.1
Creating working copy for https://github.com/Kitura/LoggerAPI.git
Working copy of https://github.com/Kitura/LoggerAPI.git resolved at 2.1.0
Creating working copy for https://github.com/Kitura/swift-html-entities.git
Working copy of https://github.com/Kitura/swift-html-entities.git resolved at 4.0.1
Creating working copy for https://github.com/tomlokhorst/XcodeEdit.git
Working copy of https://github.com/tomlokhorst/XcodeEdit.git resolved at 2.13.0
Creating working copy for https://github.com/YusukeHosonuma/Flatten.git
Working copy of https://github.com/YusukeHosonuma/Flatten.git resolved at 0.1.0
Downloading binary artifact https://github.com/mono0926/LicensePlist/releases/download/3.28.3/LicensePlistBinary-macos.artifactbundle.zip
[16375/2897336] Downloading https://github.com/mono0926/LicensePlist/releases/download/3.28.3/LicensePlistBinary-macos.artifactbundle.zip
Downloaded https://github.com/mono0926/LicensePlist/releases/download/3.28.3/LicensePlistBinary-macos.artifactbundle.zip (0.47s)
warning: 'apikit': found 1 file(s) which are unhandled; explicitly declare them as resources or exclude from the target
    /host/spi-builder-workspace/.build/checkouts/APIKit/Sources/APIKit/Info.plist
[1/1] Compiling plugin AddAcknowledgementsCopyScriptCommand
[2/2] Compiling plugin GenerateAcknowledgementsCommand
[3/3] Compiling plugin LicensePlistBuildTool
[4/4] Compiling plugin GenerateManual
[5/5] Compiling plugin GenerateDoccReference
Building for debugging...
[5/43] Write sources
[17/43] Compiling reader.c
[18/43] Compiling writer.c
[19/43] Compiling parser.c
[20/43] Compiling api.c
[21/43] Compiling emitter.c
[22/43] Compiling scanner.c
[23/43] Write swift-version-24593BA9C3E375BF.txt
[25/82] Emitting module Yams
<unknown>:0: warning: upcoming feature 'InferSendableFromCaptures' is already enabled as of Swift version 6
<unknown>:0: warning: upcoming feature 'GlobalActorIsolatedTypesUsability' is already enabled as of Swift version 6
<unknown>:0: warning: upcoming feature 'DisableOutwardActorInference' is already enabled as of Swift version 6
[26/84] Compiling Yams Tag.swift
<unknown>:0: warning: upcoming feature 'InferSendableFromCaptures' is already enabled as of Swift version 6
<unknown>:0: warning: upcoming feature 'GlobalActorIsolatedTypesUsability' is already enabled as of Swift version 6
<unknown>:0: warning: upcoming feature 'DisableOutwardActorInference' is already enabled as of Swift version 6
[27/84] Compiling Yams YamlAnchorProviding.swift
<unknown>:0: warning: upcoming feature 'InferSendableFromCaptures' is already enabled as of Swift version 6
<unknown>:0: warning: upcoming feature 'GlobalActorIsolatedTypesUsability' is already enabled as of Swift version 6
<unknown>:0: warning: upcoming feature 'DisableOutwardActorInference' is already enabled as of Swift version 6
[28/84] Compiling Logging LoggingSystem.swift
<unknown>:0: warning: upcoming feature 'InferSendableFromCaptures' is already enabled as of Swift version 6
<unknown>:0: warning: upcoming feature 'GlobalActorIsolatedTypesUsability' is already enabled as of Swift version 6
<unknown>:0: warning: upcoming feature 'DisableOutwardActorInference' is already enabled as of Swift version 6
[29/85] Compiling Logging LogEvent.swift
<unknown>:0: warning: upcoming feature 'InferSendableFromCaptures' is already enabled as of Swift version 6
<unknown>:0: warning: upcoming feature 'GlobalActorIsolatedTypesUsability' is already enabled as of Swift version 6
<unknown>:0: warning: upcoming feature 'DisableOutwardActorInference' is already enabled as of Swift version 6
[30/85] Compiling Logging LogHandler.swift
<unknown>:0: warning: upcoming feature 'InferSendableFromCaptures' is already enabled as of Swift version 6
<unknown>:0: warning: upcoming feature 'GlobalActorIsolatedTypesUsability' is already enabled as of Swift version 6
<unknown>:0: warning: upcoming feature 'DisableOutwardActorInference' is already enabled as of Swift version 6
[31/85] Compiling Logging Logger+With.swift
unable to find node: pound
unable to find node: pound
<unknown>:0: warning: upcoming feature 'InferSendableFromCaptures' is already enabled as of Swift version 6
<unknown>:0: warning: upcoming feature 'GlobalActorIsolatedTypesUsability' is already enabled as of Swift version 6
<unknown>:0: warning: upcoming feature 'DisableOutwardActorInference' is already enabled as of Swift version 6
[32/85] Compiling Logging Logger.swift
<unknown>:0: warning: upcoming feature 'InferSendableFromCaptures' is already enabled as of Swift version 6
<unknown>:0: warning: upcoming feature 'GlobalActorIsolatedTypesUsability' is already enabled as of Swift version 6
<unknown>:0: warning: upcoming feature 'DisableOutwardActorInference' is already enabled as of Swift version 6
[33/85] Compiling Logging Logger+Attributes.swift
<unknown>:0: warning: upcoming feature 'InferSendableFromCaptures' is already enabled as of Swift version 6
<unknown>:0: warning: upcoming feature 'GlobalActorIsolatedTypesUsability' is already enabled as of Swift version 6
<unknown>:0: warning: upcoming feature 'DisableOutwardActorInference' is already enabled as of Swift version 6
[34/85] Compiling Yams AliasDereferencingStrategy.swift
<unknown>:0: warning: upcoming feature 'InferSendableFromCaptures' is already enabled as of Swift version 6
<unknown>:0: warning: upcoming feature 'GlobalActorIsolatedTypesUsability' is already enabled as of Swift version 6
<unknown>:0: warning: upcoming feature 'DisableOutwardActorInference' is already enabled as of Swift version 6
[35/85] Compiling Yams Anchor.swift
<unknown>:0: warning: upcoming feature 'InferSendableFromCaptures' is already enabled as of Swift version 6
<unknown>:0: warning: upcoming feature 'GlobalActorIsolatedTypesUsability' is already enabled as of Swift version 6
<unknown>:0: warning: upcoming feature 'DisableOutwardActorInference' is already enabled as of Swift version 6
[36/85] Emitting module Logging
unable to find node: pound
unable to find node: pound
<unknown>:0: warning: upcoming feature 'InferSendableFromCaptures' is already enabled as of Swift version 6
<unknown>:0: warning: upcoming feature 'GlobalActorIsolatedTypesUsability' is already enabled as of Swift version 6
<unknown>:0: warning: upcoming feature 'DisableOutwardActorInference' is already enabled as of Swift version 6
[37/85] Compiling Logging MultiplexLogHandler.swift
<unknown>:0: warning: upcoming feature 'InferSendableFromCaptures' is already enabled as of Swift version 6
<unknown>:0: warning: upcoming feature 'GlobalActorIsolatedTypesUsability' is already enabled as of Swift version 6
<unknown>:0: warning: upcoming feature 'DisableOutwardActorInference' is already enabled as of Swift version 6
[38/85] Compiling Yams Decoder.swift
<unknown>:0: warning: upcoming feature 'InferSendableFromCaptures' is already enabled as of Swift version 6
<unknown>:0: warning: upcoming feature 'GlobalActorIsolatedTypesUsability' is already enabled as of Swift version 6
<unknown>:0: warning: upcoming feature 'DisableOutwardActorInference' is already enabled as of Swift version 6
[39/85] Compiling Logging MetadataProvider.swift
<unknown>:0: warning: upcoming feature 'InferSendableFromCaptures' is already enabled as of Swift version 6
<unknown>:0: warning: upcoming feature 'GlobalActorIsolatedTypesUsability' is already enabled as of Swift version 6
<unknown>:0: warning: upcoming feature 'DisableOutwardActorInference' is already enabled as of Swift version 6
[40/86] Compiling XcodeEdit Serialization.swift
[41/86] Compiling XcodeEdit XCProjectFile+Rswift.swift
[43/87] Emitting module XcodeEdit
[44/87] Compiling XcodeEdit AllObjects.swift
[45/87] Compiling Yams YamlError.swift
<unknown>:0: warning: upcoming feature 'InferSendableFromCaptures' is already enabled as of Swift version 6
<unknown>:0: warning: upcoming feature 'GlobalActorIsolatedTypesUsability' is already enabled as of Swift version 6
<unknown>:0: warning: upcoming feature 'DisableOutwardActorInference' is already enabled as of Swift version 6
[46/87] Compiling Yams YamlTagProviding.swift
<unknown>:0: warning: upcoming feature 'InferSendableFromCaptures' is already enabled as of Swift version 6
<unknown>:0: warning: upcoming feature 'GlobalActorIsolatedTypesUsability' is already enabled as of Swift version 6
<unknown>:0: warning: upcoming feature 'DisableOutwardActorInference' is already enabled as of Swift version 6
[47/89] Compiling XcodeEdit PBXIdentifier.swift
[48/89] Compiling XcodeEdit Extensions.swift
[49/89] Compiling Yams Resolver.swift
<unknown>:0: warning: upcoming feature 'InferSendableFromCaptures' is already enabled as of Swift version 6
<unknown>:0: warning: upcoming feature 'GlobalActorIsolatedTypesUsability' is already enabled as of Swift version 6
<unknown>:0: warning: upcoming feature 'DisableOutwardActorInference' is already enabled as of Swift version 6
[50/89] Compiling Yams String+Yams.swift
<unknown>:0: warning: upcoming feature 'InferSendableFromCaptures' is already enabled as of Swift version 6
<unknown>:0: warning: upcoming feature 'GlobalActorIsolatedTypesUsability' is already enabled as of Swift version 6
<unknown>:0: warning: upcoming feature 'DisableOutwardActorInference' is already enabled as of Swift version 6
[51/89] Compiling Yams Parser.swift
<unknown>:0: warning: upcoming feature 'InferSendableFromCaptures' is already enabled as of Swift version 6
<unknown>:0: warning: upcoming feature 'GlobalActorIsolatedTypesUsability' is already enabled as of Swift version 6
<unknown>:0: warning: upcoming feature 'DisableOutwardActorInference' is already enabled as of Swift version 6
/host/spi-builder-workspace/.build/checkouts/Yams/Sources/Yams/Representer.swift:342:45: error: cannot find 'DBL_DECIMAL_DIG' in scope
340 |         // Since `NumberFormatter` creates a string with insufficient precision for Decode,
341 |         // it uses with `String(format:...)`
342 |         let string = String(format: "%.*g", DBL_DECIMAL_DIG, self)
    |                                             `- error: cannot find 'DBL_DECIMAL_DIG' in scope
343 |         // "%*.g" does not use scientific notation if the exponent is less than –4.
344 |         // So fallback to using `NumberFormatter` if string does not uses scientific notation.
[52/89] Compiling Yams RedundancyAliasingStrategy.swift
<unknown>:0: warning: upcoming feature 'InferSendableFromCaptures' is already enabled as of Swift version 6
<unknown>:0: warning: upcoming feature 'GlobalActorIsolatedTypesUsability' is already enabled as of Swift version 6
<unknown>:0: warning: upcoming feature 'DisableOutwardActorInference' is already enabled as of Swift version 6
/host/spi-builder-workspace/.build/checkouts/Yams/Sources/Yams/Representer.swift:342:45: error: cannot find 'DBL_DECIMAL_DIG' in scope
340 |         // Since `NumberFormatter` creates a string with insufficient precision for Decode,
341 |         // it uses with `String(format:...)`
342 |         let string = String(format: "%.*g", DBL_DECIMAL_DIG, self)
    |                                             `- error: cannot find 'DBL_DECIMAL_DIG' in scope
343 |         // "%*.g" does not use scientific notation if the exponent is less than –4.
344 |         // So fallback to using `NumberFormatter` if string does not uses scientific notation.
[53/89] Compiling Yams Representer.swift
<unknown>:0: warning: upcoming feature 'InferSendableFromCaptures' is already enabled as of Swift version 6
<unknown>:0: warning: upcoming feature 'GlobalActorIsolatedTypesUsability' is already enabled as of Swift version 6
<unknown>:0: warning: upcoming feature 'DisableOutwardActorInference' is already enabled as of Swift version 6
/host/spi-builder-workspace/.build/checkouts/Yams/Sources/Yams/Representer.swift:342:45: error: cannot find 'DBL_DECIMAL_DIG' in scope
340 |         // Since `NumberFormatter` creates a string with insufficient precision for Decode,
341 |         // it uses with `String(format:...)`
342 |         let string = String(format: "%.*g", DBL_DECIMAL_DIG, self)
    |                                             `- error: cannot find 'DBL_DECIMAL_DIG' in scope
343 |         // "%*.g" does not use scientific notation if the exponent is less than –4.
344 |         // So fallback to using `NumberFormatter` if string does not uses scientific notation.
In file included from /host/spi-builder-workspace/.build/checkouts/TOMLKit/Sources/CTOML/Sources/Conversion.cpp:9:
In file included from /host/spi-builder-workspace/.build/checkouts/TOMLKit/Sources/CTOML/Sources/Conversion.hpp:12:
/host/spi-builder-workspace/.build/checkouts/TOMLKit/Sources/CTOML/Sources/toml.hpp:16223:17: error: implicit instantiation of undefined template 'std::basic_ifstream<char>'
 16223 |                 std::ifstream file;
       |                               ^
/root/.swiftpm/swift-sdks/swift-wasm-6.1-RELEASE-wasm32-unknown-wasi.artifactbundle/6.1-RELEASE-wasm32-unknown-wasi/wasm32-unknown-wasi/WASI.sdk/include/c++/v1/__fwd/fstream.h:24:28: note: template is declared here
   24 | class _LIBCPP_TEMPLATE_VIS basic_ifstream;
      |                            ^
In file included from /host/spi-builder-workspace/.build/checkouts/TOMLKit/Sources/CTOML/Sources/Conversion.cpp:9:
In file included from /host/spi-builder-workspace/.build/checkouts/TOMLKit/Sources/CTOML/Sources/Conversion.hpp:12:
/host/spi-builder-workspace/.build/checkouts/TOMLKit/Sources/CTOML/Sources/toml.hpp:16229:33: error: implicit instantiation of undefined template 'std::basic_ifstream<char>'
 16229 |                 file.open(file_path_str, std::ifstream::in | std::ifstream::binary | std::ifstream::ate);
       |                                               ^
/root/.swiftpm/swift-sdks/swift-wasm-6.1-RELEASE-wasm32-unknown-wasi.artifactbundle/6.1-RELEASE-wasm32-unknown-wasi/wasm32-unknown-wasi/WASI.sdk/include/c++/v1/__fwd/fstream.h:24:28: note: template is declared here
   24 | class _LIBCPP_TEMPLATE_VIS basic_ifstream;
      |                            ^
In file included from /host/spi-builder-workspace/.build/checkouts/TOMLKit/Sources/CTOML/Sources/Conversion.cpp:9:
In file included from /host/spi-builder-workspace/.build/checkouts/TOMLKit/Sources/CTOML/Sources/Conversion.hpp:12:
/host/spi-builder-workspace/.build/checkouts/TOMLKit/Sources/CTOML/Sources/toml.hpp:16229:53: error: implicit instantiation of undefined template 'std::basic_ifstream<char>'
 16229 |                 file.open(file_path_str, std::ifstream::in | std::ifstream::binary | std::ifstream::ate);
       |                                                                   ^
/root/.swiftpm/swift-sdks/swift-wasm-6.1-RELEASE-wasm32-unknown-wasi.artifactbundle/6.1-RELEASE-wasm32-unknown-wasi/wasm32-unknown-wasi/WASI.sdk/include/c++/v1/__fwd/fstream.h:24:28: note: template is declared here
   24 | class _LIBCPP_TEMPLATE_VIS basic_ifstream;
      |                            ^
In file included from /host/spi-builder-workspace/.build/checkouts/TOMLKit/Sources/CTOML/Sources/Conversion.cpp:9:
In file included from /host/spi-builder-workspace/.build/checkouts/TOMLKit/Sources/CTOML/Sources/Conversion.hpp:12:
/host/spi-builder-workspace/.build/checkouts/TOMLKit/Sources/CTOML/Sources/toml.hpp:16229:77: error: implicit instantiation of undefined template 'std::basic_ifstream<char>'
 16229 |                 file.open(file_path_str, std::ifstream::in | std::ifstream::binary | std::ifstream::ate);
       |                                                                                           ^
/root/.swiftpm/swift-sdks/swift-wasm-6.1-RELEASE-wasm32-unknown-wasi.artifactbundle/6.1-RELEASE-wasm32-unknown-wasi/wasm32-unknown-wasi/WASI.sdk/include/c++/v1/__fwd/fstream.h:24:28: note: template is declared here
   24 | class _LIBCPP_TEMPLATE_VIS basic_ifstream;
      |                            ^
In file included from /host/spi-builder-workspace/.build/checkouts/TOMLKit/Sources/CTOML/Sources/Conversion.cpp:9:
In file included from /host/spi-builder-workspace/.build/checkouts/TOMLKit/Sources/CTOML/Sources/Conversion.hpp:12:
/host/spi-builder-workspace/.build/checkouts/TOMLKit/Sources/CTOML/Sources/toml.hpp:16238:22: error: implicit instantiation of undefined template 'std::basic_ifstream<char>'
 16238 |                 file.seekg(0, std::ifstream::beg);
       |                                    ^
/root/.swiftpm/swift-sdks/swift-wasm-6.1-RELEASE-wasm32-unknown-wasi.artifactbundle/6.1-RELEASE-wasm32-unknown-wasi/wasm32-unknown-wasi/WASI.sdk/include/c++/v1/__fwd/fstream.h:24:28: note: template is declared here
   24 | class _LIBCPP_TEMPLATE_VIS basic_ifstream;
      |                            ^
5 errors generated.
[53/89] Compiling Conversion.cpp
In file included from /host/spi-builder-workspace/.build/checkouts/TOMLKit/Sources/CTOML/Sources/Array.cpp:7:
In file included from /host/spi-builder-workspace/.build/checkouts/TOMLKit/Sources/CTOML/Sources/Conversion.hpp:12:
/host/spi-builder-workspace/.build/checkouts/TOMLKit/Sources/CTOML/Sources/toml.hpp:16223:17: error: implicit instantiation of undefined template 'std::basic_ifstream<char>'
 16223 |                 std::ifstream file;
       |                               ^
/root/.swiftpm/swift-sdks/swift-wasm-6.1-RELEASE-wasm32-unknown-wasi.artifactbundle/6.1-RELEASE-wasm32-unknown-wasi/wasm32-unknown-wasi/WASI.sdk/include/c++/v1/__fwd/fstream.h:24:28: note: template is declared here
   24 | class _LIBCPP_TEMPLATE_VIS basic_ifstream;
      |                            ^
In file included from /host/spi-builder-workspace/.build/checkouts/TOMLKit/Sources/CTOML/Sources/Array.cpp:7:
In file included from /host/spi-builder-workspace/.build/checkouts/TOMLKit/Sources/CTOML/Sources/Conversion.hpp:12:
/host/spi-builder-workspace/.build/checkouts/TOMLKit/Sources/CTOML/Sources/toml.hpp:16229:33: error: implicit instantiation of undefined template 'std::basic_ifstream<char>'
 16229 |                 file.open(file_path_str, std::ifstream::in | std::ifstream::binary | std::ifstream::ate);
       |                                               ^
/root/.swiftpm/swift-sdks/swift-wasm-6.1-RELEASE-wasm32-unknown-wasi.artifactbundle/6.1-RELEASE-wasm32-unknown-wasi/wasm32-unknown-wasi/WASI.sdk/include/c++/v1/__fwd/fstream.h:24:28: note: template is declared here
   24 | class _LIBCPP_TEMPLATE_VIS basic_ifstream;
      |                            ^
In file included from /host/spi-builder-workspace/.build/checkouts/TOMLKit/Sources/CTOML/Sources/Array.cpp:7:
In file included from /host/spi-builder-workspace/.build/checkouts/TOMLKit/Sources/CTOML/Sources/Conversion.hpp:12:
/host/spi-builder-workspace/.build/checkouts/TOMLKit/Sources/CTOML/Sources/toml.hpp:16229:53: error: implicit instantiation of undefined template 'std::basic_ifstream<char>'
 16229 |                 file.open(file_path_str, std::ifstream::in | std::ifstream::binary | std::ifstream::ate);
       |                                                                   ^
/root/.swiftpm/swift-sdks/swift-wasm-6.1-RELEASE-wasm32-unknown-wasi.artifactbundle/6.1-RELEASE-wasm32-unknown-wasi/wasm32-unknown-wasi/WASI.sdk/include/c++/v1/__fwd/fstream.h:24:28: note: template is declared here
   24 | class _LIBCPP_TEMPLATE_VIS basic_ifstream;
      |                            ^
In file included from /host/spi-builder-workspace/.build/checkouts/TOMLKit/Sources/CTOML/Sources/Array.cpp:7:
In file included from /host/spi-builder-workspace/.build/checkouts/TOMLKit/Sources/CTOML/Sources/Conversion.hpp:12:
/host/spi-builder-workspace/.build/checkouts/TOMLKit/Sources/CTOML/Sources/toml.hpp:16229:77: error: implicit instantiation of undefined template 'std::basic_ifstream<char>'
 16229 |                 file.open(file_path_str, std::ifstream::in | std::ifstream::binary | std::ifstream::ate);
       |                                                                                           ^
/root/.swiftpm/swift-sdks/swift-wasm-6.1-RELEASE-wasm32-unknown-wasi.artifactbundle/6.1-RELEASE-wasm32-unknown-wasi/wasm32-unknown-wasi/WASI.sdk/include/c++/v1/__fwd/fstream.h:24:28: note: template is declared here
   24 | class _LIBCPP_TEMPLATE_VIS basic_ifstream;
      |                            ^
In file included from /host/spi-builder-workspace/.build/checkouts/TOMLKit/Sources/CTOML/Sources/Array.cpp:7:
In file included from /host/spi-builder-workspace/.build/checkouts/TOMLKit/Sources/CTOML/Sources/Conversion.hpp:12:
/host/spi-builder-workspace/.build/checkouts/TOMLKit/Sources/CTOML/Sources/toml.hpp:16238:22: error: implicit instantiation of undefined template 'std::basic_ifstream<char>'
 16238 |                 file.seekg(0, std::ifstream::beg);
       |                                    ^
/root/.swiftpm/swift-sdks/swift-wasm-6.1-RELEASE-wasm32-unknown-wasi.artifactbundle/6.1-RELEASE-wasm32-unknown-wasi/wasm32-unknown-wasi/WASI.sdk/include/c++/v1/__fwd/fstream.h:24:28: note: template is declared here
   24 | class _LIBCPP_TEMPLATE_VIS basic_ifstream;
      |                            ^
[53/89] Compiling Array.cpp
<unknown>:0: warning: upcoming feature 'InferSendableFromCaptures' is already enabled as of Swift version 6
<unknown>:0: warning: upcoming feature 'GlobalActorIsolatedTypesUsability' is already enabled as of Swift version 6
<unknown>:0: warning: upcoming feature 'DisableOutwardActorInference' is already enabled as of Swift version 6
In file included from /host/spi-builder-workspace/.build/checkouts/TOMLKit/Sources/CTOML/Sources/Node.cpp:7:
In file included from /host/spi-builder-workspace/.build/checkouts/TOMLKit/Sources/CTOML/Sources/Conversion.hpp:12:
/host/spi-builder-workspace/.build/checkouts/TOMLKit/Sources/CTOML/Sources/toml.hpp:16223:17: error: implicit instantiation of undefined template 'std::basic_ifstream<char>'
 16223 |                 std::ifstream file;
       |                               ^
/root/.swiftpm/swift-sdks/swift-wasm-6.1-RELEASE-wasm32-unknown-wasi.artifactbundle/6.1-RELEASE-wasm32-unknown-wasi/wasm32-unknown-wasi/WASI.sdk/include/c++/v1/__fwd/fstream.h:24:28: note: template is declared here
   24 | class _LIBCPP_TEMPLATE_VIS basic_ifstream;
      |                            ^
In file included from /host/spi-builder-workspace/.build/checkouts/TOMLKit/Sources/CTOML/Sources/Node.cpp:7:
In file included from /host/spi-builder-workspace/.build/checkouts/TOMLKit/Sources/CTOML/Sources/Conversion.hpp:12:
/host/spi-builder-workspace/.build/checkouts/TOMLKit/Sources/CTOML/Sources/toml.hpp:16229:33: error: implicit instantiation of undefined template 'std::basic_ifstream<char>'
 16229 |                 file.open(file_path_str, std::ifstream::in | std::ifstream::binary | std::ifstream::ate);
       |                                               ^
/root/.swiftpm/swift-sdks/swift-wasm-6.1-RELEASE-wasm32-unknown-wasi.artifactbundle/6.1-RELEASE-wasm32-unknown-wasi/wasm32-unknown-wasi/WASI.sdk/include/c++/v1/__fwd/fstream.h:24:28: note: template is declared here
   24 | class _LIBCPP_TEMPLATE_VIS basic_ifstream;
      |                            ^
In file included from /host/spi-builder-workspace/.build/checkouts/TOMLKit/Sources/CTOML/Sources/Node.cpp:7:
In file included from /host/spi-builder-workspace/.build/checkouts/TOMLKit/Sources/CTOML/Sources/Conversion.hpp:12:
/host/spi-builder-workspace/.build/checkouts/TOMLKit/Sources/CTOML/Sources/toml.hpp:16229:53: error: implicit instantiation of undefined template 'std::basic_ifstream<char>'
 16229 |                 file.open(file_path_str, std::ifstream::in | std::ifstream::binary | std::ifstream::ate);
       |                                                                   ^
/root/.swiftpm/swift-sdks/swift-wasm-6.1-RELEASE-wasm32-unknown-wasi.artifactbundle/6.1-RELEASE-wasm32-unknown-wasi/wasm32-unknown-wasi/WASI.sdk/include/c++/v1/__fwd/fstream.h:24:28: note: template is declared here
   24 | class _LIBCPP_TEMPLATE_VIS basic_ifstream;
      |                            ^
In file included from /host/spi-builder-workspace/.build/checkouts/TOMLKit/Sources/CTOML/Sources/Node.cpp:7:
In file included from /host/spi-builder-workspace/.build/checkouts/TOMLKit/Sources/CTOML/Sources/Conversion.hpp:12:
/host/spi-builder-workspace/.build/checkouts/TOMLKit/Sources/CTOML/Sources/toml.hpp:16229:77: error: implicit instantiation of undefined template 'std::basic_ifstream<char>'
 16229 |                 file.open(file_path_str, std::ifstream::in | std::ifstream::binary | std::ifstream::ate);
       |                                                                                           ^
/root/.swiftpm/swift-sdks/swift-wasm-6.1-RELEASE-wasm32-unknown-wasi.artifactbundle/6.1-RELEASE-wasm32-unknown-wasi/wasm32-unknown-wasi/WASI.sdk/include/c++/v1/__fwd/fstream.h:24:28: note: template is declared here
   24 | class _LIBCPP_TEMPLATE_VIS basic_ifstream;
      |                            ^
In file included from /host/spi-builder-workspace/.build/checkouts/TOMLKit/Sources/CTOML/Sources/Node.cpp:7:
In file included from /host/spi-builder-workspace/.build/checkouts/TOMLKit/Sources/CTOML/Sources/Conversion.hpp:12:
/host/spi-builder-workspace/.build/checkouts/TOMLKit/Sources/CTOML/Sources/toml.hpp:16238:22: error: implicit instantiation of undefined template 'std::basic_ifstream<char>'
 16238 |                 file.seekg(0, std::ifstream::beg);
       |                                    ^
/root/.swiftpm/swift-sdks/swift-wasm-6.1-RELEASE-wasm32-unknown-wasi.artifactbundle/6.1-RELEASE-wasm32-unknown-wasi/wasm32-unknown-wasi/WASI.sdk/include/c++/v1/__fwd/fstream.h:24:28: note: template is declared here
   24 | class _LIBCPP_TEMPLATE_VIS basic_ifstream;
      |                            ^
[53/89] Compiling Node.cpp
In file included from /host/spi-builder-workspace/.build/checkouts/TOMLKit/Sources/CTOML/Sources/Date&Time&DateTime.cpp:2:
In file included from /host/spi-builder-workspace/.build/checkouts/TOMLKit/Sources/CTOML/Sources/Conversion.hpp:12:
/host/spi-builder-workspace/.build/checkouts/TOMLKit/Sources/CTOML/Sources/toml.hpp:16223:17: error: implicit instantiation of undefined template 'std::basic_ifstream<char>'
 16223 |                 std::ifstream file;
       |                               ^
/root/.swiftpm/swift-sdks/swift-wasm-6.1-RELEASE-wasm32-unknown-wasi.artifactbundle/6.1-RELEASE-wasm32-unknown-wasi/wasm32-unknown-wasi/WASI.sdk/include/c++/v1/__fwd/fstream.h:24:28: note: template is declared here
   24 | class _LIBCPP_TEMPLATE_VIS basic_ifstream;
      |                            ^
In file included from /host/spi-builder-workspace/.build/checkouts/TOMLKit/Sources/CTOML/Sources/Date&Time&DateTime.cpp:2:
In file included from /host/spi-builder-workspace/.build/checkouts/TOMLKit/Sources/CTOML/Sources/Conversion.hpp:12:
/host/spi-builder-workspace/.build/checkouts/TOMLKit/Sources/CTOML/Sources/toml.hpp:16229:33: error: implicit instantiation of undefined template 'std::basic_ifstream<char>'
 16229 |                 file.open(file_path_str, std::ifstream::in | std::ifstream::binary | std::ifstream::ate);
       |                                               ^
/root/.swiftpm/swift-sdks/swift-wasm-6.1-RELEASE-wasm32-unknown-wasi.artifactbundle/6.1-RELEASE-wasm32-unknown-wasi/wasm32-unknown-wasi/WASI.sdk/include/c++/v1/__fwd/fstream.h:24:28: note: template is declared here
   24 | class _LIBCPP_TEMPLATE_VIS basic_ifstream;
      |                            ^
In file included from /host/spi-builder-workspace/.build/checkouts/TOMLKit/Sources/CTOML/Sources/Date&Time&DateTime.cpp:2:
In file included from /host/spi-builder-workspace/.build/checkouts/TOMLKit/Sources/CTOML/Sources/Conversion.hpp:12:
/host/spi-builder-workspace/.build/checkouts/TOMLKit/Sources/CTOML/Sources/toml.hpp:16229:53: error: implicit instantiation of undefined template 'std::basic_ifstream<char>'
 16229 |                 file.open(file_path_str, std::ifstream::in | std::ifstream::binary | std::ifstream::ate);
       |                                                                   ^
/root/.swiftpm/swift-sdks/swift-wasm-6.1-RELEASE-wasm32-unknown-wasi.artifactbundle/6.1-RELEASE-wasm32-unknown-wasi/wasm32-unknown-wasi/WASI.sdk/include/c++/v1/__fwd/fstream.h:24:28: note: template is declared here
   24 | class _LIBCPP_TEMPLATE_VIS basic_ifstream;
      |                            ^
In file included from /host/spi-builder-workspace/.build/checkouts/TOMLKit/Sources/CTOML/Sources/Date&Time&DateTime.cpp:2:
In file included from /host/spi-builder-workspace/.build/checkouts/TOMLKit/Sources/CTOML/Sources/Conversion.hpp:12:
/host/spi-builder-workspace/.build/checkouts/TOMLKit/Sources/CTOML/Sources/toml.hpp:16229:77: error: implicit instantiation of undefined template 'std::basic_ifstream<char>'
 16229 |                 file.open(file_path_str, std::ifstream::in | std::ifstream::binary | std::ifstream::ate);
       |                                                                                           ^
/root/.swiftpm/swift-sdks/swift-wasm-6.1-RELEASE-wasm32-unknown-wasi.artifactbundle/6.1-RELEASE-wasm32-unknown-wasi/wasm32-unknown-wasi/WASI.sdk/include/c++/v1/__fwd/fstream.h:24:28: note: template is declared here
   24 | class _LIBCPP_TEMPLATE_VIS basic_ifstream;
      |                            ^
In file included from /host/spi-builder-workspace/.build/checkouts/TOMLKit/Sources/CTOML/Sources/Date&Time&DateTime.cpp:2:
In file included from /host/spi-builder-workspace/.build/checkouts/TOMLKit/Sources/CTOML/Sources/Conversion.hpp:12:
/host/spi-builder-workspace/.build/checkouts/TOMLKit/Sources/CTOML/Sources/toml.hpp:16238:22: error: implicit instantiation of undefined template 'std::basic_ifstream<char>'
 16238 |                 file.seekg(0, std::ifstream::beg);
       |                                    ^
/root/.swiftpm/swift-sdks/swift-wasm-6.1-RELEASE-wasm32-unknown-wasi.artifactbundle/6.1-RELEASE-wasm32-unknown-wasi/wasm32-unknown-wasi/WASI.sdk/include/c++/v1/__fwd/fstream.h:24:28: note: template is declared here
   24 | class _LIBCPP_TEMPLATE_VIS basic_ifstream;
      |                            ^
[53/89] Compiling Date&Time&DateTime.cpp
In file included from /host/spi-builder-workspace/.build/checkouts/TOMLKit/Sources/CTOML/Sources/Table.cpp:7:
In file included from /host/spi-builder-workspace/.build/checkouts/TOMLKit/Sources/CTOML/Sources/Conversion.hpp:12:
/host/spi-builder-workspace/.build/checkouts/TOMLKit/Sources/CTOML/Sources/toml.hpp:16223:17: error: implicit instantiation of undefined template 'std::basic_ifstream<char>'
 16223 |                 std::ifstream file;
       |                               ^
/root/.swiftpm/swift-sdks/swift-wasm-6.1-RELEASE-wasm32-unknown-wasi.artifactbundle/6.1-RELEASE-wasm32-unknown-wasi/wasm32-unknown-wasi/WASI.sdk/include/c++/v1/__fwd/fstream.h:24:28: note: template is declared here
   24 | class _LIBCPP_TEMPLATE_VIS basic_ifstream;
      |                            ^
In file included from /host/spi-builder-workspace/.build/checkouts/TOMLKit/Sources/CTOML/Sources/Table.cpp:7:
In file included from /host/spi-builder-workspace/.build/checkouts/TOMLKit/Sources/CTOML/Sources/Conversion.hpp:12:
/host/spi-builder-workspace/.build/checkouts/TOMLKit/Sources/CTOML/Sources/toml.hpp:16229:33: error: implicit instantiation of undefined template 'std::basic_ifstream<char>'
 16229 |                 file.open(file_path_str, std::ifstream::in | std::ifstream::binary | std::ifstream::ate);
       |                                               ^
/root/.swiftpm/swift-sdks/swift-wasm-6.1-RELEASE-wasm32-unknown-wasi.artifactbundle/6.1-RELEASE-wasm32-unknown-wasi/wasm32-unknown-wasi/WASI.sdk/include/c++/v1/__fwd/fstream.h:24:28: note: template is declared here
   24 | class _LIBCPP_TEMPLATE_VIS basic_ifstream;
      |                            ^
In file included from /host/spi-builder-workspace/.build/checkouts/TOMLKit/Sources/CTOML/Sources/Table.cpp:7:
In file included from /host/spi-builder-workspace/.build/checkouts/TOMLKit/Sources/CTOML/Sources/Conversion.hpp:12:
/host/spi-builder-workspace/.build/checkouts/TOMLKit/Sources/CTOML/Sources/toml.hpp:16229:53: error: implicit instantiation of undefined template 'std::basic_ifstream<char>'
 16229 |                 file.open(file_path_str, std::ifstream::in | std::ifstream::binary | std::ifstream::ate);
       |                                                                   ^
/root/.swiftpm/swift-sdks/swift-wasm-6.1-RELEASE-wasm32-unknown-wasi.artifactbundle/6.1-RELEASE-wasm32-unknown-wasi/wasm32-unknown-wasi/WASI.sdk/include/c++/v1/__fwd/fstream.h:24:28: note: template is declared here
   24 | class _LIBCPP_TEMPLATE_VIS basic_ifstream;
      |                            ^
In file included from /host/spi-builder-workspace/.build/checkouts/TOMLKit/Sources/CTOML/Sources/Table.cpp:7:
In file included from /host/spi-builder-workspace/.build/checkouts/TOMLKit/Sources/CTOML/Sources/Conversion.hpp:12:
/host/spi-builder-workspace/.build/checkouts/TOMLKit/Sources/CTOML/Sources/toml.hpp:16229:77: error: implicit instantiation of undefined template 'std::basic_ifstream<char>'
 16229 |                 file.open(file_path_str, std::ifstream::in | std::ifstream::binary | std::ifstream::ate);
       |                                                                                           ^
/root/.swiftpm/swift-sdks/swift-wasm-6.1-RELEASE-wasm32-unknown-wasi.artifactbundle/6.1-RELEASE-wasm32-unknown-wasi/wasm32-unknown-wasi/WASI.sdk/include/c++/v1/__fwd/fstream.h:24:28: note: template is declared here
   24 | class _LIBCPP_TEMPLATE_VIS basic_ifstream;
      |                            ^
In file included from /host/spi-builder-workspace/.build/checkouts/TOMLKit/Sources/CTOML/Sources/Table.cpp:7:
In file included from /host/spi-builder-workspace/.build/checkouts/TOMLKit/Sources/CTOML/Sources/Conversion.hpp:12:
/host/spi-builder-workspace/.build/checkouts/TOMLKit/Sources/CTOML/Sources/toml.hpp:16238:22: error: implicit instantiation of undefined template 'std::basic_ifstream<char>'
 16238 |                 file.seekg(0, std::ifstream::beg);
       |                                    ^
/root/.swiftpm/swift-sdks/swift-wasm-6.1-RELEASE-wasm32-unknown-wasi.artifactbundle/6.1-RELEASE-wasm32-unknown-wasi/wasm32-unknown-wasi/WASI.sdk/include/c++/v1/__fwd/fstream.h:24:28: note: template is declared here
   24 | class _LIBCPP_TEMPLATE_VIS basic_ifstream;
      |                            ^
[53/89] Compiling Table.cpp
Running build ...
bash -c docker run --pull=always --rm -v "checkouts-54344844-1":/host -w "$PWD" -e JAVA_HOME="/root/.sdkman/candidates/java/current" -e SPI_BUILD="1" -e SPI_PROCESSING="1" registry.gitlab.com/saguaro1/spi-images:wasm-6.1-latest swift build --swift-sdk wasm32-unknown-wasi 2>&1
wasm-6.1-latest: Pulling from saguaro1/spi-images
Digest: sha256:beceeede496da67681f4fa220a6b97cc098a0178841a413735f598dc6bbaf4c8
Status: Image is up to date for registry.gitlab.com/saguaro1/spi-images:wasm-6.1-latest
warning: 'apikit': found 1 file(s) which are unhandled; explicitly declare them as resources or exclude from the target
    /host/spi-builder-workspace/.build/checkouts/APIKit/Sources/APIKit/Info.plist
[0/1] Planning build
[1/1] Compiling plugin AddAcknowledgementsCopyScriptCommand
[2/2] Compiling plugin GenerateAcknowledgementsCommand
[3/3] Compiling plugin LicensePlistBuildTool
[4/4] Compiling plugin GenerateManual
[5/5] Compiling plugin GenerateDoccReference
Building for debugging...
[5/25] Write swift-version-24593BA9C3E375BF.txt
[7/64] Compiling Logging LoggingSystem.swift
[8/65] Compiling Logging Logger+With.swift
unable to find node: pound
unable to find node: pound
[9/65] Compiling XcodeEdit XCProjectFile+Rswift.swift
[10/66] Compiling Yams Tag.swift
[11/66] Compiling Yams YamlAnchorProviding.swift
[12/66] Compiling Logging MetadataProvider.swift
[13/68] Compiling XcodeEdit AllObjects.swift
[14/68] Emitting module XcodeEdit
[15/68] Compiling Yams Resolver.swift
[16/68] Compiling Yams String+Yams.swift
[17/68] Compiling Logging Logger.swift
[18/68] Compiling XcodeEdit PBXObject+Fields.swift
[19/68] Compiling Yams Node.Alias.swift
[20/68] Compiling Yams Node.Mapping.swift
[21/68] Compiling Yams Encoder.swift
[22/68] Compiling Yams Mark.swift
[23/68] Compiling Logging Logger+Attributes.swift
[24/68] Compiling XcodeEdit PBXObject.swift
[25/68] Compiling XcodeEdit Serialization.swift
[26/68] Compiling XcodeEdit PBXIdentifier.swift
[27/68] Compiling XcodeEdit Extensions.swift
[28/68] Emitting module Logging
unable to find node: pound
unable to find node: pound
[29/68] Emitting module Yams
[30/68] Compiling Yams Decoder.swift
[31/68] Compiling Yams Emitter.swift
[33/69] Compiling Yams Node.Scalar.swift
[34/69] Compiling Yams Node.Sequence.swift
[35/69] Compiling Yams Node.swift
[36/69] Compiling Yams Parser.swift
/host/spi-builder-workspace/.build/checkouts/Yams/Sources/Yams/Representer.swift:342:45: error: cannot find 'DBL_DECIMAL_DIG' in scope
340 |         // Since `NumberFormatter` creates a string with insufficient precision for Decode,
341 |         // it uses with `String(format:...)`
342 |         let string = String(format: "%.*g", DBL_DECIMAL_DIG, self)
    |                                             `- error: cannot find 'DBL_DECIMAL_DIG' in scope
343 |         // "%*.g" does not use scientific notation if the exponent is less than –4.
344 |         // So fallback to using `NumberFormatter` if string does not uses scientific notation.
[37/69] Compiling Yams RedundancyAliasingStrategy.swift
/host/spi-builder-workspace/.build/checkouts/Yams/Sources/Yams/Representer.swift:342:45: error: cannot find 'DBL_DECIMAL_DIG' in scope
340 |         // Since `NumberFormatter` creates a string with insufficient precision for Decode,
341 |         // it uses with `String(format:...)`
342 |         let string = String(format: "%.*g", DBL_DECIMAL_DIG, self)
    |                                             `- error: cannot find 'DBL_DECIMAL_DIG' in scope
343 |         // "%*.g" does not use scientific notation if the exponent is less than –4.
344 |         // So fallback to using `NumberFormatter` if string does not uses scientific notation.
[38/69] Compiling Yams Representer.swift
/host/spi-builder-workspace/.build/checkouts/Yams/Sources/Yams/Representer.swift:342:45: error: cannot find 'DBL_DECIMAL_DIG' in scope
340 |         // Since `NumberFormatter` creates a string with insufficient precision for Decode,
341 |         // it uses with `String(format:...)`
342 |         let string = String(format: "%.*g", DBL_DECIMAL_DIG, self)
    |                                             `- error: cannot find 'DBL_DECIMAL_DIG' in scope
343 |         // "%*.g" does not use scientific notation if the exponent is less than –4.
344 |         // So fallback to using `NumberFormatter` if string does not uses scientific notation.
In file included from /host/spi-builder-workspace/.build/checkouts/TOMLKit/Sources/CTOML/Sources/Node.cpp:7:
In file included from /host/spi-builder-workspace/.build/checkouts/TOMLKit/Sources/CTOML/Sources/Conversion.hpp:12:
/host/spi-builder-workspace/.build/checkouts/TOMLKit/Sources/CTOML/Sources/toml.hpp:16223:17: error: implicit instantiation of undefined template 'std::basic_ifstream<char>'
 16223 |                 std::ifstream file;
       |                               ^
/root/.swiftpm/swift-sdks/swift-wasm-6.1-RELEASE-wasm32-unknown-wasi.artifactbundle/6.1-RELEASE-wasm32-unknown-wasi/wasm32-unknown-wasi/WASI.sdk/include/c++/v1/__fwd/fstream.h:24:28: note: template is declared here
   24 | class _LIBCPP_TEMPLATE_VIS basic_ifstream;
      |                            ^
In file included from /host/spi-builder-workspace/.build/checkouts/TOMLKit/Sources/CTOML/Sources/Node.cpp:7:
In file included from /host/spi-builder-workspace/.build/checkouts/TOMLKit/Sources/CTOML/Sources/Conversion.hpp:12:
/host/spi-builder-workspace/.build/checkouts/TOMLKit/Sources/CTOML/Sources/toml.hpp:16229:33: error: implicit instantiation of undefined template 'std::basic_ifstream<char>'
 16229 |                 file.open(file_path_str, std::ifstream::in | std::ifstream::binary | std::ifstream::ate);
       |                                               ^
/root/.swiftpm/swift-sdks/swift-wasm-6.1-RELEASE-wasm32-unknown-wasi.artifactbundle/6.1-RELEASE-wasm32-unknown-wasi/wasm32-unknown-wasi/WASI.sdk/include/c++/v1/__fwd/fstream.h:24:28: note: template is declared here
   24 | class _LIBCPP_TEMPLATE_VIS basic_ifstream;
      |                            ^
In file included from /host/spi-builder-workspace/.build/checkouts/TOMLKit/Sources/CTOML/Sources/Node.cpp:7:
In file included from /host/spi-builder-workspace/.build/checkouts/TOMLKit/Sources/CTOML/Sources/Conversion.hpp:12:
/host/spi-builder-workspace/.build/checkouts/TOMLKit/Sources/CTOML/Sources/toml.hpp:16229:53: error: implicit instantiation of undefined template 'std::basic_ifstream<char>'
 16229 |                 file.open(file_path_str, std::ifstream::in | std::ifstream::binary | std::ifstream::ate);
       |                                                                   ^
/root/.swiftpm/swift-sdks/swift-wasm-6.1-RELEASE-wasm32-unknown-wasi.artifactbundle/6.1-RELEASE-wasm32-unknown-wasi/wasm32-unknown-wasi/WASI.sdk/include/c++/v1/__fwd/fstream.h:24:28: note: template is declared here
   24 | class _LIBCPP_TEMPLATE_VIS basic_ifstream;
      |                            ^
In file included from /host/spi-builder-workspace/.build/checkouts/TOMLKit/Sources/CTOML/Sources/Node.cpp:7:
In file included from /host/spi-builder-workspace/.build/checkouts/TOMLKit/Sources/CTOML/Sources/Conversion.hpp:12:
/host/spi-builder-workspace/.build/checkouts/TOMLKit/Sources/CTOML/Sources/toml.hpp:16229:77: error: implicit instantiation of undefined template 'std::basic_ifstream<char>'
 16229 |                 file.open(file_path_str, std::ifstream::in | std::ifstream::binary | std::ifstream::ate);
       |                                                                                           ^
/root/.swiftpm/swift-sdks/swift-wasm-6.1-RELEASE-wasm32-unknown-wasi.artifactbundle/6.1-RELEASE-wasm32-unknown-wasi/wasm32-unknown-wasi/WASI.sdk/include/c++/v1/__fwd/fstream.h:24:28: note: template is declared here
   24 | class _LIBCPP_TEMPLATE_VIS basic_ifstream;
      |                            ^
In file included from /host/spi-builder-workspace/.build/checkouts/TOMLKit/Sources/CTOML/Sources/Node.cpp:7:
In file included from /host/spi-builder-workspace/.build/checkouts/TOMLKit/Sources/CTOML/Sources/Conversion.hpp:12:
/host/spi-builder-workspace/.build/checkouts/TOMLKit/Sources/CTOML/Sources/toml.hpp:16238:22: error: implicit instantiation of undefined template 'std::basic_ifstream<char>'
 16238 |                 file.seekg(0, std::ifstream::beg);
       |                                    ^
/root/.swiftpm/swift-sdks/swift-wasm-6.1-RELEASE-wasm32-unknown-wasi.artifactbundle/6.1-RELEASE-wasm32-unknown-wasi/wasm32-unknown-wasi/WASI.sdk/include/c++/v1/__fwd/fstream.h:24:28: note: template is declared here
   24 | class _LIBCPP_TEMPLATE_VIS basic_ifstream;
      |                            ^
5 errors generated.
[38/69] Compiling Node.cpp
[39/69] Compiling Yams AliasDereferencingStrategy.swift
[40/69] Compiling Yams Anchor.swift
[41/69] Compiling Yams Constructor.swift
[41/69] Compiling Array.cpp
[41/69] Compiling Table.cpp
[41/69] Compiling Conversion.cpp
[41/69] Compiling Date&Time&DateTime.cpp
BUILD FAILURE 6.1 wasm