The Swift Package Index logo.Swift Package Index

Build Information

Failed to build Lunch, reference 1.2.0 (2ae6d4), with Swift 6.4 for Android on 23 Sep 2026 20:09:18 UTC.

Build Command

bash -c docker run --pull=always --rm -v "checkouts-54344845-0":/host -w "$PWD" -e JAVA_HOME="/root/.sdkman/candidates/java/current" -e SPI_BUILD="1" -e SPI_PROCESSING="1" registry.gitlab.com/saguaro1/spi-images:android-6.4-latest swift build --swift-sdk aarch64-unknown-linux-android28 2>&1

Build Log

========================================
RunAll
========================================
Builder version: 5.1.0
Interrupt handler set up.
========================================
Checkout
========================================
Clone URL: https://github.com/fromkk/lunch.git
Reference: 1.2.0
Initialized empty Git repository in /host/spi-builder-workspace/.git/
hint: Using 'master' as the name for the initial branch. This default branch name
hint: is subject to change. To configure the initial branch name to use in all
hint: of your new repositories, which will suppress this warning, call:
hint:
hint: 	git config --global init.defaultBranch <name>
hint:
hint: Names commonly chosen instead of 'master' are 'main', 'trunk' and
hint: 'development'. The just-created branch can be renamed via this command:
hint:
hint: 	git branch -m <name>
From https://github.com/fromkk/lunch
 * tag               1.2.0      -> FETCH_HEAD
HEAD is now at 2ae6d42 add MainActor
Cloned https://github.com/fromkk/lunch.git
Revision (git rev-parse @):
2ae6d42ab77bc45cdad0f6a72e679a8315af78ba
SUCCESS checkout https://github.com/fromkk/lunch.git at 1.2.0
========================================
Build
========================================
Selected platform:         android
Swift version:             6.4
Building package at path:  $PWD
https://github.com/fromkk/lunch.git
Running build ...
bash -c docker run --pull=always --rm -v "checkouts-54344845-0":/host -w "$PWD" -e JAVA_HOME="/root/.sdkman/candidates/java/current" -e SPI_BUILD="1" -e SPI_PROCESSING="1" registry.gitlab.com/saguaro1/spi-images:android-6.4-latest swift build --swift-sdk aarch64-unknown-linux-android28 2>&1
android-6.4-latest: Pulling from saguaro1/spi-images
Digest: sha256:abadcff584c273feba50641b454858d377ba30b35ea7287a94f45ebd8afd0ea0
Status: Image is up to date for registry.gitlab.com/saguaro1/spi-images:android-6.4-latest
Building for debugging...
[Planning deferred tasks]
[36 / 52] LunchTest
error: SwiftCompile normal aarch64 failed with a nonzero exit code. Command line:     cd /host

/host/spi-builder-workspace/LunchTest/Launcher.swift:22:34: error: cannot find type 'XCUIApplication' in scope
20 |     public var locale: String
21 |     public var userInfo: [AnyHashable: Any]?
22 |     public lazy var application: XCUIApplication = {
   |                                  `- error: cannot find type 'XCUIApplication' in scope
23 |         let app: XCUIApplication = XCUIApplication()
24 |         app.launchEnvironment = env
/host/spi-builder-workspace/LunchTest/Launcher.swift:23:36: error: cannot find 'XCUIApplication' in scope
21 |     public var userInfo: [AnyHashable: Any]?
22 |     public lazy var application: XCUIApplication = {
23 |         let app: XCUIApplication = XCUIApplication()
   |                                    `- error: cannot find 'XCUIApplication' in scope
24 |         app.launchEnvironment = env
25 |         app.launchArguments = arguments
/host/spi-builder-workspace/LunchTest/Launcher.swift:23:18: error: cannot find type 'XCUIApplication' in scope
21 |     public var userInfo: [AnyHashable: Any]?
22 |     public lazy var application: XCUIApplication = {
23 |         let app: XCUIApplication = XCUIApplication()
   |                  `- error: cannot find type 'XCUIApplication' in scope
24 |         app.launchEnvironment = env
25 |         app.launchArguments = arguments
/host/spi-builder-workspace/LunchTest/Launcher.swift:80:58: error: cannot find type 'XCUIApplication' in scope
78 |
79 |     @discardableResult
80 |     public func launch(_ app: XCUIApplication? = nil) -> XCUIApplication {
   |                                                          `- error: cannot find type 'XCUIApplication' in scope
81 |         if let app = app {
82 |             app.launch()
/host/spi-builder-workspace/LunchTest/Launcher.swift:80:31: error: cannot find type 'XCUIApplication' in scope
78 |
79 |     @discardableResult
80 |     public func launch(_ app: XCUIApplication? = nil) -> XCUIApplication {
   |                               `- error: cannot find type 'XCUIApplication' in scope
81 |         if let app = app {
82 |             app.launch()
/host/spi-builder-workspace/LunchTest/PageObjectsRepresentable.swift:12:14: error: cannot find type 'XCUIApplication' in scope
10 |
11 | public protocol PageObjectsRepresentable {
12 |     var app: XCUIApplication { get set }
   |              `- error: cannot find type 'XCUIApplication' in scope
13 |     init(app: XCUIApplication)
14 | }
/host/spi-builder-workspace/LunchTest/PageObjectsRepresentable.swift:13:15: error: cannot find type 'XCUIApplication' in scope
11 | public protocol PageObjectsRepresentable {
12 |     var app: XCUIApplication { get set }
13 |     init(app: XCUIApplication)
   |               `- error: cannot find type 'XCUIApplication' in scope
14 | }
15 |
Failed frontend command:
/root/.local/share/swiftly/toolchains/6.4.x-snapshot-2026-09-04/usr/bin/swift-frontend -frontend -emit-module -experimental-skip-non-inlinable-function-bodies-without-types /host/spi-builder-workspace/LunchTest/Launcher.swift /host/spi-builder-workspace/LunchTest/PageObjectsRepresentable.swift /host/spi-builder-workspace/LunchTest/ViewControllerTestable.swift -target aarch64-unknown-linux-android28 -Xllvm -aarch64-use-tbi -disable-objc-interop -sdk /android-ndk/android-ndk-r27d/toolchains/llvm/prebuilt/linux-x86_64/sysroot -sysroot /android-ndk/android-ndk-r27d/toolchains/llvm/prebuilt/linux-x86_64/sysroot -I /host/spi-builder-workspace/.build/out/Products/Debug-android-aarch64 -module-cache-path /host/spi-builder-workspace/.build/out/ModuleCache.noindex -color-diagnostics -Xcc -fcolor-diagnostics -enable-testing -g -debug-info-format\=dwarf -dwarf-version\=4 -swift-version 6 -Onone -D SWIFT_PACKAGE -D DEBUG -D SWIFT_MODULE_RESOURCE_BUNDLE_UNAVAILABLE -D Xcode -serialize-debugging-options -enable-experimental-feature DebugDescriptionMacro -empty-abi-descriptor -external-plugin-path /root/.local/share/swiftly/toolchains/6.4.x-snapshot-2026-09-04/usr/lib/swift/host/plugins/testing\#/root/.local/share/swiftly/toolchains/6.4.x-snapshot-2026-09-04/usr/bin/swift-plugin-server -validate-clang-modules-once -clang-build-session-file /host/spi-builder-workspace/.build/out/ModuleCache.noindex/Session.modulevalidation -Xcc -working-directory -Xcc /host -resource-dir /root/.swiftpm/swift-sdks/swift-6.4.x-DEVELOPMENT-SNAPSHOT-2026-09-04-a_android.artifactbundle/swift-android/swift-resources/usr/lib/swift-aarch64 -enable-anonymous-context-mangled-names -file-compilation-dir /host -Xcc -resource-dir -Xcc /android-ndk/android-ndk-r27d/toolchains/llvm/prebuilt/linux-x86_64/lib/clang/18 -Xcc -fno-omit-frame-pointer -Xcc -D_LIBCPP_HARDENING_MODE\=_LIBCPP_HARDENING_MODE_DEBUG -Xcc -fmodules-prune-interval\=86400 -Xcc -fmodules-prune-after\=345600 -Xcc -I/host/spi-builder-workspace/.build/out/Products/Debug-android-aarch64/include -Xcc -I/host/spi-builder-workspace/.build/out/Intermediates.noindex/Lunch.build/Debug-android-aarch64/LunchTest-t.build/DerivedSources-normal/aarch64 -Xcc -I/host/spi-builder-workspace/.build/out/Intermediates.noindex/Lunch.build/Debug-android-aarch64/LunchTest-t.build/DerivedSources/aarch64 -Xcc -I/host/spi-builder-workspace/.build/out/Intermediates.noindex/Lunch.build/Debug-android-aarch64/LunchTest-t.build/DerivedSources -Xcc -DSWIFT_PACKAGE -Xcc -DDEBUG\=1 -no-auto-bridging-header-chaining -module-name LunchTest -package-name spi_builder_workspace -const-gather-protocols-file /host/spi-builder-workspace/.build/out/Intermediates.noindex/Lunch.build/Debug-android-aarch64/LunchTest-t.build/Objects-normal/aarch64/LunchTest_const_extract_protocols.json -in-process-plugin-server-path /root/.local/share/swiftly/toolchains/6.4.x-snapshot-2026-09-04/usr/lib/swift/host/libSwiftInProcPluginServer.so -plugin-path /root/.local/share/swiftly/toolchains/6.4.x-snapshot-2026-09-04/usr/lib/swift/host/plugins -plugin-path /root/.local/share/swiftly/toolchains/6.4.x-snapshot-2026-09-04/usr/local/lib/swift/host/plugins -emit-module-doc-path /host/spi-builder-workspace/.build/out/Intermediates.noindex/Lunch.build/Debug-android-aarch64/LunchTest-t.build/Objects-normal/aarch64/Modules/LunchTest.swiftdoc -emit-module-source-info-path /host/spi-builder-workspace/.build/out/Intermediates.noindex/Lunch.build/Debug-android-aarch64/LunchTest-t.build/Objects-normal/aarch64/Modules/LunchTest.swiftsourceinfo -emit-objc-header-path /host/spi-builder-workspace/.build/out/Intermediates.noindex/Lunch.build/Debug-android-aarch64/LunchTest-t.build/Objects-normal/aarch64/LunchTest-Swift.h -serialize-diagnostics-path /host/spi-builder-workspace/.build/out/Intermediates.noindex/Lunch.build/Debug-android-aarch64/LunchTest-t.build/Objects-normal/aarch64/LunchTest-primary-emit-module.dia -emit-dependencies-path /host/spi-builder-workspace/.build/out/Intermediates.noindex/Lunch.build/Debug-android-aarch64/LunchTest-t.build/Objects-normal/aarch64/LunchTest-primary-emit-module.d -parse-as-library -o /host/spi-builder-workspace/.build/out/Intermediates.noindex/Lunch.build/Debug-android-aarch64/LunchTest-t.build/Objects-normal/aarch64/Modules/LunchTest.swiftmodule
error: Build failed
BUILD FAILURE 6.4 android