The Swift Package Index logo.Swift Package Index

Build Information

Failed to build ATIdentityTools, reference main (ee709b), with Swift 6.4 for Wasm on 26 Sep 2026 23:07:14 UTC.

Build Command

bash -c docker run --pull=always --rm -v "checkouts-53886770-1":/host -w "$PWD" -e JAVA_HOME="/root/.sdkman/candidates/java/current" -e SPI_BUILD="1" -e SPI_PROCESSING="1" registry.gitlab.com/saguaro1/spi-images:wasm-6.4-latest swift build --swift-sdk swift-6.4.x-DEVELOPMENT-SNAPSHOT-2026-09-04-a_wasm 2>&1

Build Log

========================================
RunAll
========================================
Builder version: 5.1.0
Interrupt handler set up.
========================================
Checkout
========================================
Clone URL: https://github.com/ATProtoKit/ATIdentityTools.git
Reference: main
Initialized empty Git repository in /host/spi-builder-workspace/.git/
hint: Using 'master' as the name for the initial branch. This default branch name
hint: is subject to change. To configure the initial branch name to use in all
hint: of your new repositories, which will suppress this warning, call:
hint:
hint: 	git config --global init.defaultBranch <name>
hint:
hint: Names commonly chosen instead of 'master' are 'main', 'trunk' and
hint: 'development'. The just-created branch can be renamed via this command:
hint:
hint: 	git branch -m <name>
From https://github.com/ATProtoKit/ATIdentityTools
 * branch            main       -> FETCH_HEAD
 * [new branch]      main       -> origin/main
HEAD is now at ee709b9 Fix inline documentation
Cloned https://github.com/ATProtoKit/ATIdentityTools.git
Revision (git rev-parse @):
ee709b96bd7d6618efb434da9ee39d2c0894ba4b
SPI manifest file found: $PWD/.spi.yml
SUCCESS checkout https://github.com/ATProtoKit/ATIdentityTools.git at main
========================================
Build
========================================
Selected platform:         wasm
Swift version:             6.4
Building package at path:  $PWD
https://github.com/ATProtoKit/ATIdentityTools.git
Running build ...
bash -c docker run --pull=always --rm -v "checkouts-53886770-1":/host -w "$PWD" -e JAVA_HOME="/root/.sdkman/candidates/java/current" -e SPI_BUILD="1" -e SPI_PROCESSING="1" registry.gitlab.com/saguaro1/spi-images:wasm-6.4-latest swift build --swift-sdk swift-6.4.x-DEVELOPMENT-SNAPSHOT-2026-09-04-a_wasm 2>&1
wasm-6.4-latest: Pulling from saguaro1/spi-images
Digest: sha256:4328fdb43c680d205c1d6761b1e3267aa38277eefdda9ddfb17b6a0f1a77857a
Status: Image is up to date for registry.gitlab.com/saguaro1/spi-images:wasm-6.4-latest
Fetching https://github.com/apple/swift-async-dns-resolver
Fetching https://github.com/swiftlang/swift-docc-plugin.git
Fetching https://github.com/ATProtoKit/ATCryptography.git
[1/1116] Fetching swift-async-dns-resolver
[470/3461] Fetching swift-async-dns-resolver, swift-docc-plugin
[1308/4516] Fetching swift-async-dns-resolver, swift-docc-plugin, atcryptography
Fetched https://github.com/apple/swift-async-dns-resolver (0.52s)
[1313/3400] Fetching swift-docc-plugin, atcryptography
Fetched https://github.com/ATProtoKit/ATCryptography.git (0.54s)
[540/2345] Fetching swift-docc-plugin
Fetched https://github.com/swiftlang/swift-docc-plugin.git (0.58s)
Computing version for https://github.com/swiftlang/swift-docc-plugin.git
Computed https://github.com/swiftlang/swift-docc-plugin.git at 1.5.0 (1.64s)
Fetching https://github.com/swiftlang/swift-docc-symbolkit
[1/3831] Fetching swift-docc-symbolkit
Fetched https://github.com/swiftlang/swift-docc-symbolkit (0.59s)
Computing version for https://github.com/swiftlang/swift-docc-symbolkit
Computed https://github.com/swiftlang/swift-docc-symbolkit at 1.0.0 (0.82s)
Computing version for https://github.com/ATProtoKit/ATCryptography.git
Computed https://github.com/ATProtoKit/ATCryptography.git at 0.2.1 (0.18s)
Fetching https://github.com/apple/swift-crypto.git
Fetching https://github.com/21-DOT-DEV/swift-secp256k1.git
Fetching https://github.com/attaswift/BigInt.git
[1/4939] Fetching bigint
[1286/23501] Fetching bigint, swift-crypto
[11808/34619] Fetching bigint, swift-crypto, swift-secp256k1
Fetched https://github.com/attaswift/BigInt.git (1.49s)
Fetched https://github.com/21-DOT-DEV/swift-secp256k1.git (1.50s)
Fetched https://github.com/apple/swift-crypto.git (1.51s)
Computing version for https://github.com/21-DOT-DEV/swift-secp256k1.git
Computed https://github.com/21-DOT-DEV/swift-secp256k1.git at 0.18.0 (1.67s)
Computing version for https://github.com/attaswift/BigInt.git
warning: 'bigint': /Package.swift:18:19: warning: 'v4' is deprecated: watchOS 9.0 is the oldest supported version [#DeprecatedDeclaration]
16 |         .iOS(.v12),
17 |         .tvOS(.v12),
18 |         .watchOS(.v4),
   |                   `- warning: 'v4' is deprecated: watchOS 9.0 is the oldest supported version [#DeprecatedDeclaration]
19 |         .macCatalyst(.v13),
20 |         .visionOS(.v1),
[#DeprecatedDeclaration]: <https://docs.swift.org/compiler/documentation/diagnostics/deprecated-declaration>
Computed https://github.com/attaswift/BigInt.git at 5.7.0 (0.14s)
Computing version for https://github.com/apple/swift-async-dns-resolver
Computed https://github.com/apple/swift-async-dns-resolver at 0.8.0 (1.07s)
Computing version for https://github.com/apple/swift-crypto.git
Computed https://github.com/apple/swift-crypto.git at 3.15.1 (0.25s)
Fetching https://github.com/apple/swift-asn1.git
[1/1986] Fetching swift-asn1
Fetched https://github.com/apple/swift-asn1.git (0.51s)
Computing version for https://github.com/apple/swift-asn1.git
Computed https://github.com/apple/swift-asn1.git at 1.7.3 (0.72s)
Creating working copy for https://github.com/ATProtoKit/ATCryptography.git
Working copy of https://github.com/ATProtoKit/ATCryptography.git resolved at 0.2.1
Creating working copy for https://github.com/swiftlang/swift-docc-symbolkit
Working copy of https://github.com/swiftlang/swift-docc-symbolkit resolved at 1.0.0
Creating working copy for https://github.com/apple/swift-crypto.git
Working copy of https://github.com/apple/swift-crypto.git resolved at 3.15.1
Creating working copy for https://github.com/apple/swift-asn1.git
Working copy of https://github.com/apple/swift-asn1.git resolved at 1.7.3
Creating working copy for https://github.com/apple/swift-async-dns-resolver
Working copy of https://github.com/apple/swift-async-dns-resolver resolved at 0.8.0
Creating working copy for https://github.com/swiftlang/swift-docc-plugin.git
Working copy of https://github.com/swiftlang/swift-docc-plugin.git resolved at 1.5.0
Creating working copy for https://github.com/attaswift/BigInt.git
Working copy of https://github.com/attaswift/BigInt.git resolved at 5.7.0
Creating working copy for https://github.com/21-DOT-DEV/swift-secp256k1.git
Working copy of https://github.com/21-DOT-DEV/swift-secp256k1.git resolved at 0.18.0
warning: 'bigint': /host/spi-builder-workspace/.build/checkouts/BigInt/Package.swift:18:19: warning: 'v4' is deprecated: watchOS 9.0 is the oldest supported version [#DeprecatedDeclaration]
16 |         .iOS(.v12),
17 |         .tvOS(.v12),
18 |         .watchOS(.v4),
   |                   `- warning: 'v4' is deprecated: watchOS 9.0 is the oldest supported version [#DeprecatedDeclaration]
19 |         .macCatalyst(.v13),
20 |         .visionOS(.v1),
[#DeprecatedDeclaration]: <https://docs.swift.org/compiler/documentation/diagnostics/deprecated-declaration>
Building for debugging...
[Computing dependencies]
[Constructing description]
[Pre-planning 1 / 481]
[Planning deferred tasks]
[Constructing 721 / 1433]
[77 / 602] AsyncDNSResolver
[84 / 637] CCryptoBoringSSL
[85 / 637] CCryptoBoringSSL
[86 / 637] CCryptoBoringSSL
[89 / 637] CCryptoBoringSSL
[89 / 637] AsyncDNSResolver
error: SwiftCompile normal wasm32 failed with a nonzero exit code. Command line:     cd /host

<module-includes>:1:10: note: in file included from <module-includes>:1:
1 | #include "/host/spi-builder-workspace/.build/checkouts/swift-async-dns-resolver/Sources/CAsyncDNSResolver/include/CAsyncDNSResolver.h"
  |          `- note: in file included from <module-includes>:1:
2 |
/host/spi-builder-workspace/.build/checkouts/swift-async-dns-resolver/Sources/CAsyncDNSResolver/include/CAsyncDNSResolver.h:27:10: error: 'netdb.h' file not found
25 | #else
26 | #include <arpa/inet.h> // inet_ntop
27 | #include <netdb.h> // hostent
   |          `- error: 'netdb.h' file not found
28 | #endif
29 |
/host/spi-builder-workspace/.build/checkouts/swift-async-dns-resolver/Sources/AsyncDNSResolver/c-ares/AresChannel.swift:15:8: error: could not build C module 'CAsyncDNSResolver'
 13 | //===----------------------------------------------------------------------===//
 14 |
 15 | import CAsyncDNSResolver
    |        `- error: could not build C module 'CAsyncDNSResolver'
 16 | import Foundation
 17 |
Failed frontend command:
/usr/bin/swift-frontend -frontend -emit-module -experimental-skip-non-inlinable-function-bodies-without-types /host/spi-builder-workspace/.build/checkouts/swift-async-dns-resolver/Sources/AsyncDNSResolver/AsyncDNSResolver.swift /host/spi-builder-workspace/.build/checkouts/swift-async-dns-resolver/Sources/AsyncDNSResolver/Errors.swift /host/spi-builder-workspace/.build/checkouts/swift-async-dns-resolver/Sources/AsyncDNSResolver/c-ares/AresChannel.swift /host/spi-builder-workspace/.build/checkouts/swift-async-dns-resolver/Sources/AsyncDNSResolver/c-ares/AresOptions.swift /host/spi-builder-workspace/.build/checkouts/swift-async-dns-resolver/Sources/AsyncDNSResolver/c-ares/DNSResolver_c-ares.swift /host/spi-builder-workspace/.build/checkouts/swift-async-dns-resolver/Sources/AsyncDNSResolver/c-ares/Errors_c-ares.swift /host/spi-builder-workspace/.build/checkouts/swift-async-dns-resolver/Sources/AsyncDNSResolver/dnssd/DNSResolver_dnssd.swift /host/spi-builder-workspace/.build/checkouts/swift-async-dns-resolver/Sources/AsyncDNSResolver/dnssd/Errors_dnssd.swift -target wasm32-unknown-wasip1 -disable-objc-interop -sdk /root/.swiftpm/swift-sdks/swift-6.4.x-DEVELOPMENT-SNAPSHOT-2026-09-04-a_wasm.artifactbundle/swift-6.4.x-DEVELOPMENT-SNAPSHOT-2026-09-04-a_wasm/wasm32-unknown-wasip1/WASI.sdk -sysroot /root/.swiftpm/swift-sdks/swift-6.4.x-DEVELOPMENT-SNAPSHOT-2026-09-04-a_wasm.artifactbundle/swift-6.4.x-DEVELOPMENT-SNAPSHOT-2026-09-04-a_wasm/wasm32-unknown-wasip1/WASI.sdk -I /host/spi-builder-workspace/.build/out/Products/Debug-webassembly-wasm32 -module-cache-path /host/spi-builder-workspace/.build/out/ModuleCache.noindex -color-diagnostics -Xcc -fcolor-diagnostics -enable-testing -g -debug-info-format\=dwarf -dwarf-version\=4 -suppress-warnings -swift-version 6 -Onone -D SWIFT_PACKAGE -D DEBUG -D SWIFT_MODULE_RESOURCE_BUNDLE_UNAVAILABLE -D Xcode -serialize-debugging-options -enable-experimental-feature StrictConcurrency\=complete -enable-upcoming-feature MemberImportVisibility -enable-experimental-feature DebugDescriptionMacro -empty-abi-descriptor -external-plugin-path /usr/lib/swift/host/plugins/testing\#/usr/bin/swift-plugin-server -user-module-version 0.8.0 -validate-clang-modules-once -clang-build-session-file /host/spi-builder-workspace/.build/out/ModuleCache.noindex/Session.modulevalidation -Xcc -working-directory -Xcc /host -resource-dir /root/.swiftpm/swift-sdks/swift-6.4.x-DEVELOPMENT-SNAPSHOT-2026-09-04-a_wasm.artifactbundle/swift-6.4.x-DEVELOPMENT-SNAPSHOT-2026-09-04-a_wasm/wasm32-unknown-wasip1/swift.xctoolchain/usr/lib/swift_static -use-static-resource-dir -enable-anonymous-context-mangled-names -file-compilation-dir /host -Xcc -resource-dir -Xcc /root/.swiftpm/swift-sdks/swift-6.4.x-DEVELOPMENT-SNAPSHOT-2026-09-04-a_wasm.artifactbundle/swift-6.4.x-DEVELOPMENT-SNAPSHOT-2026-09-04-a_wasm/wasm32-unknown-wasip1/swift.xctoolchain/usr/lib/swift_static/clang -Xcc -fmodule-map-file\=/host/spi-builder-workspace/.build/out/Intermediates.noindex/GeneratedModuleMaps-webassembly-wasm32/CAsyncDNSResolver.modulemap -Xcc -D_LIBCPP_HARDENING_MODE\=_LIBCPP_HARDENING_MODE_DEBUG -Xcc -fmodules-prune-interval\=86400 -Xcc -fmodules-prune-after\=345600 -Xcc -I/host/spi-builder-workspace/.build/checkouts/swift-async-dns-resolver/Sources/CAsyncDNSResolver/include -Xcc -I/host/spi-builder-workspace/.build/out/Products/Debug-webassembly-wasm32/include -Xcc -I/host/spi-builder-workspace/.build/out/Intermediates.noindex/swift-async-dns-resolver.build/Debug-webassembly-wasm32/AsyncDNSResolver-t.build/DerivedSources-normal/wasm32 -Xcc -I/host/spi-builder-workspace/.build/out/Intermediates.noindex/swift-async-dns-resolver.build/Debug-webassembly-wasm32/AsyncDNSResolver-t.build/DerivedSources/wasm32 -Xcc -I/host/spi-builder-workspace/.build/out/Intermediates.noindex/swift-async-dns-resolver.build/Debug-webassembly-wasm32/AsyncDNSResolver-t.build/DerivedSources -Xcc -DSWIFT_PACKAGE -Xcc -DDEBUG\=1 -no-auto-bridging-header-chaining -module-name AsyncDNSResolver -package-name swift_async_dns_resolver -const-gather-protocols-file /host/spi-builder-workspace/.build/out/Intermediates.noindex/swift-async-dns-resolver.build/Debug-webassembly-wasm32/AsyncDNSResolver-t.build/Objects-normal/wasm32/AsyncDNSResolver_const_extract_protocols.json -in-process-plugin-server-path /usr/lib/swift/host/libSwiftInProcPluginServer.so -plugin-path /usr/lib/swift/host/plugins -plugin-path /usr/local/lib/swift/host/plugins -emit-module-doc-path /host/spi-builder-workspace/.build/out/Intermediates.noindex/swift-async-dns-resolver.build/Debug-webassembly-wasm32/AsyncDNSResolver-t.build/Objects-normal/wasm32/Modules/AsyncDNSResolver.swiftdoc -emit-module-source-info-path /host/spi-builder-workspace/.build/out/Intermediates.noindex/swift-async-dns-resolver.build/Debug-webassembly-wasm32/AsyncDNSResolver-t.build/Objects-normal/wasm32/Modules/AsyncDNSResolver.swiftsourceinfo -emit-objc-header-path /host/spi-builder-workspace/.build/out/Intermediates.noindex/swift-async-dns-resolver.build/Debug-webassembly-wasm32/AsyncDNSResolver-t.build/Objects-normal/wasm32/AsyncDNSResolver-Swift.h -serialize-diagnostics-path /host/spi-builder-workspace/.build/out/Intermediates.noindex/swift-async-dns-resolver.build/Debug-webassembly-wasm32/AsyncDNSResolver-t.build/Objects-normal/wasm32/AsyncDNSResolver-primary-emit-module.dia -emit-dependencies-path /host/spi-builder-workspace/.build/out/Intermediates.noindex/swift-async-dns-resolver.build/Debug-webassembly-wasm32/AsyncDNSResolver-t.build/Objects-normal/wasm32/AsyncDNSResolver-primary-emit-module.d -parse-as-library -o /host/spi-builder-workspace/.build/out/Intermediates.noindex/swift-async-dns-resolver.build/Debug-webassembly-wasm32/AsyncDNSResolver-t.build/Objects-normal/wasm32/Modules/AsyncDNSResolver.swiftmodule
error: Build failed
BUILD FAILURE 6.4 wasm