Build Information
Failed to build AgoraLite_iOS, reference 4.7.0 (4a46aa), with Swift 6.4 for watchOS using Xcode 27.0 on 3 Oct 2026 13:31:20 UTC.
Build Command
env DEVELOPER_DIR=/Applications/Xcode-27.0.0-Release.Candidate.app xcrun xcodebuild -IDEClonedSourcePackagesDirPathOverride=$PWD/.dependencies -skipMacroValidation -skipPackagePluginValidation -derivedDataPath $PWD/.derivedData build -scheme AgoraLite_iOS -destination generic/platform=watchOSBuild Log
========================================
RunAll
========================================
Builder version: 5.1.1
Interrupt handler set up.
========================================
Checkout
========================================
Clone URL: https://github.com/AgoraIO/AgoraLite_iOS.git
Reference: 4.7.0
Initialized empty Git repository in /Users/admin/builder/spi-builder-workspace/.git/
From https://github.com/AgoraIO/AgoraLite_iOS
* tag 4.7.0 -> FETCH_HEAD
HEAD is now at 4a46aa5 4.7.0
Cloned https://github.com/AgoraIO/AgoraLite_iOS.git
Revision (git rev-parse @):
4a46aa5f5d0030b642acf7d5e061ec3adc9c939f
SUCCESS checkout https://github.com/AgoraIO/AgoraLite_iOS.git at 4.7.0
========================================
Build
========================================
Selected platform: watchOS
Swift version: 6.4
Building package at path: $PWD
https://github.com/AgoraIO/AgoraLite_iOS.git
Command line invocation:
/Applications/Xcode-27.0.0-Release.Candidate.app/Contents/Developer/usr/bin/xcodebuild -IDEClonedSourcePackagesDirPathOverride=/Users/admin/builder/spi-builder-workspace/.dependencies -resolvePackageDependencies
Resolve Package Graph
Fetching from https://github.com/AgoraIO/AgoraInfra_iOS.git
Creating working copy of package ‘AgoraInfra_iOS’
Checking out 1.3.16 of package ‘AgoraInfra_iOS’
Resolve Package Graph
Resolved source packages:
AgoraInfra_iOS: https://github.com/AgoraIO/AgoraInfra_iOS.git @ 1.3.16
AgoraLite_iOS: /Users/admin/builder/spi-builder-workspace
resolved source packages: AgoraInfra_iOS, AgoraLite_iOS
2026-10-03 09:30:32.932 xcodebuild[529:3029] [MT] IDERunDestination: Supported platforms for the buildables in the current scheme is empty.
{
"default_localization" : "en",
"dependencies" : [
{
"identity" : "agorainfra_ios",
"requirement" : {
"exact" : [
"1.3.16"
]
},
"type" : "sourceControl",
"url" : "https://github.com/AgoraIO/AgoraInfra_iOS.git"
}
],
"manifest_display_name" : "AgoraLite_iOS",
"name" : "AgoraLite_iOS",
"path" : "/Users/admin/builder/spi-builder-workspace",
"platforms" : [
{
"name" : "ios",
"version" : "9.0"
}
],
"products" : [
{
"name" : "RtcBasic",
"targets" : [
"AgoraRtcKit",
"Agoraffmpeg",
"AgoraSoundTouch",
"video_dec",
"AgoraInfra_iOS"
],
"type" : {
"library" : [
"automatic"
]
}
}
],
"targets" : [
{
"c99name" : "video_dec",
"module_type" : "BinaryTarget",
"name" : "video_dec",
"path" : "remote/archive/video_dec.xcframework.zip",
"product_memberships" : [
"RtcBasic"
],
"sources" : [
],
"type" : "binary"
},
{
"c99name" : "Agoraffmpeg",
"module_type" : "BinaryTarget",
"name" : "Agoraffmpeg",
"path" : "remote/archive/Agoraffmpeg.xcframework.zip",
"product_memberships" : [
"RtcBasic"
],
"sources" : [
],
"type" : "binary"
},
{
"c99name" : "AgoraSoundTouch",
"module_type" : "BinaryTarget",
"name" : "AgoraSoundTouch",
"path" : "remote/archive/AgoraSoundTouch.xcframework.zip",
"product_memberships" : [
"RtcBasic"
],
"sources" : [
],
"type" : "binary"
},
{
"c99name" : "AgoraRtcKit",
"module_type" : "BinaryTarget",
"name" : "AgoraRtcKit",
"path" : "remote/archive/AgoraRtcKit.xcframework.zip",
"product_memberships" : [
"RtcBasic"
],
"sources" : [
],
"type" : "binary"
},
{
"c99name" : "AgoraInfra_iOS",
"module_type" : "SwiftTarget",
"name" : "AgoraInfra_iOS",
"path" : "Sources/AgoraInfra_iOS",
"product_dependencies" : [
"AgoraInfra_iOS"
],
"product_memberships" : [
"RtcBasic"
],
"sources" : [
"AgoraInfra_iOS.swift"
],
"type" : "library"
}
],
"tools_version" : "5.3"
}
{
"workspace" : {
"name" : "AgoraLite_iOS",
"schemes" : [
"AgoraLite_iOS"
]
}
}
2026-10-03 09:31:13.940 xcodebuild[744:4363] [MT] IDERunDestination: Supported platforms for the buildables in the current scheme is empty.
Running build ...
env DEVELOPER_DIR=/Applications/Xcode-27.0.0-Release.Candidate.app xcrun xcodebuild -IDEClonedSourcePackagesDirPathOverride=$PWD/.dependencies -skipMacroValidation -skipPackagePluginValidation -derivedDataPath $PWD/.derivedData build -scheme AgoraLite_iOS -destination generic/platform=watchOS
Command line invocation:
/Applications/Xcode-27.0.0-Release.Candidate.app/Contents/Developer/usr/bin/xcodebuild -IDEClonedSourcePackagesDirPathOverride=/Users/admin/builder/spi-builder-workspace/.dependencies -skipMacroValidation -skipPackagePluginValidation -derivedDataPath /Users/admin/builder/spi-builder-workspace/.derivedData build -scheme AgoraLite_iOS -destination generic/platform=watchOS
Resolve Package Graph
Resolve Package Graph
Resolved source packages:
AgoraLite_iOS: /Users/admin/builder/spi-builder-workspace
AgoraInfra_iOS: https://github.com/AgoraIO/AgoraInfra_iOS.git @ 1.3.16
ComputePackagePrebuildTargetDependencyGraph
Prepare packages
CreateBuildRequest
SendProjectDescription
CreateBuildOperation
ComputeTargetDependencyGraph
note: Building targets in dependency order
note: Target dependency graph (3 targets)
Target 'RtcBasic-product' in project 'AgoraLite_iOS'
➜ Explicit dependency on target 'AgoraInfra_iOS' in project 'AgoraLite_iOS'
➜ Explicit dependency on target 'AgoraInfra_iOS-product' in project 'AgoraInfra_iOS'
Target 'AgoraInfra_iOS' in project 'AgoraLite_iOS'
➜ Explicit dependency on target 'AgoraInfra_iOS-product' in project 'AgoraInfra_iOS'
Target 'AgoraInfra_iOS-product' in project 'AgoraInfra_iOS' (no dependencies)
GatherProvisioningInputs
CreateBuildDescription
ExecuteExternalTool /Applications/Xcode-27.0.0-Release.Candidate.app/Contents/Developer/Toolchains/XcodeDefault.xctoolchain/usr/bin/clang -v -E -dM -isysroot /Applications/Xcode-27.0.0-Release.Candidate.app/Contents/Developer/Platforms/WatchOS.platform/Developer/SDKs/WatchOS27.0.sdk -x c -c /dev/null
ExecuteExternalTool /Applications/Xcode-27.0.0-Release.Candidate.app/Contents/Developer/Toolchains/XcodeDefault.xctoolchain/usr/bin/swiftc --version
ExecuteExternalTool /Applications/Xcode-27.0.0-Release.Candidate.app/Contents/Developer/Toolchains/XcodeDefault.xctoolchain/usr/bin/ld -version_details
Build description signature: 08e3003b76f4c653672a3e7b4cfe0278
Build description path: /Users/admin/builder/spi-builder-workspace/.derivedData/Build/Intermediates.noindex/XCBuildData/08e3003b76f4c653672a3e7b4cfe0278.xcbuilddata
/Users/admin/builder/spi-builder-workspace/.dependencies/artifacts/agorainfra_ios/aosl/aosl.xcframework:1:1: error: While building for watchOS, no library for this platform was found in '/Users/admin/builder/spi-builder-workspace/.dependencies/artifacts/agorainfra_ios/aosl/aosl.xcframework'. (in target 'AgoraInfra_iOS-product' from project 'AgoraInfra_iOS')
/Users/admin/builder/spi-builder-workspace/.dependencies/artifacts/spi-builder-workspace/AgoraRtcKit/AgoraRtcKit.xcframework:1:1: error: While building for watchOS, no library for this platform was found in '/Users/admin/builder/spi-builder-workspace/.dependencies/artifacts/spi-builder-workspace/AgoraRtcKit/AgoraRtcKit.xcframework'. (in target 'RtcBasic-product' from project 'AgoraLite_iOS')
/Users/admin/builder/spi-builder-workspace/.dependencies/artifacts/spi-builder-workspace/Agoraffmpeg/Agoraffmpeg.xcframework:1:1: error: While building for watchOS, no library for this platform was found in '/Users/admin/builder/spi-builder-workspace/.dependencies/artifacts/spi-builder-workspace/Agoraffmpeg/Agoraffmpeg.xcframework'. (in target 'RtcBasic-product' from project 'AgoraLite_iOS')
/Users/admin/builder/spi-builder-workspace/.dependencies/artifacts/spi-builder-workspace/AgoraSoundTouch/AgoraSoundTouch.xcframework:1:1: error: While building for watchOS, no library for this platform was found in '/Users/admin/builder/spi-builder-workspace/.dependencies/artifacts/spi-builder-workspace/AgoraSoundTouch/AgoraSoundTouch.xcframework'. (in target 'RtcBasic-product' from project 'AgoraLite_iOS')
/Users/admin/builder/spi-builder-workspace/.dependencies/artifacts/spi-builder-workspace/video_dec/video_dec.xcframework:1:1: error: While building for watchOS, no library for this platform was found in '/Users/admin/builder/spi-builder-workspace/.dependencies/artifacts/spi-builder-workspace/video_dec/video_dec.xcframework'. (in target 'RtcBasic-product' from project 'AgoraLite_iOS')
/Users/admin/builder/spi-builder-workspace/.dependencies/artifacts/agorainfra_ios/aosl/aosl.xcframework:1:1: error: While building for watchOS, no library for this platform was found in '/Users/admin/builder/spi-builder-workspace/.dependencies/artifacts/agorainfra_ios/aosl/aosl.xcframework'. (in target 'RtcBasic-product' from project 'AgoraLite_iOS')
/Users/admin/builder/spi-builder-workspace/.dependencies/artifacts/agorainfra_ios/aosl/aosl.xcframework:1:1: error: While building for watchOS, no library for this platform was found in '/Users/admin/builder/spi-builder-workspace/.dependencies/artifacts/agorainfra_ios/aosl/aosl.xcframework'. (in target 'RtcBasic-product' from project 'AgoraLite_iOS')
/Users/admin/builder/spi-builder-workspace/.dependencies/artifacts/agorainfra_ios/aosl/aosl.xcframework:1:1: error: While building for watchOS, no library for this platform was found in '/Users/admin/builder/spi-builder-workspace/.dependencies/artifacts/agorainfra_ios/aosl/aosl.xcframework'. (in target 'AgoraInfra_iOS' from project 'AgoraLite_iOS')
2026-10-03 09:31:16.194 xcodebuild[745:4409] [MT] IDERunDestination: Supported platforms for the buildables in the current scheme is empty.
** BUILD FAILED **
The following build commands failed:
Building workspace AgoraLite_iOS with scheme AgoraLite_iOS
(1 failure)
Command line invocation:
/Applications/Xcode-27.0.0-Release.Candidate.app/Contents/Developer/usr/bin/xcodebuild -IDEClonedSourcePackagesDirPathOverride=/Users/admin/builder/spi-builder-workspace/.dependencies -resolvePackageDependencies
Resolve Package Graph
Resolved source packages:
AgoraLite_iOS: /Users/admin/builder/spi-builder-workspace
AgoraInfra_iOS: https://github.com/AgoraIO/AgoraInfra_iOS.git @ 1.3.16
resolved source packages: AgoraLite_iOS, AgoraInfra_iOS
2026-10-03 09:31:18.066 xcodebuild[767:4572] [MT] IDERunDestination: Supported platforms for the buildables in the current scheme is empty.
{
"default_localization" : "en",
"dependencies" : [
{
"identity" : "agorainfra_ios",
"requirement" : {
"exact" : [
"1.3.16"
]
},
"type" : "sourceControl",
"url" : "https://github.com/AgoraIO/AgoraInfra_iOS.git"
}
],
"manifest_display_name" : "AgoraLite_iOS",
"name" : "AgoraLite_iOS",
"path" : "/Users/admin/builder/spi-builder-workspace",
"platforms" : [
{
"name" : "ios",
"version" : "9.0"
}
],
"products" : [
{
"name" : "RtcBasic",
"targets" : [
"AgoraRtcKit",
"Agoraffmpeg",
"AgoraSoundTouch",
"video_dec",
"AgoraInfra_iOS"
],
"type" : {
"library" : [
"automatic"
]
}
}
],
"targets" : [
{
"c99name" : "video_dec",
"module_type" : "BinaryTarget",
"name" : "video_dec",
"path" : "remote/archive/video_dec.xcframework.zip",
"product_memberships" : [
"RtcBasic"
],
"sources" : [
],
"type" : "binary"
},
{
"c99name" : "Agoraffmpeg",
"module_type" : "BinaryTarget",
"name" : "Agoraffmpeg",
"path" : "remote/archive/Agoraffmpeg.xcframework.zip",
"product_memberships" : [
"RtcBasic"
],
"sources" : [
],
"type" : "binary"
},
{
"c99name" : "AgoraSoundTouch",
"module_type" : "BinaryTarget",
"name" : "AgoraSoundTouch",
"path" : "remote/archive/AgoraSoundTouch.xcframework.zip",
"product_memberships" : [
"RtcBasic"
],
"sources" : [
],
"type" : "binary"
},
{
"c99name" : "AgoraRtcKit",
"module_type" : "BinaryTarget",
"name" : "AgoraRtcKit",
"path" : "remote/archive/AgoraRtcKit.xcframework.zip",
"product_memberships" : [
"RtcBasic"
],
"sources" : [
],
"type" : "binary"
},
{
"c99name" : "AgoraInfra_iOS",
"module_type" : "SwiftTarget",
"name" : "AgoraInfra_iOS",
"path" : "Sources/AgoraInfra_iOS",
"product_dependencies" : [
"AgoraInfra_iOS"
],
"product_memberships" : [
"RtcBasic"
],
"sources" : [
"AgoraInfra_iOS.swift"
],
"type" : "library"
}
],
"tools_version" : "5.3"
}
{
"workspace" : {
"name" : "AgoraLite_iOS",
"schemes" : [
"AgoraLite_iOS"
]
}
}
2026-10-03 09:31:19.309 xcodebuild[775:4629] [MT] IDERunDestination: Supported platforms for the buildables in the current scheme is empty.
Running build ...
env DEVELOPER_DIR=/Applications/Xcode-27.0.0-Release.Candidate.app xcrun xcodebuild -IDEClonedSourcePackagesDirPathOverride=$PWD/.dependencies -skipMacroValidation -skipPackagePluginValidation -derivedDataPath $PWD/.derivedData build -scheme AgoraLite_iOS -destination generic/platform=watchOS
Command line invocation:
/Applications/Xcode-27.0.0-Release.Candidate.app/Contents/Developer/usr/bin/xcodebuild -IDEClonedSourcePackagesDirPathOverride=/Users/admin/builder/spi-builder-workspace/.dependencies -skipMacroValidation -skipPackagePluginValidation -derivedDataPath /Users/admin/builder/spi-builder-workspace/.derivedData build -scheme AgoraLite_iOS -destination generic/platform=watchOS
Resolve Package Graph
Resolved source packages:
AgoraLite_iOS: /Users/admin/builder/spi-builder-workspace
AgoraInfra_iOS: https://github.com/AgoraIO/AgoraInfra_iOS.git @ 1.3.16
ComputePackagePrebuildTargetDependencyGraph
Prepare packages
CreateBuildRequest
SendProjectDescription
CreateBuildOperation
ComputeTargetDependencyGraph
note: Building targets in dependency order
note: Target dependency graph (3 targets)
Target 'RtcBasic-product' in project 'AgoraLite_iOS'
➜ Explicit dependency on target 'AgoraInfra_iOS' in project 'AgoraLite_iOS'
➜ Explicit dependency on target 'AgoraInfra_iOS-product' in project 'AgoraInfra_iOS'
Target 'AgoraInfra_iOS' in project 'AgoraLite_iOS'
➜ Explicit dependency on target 'AgoraInfra_iOS-product' in project 'AgoraInfra_iOS'
Target 'AgoraInfra_iOS-product' in project 'AgoraInfra_iOS' (no dependencies)
GatherProvisioningInputs
CreateBuildDescription
/Users/admin/builder/spi-builder-workspace/.dependencies/artifacts/agorainfra_ios/aosl/aosl.xcframework:1:1: error: While building for watchOS, no library for this platform was found in '/Users/admin/builder/spi-builder-workspace/.dependencies/artifacts/agorainfra_ios/aosl/aosl.xcframework'. (in target 'AgoraInfra_iOS' from project 'AgoraLite_iOS')
/Users/admin/builder/spi-builder-workspace/.dependencies/artifacts/agorainfra_ios/aosl/aosl.xcframework:1:1: error: While building for watchOS, no library for this platform was found in '/Users/admin/builder/spi-builder-workspace/.dependencies/artifacts/agorainfra_ios/aosl/aosl.xcframework'. (in target 'AgoraInfra_iOS-product' from project 'AgoraInfra_iOS')
/Users/admin/builder/spi-builder-workspace/.dependencies/artifacts/agorainfra_ios/aosl/aosl.xcframework:1:1: error: While building for watchOS, no library for this platform was found in '/Users/admin/builder/spi-builder-workspace/.dependencies/artifacts/agorainfra_ios/aosl/aosl.xcframework'. (in target 'RtcBasic-product' from project 'AgoraLite_iOS')
/Users/admin/builder/spi-builder-workspace/.dependencies/artifacts/agorainfra_ios/aosl/aosl.xcframework:1:1: error: While building for watchOS, no library for this platform was found in '/Users/admin/builder/spi-builder-workspace/.dependencies/artifacts/agorainfra_ios/aosl/aosl.xcframework'. (in target 'RtcBasic-product' from project 'AgoraLite_iOS')
/Users/admin/builder/spi-builder-workspace/.dependencies/artifacts/spi-builder-workspace/AgoraRtcKit/AgoraRtcKit.xcframework:1:1: error: While building for watchOS, no library for this platform was found in '/Users/admin/builder/spi-builder-workspace/.dependencies/artifacts/spi-builder-workspace/AgoraRtcKit/AgoraRtcKit.xcframework'. (in target 'RtcBasic-product' from project 'AgoraLite_iOS')
/Users/admin/builder/spi-builder-workspace/.dependencies/artifacts/spi-builder-workspace/AgoraSoundTouch/AgoraSoundTouch.xcframework:1:1: error: While building for watchOS, no library for this platform was found in '/Users/admin/builder/spi-builder-workspace/.dependencies/artifacts/spi-builder-workspace/AgoraSoundTouch/AgoraSoundTouch.xcframework'. (in target 'RtcBasic-product' from project 'AgoraLite_iOS')
/Users/admin/builder/spi-builder-workspace/.dependencies/artifacts/spi-builder-workspace/Agoraffmpeg/Agoraffmpeg.xcframework:1:1: error: While building for watchOS, no library for this platform was found in '/Users/admin/builder/spi-builder-workspace/.dependencies/artifacts/spi-builder-workspace/Agoraffmpeg/Agoraffmpeg.xcframework'. (in target 'RtcBasic-product' from project 'AgoraLite_iOS')
/Users/admin/builder/spi-builder-workspace/.dependencies/artifacts/spi-builder-workspace/video_dec/video_dec.xcframework:1:1: error: While building for watchOS, no library for this platform was found in '/Users/admin/builder/spi-builder-workspace/.dependencies/artifacts/spi-builder-workspace/video_dec/video_dec.xcframework'. (in target 'RtcBasic-product' from project 'AgoraLite_iOS')
2026-10-03 09:31:20.293 xcodebuild[776:4653] [MT] IDERunDestination: Supported platforms for the buildables in the current scheme is empty.
** BUILD FAILED **
The following build commands failed:
Building workspace AgoraLite_iOS with scheme AgoraLite_iOS
(1 failure)
BUILD FAILURE 6.4 watchOS