The Swift Package Index logo.Swift Package Index

Build Information

Failed to build LoggingCamp, reference main (385866), with Swift 6.4 for macOS (SPM) on 22 Sep 2026 08:08:33 UTC.

Build Command

env DEVELOPER_DIR=/Applications/Xcode-27.0.0-Release.Candidate.app xcrun swift build --arch arm64

Build Log

========================================
RunAll
========================================
Builder version: 5.1.0
Interrupt handler set up.
========================================
Checkout
========================================
Clone URL: https://github.com/DariuszGulbicki/Logging-Camp.git
Reference: main
Initialized empty Git repository in /Users/admin/builder/spi-builder-workspace/.git/
From https://github.com/DariuszGulbicki/Logging-Camp
 * branch            main       -> FETCH_HEAD
 * [new branch]      main       -> origin/main
HEAD is now at 3858669 Merge pull request #7 from DariuszGulbicki/full-refactor
Cloned https://github.com/DariuszGulbicki/Logging-Camp.git
Revision (git rev-parse @):
385866908f45d3a89f68a6c7b658dff4a11b76ed
SUCCESS checkout https://github.com/DariuszGulbicki/Logging-Camp.git at main
========================================
Build
========================================
Selected platform:         macosSpm
Swift version:             6.4
Building package at path:  $PWD
https://github.com/DariuszGulbicki/Logging-Camp.git
Running build ...
env DEVELOPER_DIR=/Applications/Xcode-27.0.0-Release.Candidate.app xcrun swift build --arch arm64
Building for debugging...
[Pre-planning 1 / 96]
[Planning deferred tasks]
[25 / 42]
[26 / 43] Colorizer
[32 / 49] Colorizer
[39 / 50] Colorizer
Fetching https://github.com/DariuszGulbicki/Colorizer
[1/59] Fetching colorizer
Fetched https://github.com/DariuszGulbicki/Colorizer (0.87s)
Computing version for https://github.com/DariuszGulbicki/Colorizer
Computed https://github.com/DariuszGulbicki/Colorizer at 1.2.0 (3.60s)
Creating working copy for https://github.com/DariuszGulbicki/Colorizer
Working copy of https://github.com/DariuszGulbicki/Colorizer resolved at 1.2.0
error: SwiftCompile normal arm64 /Users/admin/builder/spi-builder-workspace/.build/checkouts/Colorizer/Sources/Colorizer/Colorizer.swift failed with a nonzero exit code. Command line:     cd /Users/admin/builder
    builtin-SwiftPerFileCompile Colorizer.swift
/Users/admin/builder/spi-builder-workspace/.build/checkouts/Colorizer/Sources/Colorizer/Colorizer.swift:9:29: error: 'replacing(_:with:maxReplacements:)' is only available in macOS 13.0 or newer
  1 | public struct Colorizer {
    |               `- note: add '@available' attribute to enclosing struct
  2 |
  3 |     private let codes: [String:EffectEscapeCode] = EffectEscapeCode.getAsDict()
  4 |     public var template = "&(@name)";
  5 |
  6 |     public func format(_ text: String) -> String {
    |                 `- note: add '@available' attribute to enclosing instance method
  7 |         var result = text
  8 |         for (name, code) in codes {
  9 |             result = result.replacing(template.replacing("@name", with: name), with: code.rawValue)
    |                             |- error: 'replacing(_:with:maxReplacements:)' is only available in macOS 13.0 or newer
    |                             `- note: add 'if #available' version check
 10 |         }
 11 |         return result
/Users/admin/builder/spi-builder-workspace/.build/checkouts/Colorizer/Sources/Colorizer/Colorizer.swift:9:48: error: 'replacing(_:with:maxReplacements:)' is only available in macOS 13.0 or newer
  1 | public struct Colorizer {
    |               `- note: add '@available' attribute to enclosing struct
  2 |
  3 |     private let codes: [String:EffectEscapeCode] = EffectEscapeCode.getAsDict()
  4 |     public var template = "&(@name)";
  5 |
  6 |     public func format(_ text: String) -> String {
    |                 `- note: add '@available' attribute to enclosing instance method
  7 |         var result = text
  8 |         for (name, code) in codes {
  9 |             result = result.replacing(template.replacing("@name", with: name), with: code.rawValue)
    |                                                |- error: 'replacing(_:with:maxReplacements:)' is only available in macOS 13.0 or newer
    |                                                `- note: add 'if #available' version check
 10 |         }
 11 |         return result
Failed frontend command:
/Applications/Xcode-27.0.0-Release.Candidate.app/Contents/Developer/Toolchains/XcodeDefault.xctoolchain/usr/bin/swift-frontend -frontend -c -primary-file /Users/admin/builder/spi-builder-workspace/.build/checkouts/Colorizer/Sources/Colorizer/Colorizer.swift /Users/admin/builder/spi-builder-workspace/.build/checkouts/Colorizer/Sources/Colorizer/EffectEscapeCode.swift /Users/admin/builder/spi-builder-workspace/.build/checkouts/Colorizer/Sources/Colorizer/StringEffects.swift -emit-dependencies-path /Users/admin/builder/spi-builder-workspace/.build/out/Intermediates.noindex/Colorizer.build/Debug/Colorizer-t.build/Objects-normal/arm64/Colorizer.d -emit-const-values-path /Users/admin/builder/spi-builder-workspace/.build/out/Intermediates.noindex/Colorizer.build/Debug/Colorizer-t.build/Objects-normal/arm64/Colorizer.swiftconstvalues -emit-reference-dependencies-path /Users/admin/builder/spi-builder-workspace/.build/out/Intermediates.noindex/Colorizer.build/Debug/Colorizer-t.build/Objects-normal/arm64/Colorizer.swiftdeps -serialize-diagnostics-path /Users/admin/builder/spi-builder-workspace/.build/out/Intermediates.noindex/Colorizer.build/Debug/Colorizer-t.build/Objects-normal/arm64/Colorizer.dia -target arm64-apple-macos12.0 -disable-cross-import-overlay-search -load-resolved-plugin /Applications/Xcode-27.0.0-Release.Candidate.app/Contents/Developer/Platforms/MacOSX.platform/Developer/usr/lib/swift/host/plugins/libSwiftMacros.dylib\#/Applications/Xcode-27.0.0-Release.Candidate.app/Contents/Developer/Platforms/MacOSX.platform/Developer/usr/bin/swift-plugin-server\#SwiftMacros -disable-implicit-swift-modules -Xcc -fno-implicit-modules -Xcc -fno-implicit-module-maps -explicit-swift-module-map-file /Users/admin/builder/spi-builder-workspace/.build/out/Intermediates.noindex/Colorizer.build/Debug/Colorizer-t.build/Objects-normal/arm64/Colorizer-dependencies-1.json -Xllvm -aarch64-use-tbi -enable-objc-interop -stack-check -sdk /Applications/Xcode-27.0.0-Release.Candidate.app/Contents/Developer/Platforms/MacOSX.platform/Developer/SDKs/MacOSX27.0.sdk -I /Users/admin/builder/spi-builder-workspace/.build/out/Products/Debug -Isystem /Applications/Xcode-27.0.0-Release.Candidate.app/Contents/Developer/Platforms/MacOSX.platform/Developer/usr/lib -F /Users/admin/builder/spi-builder-workspace/.build/out/Products/Debug -F /Applications/Xcode-27.0.0-Release.Candidate.app/Contents/Developer/Platforms/MacOSX.platform/Developer/Library/Frameworks -module-cache-path /Users/admin/builder/spi-builder-workspace/.build/out/Intermediates.noindex/SwiftExplicitPrecompiledModules -color-diagnostics -Xcc -fcolor-diagnostics -enable-testing -g -debug-info-format\=dwarf -dwarf-version\=4 -suppress-warnings -swift-version 5 -Onone -D SWIFT_PACKAGE -D DEBUG -D SWIFT_MODULE_RESOURCE_BUNDLE_UNAVAILABLE -D Xcode -serialize-debugging-options -enable-experimental-feature DebugDescriptionMacro -empty-abi-descriptor -validate-clang-modules-once -clang-build-session-file /Users/admin/builder/spi-builder-workspace/.build/out/ModuleCache.noindex/Session.modulevalidation -Xcc -working-directory -Xcc /Users/admin/builder -enable-anonymous-context-mangled-names -file-compilation-dir /Users/admin/builder -Xcc -D_LIBCPP_HARDENING_MODE\=_LIBCPP_HARDENING_MODE_DEBUG -Xcc -ivfsstatcache -Xcc /Users/admin/builder/spi-builder-workspace/.build/out/SDKStatCaches.noindex/macosx27.0-26A425-80c5bbf1d171475443272936d42f90a36a22442a12e9d48fe1a705f55a1adfc4.sdkstatcache -Xcc -fmodules-prune-interval\=86400 -Xcc -fmodules-prune-after\=345600 -Xcc -I/Users/admin/builder/spi-builder-workspace/.build/out/Products/Debug/include -Xcc -I/Users/admin/builder/spi-builder-workspace/.build/out/Intermediates.noindex/Colorizer.build/Debug/Colorizer-t.build/DerivedSources-normal/arm64 -Xcc -I/Users/admin/builder/spi-builder-workspace/.build/out/Intermediates.noindex/Colorizer.build/Debug/Colorizer-t.build/DerivedSources/arm64 -Xcc -I/Users/admin/builder/spi-builder-workspace/.build/out/Intermediates.noindex/Colorizer.build/Debug/Colorizer-t.build/DerivedSources -Xcc -DSWIFT_PACKAGE -Xcc -DDEBUG\=1 -no-auto-bridging-header-chaining -module-name Colorizer -const-gather-protocols-file /Users/admin/builder/spi-builder-workspace/.build/out/Intermediates.noindex/Colorizer.build/Debug/Colorizer-t.build/Objects-normal/arm64/Colorizer_const_extract_protocols.json -disable-clang-spi -clang-target arm64-apple-macos27.0 -target-sdk-version 27.0 -target-sdk-name macosx27.0 -in-process-plugin-server-path /Applications/Xcode-27.0.0-Release.Candidate.app/Contents/Developer/Toolchains/XcodeDefault.xctoolchain/usr/lib/swift/host/libSwiftInProcPluginServer.dylib -parse-as-library -o /Users/admin/builder/spi-builder-workspace/.build/out/Intermediates.noindex/Colorizer.build/Debug/Colorizer-t.build/Objects-normal/arm64/Colorizer.o -debug-module-path /Users/admin/builder/spi-builder-workspace/.build/out/Intermediates.noindex/Colorizer.build/Debug/Colorizer-t.build/Objects-normal/arm64/Colorizer.swiftmodule -index-unit-output-path /Colorizer.build/Debug/Colorizer-t.build/Objects-normal/arm64/Colorizer.o -index-store-path /Users/admin/builder/spi-builder-workspace/.build/out -index-system-modules
error: Build failed
BUILD FAILURE 6.4 macosSpm