Build Information
Failed to build GoogleMaps, reference main (e096f5), with Swift 6.3 for Wasm on 29 Sep 2026 16:51:55 UTC.
Build Command
bash -c docker run --pull=always --rm -v "checkouts-54344843-0":/host -w "$PWD" -e JAVA_HOME="/root/.sdkman/candidates/java/current" -e SPI_BUILD="1" -e SPI_PROCESSING="1" registry.gitlab.com/saguaro1/spi-images:wasm-6.3-latest swift build --swift-sdk swift-6.3.2-RELEASE_wasm 2>&1Build Log
========================================
RunAll
========================================
Builder version: 5.1.0
Interrupt handler set up.
========================================
Checkout
========================================
Clone URL: https://github.com/googlemaps/ios-maps-sdk.git
Reference: main
Initialized empty Git repository in /host/spi-builder-workspace/.git/
hint: Using 'master' as the name for the initial branch. This default branch name
hint: is subject to change. To configure the initial branch name to use in all
hint: of your new repositories, which will suppress this warning, call:
hint:
hint: git config --global init.defaultBranch <name>
hint:
hint: Names commonly chosen instead of 'master' are 'main', 'trunk' and
hint: 'development'. The just-created branch can be renamed via this command:
hint:
hint: git branch -m <name>
From https://github.com/googlemaps/ios-maps-sdk
* branch main -> FETCH_HEAD
* [new branch] main -> origin/main
HEAD is now at e096f5c feat: Create release candidate for version 11.2.0
Cloned https://github.com/googlemaps/ios-maps-sdk.git
Revision (git rev-parse @):
e096f5c46d84c01c0a0a55df7263d5c6631535d6
SUCCESS checkout https://github.com/googlemaps/ios-maps-sdk.git at main
========================================
Build
========================================
Selected platform: wasm
Swift version: 6.3
Building package at path: $PWD
https://github.com/googlemaps/ios-maps-sdk.git
Running build ...
bash -c docker run --pull=always --rm -v "checkouts-54344843-0":/host -w "$PWD" -e JAVA_HOME="/root/.sdkman/candidates/java/current" -e SPI_BUILD="1" -e SPI_PROCESSING="1" registry.gitlab.com/saguaro1/spi-images:wasm-6.3-latest swift build --swift-sdk swift-6.3.2-RELEASE_wasm 2>&1
wasm-6.3-latest: Pulling from saguaro1/spi-images
Digest: sha256:253aad7f5b11d25cf9eaef34120b94cd8a325782929c57fb304a7711494a3f9a
Status: Image is up to date for registry.gitlab.com/saguaro1/spi-images:wasm-6.3-latest
Downloading binary artifact https://dl.google.com/geosdk/swiftpm/11.2.0/GoogleMaps_3p.xcframework.zip
[8244/8244] Downloading https://dl.google.com/geosdk/swiftpm/11.2.0/GoogleMaps_3p.xcframework.zip
Downloaded https://dl.google.com/geosdk/swiftpm/11.2.0/GoogleMaps_3p.xcframework.zip (1.81s)
Building for debugging...
[0/3] Copying GoogleMaps.bundle
In file included from <built-in>:1:
/host/spi-builder-workspace/.build/wasm32-unknown-wasip1/debug/GoogleMapsTarget.build/DerivedSources/resource_bundle_accessor.h:2:9: fatal error: 'Foundation/Foundation.h' file not found
2 | #import <Foundation/Foundation.h>
| ^~~~~~~~~~~~~~~~~~~~~~~~~
1 error generated.
[1/3] Compiling GoogleMapsTarget GMSEmpty.m
In file included from <built-in>:1:
/host/spi-builder-workspace/.build/wasm32-unknown-wasip1/debug/GoogleMapsTarget.build/DerivedSources/resource_bundle_accessor.h:2:9: fatal error: 'Foundation/Foundation.h' file not found
2 | #import <Foundation/Foundation.h>
| ^~~~~~~~~~~~~~~~~~~~~~~~~
1 error generated.
[1/3] Compiling GoogleMapsTarget resource_bundle_accessor.m
BUILD FAILURE 6.3 wasm