The Swift Package Index logo.Swift Package Index

Build Information

Failed to build StrapiSwiftCross, reference master (9e80cf), with Swift 6.4 for Wasm on 23 Sep 2026 23:40:24 UTC.

Build Command

bash -c docker run --pull=always --rm -v "checkouts-54344847-0":/host -w "$PWD" -e JAVA_HOME="/root/.sdkman/candidates/java/current" -e SPI_BUILD="1" -e SPI_PROCESSING="1" registry.gitlab.com/saguaro1/spi-images:wasm-6.4-latest swift build --swift-sdk swift-6.4.x-DEVELOPMENT-SNAPSHOT-2026-09-04-a_wasm 2>&1

Build Log

========================================
RunAll
========================================
Builder version: 5.1.0
Interrupt handler set up.
========================================
Checkout
========================================
Clone URL: https://github.com/omgitsalexl/StrapiSwiftCross.git
Reference: master
Initialized empty Git repository in /host/spi-builder-workspace/.git/
hint: Using 'master' as the name for the initial branch. This default branch name
hint: is subject to change. To configure the initial branch name to use in all
hint: of your new repositories, which will suppress this warning, call:
hint:
hint: 	git config --global init.defaultBranch <name>
hint:
hint: Names commonly chosen instead of 'master' are 'main', 'trunk' and
hint: 'development'. The just-created branch can be renamed via this command:
hint:
hint: 	git branch -m <name>
From https://github.com/omgitsalexl/StrapiSwiftCross
 * branch            master     -> FETCH_HEAD
 * [new branch]      master     -> origin/master
HEAD is now at 9e80cfd Merge pull request #1 from lorenalexm/dependabot/swift/github.com/wetransfer/mocker-3.0.2
Cloned https://github.com/omgitsalexl/StrapiSwiftCross.git
Revision (git rev-parse @):
9e80cfd233a0d087dd5b152653b33c118cf3da00
SUCCESS checkout https://github.com/omgitsalexl/StrapiSwiftCross.git at master
========================================
Build
========================================
Selected platform:         wasm
Swift version:             6.4
Building package at path:  $PWD
https://github.com/omgitsalexl/StrapiSwiftCross.git
Running build ...
bash -c docker run --pull=always --rm -v "checkouts-54344847-0":/host -w "$PWD" -e JAVA_HOME="/root/.sdkman/candidates/java/current" -e SPI_BUILD="1" -e SPI_PROCESSING="1" registry.gitlab.com/saguaro1/spi-images:wasm-6.4-latest swift build --swift-sdk swift-6.4.x-DEVELOPMENT-SNAPSHOT-2026-09-04-a_wasm 2>&1
wasm-6.4-latest: Pulling from saguaro1/spi-images
Digest: sha256:4328fdb43c680d205c1d6761b1e3267aa38277eefdda9ddfb17b6a0f1a77857a
Status: Image is up to date for registry.gitlab.com/saguaro1/spi-images:wasm-6.4-latest
Fetching https://github.com/WeTransfer/Mocker.git
Fetching https://github.com/apple/swift-docc-plugin
[1/2345] Fetching swift-docc-plugin
Fetched https://github.com/apple/swift-docc-plugin (0.56s)
[1/1906] Fetching mocker
Fetched https://github.com/WeTransfer/Mocker.git (1.07s)
Computing version for https://github.com/WeTransfer/Mocker.git
Computed https://github.com/WeTransfer/Mocker.git at 3.0.2 (2.12s)
Computing version for https://github.com/apple/swift-docc-plugin
Computed https://github.com/apple/swift-docc-plugin at 1.5.0 (0.20s)
Fetching https://github.com/swiftlang/swift-docc-symbolkit
[1/3829] Fetching swift-docc-symbolkit
Fetched https://github.com/swiftlang/swift-docc-symbolkit (0.62s)
Computing version for https://github.com/swiftlang/swift-docc-symbolkit
Computed https://github.com/swiftlang/swift-docc-symbolkit at 1.0.0 (0.86s)
Creating working copy for https://github.com/apple/swift-docc-plugin
Working copy of https://github.com/apple/swift-docc-plugin resolved at 1.5.0
Creating working copy for https://github.com/WeTransfer/Mocker.git
Working copy of https://github.com/WeTransfer/Mocker.git resolved at 3.0.2
Creating working copy for https://github.com/swiftlang/swift-docc-symbolkit
Working copy of https://github.com/swiftlang/swift-docc-symbolkit resolved at 1.0.0
Building for debugging...
[Planning deferred tasks]
error: SwiftCompile normal wasm32 failed with a nonzero exit code. Command line:     cd /host

/host/spi-builder-workspace/Sources/StrapiSwiftCross/Strapi.swift:27:21: error: 'URLSession' is unavailable: This type has moved to the FoundationNetworking module. Import that module to use it.
 25 |
 26 |     let host: String
 27 |     let urlSession: URLSession
    |                     `- error: 'URLSession' is unavailable: This type has moved to the FoundationNetworking module. Import that module to use it.
 28 |
 29 |     // MARK: - Functions
Foundation.URLSession:2:18: note: 'URLSession' has been explicitly marked unavailable here
1 | @available(*, unavailable, message: "This type has moved to the FoundationNetworking module. Import that module to use it.")
2 | public typealias URLSession = AnyObject
  |                  `- note: 'URLSession' has been explicitly marked unavailable here
/host/spi-builder-workspace/Sources/StrapiSwiftCross/Strapi.swift:35:43: error: 'URLSession' is unavailable: This type has moved to the FoundationNetworking module. Import that module to use it.
 33 |     ///   - host: The full url string to the Strapi server.
 34 |     ///   - urlSession: If desired a custom URLSession, defaults to a shared session.
 35 |     public init(host: String, urlSession: URLSession = URLSession.shared) {
    |                                           `- error: 'URLSession' is unavailable: This type has moved to the FoundationNetworking module. Import that module to use it.
 36 |         self.host = host
 37 |         self.urlSession = urlSession
Foundation.URLSession:2:18: note: 'URLSession' has been explicitly marked unavailable here
1 | @available(*, unavailable, message: "This type has moved to the FoundationNetworking module. Import that module to use it.")
2 | public typealias URLSession = AnyObject
  |                  `- note: 'URLSession' has been explicitly marked unavailable here
/host/spi-builder-workspace/Sources/StrapiSwiftCross/Strapi.swift:35:67: error: type 'URLSession' (aka 'AnyObject') has no member 'shared'
 33 |     ///   - host: The full url string to the Strapi server.
 34 |     ///   - urlSession: If desired a custom URLSession, defaults to a shared session.
 35 |     public init(host: String, urlSession: URLSession = URLSession.shared) {
    |                                                                   `- error: type 'URLSession' (aka 'AnyObject') has no member 'shared'
 36 |         self.host = host
 37 |         self.urlSession = urlSession
/host/spi-builder-workspace/Sources/StrapiSwiftCross/Strapi.swift:35:67: error: default argument value of type '_' cannot be converted to type 'AnyObject'
 33 |     ///   - host: The full url string to the Strapi server.
 34 |     ///   - urlSession: If desired a custom URLSession, defaults to a shared session.
 35 |     public init(host: String, urlSession: URLSession = URLSession.shared) {
    |                                                                   `- error: default argument value of type '_' cannot be converted to type 'AnyObject'
 36 |         self.host = host
 37 |         self.urlSession = urlSession
/host/spi-builder-workspace/Sources/StrapiSwiftCross/Strapi.swift:103:100: error: cannot find type 'URLRequest' in scope
101 |     /// - Throws: `StrapiError.invalidURL` if unable to create a `URL` object from the ``StrapiRequest``.
102 |     /// - Returns: A fully formed URLRequest ready to be executed.
103 |     func buildURLRequest(from strapiRequest: StrapiRequest, withAuthToken token: String) throws -> URLRequest{
    |                                                                                                    `- error: cannot find type 'URLRequest' in scope
104 |         guard let url = URL(string: buildURL(from: strapiRequest)) else {
105 |             throw StrapiError.invalidURL
Failed frontend command:
/usr/bin/swift-frontend -frontend -emit-module -experimental-skip-non-inlinable-function-bodies-without-types /host/spi-builder-workspace/Sources/StrapiSwiftCross/Enums/FilterType.swift /host/spi-builder-workspace/Sources/StrapiSwiftCross/Enums/RequestMethod.swift /host/spi-builder-workspace/Sources/StrapiSwiftCross/Enums/SortDirection.swift /host/spi-builder-workspace/Sources/StrapiSwiftCross/Enums/StrapiError.swift /host/spi-builder-workspace/Sources/StrapiSwiftCross/Models/RequestFilter.swift /host/spi-builder-workspace/Sources/StrapiSwiftCross/Models/StrapiResponse.swift /host/spi-builder-workspace/Sources/StrapiSwiftCross/Requests/Convenience/EmailConfirmationRequest.swift /host/spi-builder-workspace/Sources/StrapiSwiftCross/Requests/Convenience/ForgotPasswordRequest.swift /host/spi-builder-workspace/Sources/StrapiSwiftCross/Requests/Convenience/LoginRequest.swift /host/spi-builder-workspace/Sources/StrapiSwiftCross/Requests/Convenience/MeRequest.swift /host/spi-builder-workspace/Sources/StrapiSwiftCross/Requests/Convenience/RegisterRequest.swift /host/spi-builder-workspace/Sources/StrapiSwiftCross/Requests/Convenience/ResetPasswordRequest.swift /host/spi-builder-workspace/Sources/StrapiSwiftCross/Requests/CreateRequest.swift /host/spi-builder-workspace/Sources/StrapiSwiftCross/Requests/DestroyRequest.swift /host/spi-builder-workspace/Sources/StrapiSwiftCross/Requests/FetchRequest.swift /host/spi-builder-workspace/Sources/StrapiSwiftCross/Requests/QueryRequest.swift /host/spi-builder-workspace/Sources/StrapiSwiftCross/Requests/StrapiRequest.swift /host/spi-builder-workspace/Sources/StrapiSwiftCross/Requests/UpdateRequest.swift /host/spi-builder-workspace/Sources/StrapiSwiftCross/Strapi.swift -target wasm32-unknown-wasip1 -disable-objc-interop -sdk /root/.swiftpm/swift-sdks/swift-6.4.x-DEVELOPMENT-SNAPSHOT-2026-09-04-a_wasm.artifactbundle/swift-6.4.x-DEVELOPMENT-SNAPSHOT-2026-09-04-a_wasm/wasm32-unknown-wasip1/WASI.sdk -sysroot /root/.swiftpm/swift-sdks/swift-6.4.x-DEVELOPMENT-SNAPSHOT-2026-09-04-a_wasm.artifactbundle/swift-6.4.x-DEVELOPMENT-SNAPSHOT-2026-09-04-a_wasm/wasm32-unknown-wasip1/WASI.sdk -I /host/spi-builder-workspace/.build/out/Products/Debug-webassembly-wasm32 -module-cache-path /host/spi-builder-workspace/.build/out/ModuleCache.noindex -color-diagnostics -Xcc -fcolor-diagnostics -enable-testing -g -debug-info-format\=dwarf -dwarf-version\=4 -swift-version 5 -Onone -D SWIFT_PACKAGE -D DEBUG -D SWIFT_MODULE_RESOURCE_BUNDLE_UNAVAILABLE -D Xcode -serialize-debugging-options -enable-experimental-feature DebugDescriptionMacro -empty-abi-descriptor -external-plugin-path /usr/lib/swift/host/plugins/testing\#/usr/bin/swift-plugin-server -validate-clang-modules-once -clang-build-session-file /host/spi-builder-workspace/.build/out/ModuleCache.noindex/Session.modulevalidation -Xcc -working-directory -Xcc /host -resource-dir /root/.swiftpm/swift-sdks/swift-6.4.x-DEVELOPMENT-SNAPSHOT-2026-09-04-a_wasm.artifactbundle/swift-6.4.x-DEVELOPMENT-SNAPSHOT-2026-09-04-a_wasm/wasm32-unknown-wasip1/swift.xctoolchain/usr/lib/swift_static -use-static-resource-dir -enable-anonymous-context-mangled-names -file-compilation-dir /host -Xcc -resource-dir -Xcc /root/.swiftpm/swift-sdks/swift-6.4.x-DEVELOPMENT-SNAPSHOT-2026-09-04-a_wasm.artifactbundle/swift-6.4.x-DEVELOPMENT-SNAPSHOT-2026-09-04-a_wasm/wasm32-unknown-wasip1/swift.xctoolchain/usr/lib/swift_static/clang -Xcc -D_LIBCPP_HARDENING_MODE\=_LIBCPP_HARDENING_MODE_DEBUG -Xcc -fmodules-prune-interval\=86400 -Xcc -fmodules-prune-after\=345600 -Xcc -I/host/spi-builder-workspace/.build/out/Products/Debug-webassembly-wasm32/include -Xcc -I/host/spi-builder-workspace/.build/out/Intermediates.noindex/StrapiSwiftCross.build/Debug-webassembly-wasm32/StrapiSwiftCross-t.build/DerivedSources-normal/wasm32 -Xcc -I/host/spi-builder-workspace/.build/out/Intermediates.noindex/StrapiSwiftCross.build/Debug-webassembly-wasm32/StrapiSwiftCross-t.build/DerivedSources/wasm32 -Xcc -I/host/spi-builder-workspace/.build/out/Intermediates.noindex/StrapiSwiftCross.build/Debug-webassembly-wasm32/StrapiSwiftCross-t.build/DerivedSources -Xcc -DSWIFT_PACKAGE -Xcc -DDEBUG\=1 -no-auto-bridging-header-chaining -module-name StrapiSwiftCross -const-gather-protocols-file /host/spi-builder-workspace/.build/out/Intermediates.noindex/StrapiSwiftCross.build/Debug-webassembly-wasm32/StrapiSwiftCross-t.build/Objects-normal/wasm32/StrapiSwiftCross_const_extract_protocols.json -in-process-plugin-server-path /usr/lib/swift/host/libSwiftInProcPluginServer.so -plugin-path /usr/lib/swift/host/plugins -plugin-path /usr/local/lib/swift/host/plugins -emit-module-doc-path /host/spi-builder-workspace/.build/out/Intermediates.noindex/StrapiSwiftCross.build/Debug-webassembly-wasm32/StrapiSwiftCross-t.build/Objects-normal/wasm32/Modules/StrapiSwiftCross.swiftdoc -emit-module-source-info-path /host/spi-builder-workspace/.build/out/Intermediates.noindex/StrapiSwiftCross.build/Debug-webassembly-wasm32/StrapiSwiftCross-t.build/Objects-normal/wasm32/Modules/StrapiSwiftCross.swiftsourceinfo -emit-objc-header-path /host/spi-builder-workspace/.build/out/Intermediates.noindex/StrapiSwiftCross.build/Debug-webassembly-wasm32/StrapiSwiftCross-t.build/Objects-normal/wasm32/StrapiSwiftCross-Swift.h -serialize-diagnostics-path /host/spi-builder-workspace/.build/out/Intermediates.noindex/StrapiSwiftCross.build/Debug-webassembly-wasm32/StrapiSwiftCross-t.build/Objects-normal/wasm32/StrapiSwiftCross-primary-emit-module.dia -emit-dependencies-path /host/spi-builder-workspace/.build/out/Intermediates.noindex/StrapiSwiftCross.build/Debug-webassembly-wasm32/StrapiSwiftCross-t.build/Objects-normal/wasm32/StrapiSwiftCross-primary-emit-module.d -parse-as-library -o /host/spi-builder-workspace/.build/out/Intermediates.noindex/StrapiSwiftCross.build/Debug-webassembly-wasm32/StrapiSwiftCross-t.build/Objects-normal/wasm32/Modules/StrapiSwiftCross.swiftmodule
error: Build failed
BUILD FAILURE 6.4 wasm