The Swift Package Index logo.Swift Package Index

Build Information

Failed to build Segment, reference 4.1.8 (78423a), with Swift 6.4 for Wasm on 19 Sep 2026 12:19:23 UTC.

Build Command

bash -c docker run --pull=always --rm -v "checkouts-53886770-0":/host -w "$PWD" -e JAVA_HOME="/root/.sdkman/candidates/java/current" -e SPI_BUILD="1" -e SPI_PROCESSING="1" registry.gitlab.com/saguaro1/spi-images:wasm-6.4-latest swift build --swift-sdk swift-6.4.x-DEVELOPMENT-SNAPSHOT-2026-09-04-a_wasm 2>&1

Build Log

========================================
RunAll
========================================
Builder version: 5.1.0
Interrupt handler set up.
========================================
Checkout
========================================
Clone URL: https://github.com/segmentio/analytics-ios.git
Reference: 4.1.8
Initialized empty Git repository in /host/spi-builder-workspace/.git/
hint: Using 'master' as the name for the initial branch. This default branch name
hint: is subject to change. To configure the initial branch name to use in all
hint: of your new repositories, which will suppress this warning, call:
hint:
hint: 	git config --global init.defaultBranch <name>
hint:
hint: Names commonly chosen instead of 'master' are 'main', 'trunk' and
hint: 'development'. The just-created branch can be renamed via this command:
hint:
hint: 	git branch -m <name>
From https://github.com/segmentio/analytics-ios
 * tag               4.1.8      -> FETCH_HEAD
HEAD is now at 78423aa Prepare for release 4.1.8.
Cloned https://github.com/segmentio/analytics-ios.git
Revision (git rev-parse @):
78423aaae2e48e32a07246850f37c76f3d34cb84
SUCCESS checkout https://github.com/segmentio/analytics-ios.git at 4.1.8
========================================
Build
========================================
Selected platform:         wasm
Swift version:             6.4
Building package at path:  $PWD
https://github.com/segmentio/analytics-ios.git
Running build ...
bash -c docker run --pull=always --rm -v "checkouts-53886770-0":/host -w "$PWD" -e JAVA_HOME="/root/.sdkman/candidates/java/current" -e SPI_BUILD="1" -e SPI_PROCESSING="1" registry.gitlab.com/saguaro1/spi-images:wasm-6.4-latest swift build --swift-sdk swift-6.4.x-DEVELOPMENT-SNAPSHOT-2026-09-04-a_wasm 2>&1
wasm-6.4-latest: Pulling from saguaro1/spi-images
Digest: sha256:4328fdb43c680d205c1d6761b1e3267aa38277eefdda9ddfb17b6a0f1a77857a
Status: Image is up to date for registry.gitlab.com/saguaro1/spi-images:wasm-6.4-latest
Building for debugging...
[Planning deferred tasks]
/host/spi-builder-workspace/Segment/Classes/SEGWebhookIntegration.m:1:1: error: use of '@import' when modules are disabled
    1 | @import Foundation;
      | ^
In file included from /host/spi-builder-workspace/Segment/Classes/SEGWebhookIntegration.m:2:
In file included from /host/spi-builder-workspace/Segment/Classes/SEGWebhookIntegration.h:1:
/host/spi-builder-workspace/Segment/Classes/SEGIntegration.h:1:1: error: use of '@import' when modules are disabled
    1 | @import Foundation;
      | ^
In file included from /host/spi-builder-workspace/Segment/Classes/SEGWebhookIntegration.m:2:
In file included from /host/spi-builder-workspace/Segment/Classes/SEGWebhookIntegration.h:1:
In file included from /host/spi-builder-workspace/Segment/Classes/SEGIntegration.h:2:
/host/spi-builder-workspace/Segment/Classes/SEGIdentifyPayload.h:1:1: error: use of '@import' when modules are disabled
    1 | @import Foundation;
      | ^
In file included from /host/spi-builder-workspace/Segment/Classes/SEGWebhookIntegration.m:2:
In file included from /host/spi-builder-workspace/Segment/Classes/SEGWebhookIntegration.h:1:
In file included from /host/spi-builder-workspace/Segment/Classes/SEGIntegration.h:2:
In file included from /host/spi-builder-workspace/Segment/Classes/SEGIdentifyPayload.h:2:
/host/spi-builder-workspace/Segment/Classes/SEGPayload.h:1:1: error: use of '@import' when modules are disabled
    1 | @import Foundation;
      | ^
In file included from /host/spi-builder-workspace/Segment/Classes/SEGWebhookIntegration.m:2:
In file included from /host/spi-builder-workspace/Segment/Classes/SEGWebhookIntegration.h:1:
In file included from /host/spi-builder-workspace/Segment/Classes/SEGIntegration.h:2:
In file included from /host/spi-builder-workspace/Segment/Classes/SEGIdentifyPayload.h:2:
In file included from /host/spi-builder-workspace/Segment/Classes/SEGPayload.h:2:
/host/spi-builder-workspace/Segment/Classes/SEGSerializableValue.h:9:1: error: use of '@import' when modules are disabled
    9 | @import Foundation;
      | ^
In file included from /host/spi-builder-workspace/Segment/Classes/SEGWebhookIntegration.m:2:
In file included from /host/spi-builder-workspace/Segment/Classes/SEGWebhookIntegration.h:1:
In file included from /host/spi-builder-workspace/Segment/Classes/SEGIntegration.h:2:
In file included from /host/spi-builder-workspace/Segment/Classes/SEGIdentifyPayload.h:2:
/host/spi-builder-workspace/Segment/Classes/SEGPayload.h:4:1: error: unknown type name 'NS_ASSUME_NONNULL_BEGIN'
    4 | NS_ASSUME_NONNULL_BEGIN
      | ^
/host/spi-builder-workspace/Segment/Classes/SEGPayload.h:7:1: error: expected function body after function declarator
    7 | @interface SEGPayload : NSObject
      | ^
/host/spi-builder-workspace/Segment/Classes/SEGPayload.h:10:1: error: unexpected '@' in program
   10 | @property (nonatomic, readonly) JSON_DICT integrations;
      | ^
/host/spi-builder-workspace/Segment/Classes/SEGPayload.h:11:1: error: unexpected '@' in program
   11 | @property (nonatomic, strong) NSString *timestamp;
      | ^
/host/spi-builder-workspace/Segment/Classes/SEGPayload.h:12:1: error: unexpected '@' in program
   12 | @property (nonatomic, strong) NSString *messageId;
      | ^
/host/spi-builder-workspace/Segment/Classes/SEGPayload.h:13:1: error: unexpected '@' in program
   13 | @property (nonatomic, strong) NSString *anonymousId;
      | ^
/host/spi-builder-workspace/Segment/Classes/SEGPayload.h:14:1: error: unexpected '@' in program
   14 | @property (nonatomic, strong) NSString *userId;
      | ^
/host/spi-builder-workspace/Segment/Classes/SEGPayload.h:16:34: error: expected a type
   16 | - (instancetype)initWithContext:(JSON_DICT)context integrations:(JSON_DICT)integrations;
      |                                  ^
In file included from /host/spi-builder-workspace/Segment/Classes/SEGWebhookIntegration.m:2:
In file included from /host/spi-builder-workspace/Segment/Classes/SEGWebhookIntegration.h:1:
In file included from /host/spi-builder-workspace/Segment/Classes/SEGIntegration.h:2:
In file included from /host/spi-builder-workspace/Segment/Classes/SEGIdentifyPayload.h:2:
In file included from /host/spi-builder-workspace/Segment/Classes/SEGPayload.h:2:
/host/spi-builder-workspace/Segment/Classes/SEGSerializableValue.h:31:19: note: expanded from macro 'JSON_DICT'
   31 | #define JSON_DICT NSDictionary<NSString *, id> *
      |                   ^
In file included from /host/spi-builder-workspace/Segment/Classes/SEGWebhookIntegration.m:2:
In file included from /host/spi-builder-workspace/Segment/Classes/SEGWebhookIntegration.h:1:
In file included from /host/spi-builder-workspace/Segment/Classes/SEGIntegration.h:2:
In file included from /host/spi-builder-workspace/Segment/Classes/SEGIdentifyPayload.h:2:
/host/spi-builder-workspace/Segment/Classes/SEGPayload.h:16:66: error: expected a type
   16 | - (instancetype)initWithContext:(JSON_DICT)context integrations:(JSON_DICT)integrations;
      |                                                                  ^
In file included from /host/spi-builder-workspace/Segment/Classes/SEGWebhookIntegration.m:2:
In file included from /host/spi-builder-workspace/Segment/Classes/SEGWebhookIntegration.h:1:
In file included from /host/spi-builder-workspace/Segment/Classes/SEGIntegration.h:2:
In file included from /host/spi-builder-workspace/Segment/Classes/SEGIdentifyPayload.h:2:
In file included from /host/spi-builder-workspace/Segment/Classes/SEGPayload.h:2:
/host/spi-builder-workspace/Segment/Classes/SEGSerializableValue.h:31:19: note: expanded from macro 'JSON_DICT'
   31 | #define JSON_DICT NSDictionary<NSString *, id> *
      |                   ^
In file included from /host/spi-builder-workspace/Segment/Classes/SEGWebhookIntegration.m:2:
In file included from /host/spi-builder-workspace/Segment/Classes/SEGWebhookIntegration.h:1:
In file included from /host/spi-builder-workspace/Segment/Classes/SEGIntegration.h:2:
In file included from /host/spi-builder-workspace/Segment/Classes/SEGIdentifyPayload.h:2:
/host/spi-builder-workspace/Segment/Classes/SEGPayload.h:16:1: error: missing context for method declaration
   16 | - (instancetype)initWithContext:(JSON_DICT)context integrations:(JSON_DICT)integrations;
      | ^
/host/spi-builder-workspace/Segment/Classes/SEGPayload.h:18:1: error: expected method body
   18 | @end
      | ^
/host/spi-builder-workspace/Segment/Classes/SEGPayload.h:27:1: error: unexpected '@' in program
   27 | @property (nonatomic, strong, nullable) NSDictionary *launchOptions;
      | ^
/host/spi-builder-workspace/Segment/Classes/SEGPayload.h:29:1: error: '@end' must appear in an Objective-C context
   29 | @end
      | ^
/host/spi-builder-workspace/Segment/Classes/SEGPayload.h:33:1: error: expected function body after function declarator
   33 | @interface SEGContinueUserActivityPayload : SEGPayload
      | ^
fatal error: too many errors emitted, stopping now [-ferror-limit=]
20 errors generated.
error: CompileC /host/spi-builder-workspace/.build/out/Intermediates.noindex/Segment.build/Debug-webassembly-wasm32/Segment-t.build/Objects-normal/wasm32/SEGWebhookIntegration.o /host/spi-builder-workspace/Segment/Classes/SEGWebhookIntegration.m normal wasm32 objective-c com.apple.compilers.llvm.clang.1_0.compiler failed with a nonzero exit code. Command line:     cd /host

    Using response file: /host/spi-builder-workspace/.build/out/Intermediates.noindex/Segment.build/Debug-webassembly-wasm32/Segment-t.build/Objects-normal/wasm32/6f95552a3397ee1cec971b90cf334075d5f321c3a3b0689ad55c3d1e24702600-common-args.resp

    /usr/bin/clang -x objective-c -target wasm32-unknown-wasip1 -fmessage-length\=0 -fdiagnostics-show-note-include-stack -fmacro-backtrace-limit\=0 -fcolor-diagnostics -Wno-trigraphs -Wno-missing-field-initializers -Wno-missing-prototypes -Wno-return-type -Wno-implicit-atomic-properties -Wno-objc-interface-ivars -Wno-arc-repeated-use-of-weak -Wno-missing-braces -Wparentheses -Wswitch -Wno-unused-function -Wno-unused-label -Wno-unused-parameter -Wno-unused-variable -Wunused-value -Wno-empty-body -Wno-uninitialized -Wno-unknown-pragmas -Wno-shadow -Wno-four-char-constants -Wno-conversion -Wno-constant-conversion -Wno-int-conversion -Wno-bool-conversion -Wno-enum-conversion -Wno-float-conversion -Wno-non-literal-null-conversion -Wno-objc-literal-conversion -Wno-shorten-64-to-32 -Wpointer-sign -Wno-newline-eof -Wno-selector -Wno-strict-selector-match -Wno-undeclared-selector -Wno-deprecated-implementations -Wno-implicit-fallthrough -fstrict-aliasing -Wprotocol -Wdeprecated-declarations -Wno-sign-conversion -Wno-infinite-recursion -Wno-comma -Wno-block-capture-autoreleasing -Wno-strict-prototypes -Wno-semicolon-before-method-body --sysroot /root/.swiftpm/swift-sdks/swift-6.4.x-DEVELOPMENT-SNAPSHOT-2026-09-04-a_wasm.artifactbundle/swift-6.4.x-DEVELOPMENT-SNAPSHOT-2026-09-04-a_wasm/wasm32-unknown-wasip1/WASI.sdk @/host/spi-builder-workspace/.build/out/Intermediates.noindex/Segment.build/Debug-webassembly-wasm32/Segment-t.build/Objects-normal/wasm32/6f95552a3397ee1cec971b90cf334075d5f321c3a3b0689ad55c3d1e24702600-common-args.resp -MMD -MT dependencies -MF /host/spi-builder-workspace/.build/out/Intermediates.noindex/Segment.build/Debug-webassembly-wasm32/Segment-t.build/Objects-normal/wasm32/SEGWebhookIntegration.d --serialize-diagnostics /host/spi-builder-workspace/.build/out/Intermediates.noindex/Segment.build/Debug-webassembly-wasm32/Segment-t.build/Objects-normal/wasm32/SEGWebhookIntegration.dia -c /host/spi-builder-workspace/Segment/Classes/SEGWebhookIntegration.m -o /host/spi-builder-workspace/.build/out/Intermediates.noindex/Segment.build/Debug-webassembly-wasm32/Segment-t.build/Objects-normal/wasm32/SEGWebhookIntegration.o
In file included from /host/spi-builder-workspace/Segment/Internal/SEGStoreKitTracker.m:1:
/host/spi-builder-workspace/Segment/Internal/SEGStoreKitTracker.h:1:1: error: use of '@import' when modules are disabled
    1 | @import Foundation;
      | ^
/host/spi-builder-workspace/Segment/Internal/SEGStoreKitTracker.h:2:1: error: use of '@import' when modules are disabled
    2 | @import StoreKit;
      | ^
In file included from /host/spi-builder-workspace/Segment/Internal/SEGStoreKitTracker.m:1:
In file included from /host/spi-builder-workspace/Segment/Internal/SEGStoreKitTracker.h:3:
/host/spi-builder-workspace/Segment/Classes/SEGAnalytics.h:1:1: error: use of '@import' when modules are disabled
    1 | @import Foundation;
      | ^
In file included from /host/spi-builder-workspace/Segment/Internal/SEGStoreKitTracker.m:1:
In file included from /host/spi-builder-workspace/Segment/Internal/SEGStoreKitTracker.h:3:
In file included from /host/spi-builder-workspace/Segment/Classes/SEGAnalytics.h:2:
/host/spi-builder-workspace/Segment/Classes/SEGIntegrationFactory.h:1:1: error: use of '@import' when modules are disabled
    1 | @import Foundation;
      | ^
In file included from /host/spi-builder-workspace/Segment/Internal/SEGStoreKitTracker.m:1:
In file included from /host/spi-builder-workspace/Segment/Internal/SEGStoreKitTracker.h:3:
In file included from /host/spi-builder-workspace/Segment/Classes/SEGAnalytics.h:2:
In file included from /host/spi-builder-workspace/Segment/Classes/SEGIntegrationFactory.h:2:
/host/spi-builder-workspace/Segment/Classes/SEGIntegration.h:1:1: error: use of '@import' when modules are disabled
    1 | @import Foundation;
      | ^
In file included from /host/spi-builder-workspace/Segment/Internal/SEGStoreKitTracker.m:1:
In file included from /host/spi-builder-workspace/Segment/Internal/SEGStoreKitTracker.h:3:
In file included from /host/spi-builder-workspace/Segment/Classes/SEGAnalytics.h:2:
In file included from /host/spi-builder-workspace/Segment/Classes/SEGIntegrationFactory.h:2:
In file included from /host/spi-builder-workspace/Segment/Classes/SEGIntegration.h:2:
/host/spi-builder-workspace/Segment/Classes/SEGIdentifyPayload.h:1:1: error: use of '@import' when modules are disabled
    1 | @import Foundation;
      | ^
In file included from /host/spi-builder-workspace/Segment/Internal/SEGStoreKitTracker.m:1:
In file included from /host/spi-builder-workspace/Segment/Internal/SEGStoreKitTracker.h:3:
In file included from /host/spi-builder-workspace/Segment/Classes/SEGAnalytics.h:2:
In file included from /host/spi-builder-workspace/Segment/Classes/SEGIntegrationFactory.h:2:
In file included from /host/spi-builder-workspace/Segment/Classes/SEGIntegration.h:2:
In file included from /host/spi-builder-workspace/Segment/Classes/SEGIdentifyPayload.h:2:
/host/spi-builder-workspace/Segment/Classes/SEGPayload.h:1:1: error: use of '@import' when modules are disabled
    1 | @import Foundation;
      | ^
In file included from /host/spi-builder-workspace/Segment/Internal/SEGStoreKitTracker.m:1:
In file included from /host/spi-builder-workspace/Segment/Internal/SEGStoreKitTracker.h:3:
In file included from /host/spi-builder-workspace/Segment/Classes/SEGAnalytics.h:2:
In file included from /host/spi-builder-workspace/Segment/Classes/SEGIntegrationFactory.h:2:
In file included from /host/spi-builder-workspace/Segment/Classes/SEGIntegration.h:2:
In file included from /host/spi-builder-workspace/Segment/Classes/SEGIdentifyPayload.h:2:
In file included from /host/spi-builder-workspace/Segment/Classes/SEGPayload.h:2:
/host/spi-builder-workspace/Segment/Classes/SEGSerializableValue.h:9:1: error: use of '@import' when modules are disabled
    9 | @import Foundation;
      | ^
In file included from /host/spi-builder-workspace/Segment/Internal/SEGStoreKitTracker.m:1:
In file included from /host/spi-builder-workspace/Segment/Internal/SEGStoreKitTracker.h:3:
In file included from /host/spi-builder-workspace/Segment/Classes/SEGAnalytics.h:2:
In file included from /host/spi-builder-workspace/Segment/Classes/SEGIntegrationFactory.h:2:
In file included from /host/spi-builder-workspace/Segment/Classes/SEGIntegration.h:2:
In file included from /host/spi-builder-workspace/Segment/Classes/SEGIdentifyPayload.h:2:
/host/spi-builder-workspace/Segment/Classes/SEGPayload.h:4:1: error: unknown type name 'NS_ASSUME_NONNULL_BEGIN'
    4 | NS_ASSUME_NONNULL_BEGIN
      | ^
/host/spi-builder-workspace/Segment/Classes/SEGPayload.h:7:1: error: expected function body after function declarator
    7 | @interface SEGPayload : NSObject
      | ^
/host/spi-builder-workspace/Segment/Classes/SEGPayload.h:10:1: error: unexpected '@' in program
   10 | @property (nonatomic, readonly) JSON_DICT integrations;
      | ^
/host/spi-builder-workspace/Segment/Classes/SEGPayload.h:11:1: error: unexpected '@' in program
   11 | @property (nonatomic, strong) NSString *timestamp;
      | ^
/host/spi-builder-workspace/Segment/Classes/SEGPayload.h:12:1: error: unexpected '@' in program
   12 | @property (nonatomic, strong) NSString *messageId;
      | ^
/host/spi-builder-workspace/Segment/Classes/SEGPayload.h:13:1: error: unexpected '@' in program
   13 | @property (nonatomic, strong) NSString *anonymousId;
      | ^
/host/spi-builder-workspace/Segment/Classes/SEGPayload.h:14:1: error: unexpected '@' in program
   14 | @property (nonatomic, strong) NSString *userId;
      | ^
/host/spi-builder-workspace/Segment/Classes/SEGPayload.h:16:34: error: expected a type
   16 | - (instancetype)initWithContext:(JSON_DICT)context integrations:(JSON_DICT)integrations;
      |                                  ^
In file included from /host/spi-builder-workspace/Segment/Internal/SEGStoreKitTracker.m:1:
In file included from /host/spi-builder-workspace/Segment/Internal/SEGStoreKitTracker.h:3:
In file included from /host/spi-builder-workspace/Segment/Classes/SEGAnalytics.h:2:
In file included from /host/spi-builder-workspace/Segment/Classes/SEGIntegrationFactory.h:2:
In file included from /host/spi-builder-workspace/Segment/Classes/SEGIntegration.h:2:
In file included from /host/spi-builder-workspace/Segment/Classes/SEGIdentifyPayload.h:2:
In file included from /host/spi-builder-workspace/Segment/Classes/SEGPayload.h:2:
/host/spi-builder-workspace/Segment/Classes/SEGSerializableValue.h:31:19: note: expanded from macro 'JSON_DICT'
   31 | #define JSON_DICT NSDictionary<NSString *, id> *
      |                   ^
In file included from /host/spi-builder-workspace/Segment/Internal/SEGStoreKitTracker.m:1:
In file included from /host/spi-builder-workspace/Segment/Internal/SEGStoreKitTracker.h:3:
In file included from /host/spi-builder-workspace/Segment/Classes/SEGAnalytics.h:2:
In file included from /host/spi-builder-workspace/Segment/Classes/SEGIntegrationFactory.h:2:
In file included from /host/spi-builder-workspace/Segment/Classes/SEGIntegration.h:2:
In file included from /host/spi-builder-workspace/Segment/Classes/SEGIdentifyPayload.h:2:
/host/spi-builder-workspace/Segment/Classes/SEGPayload.h:16:66: error: expected a type
   16 | - (instancetype)initWithContext:(JSON_DICT)context integrations:(JSON_DICT)integrations;
      |                                                                  ^
In file included from /host/spi-builder-workspace/Segment/Internal/SEGStoreKitTracker.m:1:
In file included from /host/spi-builder-workspace/Segment/Internal/SEGStoreKitTracker.h:3:
In file included from /host/spi-builder-workspace/Segment/Classes/SEGAnalytics.h:2:
In file included from /host/spi-builder-workspace/Segment/Classes/SEGIntegrationFactory.h:2:
In file included from /host/spi-builder-workspace/Segment/Classes/SEGIntegration.h:2:
In file included from /host/spi-builder-workspace/Segment/Classes/SEGIdentifyPayload.h:2:
In file included from /host/spi-builder-workspace/Segment/Classes/SEGPayload.h:2:
/host/spi-builder-workspace/Segment/Classes/SEGSerializableValue.h:31:19: note: expanded from macro 'JSON_DICT'
   31 | #define JSON_DICT NSDictionary<NSString *, id> *
      |                   ^
In file included from /host/spi-builder-workspace/Segment/Internal/SEGStoreKitTracker.m:1:
In file included from /host/spi-builder-workspace/Segment/Internal/SEGStoreKitTracker.h:3:
In file included from /host/spi-builder-workspace/Segment/Classes/SEGAnalytics.h:2:
In file included from /host/spi-builder-workspace/Segment/Classes/SEGIntegrationFactory.h:2:
In file included from /host/spi-builder-workspace/Segment/Classes/SEGIntegration.h:2:
In file included from /host/spi-builder-workspace/Segment/Classes/SEGIdentifyPayload.h:2:
/host/spi-builder-workspace/Segment/Classes/SEGPayload.h:16:1: error: missing context for method declaration
   16 | - (instancetype)initWithContext:(JSON_DICT)context integrations:(JSON_DICT)integrations;
      | ^
/host/spi-builder-workspace/Segment/Classes/SEGPayload.h:18:1: error: expected method body
   18 | @end
      | ^
fatal error: too many errors emitted, stopping now [-ferror-limit=]
20 errors generated.
error: CompileC /host/spi-builder-workspace/.build/out/Intermediates.noindex/Segment.build/Debug-webassembly-wasm32/Segment-t.build/Objects-normal/wasm32/SEGStoreKitTracker.o /host/spi-builder-workspace/Segment/Internal/SEGStoreKitTracker.m normal wasm32 objective-c com.apple.compilers.llvm.clang.1_0.compiler failed with a nonzero exit code. Command line:     cd /host

    Using response file: /host/spi-builder-workspace/.build/out/Intermediates.noindex/Segment.build/Debug-webassembly-wasm32/Segment-t.build/Objects-normal/wasm32/6f95552a3397ee1cec971b90cf334075d5f321c3a3b0689ad55c3d1e24702600-common-args.resp

    /usr/bin/clang -x objective-c -target wasm32-unknown-wasip1 -fmessage-length\=0 -fdiagnostics-show-note-include-stack -fmacro-backtrace-limit\=0 -fcolor-diagnostics -Wno-trigraphs -Wno-missing-field-initializers -Wno-missing-prototypes -Wno-return-type -Wno-implicit-atomic-properties -Wno-objc-interface-ivars -Wno-arc-repeated-use-of-weak -Wno-missing-braces -Wparentheses -Wswitch -Wno-unused-function -Wno-unused-label -Wno-unused-parameter -Wno-unused-variable -Wunused-value -Wno-empty-body -Wno-uninitialized -Wno-unknown-pragmas -Wno-shadow -Wno-four-char-constants -Wno-conversion -Wno-constant-conversion -Wno-int-conversion -Wno-bool-conversion -Wno-enum-conversion -Wno-float-conversion -Wno-non-literal-null-conversion -Wno-objc-literal-conversion -Wno-shorten-64-to-32 -Wpointer-sign -Wno-newline-eof -Wno-selector -Wno-strict-selector-match -Wno-undeclared-selector -Wno-deprecated-implementations -Wno-implicit-fallthrough -fstrict-aliasing -Wprotocol -Wdeprecated-declarations -Wno-sign-conversion -Wno-infinite-recursion -Wno-comma -Wno-block-capture-autoreleasing -Wno-strict-prototypes -Wno-semicolon-before-method-body --sysroot /root/.swiftpm/swift-sdks/swift-6.4.x-DEVELOPMENT-SNAPSHOT-2026-09-04-a_wasm.artifactbundle/swift-6.4.x-DEVELOPMENT-SNAPSHOT-2026-09-04-a_wasm/wasm32-unknown-wasip1/WASI.sdk @/host/spi-builder-workspace/.build/out/Intermediates.noindex/Segment.build/Debug-webassembly-wasm32/Segment-t.build/Objects-normal/wasm32/6f95552a3397ee1cec971b90cf334075d5f321c3a3b0689ad55c3d1e24702600-common-args.resp -MMD -MT dependencies -MF /host/spi-builder-workspace/.build/out/Intermediates.noindex/Segment.build/Debug-webassembly-wasm32/Segment-t.build/Objects-normal/wasm32/SEGStoreKitTracker.d --serialize-diagnostics /host/spi-builder-workspace/.build/out/Intermediates.noindex/Segment.build/Debug-webassembly-wasm32/Segment-t.build/Objects-normal/wasm32/SEGStoreKitTracker.dia -c /host/spi-builder-workspace/Segment/Internal/SEGStoreKitTracker.m -o /host/spi-builder-workspace/.build/out/Intermediates.noindex/Segment.build/Debug-webassembly-wasm32/Segment-t.build/Objects-normal/wasm32/SEGStoreKitTracker.o
/host/spi-builder-workspace/Segment/Internal/SEGIntegrationsManager.m:9:1: error: use of '@import' when modules are disabled
    9 | @import Foundation;
      | ^
/host/spi-builder-workspace/Segment/Internal/SEGIntegrationsManager.m:13:9: fatal error: 'objc/runtime.h' file not found
   13 | #import <objc/runtime.h>
      |         ^~~~~~~~~~~~~~~~
2 errors generated.
error: CompileC /host/spi-builder-workspace/.build/out/Intermediates.noindex/Segment.build/Debug-webassembly-wasm32/Segment-t.build/Objects-normal/wasm32/SEGIntegrationsManager.o /host/spi-builder-workspace/Segment/Internal/SEGIntegrationsManager.m normal wasm32 objective-c com.apple.compilers.llvm.clang.1_0.compiler failed with a nonzero exit code. Command line:     cd /host

    Using response file: /host/spi-builder-workspace/.build/out/Intermediates.noindex/Segment.build/Debug-webassembly-wasm32/Segment-t.build/Objects-normal/wasm32/6f95552a3397ee1cec971b90cf334075d5f321c3a3b0689ad55c3d1e24702600-common-args.resp

    /usr/bin/clang -x objective-c -target wasm32-unknown-wasip1 -fmessage-length\=0 -fdiagnostics-show-note-include-stack -fmacro-backtrace-limit\=0 -fcolor-diagnostics -Wno-trigraphs -Wno-missing-field-initializers -Wno-missing-prototypes -Wno-return-type -Wno-implicit-atomic-properties -Wno-objc-interface-ivars -Wno-arc-repeated-use-of-weak -Wno-missing-braces -Wparentheses -Wswitch -Wno-unused-function -Wno-unused-label -Wno-unused-parameter -Wno-unused-variable -Wunused-value -Wno-empty-body -Wno-uninitialized -Wno-unknown-pragmas -Wno-shadow -Wno-four-char-constants -Wno-conversion -Wno-constant-conversion -Wno-int-conversion -Wno-bool-conversion -Wno-enum-conversion -Wno-float-conversion -Wno-non-literal-null-conversion -Wno-objc-literal-conversion -Wno-shorten-64-to-32 -Wpointer-sign -Wno-newline-eof -Wno-selector -Wno-strict-selector-match -Wno-undeclared-selector -Wno-deprecated-implementations -Wno-implicit-fallthrough -fstrict-aliasing -Wprotocol -Wdeprecated-declarations -Wno-sign-conversion -Wno-infinite-recursion -Wno-comma -Wno-block-capture-autoreleasing -Wno-strict-prototypes -Wno-semicolon-before-method-body --sysroot /root/.swiftpm/swift-sdks/swift-6.4.x-DEVELOPMENT-SNAPSHOT-2026-09-04-a_wasm.artifactbundle/swift-6.4.x-DEVELOPMENT-SNAPSHOT-2026-09-04-a_wasm/wasm32-unknown-wasip1/WASI.sdk @/host/spi-builder-workspace/.build/out/Intermediates.noindex/Segment.build/Debug-webassembly-wasm32/Segment-t.build/Objects-normal/wasm32/6f95552a3397ee1cec971b90cf334075d5f321c3a3b0689ad55c3d1e24702600-common-args.resp -MMD -MT dependencies -MF /host/spi-builder-workspace/.build/out/Intermediates.noindex/Segment.build/Debug-webassembly-wasm32/Segment-t.build/Objects-normal/wasm32/SEGIntegrationsManager.d --serialize-diagnostics /host/spi-builder-workspace/.build/out/Intermediates.noindex/Segment.build/Debug-webassembly-wasm32/Segment-t.build/Objects-normal/wasm32/SEGIntegrationsManager.dia -c /host/spi-builder-workspace/Segment/Internal/SEGIntegrationsManager.m -o /host/spi-builder-workspace/.build/out/Intermediates.noindex/Segment.build/Debug-webassembly-wasm32/Segment-t.build/Objects-normal/wasm32/SEGIntegrationsManager.o
In file included from /host/spi-builder-workspace/Segment/Internal/SEGUserDefaultsStorage.m:9:
/host/spi-builder-workspace/Segment/Internal/SEGUtils.h:6:1: error: use of '@import' when modules are disabled
    6 | @import Foundation;
      | ^
In file included from /host/spi-builder-workspace/Segment/Internal/SEGUserDefaultsStorage.m:9:
In file included from /host/spi-builder-workspace/Segment/Internal/SEGUtils.h:7:
/host/spi-builder-workspace/Segment/Classes/SEGAnalyticsUtils.h:1:1: error: use of '@import' when modules are disabled
    1 | @import Foundation;
      | ^
/host/spi-builder-workspace/Segment/Classes/SEGAnalyticsUtils.h:3:1: error: unknown type name 'NS_ASSUME_NONNULL_BEGIN'
    3 | NS_ASSUME_NONNULL_BEGIN
      | ^
/host/spi-builder-workspace/Segment/Classes/SEGAnalyticsUtils.h:7:26: error: unknown type name 'BOOL'
    7 | void SEGSetShowDebugLogs(BOOL showDebugLogs);
      |                          ^
/host/spi-builder-workspace/Segment/Classes/SEGAnalyticsUtils.h:8:13: error: unknown type name 'NSString'
    8 | void SEGLog(NSString *format, ...);
      |             ^
/host/spi-builder-workspace/Segment/Classes/SEGAnalyticsUtils.h:14:1: error: expected function body after function declarator
   14 | @protocol SEGSerializable
      | ^
/host/spi-builder-workspace/Segment/Classes/SEGAnalyticsUtils.h:21:1: error: '@end' must appear in an Objective-C context
   21 | @end
      | ^
/host/spi-builder-workspace/Segment/Classes/SEGAnalyticsUtils.h:24:1: error: unknown type name 'NS_ASSUME_NONNULL_END'
   24 | NS_ASSUME_NONNULL_END
      | ^
In file included from /host/spi-builder-workspace/Segment/Internal/SEGUserDefaultsStorage.m:9:
In file included from /host/spi-builder-workspace/Segment/Internal/SEGUtils.h:8:
/host/spi-builder-workspace/Segment/Classes/SEGSerializableValue.h:9:2: error: prefix attribute must be followed by an interface, protocol, or implementation
    9 | @import Foundation;
      |  ^
In file included from /host/spi-builder-workspace/Segment/Internal/SEGUserDefaultsStorage.m:9:
/host/spi-builder-workspace/Segment/Internal/SEGUtils.h:10:1: error: unknown type name 'NS_ASSUME_NONNULL_BEGIN'
   10 | NS_ASSUME_NONNULL_BEGIN
      | ^
/host/spi-builder-workspace/Segment/Internal/SEGUtils.h:12:2: error: prefix attribute must be followed by an interface, protocol, or implementation
   12 | @class SEGAnalyticsConfiguration;
      |  ^
/host/spi-builder-workspace/Segment/Internal/SEGUtils.h:16:1: error: expected function body after function declarator
   16 | @interface SEGUtils : NSObject
      | ^
/host/spi-builder-workspace/Segment/Internal/SEGUtils.h:19:12: error: expected a type
   19 | + (nonnull NSString *)getAPIHost;
      |            ^
/host/spi-builder-workspace/Segment/Internal/SEGUtils.h:19:1: error: missing context for method declaration
   19 | + (nonnull NSString *)getAPIHost;
      | ^
/host/spi-builder-workspace/Segment/Internal/SEGUtils.h:20:1: error: expected method body
   20 | + (nullable NSURL *)getAPIHostURL;
      | ^
/host/spi-builder-workspace/Segment/Internal/SEGUtils.h:22:4: error: expected a type
   22 | + (NSData *_Nullable)dataFromPlist:(nonnull id)plist;
      |    ^
/host/spi-builder-workspace/Segment/Internal/SEGUtils.h:22:1: error: missing context for method declaration
   22 | + (NSData *_Nullable)dataFromPlist:(nonnull id)plist;
      | ^
/host/spi-builder-workspace/Segment/Internal/SEGUtils.h:23:1: error: expected method body
   23 | + (id _Nullable)plistFromData:(NSData *)data;
      | ^
/host/spi-builder-workspace/Segment/Internal/SEGUtils.h:25:74: error: expected a type
   25 | + (id _Nullable)traverseJSON:(id _Nullable)object andReplaceWithFilters:(NSDictionary<NSString*, NSString*>*)patterns;
      |                                                                          ^
fatal error: too many errors emitted, stopping now [-ferror-limit=]
20 errors generated.
error: CompileC /host/spi-builder-workspace/.build/out/Intermediates.noindex/Segment.build/Debug-webassembly-wasm32/Segment-t.build/Objects-normal/wasm32/SEGUserDefaultsStorage.o /host/spi-builder-workspace/Segment/Internal/SEGUserDefaultsStorage.m normal wasm32 objective-c com.apple.compilers.llvm.clang.1_0.compiler failed with a nonzero exit code. Command line:     cd /host

    Using response file: /host/spi-builder-workspace/.build/out/Intermediates.noindex/Segment.build/Debug-webassembly-wasm32/Segment-t.build/Objects-normal/wasm32/6f95552a3397ee1cec971b90cf334075d5f321c3a3b0689ad55c3d1e24702600-common-args.resp

    /usr/bin/clang -x objective-c -target wasm32-unknown-wasip1 -fmessage-length\=0 -fdiagnostics-show-note-include-stack -fmacro-backtrace-limit\=0 -fcolor-diagnostics -Wno-trigraphs -Wno-missing-field-initializers -Wno-missing-prototypes -Wno-return-type -Wno-implicit-atomic-properties -Wno-objc-interface-ivars -Wno-arc-repeated-use-of-weak -Wno-missing-braces -Wparentheses -Wswitch -Wno-unused-function -Wno-unused-label -Wno-unused-parameter -Wno-unused-variable -Wunused-value -Wno-empty-body -Wno-uninitialized -Wno-unknown-pragmas -Wno-shadow -Wno-four-char-constants -Wno-conversion -Wno-constant-conversion -Wno-int-conversion -Wno-bool-conversion -Wno-enum-conversion -Wno-float-conversion -Wno-non-literal-null-conversion -Wno-objc-literal-conversion -Wno-shorten-64-to-32 -Wpointer-sign -Wno-newline-eof -Wno-selector -Wno-strict-selector-match -Wno-undeclared-selector -Wno-deprecated-implementations -Wno-implicit-fallthrough -fstrict-aliasing -Wprotocol -Wdeprecated-declarations -Wno-sign-conversion -Wno-infinite-recursion -Wno-comma -Wno-block-capture-autoreleasing -Wno-strict-prototypes -Wno-semicolon-before-method-body --sysroot /root/.swiftpm/swift-sdks/swift-6.4.x-DEVELOPMENT-SNAPSHOT-2026-09-04-a_wasm.artifactbundle/swift-6.4.x-DEVELOPMENT-SNAPSHOT-2026-09-04-a_wasm/wasm32-unknown-wasip1/WASI.sdk @/host/spi-builder-workspace/.build/out/Intermediates.noindex/Segment.build/Debug-webassembly-wasm32/Segment-t.build/Objects-normal/wasm32/6f95552a3397ee1cec971b90cf334075d5f321c3a3b0689ad55c3d1e24702600-common-args.resp -MMD -MT dependencies -MF /host/spi-builder-workspace/.build/out/Intermediates.noindex/Segment.build/Debug-webassembly-wasm32/Segment-t.build/Objects-normal/wasm32/SEGUserDefaultsStorage.d --serialize-diagnostics /host/spi-builder-workspace/.build/out/Intermediates.noindex/Segment.build/Debug-webassembly-wasm32/Segment-t.build/Objects-normal/wasm32/SEGUserDefaultsStorage.dia -c /host/spi-builder-workspace/Segment/Internal/SEGUserDefaultsStorage.m -o /host/spi-builder-workspace/.build/out/Intermediates.noindex/Segment.build/Debug-webassembly-wasm32/Segment-t.build/Objects-normal/wasm32/SEGUserDefaultsStorage.o
In file included from /host/spi-builder-workspace/Segment/Internal/SEGUtils.m:6:
/host/spi-builder-workspace/Segment/Internal/SEGUtils.h:6:1: error: use of '@import' when modules are disabled
    6 | @import Foundation;
      | ^
In file included from /host/spi-builder-workspace/Segment/Internal/SEGUtils.m:6:
In file included from /host/spi-builder-workspace/Segment/Internal/SEGUtils.h:7:
/host/spi-builder-workspace/Segment/Classes/SEGAnalyticsUtils.h:1:1: error: use of '@import' when modules are disabled
    1 | @import Foundation;
      | ^
/host/spi-builder-workspace/Segment/Classes/SEGAnalyticsUtils.h:3:1: error: unknown type name 'NS_ASSUME_NONNULL_BEGIN'
    3 | NS_ASSUME_NONNULL_BEGIN
      | ^
/host/spi-builder-workspace/Segment/Classes/SEGAnalyticsUtils.h:7:26: error: unknown type name 'BOOL'
    7 | void SEGSetShowDebugLogs(BOOL showDebugLogs);
      |                          ^
/host/spi-builder-workspace/Segment/Classes/SEGAnalyticsUtils.h:8:13: error: unknown type name 'NSString'
    8 | void SEGLog(NSString *format, ...);
      |             ^
/host/spi-builder-workspace/Segment/Classes/SEGAnalyticsUtils.h:14:1: error: expected function body after function declarator
   14 | @protocol SEGSerializable
      | ^
/host/spi-builder-workspace/Segment/Classes/SEGAnalyticsUtils.h:21:1: error: '@end' must appear in an Objective-C context
   21 | @end
      | ^
/host/spi-builder-workspace/Segment/Classes/SEGAnalyticsUtils.h:24:1: error: unknown type name 'NS_ASSUME_NONNULL_END'
   24 | NS_ASSUME_NONNULL_END
      | ^
In file included from /host/spi-builder-workspace/Segment/Internal/SEGUtils.m:6:
In file included from /host/spi-builder-workspace/Segment/Internal/SEGUtils.h:8:
/host/spi-builder-workspace/Segment/Classes/SEGSerializableValue.h:9:2: error: prefix attribute must be followed by an interface, protocol, or implementation
    9 | @import Foundation;
      |  ^
In file included from /host/spi-builder-workspace/Segment/Internal/SEGUtils.m:6:
/host/spi-builder-workspace/Segment/Internal/SEGUtils.h:10:1: error: unknown type name 'NS_ASSUME_NONNULL_BEGIN'
   10 | NS_ASSUME_NONNULL_BEGIN
      | ^
/host/spi-builder-workspace/Segment/Internal/SEGUtils.h:12:2: error: prefix attribute must be followed by an interface, protocol, or implementation
   12 | @class SEGAnalyticsConfiguration;
      |  ^
/host/spi-builder-workspace/Segment/Internal/SEGUtils.h:16:1: error: expected function body after function declarator
   16 | @interface SEGUtils : NSObject
      | ^
/host/spi-builder-workspace/Segment/Internal/SEGUtils.h:19:12: error: expected a type
   19 | + (nonnull NSString *)getAPIHost;
      |            ^
/host/spi-builder-workspace/Segment/Internal/SEGUtils.h:19:1: error: missing context for method declaration
   19 | + (nonnull NSString *)getAPIHost;
      | ^
/host/spi-builder-workspace/Segment/Internal/SEGUtils.h:20:1: error: expected method body
   20 | + (nullable NSURL *)getAPIHostURL;
      | ^
/host/spi-builder-workspace/Segment/Internal/SEGUtils.h:22:4: error: expected a type
   22 | + (NSData *_Nullable)dataFromPlist:(nonnull id)plist;
      |    ^
/host/spi-builder-workspace/Segment/Internal/SEGUtils.h:22:1: error: missing context for method declaration
   22 | + (NSData *_Nullable)dataFromPlist:(nonnull id)plist;
      | ^
/host/spi-builder-workspace/Segment/Internal/SEGUtils.h:23:1: error: expected method body
   23 | + (id _Nullable)plistFromData:(NSData *)data;
      | ^
/host/spi-builder-workspace/Segment/Internal/SEGUtils.h:25:74: error: expected a type
   25 | + (id _Nullable)traverseJSON:(id _Nullable)object andReplaceWithFilters:(NSDictionary<NSString*, NSString*>*)patterns;
      |                                                                          ^
fatal error: too many errors emitted, stopping now [-ferror-limit=]
20 errors generated.
error: CompileC /host/spi-builder-workspace/.build/out/Intermediates.noindex/Segment.build/Debug-webassembly-wasm32/Segment-t.build/Objects-normal/wasm32/SEGUtils.o /host/spi-builder-workspace/Segment/Internal/SEGUtils.m normal wasm32 objective-c com.apple.compilers.llvm.clang.1_0.compiler failed with a nonzero exit code. Command line:     cd /host

    Using response file: /host/spi-builder-workspace/.build/out/Intermediates.noindex/Segment.build/Debug-webassembly-wasm32/Segment-t.build/Objects-normal/wasm32/6f95552a3397ee1cec971b90cf334075d5f321c3a3b0689ad55c3d1e24702600-common-args.resp

    /usr/bin/clang -x objective-c -target wasm32-unknown-wasip1 -fmessage-length\=0 -fdiagnostics-show-note-include-stack -fmacro-backtrace-limit\=0 -fcolor-diagnostics -Wno-trigraphs -Wno-missing-field-initializers -Wno-missing-prototypes -Wno-return-type -Wno-implicit-atomic-properties -Wno-objc-interface-ivars -Wno-arc-repeated-use-of-weak -Wno-missing-braces -Wparentheses -Wswitch -Wno-unused-function -Wno-unused-label -Wno-unused-parameter -Wno-unused-variable -Wunused-value -Wno-empty-body -Wno-uninitialized -Wno-unknown-pragmas -Wno-shadow -Wno-four-char-constants -Wno-conversion -Wno-constant-conversion -Wno-int-conversion -Wno-bool-conversion -Wno-enum-conversion -Wno-float-conversion -Wno-non-literal-null-conversion -Wno-objc-literal-conversion -Wno-shorten-64-to-32 -Wpointer-sign -Wno-newline-eof -Wno-selector -Wno-strict-selector-match -Wno-undeclared-selector -Wno-deprecated-implementations -Wno-implicit-fallthrough -fstrict-aliasing -Wprotocol -Wdeprecated-declarations -Wno-sign-conversion -Wno-infinite-recursion -Wno-comma -Wno-block-capture-autoreleasing -Wno-strict-prototypes -Wno-semicolon-before-method-body --sysroot /root/.swiftpm/swift-sdks/swift-6.4.x-DEVELOPMENT-SNAPSHOT-2026-09-04-a_wasm.artifactbundle/swift-6.4.x-DEVELOPMENT-SNAPSHOT-2026-09-04-a_wasm/wasm32-unknown-wasip1/WASI.sdk @/host/spi-builder-workspace/.build/out/Intermediates.noindex/Segment.build/Debug-webassembly-wasm32/Segment-t.build/Objects-normal/wasm32/6f95552a3397ee1cec971b90cf334075d5f321c3a3b0689ad55c3d1e24702600-common-args.resp -MMD -MT dependencies -MF /host/spi-builder-workspace/.build/out/Intermediates.noindex/Segment.build/Debug-webassembly-wasm32/Segment-t.build/Objects-normal/wasm32/SEGUtils.d --serialize-diagnostics /host/spi-builder-workspace/.build/out/Intermediates.noindex/Segment.build/Debug-webassembly-wasm32/Segment-t.build/Objects-normal/wasm32/SEGUtils.dia -c /host/spi-builder-workspace/Segment/Internal/SEGUtils.m -o /host/spi-builder-workspace/.build/out/Intermediates.noindex/Segment.build/Debug-webassembly-wasm32/Segment-t.build/Objects-normal/wasm32/SEGUtils.o
In file included from /host/spi-builder-workspace/Segment/Internal/SEGState.m:9:
/host/spi-builder-workspace/Segment/Internal/SEGState.h:9:1: error: use of '@import' when modules are disabled
    9 | @import Foundation;
      | ^
/host/spi-builder-workspace/Segment/Internal/SEGState.h:11:1: error: unknown type name 'NS_ASSUME_NONNULL_BEGIN'
   11 | NS_ASSUME_NONNULL_BEGIN
      | ^
/host/spi-builder-workspace/Segment/Internal/SEGState.h:13:2: error: prefix attribute must be followed by an interface, protocol, or implementation
   13 | @class SEGAnalyticsConfiguration;
      |  ^
/host/spi-builder-workspace/Segment/Internal/SEGState.h:15:25: error: cannot find interface declaration for 'NSObject', superclass of 'SEGUserInfo'
   15 | @interface SEGUserInfo: NSObject
      | ~~~~~~~~~~~~~~~~~~~~~~  ^
/host/spi-builder-workspace/Segment/Internal/SEGState.h:16:31: error: unknown type name 'NSString'
   16 | @property (nonatomic, strong) NSString *anonymousId;
      |                               ^
/host/spi-builder-workspace/Segment/Internal/SEGState.h:16:1: error: property with 'retain (or strong)' attribute must be of object type
   16 | @property (nonatomic, strong) NSString *anonymousId;
      | ^
/host/spi-builder-workspace/Segment/Internal/SEGState.h:17:41: error: unknown type name 'NSString'
   17 | @property (nonatomic, strong, nullable) NSString *userId;
      |                                         ^
/host/spi-builder-workspace/Segment/Internal/SEGState.h:16:40: warning: pointer is missing a nullability type specifier (_Nonnull, _Nullable, or _Null_unspecified) [-Wnullability-completeness]
   16 | @property (nonatomic, strong) NSString *anonymousId;
      |                                        ^
/host/spi-builder-workspace/Segment/Internal/SEGState.h:16:40: note: insert '_Nullable' if the pointer may be null
   16 | @property (nonatomic, strong) NSString *anonymousId;
      |                                        ^
      |                                          _Nullable
/host/spi-builder-workspace/Segment/Internal/SEGState.h:16:40: note: insert '_Nonnull' if the pointer should never be null
   16 | @property (nonatomic, strong) NSString *anonymousId;
      |                                        ^
      |                                          _Nonnull
/host/spi-builder-workspace/Segment/Internal/SEGState.h:17:1: error: property with 'retain (or strong)' attribute must be of object type
   17 | @property (nonatomic, strong, nullable) NSString *userId;
      | ^
/host/spi-builder-workspace/Segment/Internal/SEGState.h:18:41: error: unknown type name 'NSDictionary'
   18 | @property (nonatomic, strong, nullable) NSDictionary *traits;
      |                                         ^
/host/spi-builder-workspace/Segment/Internal/SEGState.h:18:1: error: property with 'retain (or strong)' attribute must be of object type
   18 | @property (nonatomic, strong, nullable) NSDictionary *traits;
      | ^
/host/spi-builder-workspace/Segment/Internal/SEGState.h:21:31: error: cannot find interface declaration for 'NSObject', superclass of 'SEGPayloadContext'
   21 | @interface SEGPayloadContext: NSObject
      | ~~~~~~~~~~~~~~~~~~~~~~~~~~~~  ^
/host/spi-builder-workspace/Segment/Internal/SEGState.h:22:33: error: unknown type name 'NSDictionary'
   22 | @property (nonatomic, readonly) NSDictionary *payload;
      |                                 ^
/host/spi-builder-workspace/Segment/Internal/SEGState.h:22:46: warning: pointer is missing a nullability type specifier (_Nonnull, _Nullable, or _Null_unspecified) [-Wnullability-completeness]
   22 | @property (nonatomic, readonly) NSDictionary *payload;
      |                                              ^
/host/spi-builder-workspace/Segment/Internal/SEGState.h:22:46: note: insert '_Nullable' if the pointer may be null
   22 | @property (nonatomic, readonly) NSDictionary *payload;
      |                                              ^
      |                                                _Nullable
/host/spi-builder-workspace/Segment/Internal/SEGState.h:22:46: note: insert '_Nonnull' if the pointer should never be null
   22 | @property (nonatomic, readonly) NSDictionary *payload;
      |                                              ^
      |                                                _Nonnull
/host/spi-builder-workspace/Segment/Internal/SEGState.h:23:41: error: unknown type name 'NSDictionary'
   23 | @property (nonatomic, strong, nullable) NSDictionary *referrer;
      |                                         ^
/host/spi-builder-workspace/Segment/Internal/SEGState.h:23:1: error: property with 'retain (or strong)' attribute must be of object type
   23 | @property (nonatomic, strong, nullable) NSDictionary *referrer;
      | ^
/host/spi-builder-workspace/Segment/Internal/SEGState.h:24:41: error: unknown type name 'NSString'
   24 | @property (nonatomic, strong, nullable) NSString *deviceToken;
      |                                         ^
/host/spi-builder-workspace/Segment/Internal/SEGState.h:24:1: error: property with 'retain (or strong)' attribute must be of object type
   24 | @property (nonatomic, strong, nullable) NSString *deviceToken;
      | ^
/host/spi-builder-workspace/Segment/Internal/SEGState.h:32:23: error: cannot find interface declaration for 'NSObject', superclass of 'SEGState'
   32 | @interface SEGState : NSObject
      | ~~~~~~~~~~~~~~~~~~~   ^
/host/spi-builder-workspace/Segment/Internal/SEGState.h:34:45: warning: pointer is missing a nullability type specifier (_Nonnull, _Nullable, or _Null_unspecified) [-Wnullability-completeness]
   34 | @property (nonatomic, readonly) SEGUserInfo *userInfo;
      |                                             ^
/host/spi-builder-workspace/Segment/Internal/SEGState.h:34:45: note: insert '_Nullable' if the pointer may be null
   34 | @property (nonatomic, readonly) SEGUserInfo *userInfo;
      |                                             ^
      |                                               _Nullable
/host/spi-builder-workspace/Segment/Internal/SEGState.h:34:45: note: insert '_Nonnull' if the pointer should never be null
   34 | @property (nonatomic, readonly) SEGUserInfo *userInfo;
      |                                             ^
      |                                               _Nonnull
/host/spi-builder-workspace/Segment/Internal/SEGState.h:35:51: warning: pointer is missing a nullability type specifier (_Nonnull, _Nullable, or _Null_unspecified) [-Wnullability-completeness]
   35 | @property (nonatomic, readonly) SEGPayloadContext *context;
      |                                                   ^
/host/spi-builder-workspace/Segment/Internal/SEGState.h:35:51: note: insert '_Nullable' if the pointer may be null
   35 | @property (nonatomic, readonly) SEGPayloadContext *context;
      |                                                   ^
      |                                                     _Nullable
/host/spi-builder-workspace/Segment/Internal/SEGState.h:35:51: note: insert '_Nonnull' if the pointer should never be null
   35 | @property (nonatomic, readonly) SEGPayloadContext *context;
      |                                                   ^
      |                                                     _Nonnull
/host/spi-builder-workspace/Segment/Internal/SEGState.h:37:41: error: unknown type name 'SEGAnalyticsConfiguration'
   37 | @property (nonatomic, strong, nullable) SEGAnalyticsConfiguration *configuration;
      |                                         ^
/host/spi-builder-workspace/Segment/Internal/SEGState.h:37:1: error: property with 'retain (or strong)' attribute must be of object type
   37 | @property (nonatomic, strong, nullable) SEGAnalyticsConfiguration *configuration;
      | ^
/host/spi-builder-workspace/Segment/Internal/SEGState.h:39:4: warning: pointer is missing a nullability type specifier (_Nonnull, _Nullable, or _Null_unspecified) [-Wnullability-completeness]
   39 | + (instancetype)sharedInstance;
      |    ^
/host/spi-builder-workspace/Segment/Internal/SEGState.h:39:4: note: insert '_Nullable' if the pointer may be null
   39 | + (instancetype)sharedInstance;
      |    ^
      |                 _Nullable
/host/spi-builder-workspace/Segment/Internal/SEGState.h:39:4: note: insert '_Nonnull' if the pointer should never be null
   39 | + (instancetype)sharedInstance;
      |    ^
      |                 _Nonnull
/host/spi-builder-workspace/Segment/Internal/SEGState.h:40:4: warning: pointer is missing a nullability type specifier (_Nonnull, _Nullable, or _Null_unspecified) [-Wnullability-completeness]
   40 | - (instancetype)init __unavailable;
      |    ^
/host/spi-builder-workspace/Segment/Internal/SEGState.h:40:4: note: insert '_Nullable' if the pointer may be null
   40 | - (instancetype)init __unavailable;
      |    ^
      |                 _Nullable
/host/spi-builder-workspace/Segment/Internal/SEGState.h:40:4: note: insert '_Nonnull' if the pointer should never be null
   40 | - (instancetype)init __unavailable;
      |    ^
      |                 _Nonnull
fatal error: too many errors emitted, stopping now [-ferror-limit=]
6 warnings and 20 errors generated.
error: CompileC /host/spi-builder-workspace/.build/out/Intermediates.noindex/Segment.build/Debug-webassembly-wasm32/Segment-t.build/Objects-normal/wasm32/SEGState.o /host/spi-builder-workspace/Segment/Internal/SEGState.m normal wasm32 objective-c com.apple.compilers.llvm.clang.1_0.compiler failed with a nonzero exit code. Command line:     cd /host

    Using response file: /host/spi-builder-workspace/.build/out/Intermediates.noindex/Segment.build/Debug-webassembly-wasm32/Segment-t.build/Objects-normal/wasm32/6f95552a3397ee1cec971b90cf334075d5f321c3a3b0689ad55c3d1e24702600-common-args.resp

    /usr/bin/clang -x objective-c -target wasm32-unknown-wasip1 -fmessage-length\=0 -fdiagnostics-show-note-include-stack -fmacro-backtrace-limit\=0 -fcolor-diagnostics -Wno-trigraphs -Wno-missing-field-initializers -Wno-missing-prototypes -Wno-return-type -Wno-implicit-atomic-properties -Wno-objc-interface-ivars -Wno-arc-repeated-use-of-weak -Wno-missing-braces -Wparentheses -Wswitch -Wno-unused-function -Wno-unused-label -Wno-unused-parameter -Wno-unused-variable -Wunused-value -Wno-empty-body -Wno-uninitialized -Wno-unknown-pragmas -Wno-shadow -Wno-four-char-constants -Wno-conversion -Wno-constant-conversion -Wno-int-conversion -Wno-bool-conversion -Wno-enum-conversion -Wno-float-conversion -Wno-non-literal-null-conversion -Wno-objc-literal-conversion -Wno-shorten-64-to-32 -Wpointer-sign -Wno-newline-eof -Wno-selector -Wno-strict-selector-match -Wno-undeclared-selector -Wno-deprecated-implementations -Wno-implicit-fallthrough -fstrict-aliasing -Wprotocol -Wdeprecated-declarations -Wno-sign-conversion -Wno-infinite-recursion -Wno-comma -Wno-block-capture-autoreleasing -Wno-strict-prototypes -Wno-semicolon-before-method-body --sysroot /root/.swiftpm/swift-sdks/swift-6.4.x-DEVELOPMENT-SNAPSHOT-2026-09-04-a_wasm.artifactbundle/swift-6.4.x-DEVELOPMENT-SNAPSHOT-2026-09-04-a_wasm/wasm32-unknown-wasip1/WASI.sdk @/host/spi-builder-workspace/.build/out/Intermediates.noindex/Segment.build/Debug-webassembly-wasm32/Segment-t.build/Objects-normal/wasm32/6f95552a3397ee1cec971b90cf334075d5f321c3a3b0689ad55c3d1e24702600-common-args.resp -MMD -MT dependencies -MF /host/spi-builder-workspace/.build/out/Intermediates.noindex/Segment.build/Debug-webassembly-wasm32/Segment-t.build/Objects-normal/wasm32/SEGState.d --serialize-diagnostics /host/spi-builder-workspace/.build/out/Intermediates.noindex/Segment.build/Debug-webassembly-wasm32/Segment-t.build/Objects-normal/wasm32/SEGState.dia -c /host/spi-builder-workspace/Segment/Internal/SEGState.m -o /host/spi-builder-workspace/.build/out/Intermediates.noindex/Segment.build/Debug-webassembly-wasm32/Segment-t.build/Objects-normal/wasm32/SEGState.o
In file included from /host/spi-builder-workspace/Segment/Internal/UIViewController+SEGScreen.m:1:
In file included from /host/spi-builder-workspace/Segment/Internal/UIViewController+SEGScreen.h:1:
/host/spi-builder-workspace/Segment/Classes/SEGSerializableValue.h:9:1: error: use of '@import' when modules are disabled
    9 | @import Foundation;
      | ^
/host/spi-builder-workspace/Segment/Internal/UIViewController+SEGScreen.m:2:9: fatal error: 'objc/runtime.h' file not found
    2 | #import <objc/runtime.h>
      |         ^~~~~~~~~~~~~~~~
2 errors generated.
error: CompileC /host/spi-builder-workspace/.build/out/Intermediates.noindex/Segment.build/Debug-webassembly-wasm32/Segment-t.build/Objects-normal/wasm32/UIViewController+SEGScreen.o /host/spi-builder-workspace/Segment/Internal/UIViewController+SEGScreen.m normal wasm32 objective-c com.apple.compilers.llvm.clang.1_0.compiler failed with a nonzero exit code. Command line:     cd /host

    Using response file: /host/spi-builder-workspace/.build/out/Intermediates.noindex/Segment.build/Debug-webassembly-wasm32/Segment-t.build/Objects-normal/wasm32/6f95552a3397ee1cec971b90cf334075d5f321c3a3b0689ad55c3d1e24702600-common-args.resp

    /usr/bin/clang -x objective-c -target wasm32-unknown-wasip1 -fmessage-length\=0 -fdiagnostics-show-note-include-stack -fmacro-backtrace-limit\=0 -fcolor-diagnostics -Wno-trigraphs -Wno-missing-field-initializers -Wno-missing-prototypes -Wno-return-type -Wno-implicit-atomic-properties -Wno-objc-interface-ivars -Wno-arc-repeated-use-of-weak -Wno-missing-braces -Wparentheses -Wswitch -Wno-unused-function -Wno-unused-label -Wno-unused-parameter -Wno-unused-variable -Wunused-value -Wno-empty-body -Wno-uninitialized -Wno-unknown-pragmas -Wno-shadow -Wno-four-char-constants -Wno-conversion -Wno-constant-conversion -Wno-int-conversion -Wno-bool-conversion -Wno-enum-conversion -Wno-float-conversion -Wno-non-literal-null-conversion -Wno-objc-literal-conversion -Wno-shorten-64-to-32 -Wpointer-sign -Wno-newline-eof -Wno-selector -Wno-strict-selector-match -Wno-undeclared-selector -Wno-deprecated-implementations -Wno-implicit-fallthrough -fstrict-aliasing -Wprotocol -Wdeprecated-declarations -Wno-sign-conversion -Wno-infinite-recursion -Wno-comma -Wno-block-capture-autoreleasing -Wno-strict-prototypes -Wno-semicolon-before-method-body --sysroot /root/.swiftpm/swift-sdks/swift-6.4.x-DEVELOPMENT-SNAPSHOT-2026-09-04-a_wasm.artifactbundle/swift-6.4.x-DEVELOPMENT-SNAPSHOT-2026-09-04-a_wasm/wasm32-unknown-wasip1/WASI.sdk @/host/spi-builder-workspace/.build/out/Intermediates.noindex/Segment.build/Debug-webassembly-wasm32/Segment-t.build/Objects-normal/wasm32/6f95552a3397ee1cec971b90cf334075d5f321c3a3b0689ad55c3d1e24702600-common-args.resp -MMD -MT dependencies -MF /host/spi-builder-workspace/.build/out/Intermediates.noindex/Segment.build/Debug-webassembly-wasm32/Segment-t.build/Objects-normal/wasm32/UIViewController+SEGScreen.d --serialize-diagnostics /host/spi-builder-workspace/.build/out/Intermediates.noindex/Segment.build/Debug-webassembly-wasm32/Segment-t.build/Objects-normal/wasm32/UIViewController+SEGScreen.dia -c /host/spi-builder-workspace/Segment/Internal/UIViewController+SEGScreen.m -o /host/spi-builder-workspace/.build/out/Intermediates.noindex/Segment.build/Debug-webassembly-wasm32/Segment-t.build/Objects-normal/wasm32/UIViewController+SEGScreen.o
error: Build failed
BUILD FAILURE 6.4 wasm