The Swift Package Index logo.Swift Package Index

Build Information

Failed to build TOONDecoder, reference main (a2eaff), with Swift 6.4 for watchOS using Xcode 27.0 on 23 Sep 2026 12:22:01 UTC.

Build Command

No build command. This typically means the build failed at an early stage where we determine the build command.

Build Log

========================================
RunAll
========================================
Builder version: 5.1.0
Interrupt handler set up.
========================================
Checkout
========================================
Clone URL: https://github.com/alexey1312/TOONDecoder.git
Reference: main
Initialized empty Git repository in /Users/admin/builder/spi-builder-workspace/.git/
From https://github.com/alexey1312/TOONDecoder
 * branch            main       -> FETCH_HEAD
 * [new branch]      main       -> origin/main
HEAD is now at a2eaffe Initial commit
Cloned https://github.com/alexey1312/TOONDecoder.git
Revision (git rev-parse @):
a2eaffec5d9b57c52e9dfcc7f64d607c1af8f200
SUCCESS checkout https://github.com/alexey1312/TOONDecoder.git at main
========================================
Build
========================================
Selected platform:         watchOS
Swift version:             6.4
Building package at path:  $PWD
https://github.com/alexey1312/TOONDecoder.git
Command line invocation:
    /Applications/Xcode-27.0.0-Release.Candidate.app/Contents/Developer/usr/bin/xcodebuild -IDEClonedSourcePackagesDirPathOverride=/Users/admin/builder/spi-builder-workspace/.dependencies -resolvePackageDependencies
Resolve Package Graph
Fetching from https://github.com/mattt/TOONEncoder
Creating working copy of package ‘TOONEncoder’
Checking out 0.4.0 of package ‘TOONEncoder’
product 'TOONEncoder' required by package 'spi-builder-workspace' target 'TOONDecoderTests' not found in package 'TOONEncoder'.Resolve Package Graph
product 'TOONEncoder' required by package 'spi-builder-workspace' target 'TOONDecoderTests' not found in package 'TOONEncoder'.
Resolved source packages:
  spi-builder-workspace: (null)
2026-09-23 08:21:59.892 xcodebuild[529:3024] Writing error result bundle to /var/folders/xq/y_g06wb113726d38xsyx71_h0000gn/T/ResultBundle_2026-23-09_08-21-0059.xcresult
xcodebuild: error: Could not resolve package dependencies:
  product 'TOONEncoder' required by package 'spi-builder-workspace' target 'TOONDecoderTests' not found in package 'TOONEncoder'.
Command line invocation:
    /Applications/Xcode-27.0.0-Release.Candidate.app/Contents/Developer/usr/bin/xcodebuild -IDEClonedSourcePackagesDirPathOverride=/Users/admin/builder/spi-builder-workspace/.dependencies -resolvePackageDependencies
Resolve Package Graph
product 'TOONEncoder' required by package 'spi-builder-workspace' target 'TOONDecoderTests' not found in package 'TOONEncoder'.
Resolved source packages:
  spi-builder-workspace: (null)
2026-09-23 08:22:01.076 xcodebuild[636:3812] Writing error result bundle to /var/folders/xq/y_g06wb113726d38xsyx71_h0000gn/T/ResultBundle_2026-23-09_08-22-0001.xcresult
xcodebuild: error: Could not resolve package dependencies:
  product 'TOONEncoder' required by package 'spi-builder-workspace' target 'TOONDecoderTests' not found in package 'TOONEncoder'.
BUILD FAILURE 6.4 watchOS