The Swift Package Index logo.Swift Package Index

Build Information

Failed to build swift-image-generation, reference main (ec571e), with Swift 6.2 for Wasm on 10 Jul 2026 05:08:44 UTC.

Build Command

bash -c docker run --pull=always --rm -v "checkouts-53886768-0":/host -w "$PWD" -e JAVA_HOME="/root/.sdkman/candidates/java/current" -e SPI_BUILD="1" -e SPI_PROCESSING="1" registry.gitlab.com/saguaro1/spi-images:wasm-6.2-latest swift build --swift-sdk swift-6.2-RELEASE_wasm 2>&1

Build Log

========================================
RunAll
========================================
Builder version: 0e64495ecc1688c3b3e031a5ef1348b5c05091ae
Interrupt handler set up.
========================================
Checkout
========================================
Clone URL: https://github.com/Dean151/swift-image-generation.git
Reference: main
Initialized empty Git repository in /host/spi-builder-workspace/.git/
hint: Using 'master' as the name for the initial branch. This default branch name
hint: is subject to change. To configure the initial branch name to use in all
hint: of your new repositories, which will suppress this warning, call:
hint:
hint: 	git config --global init.defaultBranch <name>
hint:
hint: Names commonly chosen instead of 'master' are 'main', 'trunk' and
hint: 'development'. The just-created branch can be renamed via this command:
hint:
hint: 	git branch -m <name>
From https://github.com/Dean151/swift-image-generation
 * branch            main       -> FETCH_HEAD
 * [new branch]      main       -> origin/main
HEAD is now at ec571e0 fix: gate Apple Intelligence provider behind Swift 6.2 SDK
Cloned https://github.com/Dean151/swift-image-generation.git
Revision (git rev-parse @):
ec571e0bf8f65294aa26793e89d0fc5cbc9354d0
SPI manifest file found: $PWD/.spi.yml
SUCCESS checkout https://github.com/Dean151/swift-image-generation.git at main
========================================
Build
========================================
Selected platform:         wasm
Swift version:             6.2
Building package at path:  $PWD
https://github.com/Dean151/swift-image-generation.git
Running build ...
bash -c docker run --pull=always --rm -v "checkouts-53886768-0":/host -w "$PWD" -e JAVA_HOME="/root/.sdkman/candidates/java/current" -e SPI_BUILD="1" -e SPI_PROCESSING="1" registry.gitlab.com/saguaro1/spi-images:wasm-6.2-latest swift build --swift-sdk swift-6.2-RELEASE_wasm 2>&1
wasm-6.2-latest: Pulling from saguaro1/spi-images
Digest: sha256:dc8dffc38f1d92eca7ee5312617822470123661393ed20672e77964f9dcaaffb
Status: Image is up to date for registry.gitlab.com/saguaro1/spi-images:wasm-6.2-latest
Fetching https://github.com/apple/swift-http-types.git
Fetching https://github.com/apple/swift-docc-plugin.git
[1/2325] Fetching swift-docc-plugin
[2/3544] Fetching swift-docc-plugin, swift-http-types
Fetched https://github.com/apple/swift-http-types.git from cache (0.47s)
Fetched https://github.com/apple/swift-docc-plugin.git from cache (0.48s)
Computing version for https://github.com/apple/swift-docc-plugin.git
Computed https://github.com/apple/swift-docc-plugin.git at 1.5.0 (1.36s)
Fetching https://github.com/swiftlang/swift-docc-symbolkit
[1/3750] Fetching swift-docc-symbolkit
Fetched https://github.com/swiftlang/swift-docc-symbolkit from cache (0.51s)
Computing version for https://github.com/swiftlang/swift-docc-symbolkit
Computed https://github.com/swiftlang/swift-docc-symbolkit at 1.0.0 (0.72s)
Computing version for https://github.com/apple/swift-http-types.git
Computed https://github.com/apple/swift-http-types.git at 1.6.0 (0.15s)
Creating working copy for https://github.com/apple/swift-http-types.git
Working copy of https://github.com/apple/swift-http-types.git resolved at 1.6.0
Creating working copy for https://github.com/apple/swift-docc-plugin.git
Working copy of https://github.com/apple/swift-docc-plugin.git resolved at 1.5.0
Creating working copy for https://github.com/swiftlang/swift-docc-symbolkit
Working copy of https://github.com/swiftlang/swift-docc-symbolkit resolved at 1.0.0
[1/1] Compiling plugin Swift-DocC Preview
[2/2] Compiling plugin Swift-DocC
Building for debugging...
[2/6] Write sources
[5/6] Write swift-version-24593BA9C3E375BF.txt
[7/15] Compiling HTTPTypes HTTPResponse.swift
[8/16] Compiling HTTPTypes ISOLatin1String.swift
[9/16] Compiling HTTPTypes HTTPRequest.swift
[10/16] Compiling HTTPTypes NIOLock.swift
[11/16] Compiling HTTPTypes HTTPRequest+URL.swift
[12/16] Compiling HTTPTypes HTTPFields.swift
[13/16] Compiling HTTPTypes HTTPField.swift
[14/16] Compiling HTTPTypes HTTPFieldName.swift
[15/16] Compiling HTTPTypes HTTPParsedFields.swift
[16/16] Emitting module HTTPTypes
error: emit-module command failed with exit code 1 (use -v to see invocation)
[18/23] Emitting module HTTPTypesFoundation
/host/spi-builder-workspace/.build/checkouts/swift-http-types/Sources/HTTPTypesFoundation/URLSession+HTTPTypes.swift:48:1: error: non-nominal type 'URLSession' (aka 'AnyObject') cannot be extended [#NominalTypes]
 46 |
 47 | @available(macOS 12.0, iOS 15.0, watchOS 8.0, tvOS 15.0, *)
 48 | extension URLSession {
    | `- error: non-nominal type 'URLSession' (aka 'AnyObject') cannot be extended [#NominalTypes]
 49 |     /// Convenience method to load data using an `HTTPRequest`; creates and resumes a `URLSessionDataTask` internally.
 50 |     ///
/host/spi-builder-workspace/.build/checkouts/swift-http-types/Sources/HTTPTypesFoundation/URLSession+HTTPTypes.swift:152:1: error: non-nominal type 'URLSession' (aka 'AnyObject') cannot be extended [#NominalTypes]
150 |
151 | @available(macOS 10.15, iOS 13.0, watchOS 6.0, tvOS 13.0, *)
152 | extension URLSession {
    | `- error: non-nominal type 'URLSession' (aka 'AnyObject') cannot be extended [#NominalTypes]
153 |     /// Convenience method to load data using an `HTTPRequest`; creates and resumes a `URLSessionDataTask` internally.
154 |     ///
[#NominalTypes]: <https://docs.swift.org/compiler/documentation/diagnostics/nominal-types>
[19/23] Compiling HTTPTypesFoundation HTTPTypesFoundation.swift
[20/23] Compiling HTTPTypesFoundation HTTPTypes+ISOLatin1.swift
[21/23] Compiling HTTPTypesFoundation URLRequest+HTTPTypes.swift
[22/23] Compiling HTTPTypesFoundation URLResponse+HTTPTypes.swift
[23/23] Compiling HTTPTypesFoundation URLSession+HTTPTypes.swift
/host/spi-builder-workspace/.build/checkouts/swift-http-types/Sources/HTTPTypesFoundation/URLSession+HTTPTypes.swift:48:1: error: non-nominal type 'URLSession' (aka 'AnyObject') cannot be extended [#NominalTypes]
 46 |
 47 | @available(macOS 12.0, iOS 15.0, watchOS 8.0, tvOS 15.0, *)
 48 | extension URLSession {
    | `- error: non-nominal type 'URLSession' (aka 'AnyObject') cannot be extended [#NominalTypes]
 49 |     /// Convenience method to load data using an `HTTPRequest`; creates and resumes a `URLSessionDataTask` internally.
 50 |     ///
/host/spi-builder-workspace/.build/checkouts/swift-http-types/Sources/HTTPTypesFoundation/URLSession+HTTPTypes.swift:152:1: error: non-nominal type 'URLSession' (aka 'AnyObject') cannot be extended [#NominalTypes]
150 |
151 | @available(macOS 10.15, iOS 13.0, watchOS 6.0, tvOS 13.0, *)
152 | extension URLSession {
    | `- error: non-nominal type 'URLSession' (aka 'AnyObject') cannot be extended [#NominalTypes]
153 |     /// Convenience method to load data using an `HTTPRequest`; creates and resumes a `URLSessionDataTask` internally.
154 |     ///
/host/spi-builder-workspace/.build/checkouts/swift-http-types/Sources/HTTPTypesFoundation/URLSession+HTTPTypes.swift:56:19: error: cannot find type 'URLSessionTaskDelegate' in scope
 54 |     public func data(
 55 |         for request: HTTPRequest,
 56 |         delegate: URLSessionTaskDelegate? = nil
    |                   `- error: cannot find type 'URLSessionTaskDelegate' in scope
 57 |     ) async throws -> (Data, HTTPResponse) {
 58 |         guard let urlRequest = URLRequest(httpRequest: request) else {
/host/spi-builder-workspace/.build/checkouts/swift-http-types/Sources/HTTPTypesFoundation/URLSession+HTTPTypes.swift:77:19: error: cannot find type 'URLSessionTaskDelegate' in scope
 75 |         for request: HTTPRequest,
 76 |         fromFile fileURL: URL,
 77 |         delegate: URLSessionTaskDelegate? = nil
    |                   `- error: cannot find type 'URLSessionTaskDelegate' in scope
 78 |     ) async throws -> (Data, HTTPResponse) {
 79 |         guard let urlRequest = URLRequest(httpRequest: request) else {
/host/spi-builder-workspace/.build/checkouts/swift-http-types/Sources/HTTPTypesFoundation/URLSession+HTTPTypes.swift:98:19: error: cannot find type 'URLSessionTaskDelegate' in scope
 96 |         for request: HTTPRequest,
 97 |         from bodyData: Data,
 98 |         delegate: URLSessionTaskDelegate? = nil
    |                   `- error: cannot find type 'URLSessionTaskDelegate' in scope
 99 |     ) async throws -> (Data, HTTPResponse) {
100 |         guard let urlRequest = URLRequest(httpRequest: request) else {
/host/spi-builder-workspace/.build/checkouts/swift-http-types/Sources/HTTPTypesFoundation/URLSession+HTTPTypes.swift:117:19: error: cannot find type 'URLSessionTaskDelegate' in scope
115 |     public func download(
116 |         for request: HTTPRequest,
117 |         delegate: URLSessionTaskDelegate? = nil
    |                   `- error: cannot find type 'URLSessionTaskDelegate' in scope
118 |     ) async throws -> (URL, HTTPResponse) {
119 |         guard let urlRequest = URLRequest(httpRequest: request) else {
[#NominalTypes]: <https://docs.swift.org/compiler/documentation/diagnostics/nominal-types>
BUILD FAILURE 6.2 wasm