Build Information
Failed to build Neumorphic, reference v2.4.1 (1f5745), with Swift 6.1 for iOS using Xcode 16.3 on 5 Sep 2026 00:28:36 UTC.
Build Command
env DEVELOPER_DIR=/Applications/Xcode-16.3.0.app xcrun xcodebuild -IDEClonedSourcePackagesDirPathOverride=$PWD/.dependencies -skipMacroValidation -skipPackagePluginValidation -derivedDataPath $PWD/.derivedData build -scheme Neumorphic -destination generic/platform=iOSBuild Log
========================================
RunAll
========================================
Builder version: 5.0.2
Interrupt handler set up.
========================================
Checkout
========================================
Clone URL: https://github.com/gewill/neumorphic.git
Reference: v2.4.1
Initialized empty Git repository in /Users/admin/builder/spi-builder-workspace/.git/
From https://github.com/gewill/neumorphic
* tag v2.4.1 -> FETCH_HEAD
HEAD is now at 1f57451 chore(release): 发布 v2.4.1
Cloned https://github.com/gewill/neumorphic.git
Revision (git rev-parse @):
1f5745173dedddf0227fffc47cbdaa3100e5569a
SPI manifest file found: $PWD/.spi.yml
SUCCESS checkout https://github.com/gewill/neumorphic.git at v2.4.1
========================================
Build
========================================
Selected platform: iOS
Swift version: 6.1
Building package at path: $PWD
https://github.com/gewill/neumorphic.git
https://github.com/gewill/neumorphic.git
{
"dependencies" : [
],
"manifest_display_name" : "Neumorphic",
"name" : "Neumorphic",
"path" : "/Users/admin/builder/spi-builder-workspace",
"platforms" : [
{
"name" : "ios",
"version" : "13.0"
},
{
"name" : "macos",
"version" : "10.15"
}
],
"products" : [
{
"name" : "Neumorphic",
"targets" : [
"Neumorphic"
],
"type" : {
"library" : [
"automatic"
]
}
}
],
"targets" : [
{
"c99name" : "NeumorphicTests",
"module_type" : "SwiftTarget",
"name" : "NeumorphicTests",
"path" : "Tests/NeumorphicTests",
"sources" : [
"NeumorphicTests.swift"
],
"target_dependencies" : [
"Neumorphic"
],
"type" : "test"
},
{
"c99name" : "Neumorphic",
"module_type" : "SwiftTarget",
"name" : "Neumorphic",
"path" : "Sources/Neumorphic",
"product_memberships" : [
"Neumorphic"
],
"sources" : [
"ColorExtension.swift",
"FixedSizeSoftDynamicButtonStyle.swift",
"NeumorphicAccessibility.swift",
"NeumorphicCard.swift",
"NeumorphicCircularProgressView.swift",
"NeumorphicDatePicker.swift",
"NeumorphicDisclosureGroup.swift",
"NeumorphicFocusRing.swift",
"NeumorphicHoverEffect.swift",
"NeumorphicKit.swift",
"NeumorphicLink.swift",
"NeumorphicMenu.swift",
"NeumorphicPicker.swift",
"NeumorphicProgressView.swift",
"NeumorphicSelectionControls.swift",
"NeumorphicSlider.swift",
"NeumorphicStepper.swift",
"NeumorphicTextField.swift",
"NeumorphicTheme.swift",
"SoftButtonStyle.swift",
"SoftDynamicToggleStyle.swift",
"SoftInnerShadowViewModifier.swift",
"SoftOuterShadowViewModifier.swift",
"SwitchToggleStyle.swift",
"View+InverseMask.swift"
],
"type" : "library"
}
],
"tools_version" : "5.7"
}
Command line invocation:
/Applications/Xcode-16.3.0.app/Contents/Developer/usr/bin/xcodebuild -IDEClonedSourcePackagesDirPathOverride=/Users/admin/builder/spi-builder-workspace/.dependencies -resolvePackageDependencies
Resolve Package Graph
Resolved source packages:
Neumorphic: /Users/admin/builder/spi-builder-workspace
resolved source packages: Neumorphic
{
"dependencies" : [
],
"manifest_display_name" : "Neumorphic",
"name" : "Neumorphic",
"path" : "/Users/admin/builder/spi-builder-workspace",
"platforms" : [
{
"name" : "ios",
"version" : "13.0"
},
{
"name" : "macos",
"version" : "10.15"
}
],
"products" : [
{
"name" : "Neumorphic",
"targets" : [
"Neumorphic"
],
"type" : {
"library" : [
"automatic"
]
}
}
],
"targets" : [
{
"c99name" : "NeumorphicTests",
"module_type" : "SwiftTarget",
"name" : "NeumorphicTests",
"path" : "Tests/NeumorphicTests",
"sources" : [
"NeumorphicTests.swift"
],
"target_dependencies" : [
"Neumorphic"
],
"type" : "test"
},
{
"c99name" : "Neumorphic",
"module_type" : "SwiftTarget",
"name" : "Neumorphic",
"path" : "Sources/Neumorphic",
"product_memberships" : [
"Neumorphic"
],
"sources" : [
"ColorExtension.swift",
"FixedSizeSoftDynamicButtonStyle.swift",
"NeumorphicAccessibility.swift",
"NeumorphicCard.swift",
"NeumorphicCircularProgressView.swift",
"NeumorphicDatePicker.swift",
"NeumorphicDisclosureGroup.swift",
"NeumorphicFocusRing.swift",
"NeumorphicHoverEffect.swift",
"NeumorphicKit.swift",
"NeumorphicLink.swift",
"NeumorphicMenu.swift",
"NeumorphicPicker.swift",
"NeumorphicProgressView.swift",
"NeumorphicSelectionControls.swift",
"NeumorphicSlider.swift",
"NeumorphicStepper.swift",
"NeumorphicTextField.swift",
"NeumorphicTheme.swift",
"SoftButtonStyle.swift",
"SoftDynamicToggleStyle.swift",
"SoftInnerShadowViewModifier.swift",
"SoftOuterShadowViewModifier.swift",
"SwitchToggleStyle.swift",
"View+InverseMask.swift"
],
"type" : "library"
}
],
"tools_version" : "5.7"
}
{
"workspace" : {
"name" : "neumorphic",
"schemes" : [
"Neumorphic",
"neumorphic-example"
]
}
}
{
"workspace" : {
"name" : "spi-builder-workspace",
"schemes" : [
"Neumorphic"
]
}
}
Running build ...
env DEVELOPER_DIR=/Applications/Xcode-16.3.0.app xcrun xcodebuild -IDEClonedSourcePackagesDirPathOverride=$PWD/.dependencies -skipMacroValidation -skipPackagePluginValidation -derivedDataPath $PWD/.derivedData build -scheme Neumorphic -destination generic/platform=iOS OTHER_SWIFT_FLAGS=-stats-output-dir .stats -strict-concurrency=complete -enable-upcoming-feature StrictConcurrency -enable-upcoming-feature DisableOutwardActorInference -enable-upcoming-feature GlobalActorIsolatedTypesUsability -enable-upcoming-feature InferSendableFromCaptures
Command line invocation:
/Applications/Xcode-16.3.0.app/Contents/Developer/usr/bin/xcodebuild -IDEClonedSourcePackagesDirPathOverride=/Users/admin/builder/spi-builder-workspace/.dependencies -skipMacroValidation -skipPackagePluginValidation -derivedDataPath /Users/admin/builder/spi-builder-workspace/.derivedData build -scheme Neumorphic -destination generic/platform=iOS "OTHER_SWIFT_FLAGS=-stats-output-dir .stats -strict-concurrency=complete -enable-upcoming-feature StrictConcurrency -enable-upcoming-feature DisableOutwardActorInference -enable-upcoming-feature GlobalActorIsolatedTypesUsability -enable-upcoming-feature InferSendableFromCaptures"
Build settings from command line:
OTHER_SWIFT_FLAGS = -stats-output-dir .stats -strict-concurrency=complete -enable-upcoming-feature StrictConcurrency -enable-upcoming-feature DisableOutwardActorInference -enable-upcoming-feature GlobalActorIsolatedTypesUsability -enable-upcoming-feature InferSendableFromCaptures
Resolve Package Graph
Resolved source packages:
Neumorphic: /Users/admin/builder/spi-builder-workspace
ComputePackagePrebuildTargetDependencyGraph
Prepare packages
CreateBuildRequest
SendProjectDescription
CreateBuildOperation
ComputeTargetDependencyGraph
note: Building targets in dependency order
note: Target dependency graph (3 targets)
Target 'NeumorphicTests' in project 'Neumorphic'
➜ Explicit dependency on target 'Neumorphic' in project 'Neumorphic'
Target 'Neumorphic' in project 'Neumorphic'
➜ Explicit dependency on target 'Neumorphic' in project 'Neumorphic'
Target 'Neumorphic' in project 'Neumorphic' (no dependencies)
GatherProvisioningInputs
CreateBuildDescription
ExecuteExternalTool /Applications/Xcode-16.3.0.app/Contents/Developer/Toolchains/XcodeDefault.xctoolchain/usr/bin/clang -v -E -dM -isysroot /Applications/Xcode-16.3.0.app/Contents/Developer/Platforms/iPhoneOS.platform/Developer/SDKs/iPhoneOS18.4.sdk -x c -c /dev/null
ExecuteExternalTool /Applications/Xcode-16.3.0.app/Contents/Developer/Toolchains/XcodeDefault.xctoolchain/usr/bin/swiftc --version
ExecuteExternalTool /Applications/Xcode-16.3.0.app/Contents/Developer/Toolchains/XcodeDefault.xctoolchain/usr/bin/ld -version_details
ReadFileContents /Applications/Xcode-16.3.0.app/Contents/Developer/Toolchains/XcodeDefault.xctoolchain/usr/share/docc/features.json
Build description signature: 1e4c706bec6878dcded5dfe04c7efe97
Build description path: /Users/admin/builder/spi-builder-workspace/.derivedData/Build/Intermediates.noindex/XCBuildData/1e4c706bec6878dcded5dfe04c7efe97.xcbuilddata
ClangStatCache /Applications/Xcode-16.3.0.app/Contents/Developer/Toolchains/XcodeDefault.xctoolchain/usr/bin/clang-stat-cache /Applications/Xcode-16.3.0.app/Contents/Developer/Platforms/iPhoneOS.platform/Developer/SDKs/iPhoneOS18.4.sdk /Users/admin/builder/spi-builder-workspace/.derivedData/SDKStatCaches.noindex/iphoneos18.4-22E235-339d34bc69d7fc736c3220795c36f340.sdkstatcache
cd /Users/admin/builder/spi-builder-workspace/.swiftpm/xcode
/Applications/Xcode-16.3.0.app/Contents/Developer/Toolchains/XcodeDefault.xctoolchain/usr/bin/clang-stat-cache /Applications/Xcode-16.3.0.app/Contents/Developer/Platforms/iPhoneOS.platform/Developer/SDKs/iPhoneOS18.4.sdk -o /Users/admin/builder/spi-builder-workspace/.derivedData/SDKStatCaches.noindex/iphoneos18.4-22E235-339d34bc69d7fc736c3220795c36f340.sdkstatcache
CreateBuildDirectory /Users/admin/builder/spi-builder-workspace/.derivedData/Build/Products
cd /Users/admin/builder/spi-builder-workspace/.swiftpm/xcode
builtin-create-build-directory /Users/admin/builder/spi-builder-workspace/.derivedData/Build/Products
CreateBuildDirectory /Users/admin/builder/spi-builder-workspace/.derivedData/Build/Intermediates.noindex
cd /Users/admin/builder/spi-builder-workspace/.swiftpm/xcode
builtin-create-build-directory /Users/admin/builder/spi-builder-workspace/.derivedData/Build/Intermediates.noindex
CreateBuildDirectory /Users/admin/builder/spi-builder-workspace/.derivedData/Build/Intermediates.noindex/EagerLinkingTBDs/Debug-iphoneos
cd /Users/admin/builder/spi-builder-workspace/.swiftpm/xcode
builtin-create-build-directory /Users/admin/builder/spi-builder-workspace/.derivedData/Build/Intermediates.noindex/EagerLinkingTBDs/Debug-iphoneos
CreateBuildDirectory /Users/admin/builder/spi-builder-workspace/.derivedData/Build/Products/Debug-iphoneos
cd /Users/admin/builder/spi-builder-workspace/.swiftpm/xcode
builtin-create-build-directory /Users/admin/builder/spi-builder-workspace/.derivedData/Build/Products/Debug-iphoneos
CreateBuildDirectory /Users/admin/builder/spi-builder-workspace/.derivedData/Build/Products/Debug-iphoneos/PackageFrameworks
cd /Users/admin/builder/spi-builder-workspace/.swiftpm/xcode
builtin-create-build-directory /Users/admin/builder/spi-builder-workspace/.derivedData/Build/Products/Debug-iphoneos/PackageFrameworks
WriteAuxiliaryFile /Users/admin/builder/spi-builder-workspace/.derivedData/Build/Intermediates.noindex/Neumorphic.build/Debug-iphoneos/NeumorphicTests.build/empty-NeumorphicTests.plist (in target 'NeumorphicTests' from project 'Neumorphic')
cd /Users/admin/builder/spi-builder-workspace
write-file /Users/admin/builder/spi-builder-workspace/.derivedData/Build/Intermediates.noindex/Neumorphic.build/Debug-iphoneos/NeumorphicTests.build/empty-NeumorphicTests.plist
WriteAuxiliaryFile /Users/admin/builder/spi-builder-workspace/.derivedData/Build/Intermediates.noindex/Neumorphic.build/Debug-iphoneos/Neumorphic.build/Neumorphic.modulemap (in target 'Neumorphic' from project 'Neumorphic')
cd /Users/admin/builder/spi-builder-workspace
write-file /Users/admin/builder/spi-builder-workspace/.derivedData/Build/Intermediates.noindex/Neumorphic.build/Debug-iphoneos/Neumorphic.build/Neumorphic.modulemap
WriteAuxiliaryFile /Users/admin/builder/spi-builder-workspace/.derivedData/Build/Intermediates.noindex/Neumorphic.build/Debug-iphoneos/NeumorphicTests.build/Objects-normal/arm64/NeumorphicTests_const_extract_protocols.json (in target 'NeumorphicTests' from project 'Neumorphic')
cd /Users/admin/builder/spi-builder-workspace
write-file /Users/admin/builder/spi-builder-workspace/.derivedData/Build/Intermediates.noindex/Neumorphic.build/Debug-iphoneos/NeumorphicTests.build/Objects-normal/arm64/NeumorphicTests_const_extract_protocols.json
WriteAuxiliaryFile /Users/admin/builder/spi-builder-workspace/.derivedData/Build/Intermediates.noindex/Neumorphic.build/Debug-iphoneos/NeumorphicTests.build/Objects-normal/arm64/NeumorphicTests.SwiftConstValuesFileList (in target 'NeumorphicTests' from project 'Neumorphic')
cd /Users/admin/builder/spi-builder-workspace
write-file /Users/admin/builder/spi-builder-workspace/.derivedData/Build/Intermediates.noindex/Neumorphic.build/Debug-iphoneos/NeumorphicTests.build/Objects-normal/arm64/NeumorphicTests.SwiftConstValuesFileList
WriteAuxiliaryFile /Users/admin/builder/spi-builder-workspace/.derivedData/Build/Intermediates.noindex/Neumorphic.build/Debug-iphoneos/NeumorphicTests.build/Objects-normal/arm64/NeumorphicTests.LinkFileList (in target 'NeumorphicTests' from project 'Neumorphic')
cd /Users/admin/builder/spi-builder-workspace
write-file /Users/admin/builder/spi-builder-workspace/.derivedData/Build/Intermediates.noindex/Neumorphic.build/Debug-iphoneos/NeumorphicTests.build/Objects-normal/arm64/NeumorphicTests.LinkFileList
WriteAuxiliaryFile /Users/admin/builder/spi-builder-workspace/.derivedData/Build/Intermediates.noindex/Neumorphic.build/Debug-iphoneos/NeumorphicTests.build/Objects-normal/arm64/NeumorphicTests.SwiftFileList (in target 'NeumorphicTests' from project 'Neumorphic')
cd /Users/admin/builder/spi-builder-workspace
write-file /Users/admin/builder/spi-builder-workspace/.derivedData/Build/Intermediates.noindex/Neumorphic.build/Debug-iphoneos/NeumorphicTests.build/Objects-normal/arm64/NeumorphicTests.SwiftFileList
WriteAuxiliaryFile /Users/admin/builder/spi-builder-workspace/.derivedData/Build/Intermediates.noindex/Neumorphic.build/Debug-iphoneos/Neumorphic.build/Objects-normal/arm64/Neumorphic_const_extract_protocols.json (in target 'Neumorphic' from project 'Neumorphic')
cd /Users/admin/builder/spi-builder-workspace
write-file /Users/admin/builder/spi-builder-workspace/.derivedData/Build/Intermediates.noindex/Neumorphic.build/Debug-iphoneos/Neumorphic.build/Objects-normal/arm64/Neumorphic_const_extract_protocols.json
WriteAuxiliaryFile /Users/admin/builder/spi-builder-workspace/.derivedData/Build/Intermediates.noindex/Neumorphic.build/Debug-iphoneos/Neumorphic.build/Objects-normal/arm64/Neumorphic-OutputFileMap.json (in target 'Neumorphic' from project 'Neumorphic')
cd /Users/admin/builder/spi-builder-workspace
write-file /Users/admin/builder/spi-builder-workspace/.derivedData/Build/Intermediates.noindex/Neumorphic.build/Debug-iphoneos/Neumorphic.build/Objects-normal/arm64/Neumorphic-OutputFileMap.json
WriteAuxiliaryFile /Users/admin/builder/spi-builder-workspace/.derivedData/Build/Intermediates.noindex/Neumorphic.build/Debug-iphoneos/Neumorphic.build/Objects-normal/arm64/Neumorphic.LinkFileList (in target 'Neumorphic' from project 'Neumorphic')
cd /Users/admin/builder/spi-builder-workspace
write-file /Users/admin/builder/spi-builder-workspace/.derivedData/Build/Intermediates.noindex/Neumorphic.build/Debug-iphoneos/Neumorphic.build/Objects-normal/arm64/Neumorphic.LinkFileList
WriteAuxiliaryFile /Users/admin/builder/spi-builder-workspace/.derivedData/Build/Intermediates.noindex/Neumorphic.build/Debug-iphoneos/NeumorphicTests.build/Objects-normal/arm64/NeumorphicTests-OutputFileMap.json (in target 'NeumorphicTests' from project 'Neumorphic')
cd /Users/admin/builder/spi-builder-workspace
write-file /Users/admin/builder/spi-builder-workspace/.derivedData/Build/Intermediates.noindex/Neumorphic.build/Debug-iphoneos/NeumorphicTests.build/Objects-normal/arm64/NeumorphicTests-OutputFileMap.json
WriteAuxiliaryFile /Users/admin/builder/spi-builder-workspace/.derivedData/Build/Intermediates.noindex/Neumorphic.build/Debug-iphoneos/NeumorphicTests.build/NeumorphicTests.DependencyStaticMetadataFileList (in target 'NeumorphicTests' from project 'Neumorphic')
cd /Users/admin/builder/spi-builder-workspace
write-file /Users/admin/builder/spi-builder-workspace/.derivedData/Build/Intermediates.noindex/Neumorphic.build/Debug-iphoneos/NeumorphicTests.build/NeumorphicTests.DependencyStaticMetadataFileList
WriteAuxiliaryFile /Users/admin/builder/spi-builder-workspace/.derivedData/Build/Intermediates.noindex/Neumorphic.build/Debug-iphoneos/NeumorphicTests.build/NeumorphicTests.DependencyMetadataFileList (in target 'NeumorphicTests' from project 'Neumorphic')
cd /Users/admin/builder/spi-builder-workspace
write-file /Users/admin/builder/spi-builder-workspace/.derivedData/Build/Intermediates.noindex/Neumorphic.build/Debug-iphoneos/NeumorphicTests.build/NeumorphicTests.DependencyMetadataFileList
WriteAuxiliaryFile /Users/admin/builder/spi-builder-workspace/.derivedData/Build/Intermediates.noindex/Neumorphic.build/Debug-iphoneos/Neumorphic.build/Objects-normal/arm64/Neumorphic.SwiftFileList (in target 'Neumorphic' from project 'Neumorphic')
cd /Users/admin/builder/spi-builder-workspace
write-file /Users/admin/builder/spi-builder-workspace/.derivedData/Build/Intermediates.noindex/Neumorphic.build/Debug-iphoneos/Neumorphic.build/Objects-normal/arm64/Neumorphic.SwiftFileList
WriteAuxiliaryFile /Users/admin/builder/spi-builder-workspace/.derivedData/Build/Intermediates.noindex/Neumorphic.build/Debug-iphoneos/Neumorphic.build/Objects-normal/arm64/Neumorphic.SwiftConstValuesFileList (in target 'Neumorphic' from project 'Neumorphic')
cd /Users/admin/builder/spi-builder-workspace
write-file /Users/admin/builder/spi-builder-workspace/.derivedData/Build/Intermediates.noindex/Neumorphic.build/Debug-iphoneos/Neumorphic.build/Objects-normal/arm64/Neumorphic.SwiftConstValuesFileList
WriteAuxiliaryFile /Users/admin/builder/spi-builder-workspace/.derivedData/Build/Intermediates.noindex/Neumorphic.build/Debug-iphoneos/Neumorphic.build/Neumorphic.DependencyStaticMetadataFileList (in target 'Neumorphic' from project 'Neumorphic')
cd /Users/admin/builder/spi-builder-workspace
write-file /Users/admin/builder/spi-builder-workspace/.derivedData/Build/Intermediates.noindex/Neumorphic.build/Debug-iphoneos/Neumorphic.build/Neumorphic.DependencyStaticMetadataFileList
WriteAuxiliaryFile /Users/admin/builder/spi-builder-workspace/.derivedData/Build/Intermediates.noindex/Neumorphic.build/Debug-iphoneos/Neumorphic.build/Neumorphic.DependencyMetadataFileList (in target 'Neumorphic' from project 'Neumorphic')
cd /Users/admin/builder/spi-builder-workspace
write-file /Users/admin/builder/spi-builder-workspace/.derivedData/Build/Intermediates.noindex/Neumorphic.build/Debug-iphoneos/Neumorphic.build/Neumorphic.DependencyMetadataFileList
Copy /Users/admin/builder/spi-builder-workspace/.derivedData/Build/Intermediates.noindex/GeneratedModuleMaps-iphoneos/Neumorphic.modulemap /Users/admin/builder/spi-builder-workspace/.derivedData/Build/Intermediates.noindex/Neumorphic.build/Debug-iphoneos/Neumorphic.build/Neumorphic.modulemap (in target 'Neumorphic' from project 'Neumorphic')
cd /Users/admin/builder/spi-builder-workspace
builtin-copy -exclude .DS_Store -exclude CVS -exclude .svn -exclude .git -exclude .hg -resolve-src-symlinks /Users/admin/builder/spi-builder-workspace/.derivedData/Build/Intermediates.noindex/Neumorphic.build/Debug-iphoneos/Neumorphic.build/Neumorphic.modulemap /Users/admin/builder/spi-builder-workspace/.derivedData/Build/Intermediates.noindex/GeneratedModuleMaps-iphoneos
MkDir /Users/admin/builder/spi-builder-workspace/.derivedData/Build/Products/Debug-iphoneos/NeumorphicTests.xctest (in target 'NeumorphicTests' from project 'Neumorphic')
cd /Users/admin/builder/spi-builder-workspace
/bin/mkdir -p /Users/admin/builder/spi-builder-workspace/.derivedData/Build/Products/Debug-iphoneos/NeumorphicTests.xctest
SwiftDriver Neumorphic normal arm64 com.apple.xcode.tools.swift.compiler (in target 'Neumorphic' from project 'Neumorphic')
cd /Users/admin/builder/spi-builder-workspace/.swiftpm/xcode
builtin-SwiftDriver -- /Applications/Xcode-16.3.0.app/Contents/Developer/Toolchains/XcodeDefault.xctoolchain/usr/bin/swiftc -module-name Neumorphic -Onone -enforce-exclusivity\=checked @/Users/admin/builder/spi-builder-workspace/.derivedData/Build/Intermediates.noindex/Neumorphic.build/Debug-iphoneos/Neumorphic.build/Objects-normal/arm64/Neumorphic.SwiftFileList -DSWIFT_PACKAGE -DDEBUG -stats-output-dir .stats -strict-concurrency\=complete -enable-upcoming-feature StrictConcurrency -enable-upcoming-feature DisableOutwardActorInference -enable-upcoming-feature GlobalActorIsolatedTypesUsability -enable-upcoming-feature InferSendableFromCaptures -plugin-path /Applications/Xcode-16.3.0.app/Contents/Developer/Toolchains/XcodeDefault.xctoolchain/usr/lib/swift/host/plugins/testing -enable-experimental-feature DebugDescriptionMacro -sdk /Applications/Xcode-16.3.0.app/Contents/Developer/Platforms/iPhoneOS.platform/Developer/SDKs/iPhoneOS18.4.sdk -target arm64-apple-ios13.0 -g -module-cache-path /Users/admin/builder/spi-builder-workspace/.derivedData/ModuleCache.noindex -Xfrontend -serialize-debugging-options -enable-testing -index-store-path /Users/admin/builder/spi-builder-workspace/.derivedData/Index.noindex/DataStore -swift-version 5 -I /Users/admin/builder/spi-builder-workspace/.derivedData/Build/Products/Debug-iphoneos -I /Applications/Xcode-16.3.0.app/Contents/Developer/Platforms/iPhoneOS.platform/Developer/usr/lib -F /Users/admin/builder/spi-builder-workspace/.derivedData/Build/Products/Debug-iphoneos -F /Applications/Xcode-16.3.0.app/Contents/Developer/Platforms/iPhoneOS.platform/Developer/Library/Frameworks -F /Applications/Xcode-16.3.0.app/Contents/Developer/Platforms/iPhoneOS.platform/Developer/SDKs/iPhoneOS18.4.sdk/Developer/Library/Frameworks -c -j10 -enable-batch-mode -incremental -Xcc -ivfsstatcache -Xcc /Users/admin/builder/spi-builder-workspace/.derivedData/SDKStatCaches.noindex/iphoneos18.4-22E235-339d34bc69d7fc736c3220795c36f340.sdkstatcache -output-file-map /Users/admin/builder/spi-builder-workspace/.derivedData/Build/Intermediates.noindex/Neumorphic.build/Debug-iphoneos/Neumorphic.build/Objects-normal/arm64/Neumorphic-OutputFileMap.json -use-frontend-parseable-output -save-temps -no-color-diagnostics -serialize-diagnostics -emit-dependencies -emit-module -emit-module-path /Users/admin/builder/spi-builder-workspace/.derivedData/Build/Intermediates.noindex/Neumorphic.build/Debug-iphoneos/Neumorphic.build/Objects-normal/arm64/Neumorphic.swiftmodule -validate-clang-modules-once -clang-build-session-file /Users/admin/builder/spi-builder-workspace/.derivedData/ModuleCache.noindex/Session.modulevalidation -Xcc -I/Users/admin/builder/spi-builder-workspace/.derivedData/Build/Intermediates.noindex/Neumorphic.build/Debug-iphoneos/Neumorphic.build/swift-overrides.hmap -emit-const-values -Xfrontend -const-gather-protocols-file -Xfrontend /Users/admin/builder/spi-builder-workspace/.derivedData/Build/Intermediates.noindex/Neumorphic.build/Debug-iphoneos/Neumorphic.build/Objects-normal/arm64/Neumorphic_const_extract_protocols.json -Xcc -I/Users/admin/builder/spi-builder-workspace/.derivedData/Build/Products/Debug-iphoneos/include -Xcc -I/Users/admin/builder/spi-builder-workspace/.derivedData/Build/Intermediates.noindex/Neumorphic.build/Debug-iphoneos/Neumorphic.build/DerivedSources-normal/arm64 -Xcc -I/Users/admin/builder/spi-builder-workspace/.derivedData/Build/Intermediates.noindex/Neumorphic.build/Debug-iphoneos/Neumorphic.build/DerivedSources/arm64 -Xcc -I/Users/admin/builder/spi-builder-workspace/.derivedData/Build/Intermediates.noindex/Neumorphic.build/Debug-iphoneos/Neumorphic.build/DerivedSources -Xcc -DSWIFT_PACKAGE -Xcc -DDEBUG\=1 -emit-objc-header -emit-objc-header-path /Users/admin/builder/spi-builder-workspace/.derivedData/Build/Intermediates.noindex/Neumorphic.build/Debug-iphoneos/Neumorphic.build/Objects-normal/arm64/Neumorphic-Swift.h -working-directory /Users/admin/builder/spi-builder-workspace/.swiftpm/xcode -experimental-emit-module-separately -disable-cmo
SwiftCompile normal arm64 Compiling\ NeumorphicPicker.swift,\ NeumorphicProgressView.swift,\ NeumorphicSelectionControls.swift /Users/admin/builder/spi-builder-workspace/Sources/Neumorphic/NeumorphicPicker.swift /Users/admin/builder/spi-builder-workspace/Sources/Neumorphic/NeumorphicProgressView.swift /Users/admin/builder/spi-builder-workspace/Sources/Neumorphic/NeumorphicSelectionControls.swift (in target 'Neumorphic' from project 'Neumorphic')
SwiftCompile normal arm64 /Users/admin/builder/spi-builder-workspace/Sources/Neumorphic/NeumorphicPicker.swift (in target 'Neumorphic' from project 'Neumorphic')
cd /Users/admin/builder/spi-builder-workspace/.swiftpm/xcode
SwiftCompile normal arm64 /Users/admin/builder/spi-builder-workspace/Sources/Neumorphic/NeumorphicProgressView.swift (in target 'Neumorphic' from project 'Neumorphic')
cd /Users/admin/builder/spi-builder-workspace/.swiftpm/xcode
SwiftCompile normal arm64 /Users/admin/builder/spi-builder-workspace/Sources/Neumorphic/NeumorphicSelectionControls.swift (in target 'Neumorphic' from project 'Neumorphic')
cd /Users/admin/builder/spi-builder-workspace/.swiftpm/xcode
SwiftCompile normal arm64 Compiling\ NeumorphicKit.swift,\ NeumorphicLink.swift,\ NeumorphicMenu.swift /Users/admin/builder/spi-builder-workspace/Sources/Neumorphic/NeumorphicKit.swift /Users/admin/builder/spi-builder-workspace/Sources/Neumorphic/NeumorphicLink.swift /Users/admin/builder/spi-builder-workspace/Sources/Neumorphic/NeumorphicMenu.swift (in target 'Neumorphic' from project 'Neumorphic')
SwiftCompile normal arm64 /Users/admin/builder/spi-builder-workspace/Sources/Neumorphic/NeumorphicKit.swift (in target 'Neumorphic' from project 'Neumorphic')
cd /Users/admin/builder/spi-builder-workspace/.swiftpm/xcode
SwiftCompile normal arm64 /Users/admin/builder/spi-builder-workspace/Sources/Neumorphic/NeumorphicLink.swift (in target 'Neumorphic' from project 'Neumorphic')
cd /Users/admin/builder/spi-builder-workspace/.swiftpm/xcode
SwiftCompile normal arm64 /Users/admin/builder/spi-builder-workspace/Sources/Neumorphic/NeumorphicMenu.swift (in target 'Neumorphic' from project 'Neumorphic')
cd /Users/admin/builder/spi-builder-workspace/.swiftpm/xcode
SwiftCompile normal arm64 Compiling\ NeumorphicCard.swift,\ NeumorphicCircularProgressView.swift,\ NeumorphicDatePicker.swift /Users/admin/builder/spi-builder-workspace/Sources/Neumorphic/NeumorphicCard.swift /Users/admin/builder/spi-builder-workspace/Sources/Neumorphic/NeumorphicCircularProgressView.swift /Users/admin/builder/spi-builder-workspace/Sources/Neumorphic/NeumorphicDatePicker.swift (in target 'Neumorphic' from project 'Neumorphic')
SwiftCompile normal arm64 /Users/admin/builder/spi-builder-workspace/Sources/Neumorphic/NeumorphicCard.swift (in target 'Neumorphic' from project 'Neumorphic')
cd /Users/admin/builder/spi-builder-workspace/.swiftpm/xcode
SwiftCompile normal arm64 /Users/admin/builder/spi-builder-workspace/Sources/Neumorphic/NeumorphicCircularProgressView.swift (in target 'Neumorphic' from project 'Neumorphic')
cd /Users/admin/builder/spi-builder-workspace/.swiftpm/xcode
SwiftCompile normal arm64 /Users/admin/builder/spi-builder-workspace/Sources/Neumorphic/NeumorphicDatePicker.swift (in target 'Neumorphic' from project 'Neumorphic')
cd /Users/admin/builder/spi-builder-workspace/.swiftpm/xcode
SwiftCompile normal arm64 Compiling\ NeumorphicTextField.swift,\ NeumorphicTheme.swift /Users/admin/builder/spi-builder-workspace/Sources/Neumorphic/NeumorphicTextField.swift /Users/admin/builder/spi-builder-workspace/Sources/Neumorphic/NeumorphicTheme.swift (in target 'Neumorphic' from project 'Neumorphic')
SwiftCompile normal arm64 /Users/admin/builder/spi-builder-workspace/Sources/Neumorphic/NeumorphicTextField.swift (in target 'Neumorphic' from project 'Neumorphic')
cd /Users/admin/builder/spi-builder-workspace/.swiftpm/xcode
SwiftCompile normal arm64 /Users/admin/builder/spi-builder-workspace/Sources/Neumorphic/NeumorphicTheme.swift (in target 'Neumorphic' from project 'Neumorphic')
cd /Users/admin/builder/spi-builder-workspace/.swiftpm/xcode
SwiftCompile normal arm64 Compiling\ NeumorphicSlider.swift,\ NeumorphicStepper.swift /Users/admin/builder/spi-builder-workspace/Sources/Neumorphic/NeumorphicSlider.swift /Users/admin/builder/spi-builder-workspace/Sources/Neumorphic/NeumorphicStepper.swift (in target 'Neumorphic' from project 'Neumorphic')
SwiftCompile normal arm64 /Users/admin/builder/spi-builder-workspace/Sources/Neumorphic/NeumorphicSlider.swift (in target 'Neumorphic' from project 'Neumorphic')
cd /Users/admin/builder/spi-builder-workspace/.swiftpm/xcode
SwiftCompile normal arm64 /Users/admin/builder/spi-builder-workspace/Sources/Neumorphic/NeumorphicStepper.swift (in target 'Neumorphic' from project 'Neumorphic')
cd /Users/admin/builder/spi-builder-workspace/.swiftpm/xcode
SwiftCompile normal arm64 Compiling\ ColorExtension.swift,\ FixedSizeSoftDynamicButtonStyle.swift,\ NeumorphicAccessibility.swift /Users/admin/builder/spi-builder-workspace/Sources/Neumorphic/ColorExtension.swift /Users/admin/builder/spi-builder-workspace/Sources/Neumorphic/FixedSizeSoftDynamicButtonStyle.swift /Users/admin/builder/spi-builder-workspace/Sources/Neumorphic/NeumorphicAccessibility.swift (in target 'Neumorphic' from project 'Neumorphic')
SwiftCompile normal arm64 /Users/admin/builder/spi-builder-workspace/Sources/Neumorphic/ColorExtension.swift (in target 'Neumorphic' from project 'Neumorphic')
cd /Users/admin/builder/spi-builder-workspace/.swiftpm/xcode
SwiftCompile normal arm64 /Users/admin/builder/spi-builder-workspace/Sources/Neumorphic/FixedSizeSoftDynamicButtonStyle.swift (in target 'Neumorphic' from project 'Neumorphic')
cd /Users/admin/builder/spi-builder-workspace/.swiftpm/xcode
SwiftCompile normal arm64 /Users/admin/builder/spi-builder-workspace/Sources/Neumorphic/NeumorphicAccessibility.swift (in target 'Neumorphic' from project 'Neumorphic')
cd /Users/admin/builder/spi-builder-workspace/.swiftpm/xcode
SwiftCompile normal arm64 Compiling\ SoftButtonStyle.swift,\ SoftDynamicToggleStyle.swift /Users/admin/builder/spi-builder-workspace/Sources/Neumorphic/SoftButtonStyle.swift /Users/admin/builder/spi-builder-workspace/Sources/Neumorphic/SoftDynamicToggleStyle.swift (in target 'Neumorphic' from project 'Neumorphic')
SwiftCompile normal arm64 /Users/admin/builder/spi-builder-workspace/Sources/Neumorphic/SoftButtonStyle.swift (in target 'Neumorphic' from project 'Neumorphic')
cd /Users/admin/builder/spi-builder-workspace/.swiftpm/xcode
SwiftCompile normal arm64 /Users/admin/builder/spi-builder-workspace/Sources/Neumorphic/SoftDynamicToggleStyle.swift (in target 'Neumorphic' from project 'Neumorphic')
cd /Users/admin/builder/spi-builder-workspace/.swiftpm/xcode
SwiftCompile normal arm64 Compiling\ SoftInnerShadowViewModifier.swift,\ SoftOuterShadowViewModifier.swift /Users/admin/builder/spi-builder-workspace/Sources/Neumorphic/SoftInnerShadowViewModifier.swift /Users/admin/builder/spi-builder-workspace/Sources/Neumorphic/SoftOuterShadowViewModifier.swift (in target 'Neumorphic' from project 'Neumorphic')
SwiftCompile normal arm64 /Users/admin/builder/spi-builder-workspace/Sources/Neumorphic/SoftInnerShadowViewModifier.swift (in target 'Neumorphic' from project 'Neumorphic')
cd /Users/admin/builder/spi-builder-workspace/.swiftpm/xcode
SwiftCompile normal arm64 /Users/admin/builder/spi-builder-workspace/Sources/Neumorphic/SoftOuterShadowViewModifier.swift (in target 'Neumorphic' from project 'Neumorphic')
cd /Users/admin/builder/spi-builder-workspace/.swiftpm/xcode
SwiftCompile normal arm64 Compiling\ SwitchToggleStyle.swift,\ View+InverseMask.swift /Users/admin/builder/spi-builder-workspace/Sources/Neumorphic/SwitchToggleStyle.swift /Users/admin/builder/spi-builder-workspace/Sources/Neumorphic/View+InverseMask.swift (in target 'Neumorphic' from project 'Neumorphic')
SwiftCompile normal arm64 /Users/admin/builder/spi-builder-workspace/Sources/Neumorphic/SwitchToggleStyle.swift (in target 'Neumorphic' from project 'Neumorphic')
cd /Users/admin/builder/spi-builder-workspace/.swiftpm/xcode
SwiftCompile normal arm64 /Users/admin/builder/spi-builder-workspace/Sources/Neumorphic/View+InverseMask.swift (in target 'Neumorphic' from project 'Neumorphic')
cd /Users/admin/builder/spi-builder-workspace/.swiftpm/xcode
SwiftCompile normal arm64 Compiling\ NeumorphicDisclosureGroup.swift,\ NeumorphicFocusRing.swift,\ NeumorphicHoverEffect.swift /Users/admin/builder/spi-builder-workspace/Sources/Neumorphic/NeumorphicDisclosureGroup.swift /Users/admin/builder/spi-builder-workspace/Sources/Neumorphic/NeumorphicFocusRing.swift /Users/admin/builder/spi-builder-workspace/Sources/Neumorphic/NeumorphicHoverEffect.swift (in target 'Neumorphic' from project 'Neumorphic')
SwiftCompile normal arm64 /Users/admin/builder/spi-builder-workspace/Sources/Neumorphic/NeumorphicDisclosureGroup.swift (in target 'Neumorphic' from project 'Neumorphic')
cd /Users/admin/builder/spi-builder-workspace/.swiftpm/xcode
SwiftCompile normal arm64 /Users/admin/builder/spi-builder-workspace/Sources/Neumorphic/NeumorphicFocusRing.swift (in target 'Neumorphic' from project 'Neumorphic')
cd /Users/admin/builder/spi-builder-workspace/.swiftpm/xcode
SwiftCompile normal arm64 /Users/admin/builder/spi-builder-workspace/Sources/Neumorphic/NeumorphicHoverEffect.swift (in target 'Neumorphic' from project 'Neumorphic')
cd /Users/admin/builder/spi-builder-workspace/.swiftpm/xcode
SwiftEmitModule normal arm64 Emitting\ module\ for\ Neumorphic (in target 'Neumorphic' from project 'Neumorphic')
EmitSwiftModule normal arm64 (in target 'Neumorphic' from project 'Neumorphic')
cd /Users/admin/builder/spi-builder-workspace/.swiftpm/xcode
SwiftDriverJobDiscovery normal arm64 Compiling SoftButtonStyle.swift, SoftDynamicToggleStyle.swift (in target 'Neumorphic' from project 'Neumorphic')
SwiftDriverJobDiscovery normal arm64 Compiling NeumorphicPicker.swift, NeumorphicProgressView.swift, NeumorphicSelectionControls.swift (in target 'Neumorphic' from project 'Neumorphic')
SwiftDriverJobDiscovery normal arm64 Compiling NeumorphicTextField.swift, NeumorphicTheme.swift (in target 'Neumorphic' from project 'Neumorphic')
SwiftDriverJobDiscovery normal arm64 Compiling ColorExtension.swift, FixedSizeSoftDynamicButtonStyle.swift, NeumorphicAccessibility.swift (in target 'Neumorphic' from project 'Neumorphic')
SwiftDriverJobDiscovery normal arm64 Compiling NeumorphicSlider.swift, NeumorphicStepper.swift (in target 'Neumorphic' from project 'Neumorphic')
SwiftDriverJobDiscovery normal arm64 Compiling NeumorphicKit.swift, NeumorphicLink.swift, NeumorphicMenu.swift (in target 'Neumorphic' from project 'Neumorphic')
SwiftDriverJobDiscovery normal arm64 Compiling SoftInnerShadowViewModifier.swift, SoftOuterShadowViewModifier.swift (in target 'Neumorphic' from project 'Neumorphic')
SwiftDriverJobDiscovery normal arm64 Compiling NeumorphicCard.swift, NeumorphicCircularProgressView.swift, NeumorphicDatePicker.swift (in target 'Neumorphic' from project 'Neumorphic')
SwiftDriverJobDiscovery normal arm64 Compiling SwitchToggleStyle.swift, View+InverseMask.swift (in target 'Neumorphic' from project 'Neumorphic')
SwiftDriverJobDiscovery normal arm64 Compiling NeumorphicDisclosureGroup.swift, NeumorphicFocusRing.swift, NeumorphicHoverEffect.swift (in target 'Neumorphic' from project 'Neumorphic')
SwiftDriverJobDiscovery normal arm64 Emitting module for Neumorphic (in target 'Neumorphic' from project 'Neumorphic')
SwiftDriver\ Compilation\ Requirements Neumorphic normal arm64 com.apple.xcode.tools.swift.compiler (in target 'Neumorphic' from project 'Neumorphic')
cd /Users/admin/builder/spi-builder-workspace/.swiftpm/xcode
builtin-Swift-Compilation-Requirements -- /Applications/Xcode-16.3.0.app/Contents/Developer/Toolchains/XcodeDefault.xctoolchain/usr/bin/swiftc -module-name Neumorphic -Onone -enforce-exclusivity\=checked @/Users/admin/builder/spi-builder-workspace/.derivedData/Build/Intermediates.noindex/Neumorphic.build/Debug-iphoneos/Neumorphic.build/Objects-normal/arm64/Neumorphic.SwiftFileList -DSWIFT_PACKAGE -DDEBUG -stats-output-dir .stats -strict-concurrency\=complete -enable-upcoming-feature StrictConcurrency -enable-upcoming-feature DisableOutwardActorInference -enable-upcoming-feature GlobalActorIsolatedTypesUsability -enable-upcoming-feature InferSendableFromCaptures -plugin-path /Applications/Xcode-16.3.0.app/Contents/Developer/Toolchains/XcodeDefault.xctoolchain/usr/lib/swift/host/plugins/testing -enable-experimental-feature DebugDescriptionMacro -sdk /Applications/Xcode-16.3.0.app/Contents/Developer/Platforms/iPhoneOS.platform/Developer/SDKs/iPhoneOS18.4.sdk -target arm64-apple-ios13.0 -g -module-cache-path /Users/admin/builder/spi-builder-workspace/.derivedData/ModuleCache.noindex -Xfrontend -serialize-debugging-options -enable-testing -index-store-path /Users/admin/builder/spi-builder-workspace/.derivedData/Index.noindex/DataStore -swift-version 5 -I /Users/admin/builder/spi-builder-workspace/.derivedData/Build/Products/Debug-iphoneos -I /Applications/Xcode-16.3.0.app/Contents/Developer/Platforms/iPhoneOS.platform/Developer/usr/lib -F /Users/admin/builder/spi-builder-workspace/.derivedData/Build/Products/Debug-iphoneos -F /Applications/Xcode-16.3.0.app/Contents/Developer/Platforms/iPhoneOS.platform/Developer/Library/Frameworks -F /Applications/Xcode-16.3.0.app/Contents/Developer/Platforms/iPhoneOS.platform/Developer/SDKs/iPhoneOS18.4.sdk/Developer/Library/Frameworks -c -j10 -enable-batch-mode -incremental -Xcc -ivfsstatcache -Xcc /Users/admin/builder/spi-builder-workspace/.derivedData/SDKStatCaches.noindex/iphoneos18.4-22E235-339d34bc69d7fc736c3220795c36f340.sdkstatcache -output-file-map /Users/admin/builder/spi-builder-workspace/.derivedData/Build/Intermediates.noindex/Neumorphic.build/Debug-iphoneos/Neumorphic.build/Objects-normal/arm64/Neumorphic-OutputFileMap.json -use-frontend-parseable-output -save-temps -no-color-diagnostics -serialize-diagnostics -emit-dependencies -emit-module -emit-module-path /Users/admin/builder/spi-builder-workspace/.derivedData/Build/Intermediates.noindex/Neumorphic.build/Debug-iphoneos/Neumorphic.build/Objects-normal/arm64/Neumorphic.swiftmodule -validate-clang-modules-once -clang-build-session-file /Users/admin/builder/spi-builder-workspace/.derivedData/ModuleCache.noindex/Session.modulevalidation -Xcc -I/Users/admin/builder/spi-builder-workspace/.derivedData/Build/Intermediates.noindex/Neumorphic.build/Debug-iphoneos/Neumorphic.build/swift-overrides.hmap -emit-const-values -Xfrontend -const-gather-protocols-file -Xfrontend /Users/admin/builder/spi-builder-workspace/.derivedData/Build/Intermediates.noindex/Neumorphic.build/Debug-iphoneos/Neumorphic.build/Objects-normal/arm64/Neumorphic_const_extract_protocols.json -Xcc -I/Users/admin/builder/spi-builder-workspace/.derivedData/Build/Products/Debug-iphoneos/include -Xcc -I/Users/admin/builder/spi-builder-workspace/.derivedData/Build/Intermediates.noindex/Neumorphic.build/Debug-iphoneos/Neumorphic.build/DerivedSources-normal/arm64 -Xcc -I/Users/admin/builder/spi-builder-workspace/.derivedData/Build/Intermediates.noindex/Neumorphic.build/Debug-iphoneos/Neumorphic.build/DerivedSources/arm64 -Xcc -I/Users/admin/builder/spi-builder-workspace/.derivedData/Build/Intermediates.noindex/Neumorphic.build/Debug-iphoneos/Neumorphic.build/DerivedSources -Xcc -DSWIFT_PACKAGE -Xcc -DDEBUG\=1 -emit-objc-header -emit-objc-header-path /Users/admin/builder/spi-builder-workspace/.derivedData/Build/Intermediates.noindex/Neumorphic.build/Debug-iphoneos/Neumorphic.build/Objects-normal/arm64/Neumorphic-Swift.h -working-directory /Users/admin/builder/spi-builder-workspace/.swiftpm/xcode -experimental-emit-module-separately -disable-cmo
SwiftDriver\ Compilation Neumorphic normal arm64 com.apple.xcode.tools.swift.compiler (in target 'Neumorphic' from project 'Neumorphic')
cd /Users/admin/builder/spi-builder-workspace/.swiftpm/xcode
builtin-Swift-Compilation -- /Applications/Xcode-16.3.0.app/Contents/Developer/Toolchains/XcodeDefault.xctoolchain/usr/bin/swiftc -module-name Neumorphic -Onone -enforce-exclusivity\=checked @/Users/admin/builder/spi-builder-workspace/.derivedData/Build/Intermediates.noindex/Neumorphic.build/Debug-iphoneos/Neumorphic.build/Objects-normal/arm64/Neumorphic.SwiftFileList -DSWIFT_PACKAGE -DDEBUG -stats-output-dir .stats -strict-concurrency\=complete -enable-upcoming-feature StrictConcurrency -enable-upcoming-feature DisableOutwardActorInference -enable-upcoming-feature GlobalActorIsolatedTypesUsability -enable-upcoming-feature InferSendableFromCaptures -plugin-path /Applications/Xcode-16.3.0.app/Contents/Developer/Toolchains/XcodeDefault.xctoolchain/usr/lib/swift/host/plugins/testing -enable-experimental-feature DebugDescriptionMacro -sdk /Applications/Xcode-16.3.0.app/Contents/Developer/Platforms/iPhoneOS.platform/Developer/SDKs/iPhoneOS18.4.sdk -target arm64-apple-ios13.0 -g -module-cache-path /Users/admin/builder/spi-builder-workspace/.derivedData/ModuleCache.noindex -Xfrontend -serialize-debugging-options -enable-testing -index-store-path /Users/admin/builder/spi-builder-workspace/.derivedData/Index.noindex/DataStore -swift-version 5 -I /Users/admin/builder/spi-builder-workspace/.derivedData/Build/Products/Debug-iphoneos -I /Applications/Xcode-16.3.0.app/Contents/Developer/Platforms/iPhoneOS.platform/Developer/usr/lib -F /Users/admin/builder/spi-builder-workspace/.derivedData/Build/Products/Debug-iphoneos -F /Applications/Xcode-16.3.0.app/Contents/Developer/Platforms/iPhoneOS.platform/Developer/Library/Frameworks -F /Applications/Xcode-16.3.0.app/Contents/Developer/Platforms/iPhoneOS.platform/Developer/SDKs/iPhoneOS18.4.sdk/Developer/Library/Frameworks -c -j10 -enable-batch-mode -incremental -Xcc -ivfsstatcache -Xcc /Users/admin/builder/spi-builder-workspace/.derivedData/SDKStatCaches.noindex/iphoneos18.4-22E235-339d34bc69d7fc736c3220795c36f340.sdkstatcache -output-file-map /Users/admin/builder/spi-builder-workspace/.derivedData/Build/Intermediates.noindex/Neumorphic.build/Debug-iphoneos/Neumorphic.build/Objects-normal/arm64/Neumorphic-OutputFileMap.json -use-frontend-parseable-output -save-temps -no-color-diagnostics -serialize-diagnostics -emit-dependencies -emit-module -emit-module-path /Users/admin/builder/spi-builder-workspace/.derivedData/Build/Intermediates.noindex/Neumorphic.build/Debug-iphoneos/Neumorphic.build/Objects-normal/arm64/Neumorphic.swiftmodule -validate-clang-modules-once -clang-build-session-file /Users/admin/builder/spi-builder-workspace/.derivedData/ModuleCache.noindex/Session.modulevalidation -Xcc -I/Users/admin/builder/spi-builder-workspace/.derivedData/Build/Intermediates.noindex/Neumorphic.build/Debug-iphoneos/Neumorphic.build/swift-overrides.hmap -emit-const-values -Xfrontend -const-gather-protocols-file -Xfrontend /Users/admin/builder/spi-builder-workspace/.derivedData/Build/Intermediates.noindex/Neumorphic.build/Debug-iphoneos/Neumorphic.build/Objects-normal/arm64/Neumorphic_const_extract_protocols.json -Xcc -I/Users/admin/builder/spi-builder-workspace/.derivedData/Build/Products/Debug-iphoneos/include -Xcc -I/Users/admin/builder/spi-builder-workspace/.derivedData/Build/Intermediates.noindex/Neumorphic.build/Debug-iphoneos/Neumorphic.build/DerivedSources-normal/arm64 -Xcc -I/Users/admin/builder/spi-builder-workspace/.derivedData/Build/Intermediates.noindex/Neumorphic.build/Debug-iphoneos/Neumorphic.build/DerivedSources/arm64 -Xcc -I/Users/admin/builder/spi-builder-workspace/.derivedData/Build/Intermediates.noindex/Neumorphic.build/Debug-iphoneos/Neumorphic.build/DerivedSources -Xcc -DSWIFT_PACKAGE -Xcc -DDEBUG\=1 -emit-objc-header -emit-objc-header-path /Users/admin/builder/spi-builder-workspace/.derivedData/Build/Intermediates.noindex/Neumorphic.build/Debug-iphoneos/Neumorphic.build/Objects-normal/arm64/Neumorphic-Swift.h -working-directory /Users/admin/builder/spi-builder-workspace/.swiftpm/xcode -experimental-emit-module-separately -disable-cmo
SwiftMergeGeneratedHeaders /Users/admin/builder/spi-builder-workspace/.derivedData/Build/Intermediates.noindex/GeneratedModuleMaps-iphoneos/Neumorphic-Swift.h /Users/admin/builder/spi-builder-workspace/.derivedData/Build/Intermediates.noindex/Neumorphic.build/Debug-iphoneos/Neumorphic.build/Objects-normal/arm64/Neumorphic-Swift.h (in target 'Neumorphic' from project 'Neumorphic')
cd /Users/admin/builder/spi-builder-workspace
builtin-swiftHeaderTool -arch arm64 /Users/admin/builder/spi-builder-workspace/.derivedData/Build/Intermediates.noindex/Neumorphic.build/Debug-iphoneos/Neumorphic.build/Objects-normal/arm64/Neumorphic-Swift.h -o /Users/admin/builder/spi-builder-workspace/.derivedData/Build/Intermediates.noindex/GeneratedModuleMaps-iphoneos/Neumorphic-Swift.h
Copy /Users/admin/builder/spi-builder-workspace/.derivedData/Build/Products/Debug-iphoneos/Neumorphic.swiftmodule/arm64-apple-ios.abi.json /Users/admin/builder/spi-builder-workspace/.derivedData/Build/Intermediates.noindex/Neumorphic.build/Debug-iphoneos/Neumorphic.build/Objects-normal/arm64/Neumorphic.abi.json (in target 'Neumorphic' from project 'Neumorphic')
cd /Users/admin/builder/spi-builder-workspace
builtin-copy -exclude .DS_Store -exclude CVS -exclude .svn -exclude .git -exclude .hg -resolve-src-symlinks -rename /Users/admin/builder/spi-builder-workspace/.derivedData/Build/Intermediates.noindex/Neumorphic.build/Debug-iphoneos/Neumorphic.build/Objects-normal/arm64/Neumorphic.abi.json /Users/admin/builder/spi-builder-workspace/.derivedData/Build/Products/Debug-iphoneos/Neumorphic.swiftmodule/arm64-apple-ios.abi.json
Copy /Users/admin/builder/spi-builder-workspace/.derivedData/Build/Products/Debug-iphoneos/Neumorphic.swiftmodule/arm64-apple-ios.swiftmodule /Users/admin/builder/spi-builder-workspace/.derivedData/Build/Intermediates.noindex/Neumorphic.build/Debug-iphoneos/Neumorphic.build/Objects-normal/arm64/Neumorphic.swiftmodule (in target 'Neumorphic' from project 'Neumorphic')
cd /Users/admin/builder/spi-builder-workspace
builtin-copy -exclude .DS_Store -exclude CVS -exclude .svn -exclude .git -exclude .hg -resolve-src-symlinks -rename /Users/admin/builder/spi-builder-workspace/.derivedData/Build/Intermediates.noindex/Neumorphic.build/Debug-iphoneos/Neumorphic.build/Objects-normal/arm64/Neumorphic.swiftmodule /Users/admin/builder/spi-builder-workspace/.derivedData/Build/Products/Debug-iphoneos/Neumorphic.swiftmodule/arm64-apple-ios.swiftmodule
Copy /Users/admin/builder/spi-builder-workspace/.derivedData/Build/Products/Debug-iphoneos/Neumorphic.swiftmodule/arm64-apple-ios.swiftdoc /Users/admin/builder/spi-builder-workspace/.derivedData/Build/Intermediates.noindex/Neumorphic.build/Debug-iphoneos/Neumorphic.build/Objects-normal/arm64/Neumorphic.swiftdoc (in target 'Neumorphic' from project 'Neumorphic')
cd /Users/admin/builder/spi-builder-workspace
builtin-copy -exclude .DS_Store -exclude CVS -exclude .svn -exclude .git -exclude .hg -resolve-src-symlinks -rename /Users/admin/builder/spi-builder-workspace/.derivedData/Build/Intermediates.noindex/Neumorphic.build/Debug-iphoneos/Neumorphic.build/Objects-normal/arm64/Neumorphic.swiftdoc /Users/admin/builder/spi-builder-workspace/.derivedData/Build/Products/Debug-iphoneos/Neumorphic.swiftmodule/arm64-apple-ios.swiftdoc
Copy /Users/admin/builder/spi-builder-workspace/.derivedData/Build/Products/Debug-iphoneos/Neumorphic.swiftmodule/Project/arm64-apple-ios.swiftsourceinfo /Users/admin/builder/spi-builder-workspace/.derivedData/Build/Intermediates.noindex/Neumorphic.build/Debug-iphoneos/Neumorphic.build/Objects-normal/arm64/Neumorphic.swiftsourceinfo (in target 'Neumorphic' from project 'Neumorphic')
cd /Users/admin/builder/spi-builder-workspace
builtin-copy -exclude .DS_Store -exclude CVS -exclude .svn -exclude .git -exclude .hg -resolve-src-symlinks -rename /Users/admin/builder/spi-builder-workspace/.derivedData/Build/Intermediates.noindex/Neumorphic.build/Debug-iphoneos/Neumorphic.build/Objects-normal/arm64/Neumorphic.swiftsourceinfo /Users/admin/builder/spi-builder-workspace/.derivedData/Build/Products/Debug-iphoneos/Neumorphic.swiftmodule/Project/arm64-apple-ios.swiftsourceinfo
Ld /Users/admin/builder/spi-builder-workspace/.derivedData/Build/Products/Debug-iphoneos/Neumorphic.o normal (in target 'Neumorphic' from project 'Neumorphic')
cd /Users/admin/builder/spi-builder-workspace
/Applications/Xcode-16.3.0.app/Contents/Developer/Toolchains/XcodeDefault.xctoolchain/usr/bin/clang -Xlinker -reproducible -target arm64-apple-ios13.0 -r -isysroot /Applications/Xcode-16.3.0.app/Contents/Developer/Platforms/iPhoneOS.platform/Developer/SDKs/iPhoneOS18.4.sdk -O0 -L/Users/admin/builder/spi-builder-workspace/.derivedData/Build/Intermediates.noindex/EagerLinkingTBDs/Debug-iphoneos -L/Users/admin/builder/spi-builder-workspace/.derivedData/Build/Products/Debug-iphoneos -L/Applications/Xcode-16.3.0.app/Contents/Developer/Platforms/iPhoneOS.platform/Developer/usr/lib -F/Users/admin/builder/spi-builder-workspace/.derivedData/Build/Intermediates.noindex/EagerLinkingTBDs/Debug-iphoneos -F/Users/admin/builder/spi-builder-workspace/.derivedData/Build/Products/Debug-iphoneos -iframework /Applications/Xcode-16.3.0.app/Contents/Developer/Platforms/iPhoneOS.platform/Developer/Library/Frameworks -iframework /Applications/Xcode-16.3.0.app/Contents/Developer/Platforms/iPhoneOS.platform/Developer/SDKs/iPhoneOS18.4.sdk/Developer/Library/Frameworks -filelist /Users/admin/builder/spi-builder-workspace/.derivedData/Build/Intermediates.noindex/Neumorphic.build/Debug-iphoneos/Neumorphic.build/Objects-normal/arm64/Neumorphic.LinkFileList -nostdlib -Xlinker -object_path_lto -Xlinker /Users/admin/builder/spi-builder-workspace/.derivedData/Build/Intermediates.noindex/Neumorphic.build/Debug-iphoneos/Neumorphic.build/Objects-normal/arm64/Neumorphic_lto.o -rdynamic -Xlinker -no_deduplicate -Xlinker -dependency_info -Xlinker /Users/admin/builder/spi-builder-workspace/.derivedData/Build/Intermediates.noindex/Neumorphic.build/Debug-iphoneos/Neumorphic.build/Objects-normal/arm64/Neumorphic_dependency_info.dat -fobjc-link-runtime -L/Applications/Xcode-16.3.0.app/Contents/Developer/Toolchains/XcodeDefault.xctoolchain/usr/lib/swift/iphoneos -L/usr/lib/swift -Xlinker -add_ast_path -Xlinker /Users/admin/builder/spi-builder-workspace/.derivedData/Build/Intermediates.noindex/Neumorphic.build/Debug-iphoneos/Neumorphic.build/Objects-normal/arm64/Neumorphic.swiftmodule -o /Users/admin/builder/spi-builder-workspace/.derivedData/Build/Products/Debug-iphoneos/Neumorphic.o
SwiftDriver NeumorphicTests normal arm64 com.apple.xcode.tools.swift.compiler (in target 'NeumorphicTests' from project 'Neumorphic')
cd /Users/admin/builder/spi-builder-workspace/.swiftpm/xcode
builtin-SwiftDriver -- /Applications/Xcode-16.3.0.app/Contents/Developer/Toolchains/XcodeDefault.xctoolchain/usr/bin/swiftc -module-name NeumorphicTests -Onone -enforce-exclusivity\=checked @/Users/admin/builder/spi-builder-workspace/.derivedData/Build/Intermediates.noindex/Neumorphic.build/Debug-iphoneos/NeumorphicTests.build/Objects-normal/arm64/NeumorphicTests.SwiftFileList -DSWIFT_PACKAGE -DDEBUG -stats-output-dir .stats -strict-concurrency\=complete -enable-upcoming-feature StrictConcurrency -enable-upcoming-feature DisableOutwardActorInference -enable-upcoming-feature GlobalActorIsolatedTypesUsability -enable-upcoming-feature InferSendableFromCaptures -plugin-path /Applications/Xcode-16.3.0.app/Contents/Developer/Toolchains/XcodeDefault.xctoolchain/usr/lib/swift/host/plugins/testing -enable-experimental-feature DebugDescriptionMacro -sdk /Applications/Xcode-16.3.0.app/Contents/Developer/Platforms/iPhoneOS.platform/Developer/SDKs/iPhoneOS18.4.sdk -target arm64-apple-ios13.0 -g -module-cache-path /Users/admin/builder/spi-builder-workspace/.derivedData/ModuleCache.noindex -Xfrontend -serialize-debugging-options -enable-testing -index-store-path /Users/admin/builder/spi-builder-workspace/.derivedData/Index.noindex/DataStore -swift-version 5 -I /Users/admin/builder/spi-builder-workspace/.derivedData/Build/Products/Debug-iphoneos -I /Applications/Xcode-16.3.0.app/Contents/Developer/Platforms/iPhoneOS.platform/Developer/usr/lib -F /Users/admin/builder/spi-builder-workspace/.derivedData/Build/Products/Debug-iphoneos/PackageFrameworks -F /Users/admin/builder/spi-builder-workspace/.derivedData/Build/Products/Debug-iphoneos -F /Applications/Xcode-16.3.0.app/Contents/Developer/Platforms/iPhoneOS.platform/Developer/Library/Frameworks -F /Applications/Xcode-16.3.0.app/Contents/Developer/Platforms/iPhoneOS.platform/Developer/SDKs/iPhoneOS18.4.sdk/Developer/Library/Frameworks -parse-as-library -c -j10 -enable-batch-mode -incremental -Xcc -ivfsstatcache -Xcc /Users/admin/builder/spi-builder-workspace/.derivedData/SDKStatCaches.noindex/iphoneos18.4-22E235-339d34bc69d7fc736c3220795c36f340.sdkstatcache -output-file-map /Users/admin/builder/spi-builder-workspace/.derivedData/Build/Intermediates.noindex/Neumorphic.build/Debug-iphoneos/NeumorphicTests.build/Objects-normal/arm64/NeumorphicTests-OutputFileMap.json -use-frontend-parseable-output -save-temps -no-color-diagnostics -serialize-diagnostics -emit-dependencies -emit-module -emit-module-path /Users/admin/builder/spi-builder-workspace/.derivedData/Build/Intermediates.noindex/Neumorphic.build/Debug-iphoneos/NeumorphicTests.build/Objects-normal/arm64/NeumorphicTests.swiftmodule -validate-clang-modules-once -clang-build-session-file /Users/admin/builder/spi-builder-workspace/.derivedData/ModuleCache.noindex/Session.modulevalidation -emit-const-values -Xfrontend -const-gather-protocols-file -Xfrontend /Users/admin/builder/spi-builder-workspace/.derivedData/Build/Intermediates.noindex/Neumorphic.build/Debug-iphoneos/NeumorphicTests.build/Objects-normal/arm64/NeumorphicTests_const_extract_protocols.json -Xcc -I/Users/admin/builder/spi-builder-workspace/.derivedData/Build/Products/Debug-iphoneos/include -Xcc -I/Users/admin/builder/spi-builder-workspace/.derivedData/Build/Intermediates.noindex/Neumorphic.build/Debug-iphoneos/NeumorphicTests.build/DerivedSources-normal/arm64 -Xcc -I/Users/admin/builder/spi-builder-workspace/.derivedData/Build/Intermediates.noindex/Neumorphic.build/Debug-iphoneos/NeumorphicTests.build/DerivedSources/arm64 -Xcc -I/Users/admin/builder/spi-builder-workspace/.derivedData/Build/Intermediates.noindex/Neumorphic.build/Debug-iphoneos/NeumorphicTests.build/DerivedSources -Xcc -DSWIFT_PACKAGE -Xcc -DDEBUG\=1 -working-directory /Users/admin/builder/spi-builder-workspace/.swiftpm/xcode -experimental-emit-module-separately -disable-cmo
SwiftEmitModule normal arm64 Emitting\ module\ for\ NeumorphicTests (in target 'NeumorphicTests' from project 'Neumorphic')
SwiftCompile normal arm64 /Users/admin/builder/spi-builder-workspace/Tests/NeumorphicTests/NeumorphicTests.swift (in target 'NeumorphicTests' from project 'Neumorphic')
cd /Users/admin/builder/spi-builder-workspace/.swiftpm/xcode
SwiftCompile normal arm64 Compiling\ NeumorphicTests.swift /Users/admin/builder/spi-builder-workspace/Tests/NeumorphicTests/NeumorphicTests.swift (in target 'NeumorphicTests' from project 'Neumorphic')
Failed frontend command:
/Applications/Xcode-16.3.0.app/Contents/Developer/Toolchains/XcodeDefault.xctoolchain/usr/bin/swift-frontend -frontend -c -primary-file /Users/admin/builder/spi-builder-workspace/Tests/NeumorphicTests/NeumorphicTests.swift -emit-dependencies-path /Users/admin/builder/spi-builder-workspace/.derivedData/Build/Intermediates.noindex/Neumorphic.build/Debug-iphoneos/NeumorphicTests.build/Objects-normal/arm64/NeumorphicTests.d -emit-const-values-path /Users/admin/builder/spi-builder-workspace/.derivedData/Build/Intermediates.noindex/Neumorphic.build/Debug-iphoneos/NeumorphicTests.build/Objects-normal/arm64/NeumorphicTests.swiftconstvalues -emit-reference-dependencies-path /Users/admin/builder/spi-builder-workspace/.derivedData/Build/Intermediates.noindex/Neumorphic.build/Debug-iphoneos/NeumorphicTests.build/Objects-normal/arm64/NeumorphicTests.swiftdeps -serialize-diagnostics-path /Users/admin/builder/spi-builder-workspace/.derivedData/Build/Intermediates.noindex/Neumorphic.build/Debug-iphoneos/NeumorphicTests.build/Objects-normal/arm64/NeumorphicTests.dia -target arm64-apple-ios13.0 -Xllvm -aarch64-use-tbi -enable-objc-interop -stack-check -sdk /Applications/Xcode-16.3.0.app/Contents/Developer/Platforms/iPhoneOS.platform/Developer/SDKs/iPhoneOS18.4.sdk -I /Users/admin/builder/spi-builder-workspace/.derivedData/Build/Products/Debug-iphoneos -I /Applications/Xcode-16.3.0.app/Contents/Developer/Platforms/iPhoneOS.platform/Developer/usr/lib -F /Users/admin/builder/spi-builder-workspace/.derivedData/Build/Products/Debug-iphoneos/PackageFrameworks -F /Users/admin/builder/spi-builder-workspace/.derivedData/Build/Products/Debug-iphoneos -F /Applications/Xcode-16.3.0.app/Contents/Developer/Platforms/iPhoneOS.platform/Developer/Library/Frameworks -F /Applications/Xcode-16.3.0.app/Contents/Developer/Platforms/iPhoneOS.platform/Developer/SDKs/iPhoneOS18.4.sdk/Developer/Library/Frameworks -no-color-diagnostics -enable-testing -g -debug-info-format\=dwarf -dwarf-version\=4 -module-cache-path /Users/admin/builder/spi-builder-workspace/.derivedData/ModuleCache.noindex -swift-version 5 -enforce-exclusivity\=checked -stats-output-dir /Users/admin/builder/spi-builder-workspace/.swiftpm/xcode/.stats -Onone -D SWIFT_PACKAGE -D DEBUG -serialize-debugging-options -const-gather-protocols-file /Users/admin/builder/spi-builder-workspace/.derivedData/Build/Intermediates.noindex/Neumorphic.build/Debug-iphoneos/NeumorphicTests.build/Objects-normal/arm64/NeumorphicTests_const_extract_protocols.json -enable-upcoming-feature StrictConcurrency -enable-upcoming-feature DisableOutwardActorInference -enable-upcoming-feature GlobalActorIsolatedTypesUsability -enable-upcoming-feature InferSendableFromCaptures -enable-experimental-feature DebugDescriptionMacro -strict-concurrency\=complete -empty-abi-descriptor -plugin-path /Applications/Xcode-16.3.0.app/Contents/Developer/Toolchains/XcodeDefault.xctoolchain/usr/lib/swift/host/plugins/testing -validate-clang-modules-once -clang-build-session-file /Users/admin/builder/spi-builder-workspace/.derivedData/ModuleCache.noindex/Session.modulevalidation -Xcc -working-directory -Xcc /Users/admin/builder/spi-builder-workspace/.swiftpm/xcode -resource-dir /Applications/Xcode-16.3.0.app/Contents/Developer/Toolchains/XcodeDefault.xctoolchain/usr/lib/swift -enable-anonymous-context-mangled-names -file-compilation-dir /Users/admin/builder/spi-builder-workspace/.swiftpm/xcode -Xcc -ivfsstatcache -Xcc /Users/admin/builder/spi-builder-workspace/.derivedData/SDKStatCaches.noindex/iphoneos18.4-22E235-339d34bc69d7fc736c3220795c36f340.sdkstatcache -Xcc -I/Users/admin/builder/spi-builder-workspace/.derivedData/Build/Products/Debug-iphoneos/include -Xcc -I/Users/admin/builder/spi-builder-workspace/.derivedData/Build/Intermediates.noindex/Neumorphic.build/Debug-iphoneos/NeumorphicTests.build/DerivedSources-normal/arm64 -Xcc -I/Users/admin/builder/spi-builder-workspace/.derivedData/Build/Intermediates.noindex/Neumorphic.build/Debug-iphoneos/NeumorphicTests.build/DerivedSources/arm64 -Xcc -I/Users/admin/builder/spi-builder-workspace/.derivedData/Build/Intermediates.noindex/Neumorphic.build/Debug-iphoneos/NeumorphicTests.build/DerivedSources -Xcc -DSWIFT_PACKAGE -Xcc -DDEBUG\=1 -module-name NeumorphicTests -frontend-parseable-output -disable-clang-spi -target-sdk-version 18.4 -target-sdk-name iphoneos18.4 -external-plugin-path /Applications/Xcode-16.3.0.app/Contents/Developer/Platforms/iPhoneOS.platform/Developer/usr/lib/swift/host/plugins\#/Applications/Xcode-16.3.0.app/Contents/Developer/Platforms/iPhoneOS.platform/Developer/usr/bin/swift-plugin-server -external-plugin-path /Applications/Xcode-16.3.0.app/Contents/Developer/Platforms/iPhoneOS.platform/Developer/usr/local/lib/swift/host/plugins\#/Applications/Xcode-16.3.0.app/Contents/Developer/Platforms/iPhoneOS.platform/Developer/usr/bin/swift-plugin-server -in-process-plugin-server-path /Applications/Xcode-16.3.0.app/Contents/Developer/Toolchains/XcodeDefault.xctoolchain/usr/lib/swift/host/libSwiftInProcPluginServer.dylib -plugin-path /Applications/Xcode-16.3.0.app/Contents/Developer/Toolchains/XcodeDefault.xctoolchain/usr/lib/swift/host/plugins -plugin-path /Applications/Xcode-16.3.0.app/Contents/Developer/Toolchains/XcodeDefault.xctoolchain/usr/local/lib/swift/host/plugins -parse-as-library -o /Users/admin/builder/spi-builder-workspace/.derivedData/Build/Intermediates.noindex/Neumorphic.build/Debug-iphoneos/NeumorphicTests.build/Objects-normal/arm64/NeumorphicTests.o -index-unit-output-path /Neumorphic.build/Debug-iphoneos/NeumorphicTests.build/Objects-normal/arm64/NeumorphicTests.o -index-store-path /Users/admin/builder/spi-builder-workspace/.derivedData/Index.noindex/DataStore -index-system-modules
SwiftCompile normal arm64 /Users/admin/builder/spi-builder-workspace/Tests/NeumorphicTests/NeumorphicTests.swift (in target 'NeumorphicTests' from project 'Neumorphic')
cd /Users/admin/builder/spi-builder-workspace/.swiftpm/xcode
/Users/admin/builder/spi-builder-workspace/Tests/NeumorphicTests/NeumorphicTests.swift:62:14: warning: call to main actor-isolated instance method 'softInnerShadow(_:darkShadow:lightShadow:spread:radius:)' in a synchronous nonisolated context; this is an error in the Swift 6 language mode
.softInnerShadow(RoundedRectangle(cornerRadius: 4), spread: -1, radius: -10)
^
/Users/admin/builder/spi-builder-workspace/Sources/Neumorphic/SoftInnerShadowViewModifier.swift:141:17: note: calls to instance method 'softInnerShadow(_:darkShadow:lightShadow:spread:radius:)' from outside of its actor context are implicitly asynchronous
public func softInnerShadow<S: Shape>(
^
/Users/admin/builder/spi-builder-workspace/Tests/NeumorphicTests/NeumorphicTests.swift:60:10: note: add '@MainActor' to make instance method 'testStyleParametersNormalizeNegativeGeometry()' part of global actor 'MainActor'
func testStyleParametersNormalizeNegativeGeometry() {
^
@MainActor
/Users/admin/builder/spi-builder-workspace/Tests/NeumorphicTests/NeumorphicTests.swift:64:14: warning: call to main actor-isolated instance method 'softOuterShadow(darkShadow:lightShadow:offset:radius:)' in a synchronous nonisolated context; this is an error in the Swift 6 language mode
.softOuterShadow(offset: -4, radius: -2)
^
/Users/admin/builder/spi-builder-workspace/Sources/Neumorphic/SoftOuterShadowViewModifier.swift:54:17: note: calls to instance method 'softOuterShadow(darkShadow:lightShadow:offset:radius:)' from outside of its actor context are implicitly asynchronous
public func softOuterShadow(
^
/Users/admin/builder/spi-builder-workspace/Tests/NeumorphicTests/NeumorphicTests.swift:60:10: note: add '@MainActor' to make instance method 'testStyleParametersNormalizeNegativeGeometry()' part of global actor 'MainActor'
func testStyleParametersNormalizeNegativeGeometry() {
^
@MainActor
/Users/admin/builder/spi-builder-workspace/Tests/NeumorphicTests/NeumorphicTests.swift:66:14: warning: call to main actor-isolated instance method 'fixedSizeSoftButtonStyle(_:mainColor:textColor:darkShadowColor:lightShadowColor:pressedEffect:size:)' in a synchronous nonisolated context; this is an error in the Swift 6 language mode
.fixedSizeSoftButtonStyle(size: CGSize(width: -10, height: -10))
^
/Users/admin/builder/spi-builder-workspace/Sources/Neumorphic/FixedSizeSoftDynamicButtonStyle.swift:111:10: note: calls to instance method 'fixedSizeSoftButtonStyle(_:mainColor:textColor:darkShadowColor:lightShadowColor:pressedEffect:size:)' from outside of its actor context are implicitly asynchronous
func fixedSizeSoftButtonStyle<S: Shape>(
^
/Users/admin/builder/spi-builder-workspace/Tests/NeumorphicTests/NeumorphicTests.swift:60:10: note: add '@MainActor' to make instance method 'testStyleParametersNormalizeNegativeGeometry()' part of global actor 'MainActor'
func testStyleParametersNormalizeNegativeGeometry() {
^
@MainActor
/Users/admin/builder/spi-builder-workspace/Tests/NeumorphicTests/NeumorphicTests.swift:68:26: warning: call to main actor-isolated initializer 'init(tint:offTint:mainColor:darkShadowColor:lightShadowColor:labelsHidden:height:)' in a synchronous nonisolated context; this is an error in the Swift 6 language mode
.toggleStyle(NeumorphicSwitchToggleStyle(height: -5))
^
/Users/admin/builder/spi-builder-workspace/Sources/Neumorphic/SwitchToggleStyle.swift:36:12: note: calls to initializer 'init(tint:offTint:mainColor:darkShadowColor:lightShadowColor:labelsHidden:height:)' from outside of its actor context are implicitly asynchronous
public init(
^
/Users/admin/builder/spi-builder-workspace/Tests/NeumorphicTests/NeumorphicTests.swift:60:10: note: add '@MainActor' to make instance method 'testStyleParametersNormalizeNegativeGeometry()' part of global actor 'MainActor'
func testStyleParametersNormalizeNegativeGeometry() {
^
@MainActor
/Users/admin/builder/spi-builder-workspace/Tests/NeumorphicTests/NeumorphicTests.swift:78:14: warning: call to main actor-isolated instance method 'neumorphicFocusRing(_:isFocused:color:lineWidth:)' in a synchronous nonisolated context; this is an error in the Swift 6 language mode
.neumorphicFocusRing(Capsule(), isFocused: .constant(true))
^
/Users/admin/builder/spi-builder-workspace/Sources/Neumorphic/NeumorphicFocusRing.swift:50:10: note: calls to instance method 'neumorphicFocusRing(_:isFocused:color:lineWidth:)' from outside of its actor context are implicitly asynchronous
func neumorphicFocusRing<S: Shape>(
^
/Users/admin/builder/spi-builder-workspace/Tests/NeumorphicTests/NeumorphicTests.swift:76:10: note: add '@MainActor' to make instance method 'testFocusRingEntryPointCompiles()' part of global actor 'MainActor'
func testFocusRingEntryPointCompiles() {
^
@MainActor
/Users/admin/builder/spi-builder-workspace/Tests/NeumorphicTests/NeumorphicTests.swift:93:10: warning: call to main actor-isolated instance method 'neumorphicTheme' in a synchronous nonisolated context; this is an error in the Swift 6 language mode
.neumorphicTheme(.highContrast)
^
/Users/admin/builder/spi-builder-workspace/Sources/Neumorphic/NeumorphicTheme.swift:228:10: note: calls to instance method 'neumorphicTheme' from outside of its actor context are implicitly asynchronous
func neumorphicTheme(_ theme: NeumorphicTheme) -> some View {
^
/Users/admin/builder/spi-builder-workspace/Tests/NeumorphicTests/NeumorphicTests.swift:83:10: note: add '@MainActor' to make instance method 'testThemeEntryPointsCompile()' part of global actor 'MainActor'
func testThemeEntryPointsCompile() {
^
@MainActor
/Users/admin/builder/spi-builder-workspace/Tests/NeumorphicTests/NeumorphicTests.swift:89:18: warning: call to main actor-isolated instance method 'neumorphicThemedButtonStyle(_:padding:pressedEffect:)' in a synchronous nonisolated context; this is an error in the Swift 6 language mode
.neumorphicThemedButtonStyle(Capsule())
^
/Users/admin/builder/spi-builder-workspace/Sources/Neumorphic/NeumorphicTheme.swift:238:10: note: calls to instance method 'neumorphicThemedButtonStyle(_:padding:pressedEffect:)' from outside of its actor context are implicitly asynchronous
func neumorphicThemedButtonStyle<S: Shape>(
^
/Users/admin/builder/spi-builder-workspace/Tests/NeumorphicTests/NeumorphicTests.swift:91:18: warning: call to main actor-isolated instance method 'neumorphicThemedButtonStyle(_:role:padding:pressedEffect:)' in a synchronous nonisolated context; this is an error in the Swift 6 language mode
.neumorphicThemedButtonStyle(Capsule(), role: .accent)
^
/Users/admin/builder/spi-builder-workspace/Sources/Neumorphic/NeumorphicTheme.swift:258:10: note: calls to instance method 'neumorphicThemedButtonStyle(_:role:padding:pressedEffect:)' from outside of its actor context are implicitly asynchronous
func neumorphicThemedButtonStyle<S: Shape>(
^
/Users/admin/builder/spi-builder-workspace/Tests/NeumorphicTests/NeumorphicTests.swift:98:10: warning: call to main actor-isolated instance method 'neumorphicTheme' in a synchronous nonisolated context; this is an error in the Swift 6 language mode
.neumorphicTheme(.standard)
^
/Users/admin/builder/spi-builder-workspace/Sources/Neumorphic/NeumorphicTheme.swift:228:10: note: calls to instance method 'neumorphicTheme' from outside of its actor context are implicitly asynchronous
func neumorphicTheme(_ theme: NeumorphicTheme) -> some View {
^
/Users/admin/builder/spi-builder-workspace/Tests/NeumorphicTests/NeumorphicTests.swift:83:10: note: add '@MainActor' to make instance method 'testThemeEntryPointsCompile()' part of global actor 'MainActor'
func testThemeEntryPointsCompile() {
^
@MainActor
/Users/admin/builder/spi-builder-workspace/Tests/NeumorphicTests/NeumorphicTests.swift:96:18: warning: call to main actor-isolated instance method 'neumorphicThemedToggleStyle(_:padding:pressedEffect:)' in a synchronous nonisolated context; this is an error in the Swift 6 language mode
.neumorphicThemedToggleStyle(Capsule())
^
/Users/admin/builder/spi-builder-workspace/Sources/Neumorphic/NeumorphicTheme.swift:280:10: note: calls to instance method 'neumorphicThemedToggleStyle(_:padding:pressedEffect:)' from outside of its actor context are implicitly asynchronous
func neumorphicThemedToggleStyle<S: Shape>(
^
/Users/admin/builder/spi-builder-workspace/Tests/NeumorphicTests/NeumorphicTests.swift:100:14: warning: call to main actor-isolated instance method 'neumorphicThemedSwitchStyle(tint:labelsHidden:height:)' in a synchronous nonisolated context; this is an error in the Swift 6 language mode
.neumorphicThemedSwitchStyle(labelsHidden: true)
^
/Users/admin/builder/spi-builder-workspace/Sources/Neumorphic/NeumorphicTheme.swift:294:10: note: calls to instance method 'neumorphicThemedSwitchStyle(tint:labelsHidden:height:)' from outside of its actor context are implicitly asynchronous
func neumorphicThemedSwitchStyle(
^
/Users/admin/builder/spi-builder-workspace/Tests/NeumorphicTests/NeumorphicTests.swift:83:10: note: add '@MainActor' to make instance method 'testThemeEntryPointsCompile()' part of global actor 'MainActor'
func testThemeEntryPointsCompile() {
^
@MainActor
/Users/admin/builder/spi-builder-workspace/Tests/NeumorphicTests/NeumorphicTests.swift:191:14: warning: call to main actor-isolated instance method 'neumorphicHover(_:isHovered:color:lineWidth:)' in a synchronous nonisolated context; this is an error in the Swift 6 language mode
.neumorphicHover(Capsule(), isHovered: .constant(false))
^
/Users/admin/builder/spi-builder-workspace/Sources/Neumorphic/NeumorphicHoverEffect.swift:55:10: note: calls to instance method 'neumorphicHover(_:isHovered:color:lineWidth:)' from outside of its actor context are implicitly asynchronous
func neumorphicHover<S: Shape>(
^
/Users/admin/builder/spi-builder-workspace/Tests/NeumorphicTests/NeumorphicTests.swift:189:10: note: add '@MainActor' to make instance method 'testHoverEntryPointCompiles()' part of global actor 'MainActor'
func testHoverEntryPointCompiles() {
^
@MainActor
/Users/admin/builder/spi-builder-workspace/Tests/NeumorphicTests/NeumorphicTests.swift:204:14: warning: call to main actor-isolated instance method 'softInnerShadow(_:preset:)' in a synchronous nonisolated context; this is an error in the Swift 6 language mode
.softInnerShadow(Capsule(), preset: .subtle)
^
/Users/admin/builder/spi-builder-workspace/Sources/Neumorphic/SoftInnerShadowViewModifier.swift:153:17: note: calls to instance method 'softInnerShadow(_:preset:)' from outside of its actor context are implicitly asynchronous
public func softInnerShadow<S: Shape>(_ content: S, preset: NeumorphicShadowPreset) -> some View {
^
/Users/admin/builder/spi-builder-workspace/Tests/NeumorphicTests/NeumorphicTests.swift:196:10: note: add '@MainActor' to make instance method 'testShadowPresetsNormalizeParameters()' part of global actor 'MainActor'
func testShadowPresetsNormalizeParameters() {
^
@MainActor
/Users/admin/builder/spi-builder-workspace/Tests/NeumorphicTests/NeumorphicTests.swift:203:14: warning: call to main actor-isolated instance method 'softOuterShadow' in a synchronous nonisolated context; this is an error in the Swift 6 language mode
.softOuterShadow(.subtle)
^
/Users/admin/builder/spi-builder-workspace/Sources/Neumorphic/SoftOuterShadowViewModifier.swift:64:17: note: calls to instance method 'softOuterShadow' from outside of its actor context are implicitly asynchronous
public func softOuterShadow(_ preset: NeumorphicShadowPreset) -> some View {
^
/Users/admin/builder/spi-builder-workspace/Tests/NeumorphicTests/NeumorphicTests.swift:196:10: note: add '@MainActor' to make instance method 'testShadowPresetsNormalizeParameters()' part of global actor 'MainActor'
func testShadowPresetsNormalizeParameters() {
^
@MainActor
/Users/admin/builder/spi-builder-workspace/Tests/NeumorphicTests/NeumorphicTests.swift:209:22: warning: call to main actor-isolated initializer 'init(value:in:step:tint:accessibilityLabel:onEditingChanged:)' in a synchronous nonisolated context; this is an error in the Swift 6 language mode
let slider = NeumorphicSlider(value: .constant(0.5), in: 0...1, step: 0.1, accessibilityLabel: "Volume")
^
/Users/admin/builder/spi-builder-workspace/Sources/Neumorphic/NeumorphicSlider.swift:50:12: note: calls to initializer 'init(value:in:step:tint:accessibilityLabel:onEditingChanged:)' from outside of its actor context are implicitly asynchronous
public init(
^
/Users/admin/builder/spi-builder-workspace/Tests/NeumorphicTests/NeumorphicTests.swift:208:10: note: add '@MainActor' to make instance method 'testCommonControlEntryPointsCompile()' part of global actor 'MainActor'
func testCommonControlEntryPointsCompile() {
^
@MainActor
/Users/admin/builder/spi-builder-workspace/Tests/NeumorphicTests/NeumorphicTests.swift:210:21: warning: call to main actor-isolated initializer 'init(_:text:secure:)' in a synchronous nonisolated context; this is an error in the Swift 6 language mode
let field = NeumorphicTextField("Name", text: .constant(""))
^
/Users/admin/builder/spi-builder-workspace/Sources/Neumorphic/NeumorphicTextField.swift:16:12: note: calls to initializer 'init(_:text:secure:)' from outside of its actor context are implicitly asynchronous
public init(_ title: String, text: Binding<String>, secure: Bool = false) {
^
/Users/admin/builder/spi-builder-workspace/Tests/NeumorphicTests/NeumorphicTests.swift:208:10: note: add '@MainActor' to make instance method 'testCommonControlEntryPointsCompile()' part of global actor 'MainActor'
func testCommonControlEntryPointsCompile() {
^
@MainActor
/Users/admin/builder/spi-builder-workspace/Tests/NeumorphicTests/NeumorphicTests.swift:211:24: warning: call to main actor-isolated initializer 'init(value:total:tint:height:accessibilityLabel:)' in a synchronous nonisolated context; this is an error in the Swift 6 language mode
let progress = NeumorphicProgressView(value: 0.5, total: 1, accessibilityLabel: "Upload progress")
^
/Users/admin/builder/spi-builder-workspace/Sources/Neumorphic/NeumorphicProgressView.swift:39:12: note: calls to initializer 'init(value:total:tint:height:accessibilityLabel:)' from outside of its actor context are implicitly asynchronous
public init(
^
/Users/admin/builder/spi-builder-workspace/Tests/NeumorphicTests/NeumorphicTests.swift:208:10: note: add '@MainActor' to make instance method 'testCommonControlEntryPointsCompile()' part of global actor 'MainActor'
func testCommonControlEntryPointsCompile() {
^
@MainActor
/Users/admin/builder/spi-builder-workspace/Tests/NeumorphicTests/NeumorphicTests.swift:212:22: warning: call to main actor-isolated initializer 'init(selection:options:label:)' in a synchronous nonisolated context; this is an error in the Swift 6 language mode
let picker = NeumorphicPicker(selection: .constant("One"), options: ["One", "Two"])
^
/Users/admin/builder/spi-builder-workspace/Sources/Neumorphic/NeumorphicPicker.swift:16:12: note: calls to initializer 'init(selection:options:label:)' from outside of its actor context are implicitly asynchronous
public init(
^
/Users/admin/builder/spi-builder-workspace/Tests/NeumorphicTests/NeumorphicTests.swift:208:10: note: add '@MainActor' to make instance method 'testCommonControlEntryPointsCompile()' part of global actor 'MainActor'
func testCommonControlEntryPointsCompile() {
^
@MainActor
/Users/admin/builder/spi-builder-workspace/Tests/NeumorphicTests/NeumorphicTests.swift:221:23: warning: call to main actor-isolated initializer 'init(_:value:in:)' in a synchronous nonisolated context; this is an error in the Swift 6 language mode
let stepper = NeumorphicStepper(value: .constant(2), in: 0...5)
^
/Users/admin/builder/spi-builder-workspace/Sources/Neumorphic/NeumorphicStepper.swift:16:12: note: calls to initializer 'init(_:value:in:)' from outside of its actor context are implicitly asynchronous
public init(_ label: String = "Value", value: Binding<Int>, in bounds: ClosedRange<Int> = 0...100) {
^
/Users/admin/builder/spi-builder-workspace/Tests/NeumorphicTests/NeumorphicTests.swift:220:10: note: add '@MainActor' to make instance method 'testRemainingControlEntryPointsCompile()' part of global actor 'MainActor'
func testRemainingControlEntryPointsCompile() {
^
@MainActor
/Users/admin/builder/spi-builder-workspace/Tests/NeumorphicTests/NeumorphicTests.swift:222:24: warning: call to main actor-isolated initializer 'init(_:isOn:)' in a synchronous nonisolated context; this is an error in the Swift 6 language mode
let checkbox = NeumorphicCheckbox("Remember", isOn: .constant(true))
^
/Users/admin/builder/spi-builder-workspace/Sources/Neumorphic/NeumorphicSelectionControls.swift:14:12: note: calls to initializer 'init(_:isOn:)' from outside of its actor context are implicitly asynchronous
public init(_ label: String, isOn: Binding<Bool>) {
^
/Users/admin/builder/spi-builder-workspace/Tests/NeumorphicTests/NeumorphicTests.swift:220:10: note: add '@MainActor' to make instance method 'testRemainingControlEntryPointsCompile()' part of global actor 'MainActor'
func testRemainingControlEntryPointsCompile() {
^
@MainActor
/Users/admin/builder/spi-builder-workspace/Tests/NeumorphicTests/NeumorphicTests.swift:223:21: warning: call to main actor-isolated initializer 'init(_:value:selection:)' in a synchronous nonisolated context; this is an error in the Swift 6 language mode
let radio = NeumorphicRadio("Light", value: "light", selection: .constant("light"))
^
/Users/admin/builder/spi-builder-workspace/Sources/Neumorphic/NeumorphicSelectionControls.swift:56:12: note: calls to initializer 'init(_:value:selection:)' from outside of its actor context are implicitly asynchronous
public init(_ label: String, value: Value, selection: Binding<Value>) {
^
/Users/admin/builder/spi-builder-workspace/Tests/NeumorphicTests/NeumorphicTests.swift:220:10: note: add '@MainActor' to make instance method 'testRemainingControlEntryPointsCompile()' part of global actor 'MainActor'
func testRemainingControlEntryPointsCompile() {
^
@MainActor
/Users/admin/builder/spi-builder-workspace/Tests/NeumorphicTests/NeumorphicTests.swift:224:33: warning: call to main actor-isolated instance method 'neumorphicCard(_:padding:preset:)' in a synchronous nonisolated context; this is an error in the Swift 6 language mode
let card = Text("Card").neumorphicCard()
^
/Users/admin/builder/spi-builder-workspace/Sources/Neumorphic/NeumorphicCard.swift:11:10: note: calls to instance method 'neumorphicCard(_:padding:preset:)' from outside of its actor context are implicitly asynchronous
func neumorphicCard<S: Shape>(
^
/Users/admin/builder/spi-builder-workspace/Tests/NeumorphicTests/NeumorphicTests.swift:220:10: note: add '@MainActor' to make instance method 'testRemainingControlEntryPointsCompile()' part of global actor 'MainActor'
func testRemainingControlEntryPointsCompile() {
^
@MainActor
/Users/admin/builder/spi-builder-workspace/Tests/NeumorphicTests/NeumorphicTests.swift:234:20: error: 'NeumorphicMenu' is only available in iOS 14.0 or newer
let menu = NeumorphicMenu("Mode", selection: .constant("Light"), options: ["Light", "Dark"])
^
/Users/admin/builder/spi-builder-workspace/Tests/NeumorphicTests/NeumorphicTests.swift:234:20: note: add 'if #available' version check
let menu = NeumorphicMenu("Mode", selection: .constant("Light"), options: ["Light", "Dark"])
^
/Users/admin/builder/spi-builder-workspace/Tests/NeumorphicTests/NeumorphicTests.swift:232:10: note: add @available attribute to enclosing instance method
func testNextCommonControlEntryPointsCompile() {
^
/Users/admin/builder/spi-builder-workspace/Tests/NeumorphicTests/NeumorphicTests.swift:6:13: note: add @available attribute to enclosing class
final class NeumorphicTests: XCTestCase {
^
/Users/admin/builder/spi-builder-workspace/Tests/NeumorphicTests/NeumorphicTests.swift:236:20: error: 'NeumorphicLink' is only available in iOS 14.0 or newer
let link = NeumorphicLink("Website", destination: URL(string: "https://example.com")!)
^
/Users/admin/builder/spi-builder-workspace/Tests/NeumorphicTests/NeumorphicTests.swift:236:20: note: add 'if #available' version check
let link = NeumorphicLink("Website", destination: URL(string: "https://example.com")!)
^
/Users/admin/builder/spi-builder-workspace/Tests/NeumorphicTests/NeumorphicTests.swift:232:10: note: add @available attribute to enclosing instance method
func testNextCommonControlEntryPointsCompile() {
^
/Users/admin/builder/spi-builder-workspace/Tests/NeumorphicTests/NeumorphicTests.swift:6:13: note: add @available attribute to enclosing class
final class NeumorphicTests: XCTestCase {
^
/Users/admin/builder/spi-builder-workspace/Tests/NeumorphicTests/NeumorphicTests.swift:236:20: error: 'init(_:destination:)' is only available in iOS 14.0 or newer
let link = NeumorphicLink("Website", destination: URL(string: "https://example.com")!)
^
/Users/admin/builder/spi-builder-workspace/Tests/NeumorphicTests/NeumorphicTests.swift:236:20: note: add 'if #available' version check
let link = NeumorphicLink("Website", destination: URL(string: "https://example.com")!)
^
/Users/admin/builder/spi-builder-workspace/Tests/NeumorphicTests/NeumorphicTests.swift:232:10: note: add @available attribute to enclosing instance method
func testNextCommonControlEntryPointsCompile() {
^
/Users/admin/builder/spi-builder-workspace/Tests/NeumorphicTests/NeumorphicTests.swift:6:13: note: add @available attribute to enclosing class
final class NeumorphicTests: XCTestCase {
^
/Users/admin/builder/spi-builder-workspace/Tests/NeumorphicTests/NeumorphicTests.swift:233:26: warning: call to main actor-isolated initializer 'init(_:selection:in:displayedComponents:)' in a synchronous nonisolated context; this is an error in the Swift 6 language mode
let datePicker = NeumorphicDatePicker("Start", selection: .constant(Date()))
^
/Users/admin/builder/spi-builder-workspace/Sources/Neumorphic/NeumorphicDatePicker.swift:18:12: note: calls to initializer 'init(_:selection:in:displayedComponents:)' from outside of its actor context are implicitly asynchronous
public init(
^
/Users/admin/builder/spi-builder-workspace/Tests/NeumorphicTests/NeumorphicTests.swift:232:10: note: add '@MainActor' to make instance method 'testNextCommonControlEntryPointsCompile()' part of global actor 'MainActor'
func testNextCommonControlEntryPointsCompile() {
^
@MainActor
/Users/admin/builder/spi-builder-workspace/Tests/NeumorphicTests/NeumorphicTests.swift:234:20: warning: call to main actor-isolated initializer 'init(_:selection:options:label:)' in a synchronous nonisolated context; this is an error in the Swift 6 language mode
let menu = NeumorphicMenu("Mode", selection: .constant("Light"), options: ["Light", "Dark"])
^
/Users/admin/builder/spi-builder-workspace/Sources/Neumorphic/NeumorphicMenu.swift:19:12: note: calls to initializer 'init(_:selection:options:label:)' from outside of its actor context are implicitly asynchronous
public init(
^
/Users/admin/builder/spi-builder-workspace/Tests/NeumorphicTests/NeumorphicTests.swift:232:10: note: add '@MainActor' to make instance method 'testNextCommonControlEntryPointsCompile()' part of global actor 'MainActor'
func testNextCommonControlEntryPointsCompile() {
^
@MainActor
/Users/admin/builder/spi-builder-workspace/Tests/NeumorphicTests/NeumorphicTests.swift:235:26: warning: call to main actor-isolated initializer 'init(_:isExpanded:content:)' in a synchronous nonisolated context; this is an error in the Swift 6 language mode
let disclosure = NeumorphicDisclosureGroup("Details", isExpanded: .constant(true)) { Text("Content") }
^
/Users/admin/builder/spi-builder-workspace/Sources/Neumorphic/NeumorphicDisclosureGroup.swift:16:12: note: calls to initializer 'init(_:isExpanded:content:)' from outside of its actor context are implicitly asynchronous
public init(_ title: String, isExpanded: Binding<Bool>, @ViewBuilder content: () -> Content) {
^
/Users/admin/builder/spi-builder-workspace/Tests/NeumorphicTests/NeumorphicTests.swift:232:10: note: add '@MainActor' to make instance method 'testNextCommonControlEntryPointsCompile()' part of global actor 'MainActor'
func testNextCommonControlEntryPointsCompile() {
^
@MainActor
/Users/admin/builder/spi-builder-workspace/Tests/NeumorphicTests/NeumorphicTests.swift:236:20: warning: call to main actor-isolated initializer 'init(_:destination:)' in a synchronous nonisolated context; this is an error in the Swift 6 language mode
let link = NeumorphicLink("Website", destination: URL(string: "https://example.com")!)
^
/Users/admin/builder/spi-builder-workspace/Sources/Neumorphic/NeumorphicLink.swift:41:5: note: calls to initializer 'init(_:destination:)' from outside of its actor context are implicitly asynchronous
init(_ title: String, destination: URL) {
^
/Users/admin/builder/spi-builder-workspace/Tests/NeumorphicTests/NeumorphicTests.swift:232:10: note: add '@MainActor' to make instance method 'testNextCommonControlEntryPointsCompile()' part of global actor 'MainActor'
func testNextCommonControlEntryPointsCompile() {
^
@MainActor
/Users/admin/builder/spi-builder-workspace/Tests/NeumorphicTests/NeumorphicTests.swift:237:24: warning: call to main actor-isolated initializer 'init(value:total:tint:diameter:)' in a synchronous nonisolated context; this is an error in the Swift 6 language mode
let circular = NeumorphicCircularProgressView(value: 0.5)
^
/Users/admin/builder/spi-builder-workspace/Sources/Neumorphic/NeumorphicCircularProgressView.swift:19:12: note: calls to initializer 'init(value:total:tint:diameter:)' from outside of its actor context are implicitly asynchronous
public init(
^
/Users/admin/builder/spi-builder-workspace/Tests/NeumorphicTests/NeumorphicTests.swift:232:10: note: add '@MainActor' to make instance method 'testNextCommonControlEntryPointsCompile()' part of global actor 'MainActor'
func testNextCommonControlEntryPointsCompile() {
^
@MainActor
ExtractAppIntentsMetadata (in target 'Neumorphic' from project 'Neumorphic')
cd /Users/admin/builder/spi-builder-workspace
/Applications/Xcode-16.3.0.app/Contents/Developer/Toolchains/XcodeDefault.xctoolchain/usr/bin/appintentsmetadataprocessor --toolchain-dir /Applications/Xcode-16.3.0.app/Contents/Developer/Toolchains/XcodeDefault.xctoolchain --module-name Neumorphic --sdk-root /Applications/Xcode-16.3.0.app/Contents/Developer/Platforms/iPhoneOS.platform/Developer/SDKs/iPhoneOS18.4.sdk --xcode-version 16E140 --platform-family iOS --deployment-target 13.0 --bundle-identifier spi-builder-workspace.Neumorphic --output /Users/admin/builder/spi-builder-workspace/.derivedData/Build/Products/Debug-iphoneos/Neumorphic.appintents --target-triple arm64-apple-ios13.0 --binary-file /Users/admin/builder/spi-builder-workspace/.derivedData/Build/Products/Debug-iphoneos/Neumorphic.o --dependency-file /Users/admin/builder/spi-builder-workspace/.derivedData/Build/Intermediates.noindex/Neumorphic.build/Debug-iphoneos/Neumorphic.build/Objects-normal/arm64/Neumorphic_dependency_info.dat --stringsdata-file /Users/admin/builder/spi-builder-workspace/.derivedData/Build/Intermediates.noindex/Neumorphic.build/Debug-iphoneos/Neumorphic.build/Objects-normal/arm64/ExtractedAppShortcutsMetadata.stringsdata --source-file-list /Users/admin/builder/spi-builder-workspace/.derivedData/Build/Intermediates.noindex/Neumorphic.build/Debug-iphoneos/Neumorphic.build/Objects-normal/arm64/Neumorphic.SwiftFileList --metadata-file-list /Users/admin/builder/spi-builder-workspace/.derivedData/Build/Intermediates.noindex/Neumorphic.build/Debug-iphoneos/Neumorphic.build/Neumorphic.DependencyMetadataFileList --static-metadata-file-list /Users/admin/builder/spi-builder-workspace/.derivedData/Build/Intermediates.noindex/Neumorphic.build/Debug-iphoneos/Neumorphic.build/Neumorphic.DependencyStaticMetadataFileList --swift-const-vals-list /Users/admin/builder/spi-builder-workspace/.derivedData/Build/Intermediates.noindex/Neumorphic.build/Debug-iphoneos/Neumorphic.build/Objects-normal/arm64/Neumorphic.SwiftConstValuesFileList --force --compile-time-extraction --deployment-aware-processing --validate-assistant-intents --no-app-shortcuts-localization
2026-09-04 17:28:29.776 appintentsmetadataprocessor[730:4241] Starting appintentsmetadataprocessor export
2026-09-04 17:28:29.817 appintentsmetadataprocessor[730:4241] Extracted no relevant App Intents symbols, skipping writing output
RegisterExecutionPolicyException /Users/admin/builder/spi-builder-workspace/.derivedData/Build/Products/Debug-iphoneos/Neumorphic.o (in target 'Neumorphic' from project 'Neumorphic')
cd /Users/admin/builder/spi-builder-workspace
builtin-RegisterExecutionPolicyException /Users/admin/builder/spi-builder-workspace/.derivedData/Build/Products/Debug-iphoneos/Neumorphic.o
ProcessInfoPlistFile /Users/admin/builder/spi-builder-workspace/.derivedData/Build/Products/Debug-iphoneos/NeumorphicTests.xctest/Info.plist /Users/admin/builder/spi-builder-workspace/.derivedData/Build/Intermediates.noindex/Neumorphic.build/Debug-iphoneos/NeumorphicTests.build/empty-NeumorphicTests.plist (in target 'NeumorphicTests' from project 'Neumorphic')
cd /Users/admin/builder/spi-builder-workspace
builtin-infoPlistUtility /Users/admin/builder/spi-builder-workspace/.derivedData/Build/Intermediates.noindex/Neumorphic.build/Debug-iphoneos/NeumorphicTests.build/empty-NeumorphicTests.plist -producttype com.apple.product-type.bundle.unit-test -expandbuildsettings -format binary -platform iphoneos -requiredArchitecture arm64 -o /Users/admin/builder/spi-builder-workspace/.derivedData/Build/Products/Debug-iphoneos/NeumorphicTests.xctest/Info.plist
** BUILD FAILED **
The following build commands failed:
SwiftCompile normal arm64 Compiling\ NeumorphicTests.swift /Users/admin/builder/spi-builder-workspace/Tests/NeumorphicTests/NeumorphicTests.swift (in target 'NeumorphicTests' from project 'Neumorphic')
SwiftCompile normal arm64 /Users/admin/builder/spi-builder-workspace/Tests/NeumorphicTests/NeumorphicTests.swift (in target 'NeumorphicTests' from project 'Neumorphic')
Building workspace spi-builder-workspace with scheme Neumorphic
(3 failures)
Command line invocation:
/Applications/Xcode-16.3.0.app/Contents/Developer/usr/bin/xcodebuild -IDEClonedSourcePackagesDirPathOverride=/Users/admin/builder/spi-builder-workspace/.dependencies -resolvePackageDependencies
Resolve Package Graph
Resolved source packages:
Neumorphic: /Users/admin/builder/spi-builder-workspace
resolved source packages: Neumorphic
{
"dependencies" : [
],
"manifest_display_name" : "Neumorphic",
"name" : "Neumorphic",
"path" : "/Users/admin/builder/spi-builder-workspace",
"platforms" : [
{
"name" : "ios",
"version" : "13.0"
},
{
"name" : "macos",
"version" : "10.15"
}
],
"products" : [
{
"name" : "Neumorphic",
"targets" : [
"Neumorphic"
],
"type" : {
"library" : [
"automatic"
]
}
}
],
"targets" : [
{
"c99name" : "NeumorphicTests",
"module_type" : "SwiftTarget",
"name" : "NeumorphicTests",
"path" : "Tests/NeumorphicTests",
"sources" : [
"NeumorphicTests.swift"
],
"target_dependencies" : [
"Neumorphic"
],
"type" : "test"
},
{
"c99name" : "Neumorphic",
"module_type" : "SwiftTarget",
"name" : "Neumorphic",
"path" : "Sources/Neumorphic",
"product_memberships" : [
"Neumorphic"
],
"sources" : [
"ColorExtension.swift",
"FixedSizeSoftDynamicButtonStyle.swift",
"NeumorphicAccessibility.swift",
"NeumorphicCard.swift",
"NeumorphicCircularProgressView.swift",
"NeumorphicDatePicker.swift",
"NeumorphicDisclosureGroup.swift",
"NeumorphicFocusRing.swift",
"NeumorphicHoverEffect.swift",
"NeumorphicKit.swift",
"NeumorphicLink.swift",
"NeumorphicMenu.swift",
"NeumorphicPicker.swift",
"NeumorphicProgressView.swift",
"NeumorphicSelectionControls.swift",
"NeumorphicSlider.swift",
"NeumorphicStepper.swift",
"NeumorphicTextField.swift",
"NeumorphicTheme.swift",
"SoftButtonStyle.swift",
"SoftDynamicToggleStyle.swift",
"SoftInnerShadowViewModifier.swift",
"SoftOuterShadowViewModifier.swift",
"SwitchToggleStyle.swift",
"View+InverseMask.swift"
],
"type" : "library"
}
],
"tools_version" : "5.7"
}
{
"workspace" : {
"name" : "spi-builder-workspace",
"schemes" : [
"Neumorphic"
]
}
}
Running build ...
env DEVELOPER_DIR=/Applications/Xcode-16.3.0.app xcrun xcodebuild -IDEClonedSourcePackagesDirPathOverride=$PWD/.dependencies -skipMacroValidation -skipPackagePluginValidation -derivedDataPath $PWD/.derivedData build -scheme Neumorphic -destination generic/platform=iOS
Command line invocation:
/Applications/Xcode-16.3.0.app/Contents/Developer/usr/bin/xcodebuild -IDEClonedSourcePackagesDirPathOverride=/Users/admin/builder/spi-builder-workspace/.dependencies -skipMacroValidation -skipPackagePluginValidation -derivedDataPath /Users/admin/builder/spi-builder-workspace/.derivedData build -scheme Neumorphic -destination generic/platform=iOS
Resolve Package Graph
Resolved source packages:
Neumorphic: /Users/admin/builder/spi-builder-workspace
ComputePackagePrebuildTargetDependencyGraph
Prepare packages
CreateBuildRequest
SendProjectDescription
CreateBuildOperation
ComputeTargetDependencyGraph
note: Building targets in dependency order
note: Target dependency graph (3 targets)
Target 'NeumorphicTests' in project 'Neumorphic'
➜ Explicit dependency on target 'Neumorphic' in project 'Neumorphic'
Target 'Neumorphic' in project 'Neumorphic'
➜ Explicit dependency on target 'Neumorphic' in project 'Neumorphic'
Target 'Neumorphic' in project 'Neumorphic' (no dependencies)
GatherProvisioningInputs
CreateBuildDescription
ExecuteExternalTool /Applications/Xcode-16.3.0.app/Contents/Developer/Toolchains/XcodeDefault.xctoolchain/usr/bin/swiftc --version
ExecuteExternalTool /Applications/Xcode-16.3.0.app/Contents/Developer/Toolchains/XcodeDefault.xctoolchain/usr/bin/clang -v -E -dM -isysroot /Applications/Xcode-16.3.0.app/Contents/Developer/Platforms/iPhoneOS.platform/Developer/SDKs/iPhoneOS18.4.sdk -x c -c /dev/null
ExecuteExternalTool /Applications/Xcode-16.3.0.app/Contents/Developer/Toolchains/XcodeDefault.xctoolchain/usr/bin/ld -version_details
ReadFileContents /Applications/Xcode-16.3.0.app/Contents/Developer/Toolchains/XcodeDefault.xctoolchain/usr/share/docc/features.json
Build description signature: eb0de70a83333a1c90eae256dcaac05f
Build description path: /Users/admin/builder/spi-builder-workspace/.derivedData/Build/Intermediates.noindex/XCBuildData/eb0de70a83333a1c90eae256dcaac05f.xcbuilddata
ClangStatCache /Applications/Xcode-16.3.0.app/Contents/Developer/Toolchains/XcodeDefault.xctoolchain/usr/bin/clang-stat-cache /Applications/Xcode-16.3.0.app/Contents/Developer/Platforms/iPhoneOS.platform/Developer/SDKs/iPhoneOS18.4.sdk /Users/admin/builder/spi-builder-workspace/.derivedData/SDKStatCaches.noindex/iphoneos18.4-22E235-339d34bc69d7fc736c3220795c36f340.sdkstatcache
cd /Users/admin/builder/spi-builder-workspace/.swiftpm/xcode
/Applications/Xcode-16.3.0.app/Contents/Developer/Toolchains/XcodeDefault.xctoolchain/usr/bin/clang-stat-cache /Applications/Xcode-16.3.0.app/Contents/Developer/Platforms/iPhoneOS.platform/Developer/SDKs/iPhoneOS18.4.sdk -o /Users/admin/builder/spi-builder-workspace/.derivedData/SDKStatCaches.noindex/iphoneos18.4-22E235-339d34bc69d7fc736c3220795c36f340.sdkstatcache
SwiftDriver Neumorphic normal arm64 com.apple.xcode.tools.swift.compiler (in target 'Neumorphic' from project 'Neumorphic')
cd /Users/admin/builder/spi-builder-workspace/.swiftpm/xcode
builtin-SwiftDriver -- /Applications/Xcode-16.3.0.app/Contents/Developer/Toolchains/XcodeDefault.xctoolchain/usr/bin/swiftc -module-name Neumorphic -Onone -enforce-exclusivity\=checked @/Users/admin/builder/spi-builder-workspace/.derivedData/Build/Intermediates.noindex/Neumorphic.build/Debug-iphoneos/Neumorphic.build/Objects-normal/arm64/Neumorphic.SwiftFileList -DSWIFT_PACKAGE -DDEBUG -DXcode -plugin-path /Applications/Xcode-16.3.0.app/Contents/Developer/Toolchains/XcodeDefault.xctoolchain/usr/lib/swift/host/plugins/testing -enable-experimental-feature DebugDescriptionMacro -sdk /Applications/Xcode-16.3.0.app/Contents/Developer/Platforms/iPhoneOS.platform/Developer/SDKs/iPhoneOS18.4.sdk -target arm64-apple-ios13.0 -g -module-cache-path /Users/admin/builder/spi-builder-workspace/.derivedData/ModuleCache.noindex -Xfrontend -serialize-debugging-options -enable-testing -index-store-path /Users/admin/builder/spi-builder-workspace/.derivedData/Index.noindex/DataStore -swift-version 5 -I /Users/admin/builder/spi-builder-workspace/.derivedData/Build/Products/Debug-iphoneos -I /Applications/Xcode-16.3.0.app/Contents/Developer/Platforms/iPhoneOS.platform/Developer/usr/lib -F /Users/admin/builder/spi-builder-workspace/.derivedData/Build/Products/Debug-iphoneos -F /Applications/Xcode-16.3.0.app/Contents/Developer/Platforms/iPhoneOS.platform/Developer/Library/Frameworks -F /Applications/Xcode-16.3.0.app/Contents/Developer/Platforms/iPhoneOS.platform/Developer/SDKs/iPhoneOS18.4.sdk/Developer/Library/Frameworks -c -j10 -enable-batch-mode -incremental -Xcc -ivfsstatcache -Xcc /Users/admin/builder/spi-builder-workspace/.derivedData/SDKStatCaches.noindex/iphoneos18.4-22E235-339d34bc69d7fc736c3220795c36f340.sdkstatcache -output-file-map /Users/admin/builder/spi-builder-workspace/.derivedData/Build/Intermediates.noindex/Neumorphic.build/Debug-iphoneos/Neumorphic.build/Objects-normal/arm64/Neumorphic-OutputFileMap.json -use-frontend-parseable-output -save-temps -no-color-diagnostics -serialize-diagnostics -emit-dependencies -emit-module -emit-module-path /Users/admin/builder/spi-builder-workspace/.derivedData/Build/Intermediates.noindex/Neumorphic.build/Debug-iphoneos/Neumorphic.build/Objects-normal/arm64/Neumorphic.swiftmodule -validate-clang-modules-once -clang-build-session-file /Users/admin/builder/spi-builder-workspace/.derivedData/ModuleCache.noindex/Session.modulevalidation -Xcc -I/Users/admin/builder/spi-builder-workspace/.derivedData/Build/Intermediates.noindex/Neumorphic.build/Debug-iphoneos/Neumorphic.build/swift-overrides.hmap -emit-const-values -Xfrontend -const-gather-protocols-file -Xfrontend /Users/admin/builder/spi-builder-workspace/.derivedData/Build/Intermediates.noindex/Neumorphic.build/Debug-iphoneos/Neumorphic.build/Objects-normal/arm64/Neumorphic_const_extract_protocols.json -Xcc -I/Users/admin/builder/spi-builder-workspace/.derivedData/Build/Products/Debug-iphoneos/include -Xcc -I/Users/admin/builder/spi-builder-workspace/.derivedData/Build/Intermediates.noindex/Neumorphic.build/Debug-iphoneos/Neumorphic.build/DerivedSources-normal/arm64 -Xcc -I/Users/admin/builder/spi-builder-workspace/.derivedData/Build/Intermediates.noindex/Neumorphic.build/Debug-iphoneos/Neumorphic.build/DerivedSources/arm64 -Xcc -I/Users/admin/builder/spi-builder-workspace/.derivedData/Build/Intermediates.noindex/Neumorphic.build/Debug-iphoneos/Neumorphic.build/DerivedSources -Xcc -DSWIFT_PACKAGE -Xcc -DDEBUG\=1 -emit-objc-header -emit-objc-header-path /Users/admin/builder/spi-builder-workspace/.derivedData/Build/Intermediates.noindex/Neumorphic.build/Debug-iphoneos/Neumorphic.build/Objects-normal/arm64/Neumorphic-Swift.h -working-directory /Users/admin/builder/spi-builder-workspace/.swiftpm/xcode -experimental-emit-module-separately -disable-cmo
SwiftCompile normal arm64 Compiling\ NeumorphicPicker.swift,\ NeumorphicProgressView.swift,\ NeumorphicSelectionControls.swift /Users/admin/builder/spi-builder-workspace/Sources/Neumorphic/NeumorphicPicker.swift /Users/admin/builder/spi-builder-workspace/Sources/Neumorphic/NeumorphicProgressView.swift /Users/admin/builder/spi-builder-workspace/Sources/Neumorphic/NeumorphicSelectionControls.swift (in target 'Neumorphic' from project 'Neumorphic')
SwiftCompile normal arm64 /Users/admin/builder/spi-builder-workspace/Sources/Neumorphic/NeumorphicPicker.swift (in target 'Neumorphic' from project 'Neumorphic')
cd /Users/admin/builder/spi-builder-workspace/.swiftpm/xcode
SwiftCompile normal arm64 /Users/admin/builder/spi-builder-workspace/Sources/Neumorphic/NeumorphicProgressView.swift (in target 'Neumorphic' from project 'Neumorphic')
cd /Users/admin/builder/spi-builder-workspace/.swiftpm/xcode
SwiftCompile normal arm64 /Users/admin/builder/spi-builder-workspace/Sources/Neumorphic/NeumorphicSelectionControls.swift (in target 'Neumorphic' from project 'Neumorphic')
cd /Users/admin/builder/spi-builder-workspace/.swiftpm/xcode
SwiftCompile normal arm64 Compiling\ NeumorphicSlider.swift,\ NeumorphicStepper.swift /Users/admin/builder/spi-builder-workspace/Sources/Neumorphic/NeumorphicSlider.swift /Users/admin/builder/spi-builder-workspace/Sources/Neumorphic/NeumorphicStepper.swift (in target 'Neumorphic' from project 'Neumorphic')
SwiftCompile normal arm64 /Users/admin/builder/spi-builder-workspace/Sources/Neumorphic/NeumorphicSlider.swift (in target 'Neumorphic' from project 'Neumorphic')
cd /Users/admin/builder/spi-builder-workspace/.swiftpm/xcode
SwiftCompile normal arm64 /Users/admin/builder/spi-builder-workspace/Sources/Neumorphic/NeumorphicStepper.swift (in target 'Neumorphic' from project 'Neumorphic')
cd /Users/admin/builder/spi-builder-workspace/.swiftpm/xcode
SwiftCompile normal arm64 Compiling\ NeumorphicDisclosureGroup.swift,\ NeumorphicFocusRing.swift,\ NeumorphicHoverEffect.swift /Users/admin/builder/spi-builder-workspace/Sources/Neumorphic/NeumorphicDisclosureGroup.swift /Users/admin/builder/spi-builder-workspace/Sources/Neumorphic/NeumorphicFocusRing.swift /Users/admin/builder/spi-builder-workspace/Sources/Neumorphic/NeumorphicHoverEffect.swift (in target 'Neumorphic' from project 'Neumorphic')
SwiftCompile normal arm64 /Users/admin/builder/spi-builder-workspace/Sources/Neumorphic/NeumorphicDisclosureGroup.swift (in target 'Neumorphic' from project 'Neumorphic')
cd /Users/admin/builder/spi-builder-workspace/.swiftpm/xcode
SwiftCompile normal arm64 /Users/admin/builder/spi-builder-workspace/Sources/Neumorphic/NeumorphicFocusRing.swift (in target 'Neumorphic' from project 'Neumorphic')
cd /Users/admin/builder/spi-builder-workspace/.swiftpm/xcode
SwiftCompile normal arm64 /Users/admin/builder/spi-builder-workspace/Sources/Neumorphic/NeumorphicHoverEffect.swift (in target 'Neumorphic' from project 'Neumorphic')
cd /Users/admin/builder/spi-builder-workspace/.swiftpm/xcode
SwiftCompile normal arm64 Compiling\ NeumorphicKit.swift,\ NeumorphicLink.swift,\ NeumorphicMenu.swift /Users/admin/builder/spi-builder-workspace/Sources/Neumorphic/NeumorphicKit.swift /Users/admin/builder/spi-builder-workspace/Sources/Neumorphic/NeumorphicLink.swift /Users/admin/builder/spi-builder-workspace/Sources/Neumorphic/NeumorphicMenu.swift (in target 'Neumorphic' from project 'Neumorphic')
SwiftCompile normal arm64 /Users/admin/builder/spi-builder-workspace/Sources/Neumorphic/NeumorphicKit.swift (in target 'Neumorphic' from project 'Neumorphic')
cd /Users/admin/builder/spi-builder-workspace/.swiftpm/xcode
SwiftCompile normal arm64 /Users/admin/builder/spi-builder-workspace/Sources/Neumorphic/NeumorphicLink.swift (in target 'Neumorphic' from project 'Neumorphic')
cd /Users/admin/builder/spi-builder-workspace/.swiftpm/xcode
SwiftCompile normal arm64 /Users/admin/builder/spi-builder-workspace/Sources/Neumorphic/NeumorphicMenu.swift (in target 'Neumorphic' from project 'Neumorphic')
cd /Users/admin/builder/spi-builder-workspace/.swiftpm/xcode
SwiftCompile normal arm64 Compiling\ NeumorphicTextField.swift,\ NeumorphicTheme.swift /Users/admin/builder/spi-builder-workspace/Sources/Neumorphic/NeumorphicTextField.swift /Users/admin/builder/spi-builder-workspace/Sources/Neumorphic/NeumorphicTheme.swift (in target 'Neumorphic' from project 'Neumorphic')
SwiftCompile normal arm64 /Users/admin/builder/spi-builder-workspace/Sources/Neumorphic/NeumorphicTextField.swift (in target 'Neumorphic' from project 'Neumorphic')
cd /Users/admin/builder/spi-builder-workspace/.swiftpm/xcode
SwiftCompile normal arm64 /Users/admin/builder/spi-builder-workspace/Sources/Neumorphic/NeumorphicTheme.swift (in target 'Neumorphic' from project 'Neumorphic')
cd /Users/admin/builder/spi-builder-workspace/.swiftpm/xcode
SwiftEmitModule normal arm64 Emitting\ module\ for\ Neumorphic (in target 'Neumorphic' from project 'Neumorphic')
EmitSwiftModule normal arm64 (in target 'Neumorphic' from project 'Neumorphic')
cd /Users/admin/builder/spi-builder-workspace/.swiftpm/xcode
SwiftCompile normal arm64 Compiling\ SoftButtonStyle.swift,\ SoftDynamicToggleStyle.swift /Users/admin/builder/spi-builder-workspace/Sources/Neumorphic/SoftButtonStyle.swift /Users/admin/builder/spi-builder-workspace/Sources/Neumorphic/SoftDynamicToggleStyle.swift (in target 'Neumorphic' from project 'Neumorphic')
SwiftCompile normal arm64 /Users/admin/builder/spi-builder-workspace/Sources/Neumorphic/SoftButtonStyle.swift (in target 'Neumorphic' from project 'Neumorphic')
cd /Users/admin/builder/spi-builder-workspace/.swiftpm/xcode
SwiftCompile normal arm64 /Users/admin/builder/spi-builder-workspace/Sources/Neumorphic/SoftDynamicToggleStyle.swift (in target 'Neumorphic' from project 'Neumorphic')
cd /Users/admin/builder/spi-builder-workspace/.swiftpm/xcode
SwiftCompile normal arm64 Compiling\ SoftInnerShadowViewModifier.swift,\ SoftOuterShadowViewModifier.swift /Users/admin/builder/spi-builder-workspace/Sources/Neumorphic/SoftInnerShadowViewModifier.swift /Users/admin/builder/spi-builder-workspace/Sources/Neumorphic/SoftOuterShadowViewModifier.swift (in target 'Neumorphic' from project 'Neumorphic')
SwiftCompile normal arm64 /Users/admin/builder/spi-builder-workspace/Sources/Neumorphic/SoftInnerShadowViewModifier.swift (in target 'Neumorphic' from project 'Neumorphic')
cd /Users/admin/builder/spi-builder-workspace/.swiftpm/xcode
SwiftCompile normal arm64 /Users/admin/builder/spi-builder-workspace/Sources/Neumorphic/SoftOuterShadowViewModifier.swift (in target 'Neumorphic' from project 'Neumorphic')
cd /Users/admin/builder/spi-builder-workspace/.swiftpm/xcode
SwiftCompile normal arm64 Compiling\ NeumorphicCard.swift,\ NeumorphicCircularProgressView.swift,\ NeumorphicDatePicker.swift /Users/admin/builder/spi-builder-workspace/Sources/Neumorphic/NeumorphicCard.swift /Users/admin/builder/spi-builder-workspace/Sources/Neumorphic/NeumorphicCircularProgressView.swift /Users/admin/builder/spi-builder-workspace/Sources/Neumorphic/NeumorphicDatePicker.swift (in target 'Neumorphic' from project 'Neumorphic')
SwiftCompile normal arm64 /Users/admin/builder/spi-builder-workspace/Sources/Neumorphic/NeumorphicCard.swift (in target 'Neumorphic' from project 'Neumorphic')
cd /Users/admin/builder/spi-builder-workspace/.swiftpm/xcode
SwiftCompile normal arm64 /Users/admin/builder/spi-builder-workspace/Sources/Neumorphic/NeumorphicCircularProgressView.swift (in target 'Neumorphic' from project 'Neumorphic')
cd /Users/admin/builder/spi-builder-workspace/.swiftpm/xcode
SwiftCompile normal arm64 /Users/admin/builder/spi-builder-workspace/Sources/Neumorphic/NeumorphicDatePicker.swift (in target 'Neumorphic' from project 'Neumorphic')
cd /Users/admin/builder/spi-builder-workspace/.swiftpm/xcode
SwiftCompile normal arm64 Compiling\ ColorExtension.swift,\ FixedSizeSoftDynamicButtonStyle.swift,\ NeumorphicAccessibility.swift /Users/admin/builder/spi-builder-workspace/Sources/Neumorphic/ColorExtension.swift /Users/admin/builder/spi-builder-workspace/Sources/Neumorphic/FixedSizeSoftDynamicButtonStyle.swift /Users/admin/builder/spi-builder-workspace/Sources/Neumorphic/NeumorphicAccessibility.swift (in target 'Neumorphic' from project 'Neumorphic')
SwiftCompile normal arm64 /Users/admin/builder/spi-builder-workspace/Sources/Neumorphic/ColorExtension.swift (in target 'Neumorphic' from project 'Neumorphic')
cd /Users/admin/builder/spi-builder-workspace/.swiftpm/xcode
SwiftCompile normal arm64 /Users/admin/builder/spi-builder-workspace/Sources/Neumorphic/FixedSizeSoftDynamicButtonStyle.swift (in target 'Neumorphic' from project 'Neumorphic')
cd /Users/admin/builder/spi-builder-workspace/.swiftpm/xcode
SwiftCompile normal arm64 /Users/admin/builder/spi-builder-workspace/Sources/Neumorphic/NeumorphicAccessibility.swift (in target 'Neumorphic' from project 'Neumorphic')
cd /Users/admin/builder/spi-builder-workspace/.swiftpm/xcode
SwiftCompile normal arm64 Compiling\ SwitchToggleStyle.swift,\ View+InverseMask.swift /Users/admin/builder/spi-builder-workspace/Sources/Neumorphic/SwitchToggleStyle.swift /Users/admin/builder/spi-builder-workspace/Sources/Neumorphic/View+InverseMask.swift (in target 'Neumorphic' from project 'Neumorphic')
SwiftCompile normal arm64 /Users/admin/builder/spi-builder-workspace/Sources/Neumorphic/SwitchToggleStyle.swift (in target 'Neumorphic' from project 'Neumorphic')
cd /Users/admin/builder/spi-builder-workspace/.swiftpm/xcode
SwiftCompile normal arm64 /Users/admin/builder/spi-builder-workspace/Sources/Neumorphic/View+InverseMask.swift (in target 'Neumorphic' from project 'Neumorphic')
cd /Users/admin/builder/spi-builder-workspace/.swiftpm/xcode
SwiftDriverJobDiscovery normal arm64 Emitting module for Neumorphic (in target 'Neumorphic' from project 'Neumorphic')
SwiftDriver\ Compilation\ Requirements Neumorphic normal arm64 com.apple.xcode.tools.swift.compiler (in target 'Neumorphic' from project 'Neumorphic')
cd /Users/admin/builder/spi-builder-workspace/.swiftpm/xcode
builtin-Swift-Compilation-Requirements -- /Applications/Xcode-16.3.0.app/Contents/Developer/Toolchains/XcodeDefault.xctoolchain/usr/bin/swiftc -module-name Neumorphic -Onone -enforce-exclusivity\=checked @/Users/admin/builder/spi-builder-workspace/.derivedData/Build/Intermediates.noindex/Neumorphic.build/Debug-iphoneos/Neumorphic.build/Objects-normal/arm64/Neumorphic.SwiftFileList -DSWIFT_PACKAGE -DDEBUG -DXcode -plugin-path /Applications/Xcode-16.3.0.app/Contents/Developer/Toolchains/XcodeDefault.xctoolchain/usr/lib/swift/host/plugins/testing -enable-experimental-feature DebugDescriptionMacro -sdk /Applications/Xcode-16.3.0.app/Contents/Developer/Platforms/iPhoneOS.platform/Developer/SDKs/iPhoneOS18.4.sdk -target arm64-apple-ios13.0 -g -module-cache-path /Users/admin/builder/spi-builder-workspace/.derivedData/ModuleCache.noindex -Xfrontend -serialize-debugging-options -enable-testing -index-store-path /Users/admin/builder/spi-builder-workspace/.derivedData/Index.noindex/DataStore -swift-version 5 -I /Users/admin/builder/spi-builder-workspace/.derivedData/Build/Products/Debug-iphoneos -I /Applications/Xcode-16.3.0.app/Contents/Developer/Platforms/iPhoneOS.platform/Developer/usr/lib -F /Users/admin/builder/spi-builder-workspace/.derivedData/Build/Products/Debug-iphoneos -F /Applications/Xcode-16.3.0.app/Contents/Developer/Platforms/iPhoneOS.platform/Developer/Library/Frameworks -F /Applications/Xcode-16.3.0.app/Contents/Developer/Platforms/iPhoneOS.platform/Developer/SDKs/iPhoneOS18.4.sdk/Developer/Library/Frameworks -c -j10 -enable-batch-mode -incremental -Xcc -ivfsstatcache -Xcc /Users/admin/builder/spi-builder-workspace/.derivedData/SDKStatCaches.noindex/iphoneos18.4-22E235-339d34bc69d7fc736c3220795c36f340.sdkstatcache -output-file-map /Users/admin/builder/spi-builder-workspace/.derivedData/Build/Intermediates.noindex/Neumorphic.build/Debug-iphoneos/Neumorphic.build/Objects-normal/arm64/Neumorphic-OutputFileMap.json -use-frontend-parseable-output -save-temps -no-color-diagnostics -serialize-diagnostics -emit-dependencies -emit-module -emit-module-path /Users/admin/builder/spi-builder-workspace/.derivedData/Build/Intermediates.noindex/Neumorphic.build/Debug-iphoneos/Neumorphic.build/Objects-normal/arm64/Neumorphic.swiftmodule -validate-clang-modules-once -clang-build-session-file /Users/admin/builder/spi-builder-workspace/.derivedData/ModuleCache.noindex/Session.modulevalidation -Xcc -I/Users/admin/builder/spi-builder-workspace/.derivedData/Build/Intermediates.noindex/Neumorphic.build/Debug-iphoneos/Neumorphic.build/swift-overrides.hmap -emit-const-values -Xfrontend -const-gather-protocols-file -Xfrontend /Users/admin/builder/spi-builder-workspace/.derivedData/Build/Intermediates.noindex/Neumorphic.build/Debug-iphoneos/Neumorphic.build/Objects-normal/arm64/Neumorphic_const_extract_protocols.json -Xcc -I/Users/admin/builder/spi-builder-workspace/.derivedData/Build/Products/Debug-iphoneos/include -Xcc -I/Users/admin/builder/spi-builder-workspace/.derivedData/Build/Intermediates.noindex/Neumorphic.build/Debug-iphoneos/Neumorphic.build/DerivedSources-normal/arm64 -Xcc -I/Users/admin/builder/spi-builder-workspace/.derivedData/Build/Intermediates.noindex/Neumorphic.build/Debug-iphoneos/Neumorphic.build/DerivedSources/arm64 -Xcc -I/Users/admin/builder/spi-builder-workspace/.derivedData/Build/Intermediates.noindex/Neumorphic.build/Debug-iphoneos/Neumorphic.build/DerivedSources -Xcc -DSWIFT_PACKAGE -Xcc -DDEBUG\=1 -emit-objc-header -emit-objc-header-path /Users/admin/builder/spi-builder-workspace/.derivedData/Build/Intermediates.noindex/Neumorphic.build/Debug-iphoneos/Neumorphic.build/Objects-normal/arm64/Neumorphic-Swift.h -working-directory /Users/admin/builder/spi-builder-workspace/.swiftpm/xcode -experimental-emit-module-separately -disable-cmo
SwiftDriverJobDiscovery normal arm64 Compiling SoftInnerShadowViewModifier.swift, SoftOuterShadowViewModifier.swift (in target 'Neumorphic' from project 'Neumorphic')
Copy /Users/admin/builder/spi-builder-workspace/.derivedData/Build/Products/Debug-iphoneos/Neumorphic.swiftmodule/arm64-apple-ios.abi.json /Users/admin/builder/spi-builder-workspace/.derivedData/Build/Intermediates.noindex/Neumorphic.build/Debug-iphoneos/Neumorphic.build/Objects-normal/arm64/Neumorphic.abi.json (in target 'Neumorphic' from project 'Neumorphic')
cd /Users/admin/builder/spi-builder-workspace
builtin-copy -exclude .DS_Store -exclude CVS -exclude .svn -exclude .git -exclude .hg -resolve-src-symlinks -rename /Users/admin/builder/spi-builder-workspace/.derivedData/Build/Intermediates.noindex/Neumorphic.build/Debug-iphoneos/Neumorphic.build/Objects-normal/arm64/Neumorphic.abi.json /Users/admin/builder/spi-builder-workspace/.derivedData/Build/Products/Debug-iphoneos/Neumorphic.swiftmodule/arm64-apple-ios.abi.json
Copy /Users/admin/builder/spi-builder-workspace/.derivedData/Build/Products/Debug-iphoneos/Neumorphic.swiftmodule/arm64-apple-ios.swiftmodule /Users/admin/builder/spi-builder-workspace/.derivedData/Build/Intermediates.noindex/Neumorphic.build/Debug-iphoneos/Neumorphic.build/Objects-normal/arm64/Neumorphic.swiftmodule (in target 'Neumorphic' from project 'Neumorphic')
cd /Users/admin/builder/spi-builder-workspace
builtin-copy -exclude .DS_Store -exclude CVS -exclude .svn -exclude .git -exclude .hg -resolve-src-symlinks -rename /Users/admin/builder/spi-builder-workspace/.derivedData/Build/Intermediates.noindex/Neumorphic.build/Debug-iphoneos/Neumorphic.build/Objects-normal/arm64/Neumorphic.swiftmodule /Users/admin/builder/spi-builder-workspace/.derivedData/Build/Products/Debug-iphoneos/Neumorphic.swiftmodule/arm64-apple-ios.swiftmodule
SwiftDriver NeumorphicTests normal arm64 com.apple.xcode.tools.swift.compiler (in target 'NeumorphicTests' from project 'Neumorphic')
cd /Users/admin/builder/spi-builder-workspace/.swiftpm/xcode
builtin-SwiftDriver -- /Applications/Xcode-16.3.0.app/Contents/Developer/Toolchains/XcodeDefault.xctoolchain/usr/bin/swiftc -module-name NeumorphicTests -Onone -enforce-exclusivity\=checked @/Users/admin/builder/spi-builder-workspace/.derivedData/Build/Intermediates.noindex/Neumorphic.build/Debug-iphoneos/NeumorphicTests.build/Objects-normal/arm64/NeumorphicTests.SwiftFileList -DSWIFT_PACKAGE -DDEBUG -DXcode -plugin-path /Applications/Xcode-16.3.0.app/Contents/Developer/Toolchains/XcodeDefault.xctoolchain/usr/lib/swift/host/plugins/testing -enable-experimental-feature DebugDescriptionMacro -sdk /Applications/Xcode-16.3.0.app/Contents/Developer/Platforms/iPhoneOS.platform/Developer/SDKs/iPhoneOS18.4.sdk -target arm64-apple-ios13.0 -g -module-cache-path /Users/admin/builder/spi-builder-workspace/.derivedData/ModuleCache.noindex -Xfrontend -serialize-debugging-options -enable-testing -index-store-path /Users/admin/builder/spi-builder-workspace/.derivedData/Index.noindex/DataStore -swift-version 5 -I /Users/admin/builder/spi-builder-workspace/.derivedData/Build/Products/Debug-iphoneos -I /Applications/Xcode-16.3.0.app/Contents/Developer/Platforms/iPhoneOS.platform/Developer/usr/lib -F /Users/admin/builder/spi-builder-workspace/.derivedData/Build/Products/Debug-iphoneos/PackageFrameworks -F /Users/admin/builder/spi-builder-workspace/.derivedData/Build/Products/Debug-iphoneos -F /Applications/Xcode-16.3.0.app/Contents/Developer/Platforms/iPhoneOS.platform/Developer/Library/Frameworks -F /Applications/Xcode-16.3.0.app/Contents/Developer/Platforms/iPhoneOS.platform/Developer/SDKs/iPhoneOS18.4.sdk/Developer/Library/Frameworks -parse-as-library -c -j10 -enable-batch-mode -incremental -Xcc -ivfsstatcache -Xcc /Users/admin/builder/spi-builder-workspace/.derivedData/SDKStatCaches.noindex/iphoneos18.4-22E235-339d34bc69d7fc736c3220795c36f340.sdkstatcache -output-file-map /Users/admin/builder/spi-builder-workspace/.derivedData/Build/Intermediates.noindex/Neumorphic.build/Debug-iphoneos/NeumorphicTests.build/Objects-normal/arm64/NeumorphicTests-OutputFileMap.json -use-frontend-parseable-output -save-temps -no-color-diagnostics -serialize-diagnostics -emit-dependencies -emit-module -emit-module-path /Users/admin/builder/spi-builder-workspace/.derivedData/Build/Intermediates.noindex/Neumorphic.build/Debug-iphoneos/NeumorphicTests.build/Objects-normal/arm64/NeumorphicTests.swiftmodule -validate-clang-modules-once -clang-build-session-file /Users/admin/builder/spi-builder-workspace/.derivedData/ModuleCache.noindex/Session.modulevalidation -emit-const-values -Xfrontend -const-gather-protocols-file -Xfrontend /Users/admin/builder/spi-builder-workspace/.derivedData/Build/Intermediates.noindex/Neumorphic.build/Debug-iphoneos/NeumorphicTests.build/Objects-normal/arm64/NeumorphicTests_const_extract_protocols.json -Xcc -I/Users/admin/builder/spi-builder-workspace/.derivedData/Build/Products/Debug-iphoneos/include -Xcc -I/Users/admin/builder/spi-builder-workspace/.derivedData/Build/Intermediates.noindex/Neumorphic.build/Debug-iphoneos/NeumorphicTests.build/DerivedSources-normal/arm64 -Xcc -I/Users/admin/builder/spi-builder-workspace/.derivedData/Build/Intermediates.noindex/Neumorphic.build/Debug-iphoneos/NeumorphicTests.build/DerivedSources/arm64 -Xcc -I/Users/admin/builder/spi-builder-workspace/.derivedData/Build/Intermediates.noindex/Neumorphic.build/Debug-iphoneos/NeumorphicTests.build/DerivedSources -Xcc -DSWIFT_PACKAGE -Xcc -DDEBUG\=1 -working-directory /Users/admin/builder/spi-builder-workspace/.swiftpm/xcode -experimental-emit-module-separately -disable-cmo
SwiftEmitModule normal arm64 Emitting\ module\ for\ NeumorphicTests (in target 'NeumorphicTests' from project 'Neumorphic')
SwiftCompile normal arm64 /Users/admin/builder/spi-builder-workspace/Tests/NeumorphicTests/NeumorphicTests.swift (in target 'NeumorphicTests' from project 'Neumorphic')
cd /Users/admin/builder/spi-builder-workspace/.swiftpm/xcode
SwiftCompile normal arm64 Compiling\ NeumorphicTests.swift /Users/admin/builder/spi-builder-workspace/Tests/NeumorphicTests/NeumorphicTests.swift (in target 'NeumorphicTests' from project 'Neumorphic')
Failed frontend command:
/Applications/Xcode-16.3.0.app/Contents/Developer/Toolchains/XcodeDefault.xctoolchain/usr/bin/swift-frontend -frontend -c -primary-file /Users/admin/builder/spi-builder-workspace/Tests/NeumorphicTests/NeumorphicTests.swift -emit-dependencies-path /Users/admin/builder/spi-builder-workspace/.derivedData/Build/Intermediates.noindex/Neumorphic.build/Debug-iphoneos/NeumorphicTests.build/Objects-normal/arm64/NeumorphicTests.d -emit-const-values-path /Users/admin/builder/spi-builder-workspace/.derivedData/Build/Intermediates.noindex/Neumorphic.build/Debug-iphoneos/NeumorphicTests.build/Objects-normal/arm64/NeumorphicTests.swiftconstvalues -emit-reference-dependencies-path /Users/admin/builder/spi-builder-workspace/.derivedData/Build/Intermediates.noindex/Neumorphic.build/Debug-iphoneos/NeumorphicTests.build/Objects-normal/arm64/NeumorphicTests.swiftdeps -serialize-diagnostics-path /Users/admin/builder/spi-builder-workspace/.derivedData/Build/Intermediates.noindex/Neumorphic.build/Debug-iphoneos/NeumorphicTests.build/Objects-normal/arm64/NeumorphicTests.dia -target arm64-apple-ios13.0 -Xllvm -aarch64-use-tbi -enable-objc-interop -stack-check -sdk /Applications/Xcode-16.3.0.app/Contents/Developer/Platforms/iPhoneOS.platform/Developer/SDKs/iPhoneOS18.4.sdk -I /Users/admin/builder/spi-builder-workspace/.derivedData/Build/Products/Debug-iphoneos -I /Applications/Xcode-16.3.0.app/Contents/Developer/Platforms/iPhoneOS.platform/Developer/usr/lib -F /Users/admin/builder/spi-builder-workspace/.derivedData/Build/Products/Debug-iphoneos/PackageFrameworks -F /Users/admin/builder/spi-builder-workspace/.derivedData/Build/Products/Debug-iphoneos -F /Applications/Xcode-16.3.0.app/Contents/Developer/Platforms/iPhoneOS.platform/Developer/Library/Frameworks -F /Applications/Xcode-16.3.0.app/Contents/Developer/Platforms/iPhoneOS.platform/Developer/SDKs/iPhoneOS18.4.sdk/Developer/Library/Frameworks -no-color-diagnostics -enable-testing -g -debug-info-format\=dwarf -dwarf-version\=4 -module-cache-path /Users/admin/builder/spi-builder-workspace/.derivedData/ModuleCache.noindex -swift-version 5 -enforce-exclusivity\=checked -Onone -D SWIFT_PACKAGE -D DEBUG -D Xcode -serialize-debugging-options -const-gather-protocols-file /Users/admin/builder/spi-builder-workspace/.derivedData/Build/Intermediates.noindex/Neumorphic.build/Debug-iphoneos/NeumorphicTests.build/Objects-normal/arm64/NeumorphicTests_const_extract_protocols.json -enable-experimental-feature DebugDescriptionMacro -empty-abi-descriptor -plugin-path /Applications/Xcode-16.3.0.app/Contents/Developer/Toolchains/XcodeDefault.xctoolchain/usr/lib/swift/host/plugins/testing -validate-clang-modules-once -clang-build-session-file /Users/admin/builder/spi-builder-workspace/.derivedData/ModuleCache.noindex/Session.modulevalidation -Xcc -working-directory -Xcc /Users/admin/builder/spi-builder-workspace/.swiftpm/xcode -resource-dir /Applications/Xcode-16.3.0.app/Contents/Developer/Toolchains/XcodeDefault.xctoolchain/usr/lib/swift -enable-anonymous-context-mangled-names -file-compilation-dir /Users/admin/builder/spi-builder-workspace/.swiftpm/xcode -Xcc -ivfsstatcache -Xcc /Users/admin/builder/spi-builder-workspace/.derivedData/SDKStatCaches.noindex/iphoneos18.4-22E235-339d34bc69d7fc736c3220795c36f340.sdkstatcache -Xcc -I/Users/admin/builder/spi-builder-workspace/.derivedData/Build/Products/Debug-iphoneos/include -Xcc -I/Users/admin/builder/spi-builder-workspace/.derivedData/Build/Intermediates.noindex/Neumorphic.build/Debug-iphoneos/NeumorphicTests.build/DerivedSources-normal/arm64 -Xcc -I/Users/admin/builder/spi-builder-workspace/.derivedData/Build/Intermediates.noindex/Neumorphic.build/Debug-iphoneos/NeumorphicTests.build/DerivedSources/arm64 -Xcc -I/Users/admin/builder/spi-builder-workspace/.derivedData/Build/Intermediates.noindex/Neumorphic.build/Debug-iphoneos/NeumorphicTests.build/DerivedSources -Xcc -DSWIFT_PACKAGE -Xcc -DDEBUG\=1 -module-name NeumorphicTests -frontend-parseable-output -disable-clang-spi -target-sdk-version 18.4 -target-sdk-name iphoneos18.4 -external-plugin-path /Applications/Xcode-16.3.0.app/Contents/Developer/Platforms/iPhoneOS.platform/Developer/usr/lib/swift/host/plugins\#/Applications/Xcode-16.3.0.app/Contents/Developer/Platforms/iPhoneOS.platform/Developer/usr/bin/swift-plugin-server -external-plugin-path /Applications/Xcode-16.3.0.app/Contents/Developer/Platforms/iPhoneOS.platform/Developer/usr/local/lib/swift/host/plugins\#/Applications/Xcode-16.3.0.app/Contents/Developer/Platforms/iPhoneOS.platform/Developer/usr/bin/swift-plugin-server -in-process-plugin-server-path /Applications/Xcode-16.3.0.app/Contents/Developer/Toolchains/XcodeDefault.xctoolchain/usr/lib/swift/host/libSwiftInProcPluginServer.dylib -plugin-path /Applications/Xcode-16.3.0.app/Contents/Developer/Toolchains/XcodeDefault.xctoolchain/usr/lib/swift/host/plugins -plugin-path /Applications/Xcode-16.3.0.app/Contents/Developer/Toolchains/XcodeDefault.xctoolchain/usr/local/lib/swift/host/plugins -parse-as-library -o /Users/admin/builder/spi-builder-workspace/.derivedData/Build/Intermediates.noindex/Neumorphic.build/Debug-iphoneos/NeumorphicTests.build/Objects-normal/arm64/NeumorphicTests.o -index-unit-output-path /Neumorphic.build/Debug-iphoneos/NeumorphicTests.build/Objects-normal/arm64/NeumorphicTests.o -index-store-path /Users/admin/builder/spi-builder-workspace/.derivedData/Index.noindex/DataStore -index-system-modules
SwiftCompile normal arm64 /Users/admin/builder/spi-builder-workspace/Tests/NeumorphicTests/NeumorphicTests.swift (in target 'NeumorphicTests' from project 'Neumorphic')
cd /Users/admin/builder/spi-builder-workspace/.swiftpm/xcode
/Users/admin/builder/spi-builder-workspace/Tests/NeumorphicTests/NeumorphicTests.swift:234:20: error: 'NeumorphicMenu' is only available in iOS 14.0 or newer
let menu = NeumorphicMenu("Mode", selection: .constant("Light"), options: ["Light", "Dark"])
^
/Users/admin/builder/spi-builder-workspace/Tests/NeumorphicTests/NeumorphicTests.swift:234:20: note: add 'if #available' version check
let menu = NeumorphicMenu("Mode", selection: .constant("Light"), options: ["Light", "Dark"])
^
/Users/admin/builder/spi-builder-workspace/Tests/NeumorphicTests/NeumorphicTests.swift:232:10: note: add @available attribute to enclosing instance method
func testNextCommonControlEntryPointsCompile() {
^
/Users/admin/builder/spi-builder-workspace/Tests/NeumorphicTests/NeumorphicTests.swift:6:13: note: add @available attribute to enclosing class
final class NeumorphicTests: XCTestCase {
^
/Users/admin/builder/spi-builder-workspace/Tests/NeumorphicTests/NeumorphicTests.swift:236:20: error: 'NeumorphicLink' is only available in iOS 14.0 or newer
let link = NeumorphicLink("Website", destination: URL(string: "https://example.com")!)
^
/Users/admin/builder/spi-builder-workspace/Tests/NeumorphicTests/NeumorphicTests.swift:236:20: note: add 'if #available' version check
let link = NeumorphicLink("Website", destination: URL(string: "https://example.com")!)
^
/Users/admin/builder/spi-builder-workspace/Tests/NeumorphicTests/NeumorphicTests.swift:232:10: note: add @available attribute to enclosing instance method
func testNextCommonControlEntryPointsCompile() {
^
/Users/admin/builder/spi-builder-workspace/Tests/NeumorphicTests/NeumorphicTests.swift:6:13: note: add @available attribute to enclosing class
final class NeumorphicTests: XCTestCase {
^
/Users/admin/builder/spi-builder-workspace/Tests/NeumorphicTests/NeumorphicTests.swift:236:20: error: 'init(_:destination:)' is only available in iOS 14.0 or newer
let link = NeumorphicLink("Website", destination: URL(string: "https://example.com")!)
^
/Users/admin/builder/spi-builder-workspace/Tests/NeumorphicTests/NeumorphicTests.swift:236:20: note: add 'if #available' version check
let link = NeumorphicLink("Website", destination: URL(string: "https://example.com")!)
^
/Users/admin/builder/spi-builder-workspace/Tests/NeumorphicTests/NeumorphicTests.swift:232:10: note: add @available attribute to enclosing instance method
func testNextCommonControlEntryPointsCompile() {
^
/Users/admin/builder/spi-builder-workspace/Tests/NeumorphicTests/NeumorphicTests.swift:6:13: note: add @available attribute to enclosing class
final class NeumorphicTests: XCTestCase {
^
SwiftDriverJobDiscovery normal arm64 Compiling NeumorphicDisclosureGroup.swift, NeumorphicFocusRing.swift, NeumorphicHoverEffect.swift (in target 'Neumorphic' from project 'Neumorphic')
SwiftDriverJobDiscovery normal arm64 Compiling NeumorphicTextField.swift, NeumorphicTheme.swift (in target 'Neumorphic' from project 'Neumorphic')
SwiftDriverJobDiscovery normal arm64 Compiling ColorExtension.swift, FixedSizeSoftDynamicButtonStyle.swift, NeumorphicAccessibility.swift (in target 'Neumorphic' from project 'Neumorphic')
SwiftDriverJobDiscovery normal arm64 Compiling NeumorphicCard.swift, NeumorphicCircularProgressView.swift, NeumorphicDatePicker.swift (in target 'Neumorphic' from project 'Neumorphic')
SwiftDriverJobDiscovery normal arm64 Compiling NeumorphicSlider.swift, NeumorphicStepper.swift (in target 'Neumorphic' from project 'Neumorphic')
SwiftDriverJobDiscovery normal arm64 Compiling NeumorphicKit.swift, NeumorphicLink.swift, NeumorphicMenu.swift (in target 'Neumorphic' from project 'Neumorphic')
SwiftDriverJobDiscovery normal arm64 Compiling NeumorphicPicker.swift, NeumorphicProgressView.swift, NeumorphicSelectionControls.swift (in target 'Neumorphic' from project 'Neumorphic')
SwiftDriverJobDiscovery normal arm64 Emitting module for NeumorphicTests (in target 'NeumorphicTests' from project 'Neumorphic')
SwiftDriver\ Compilation\ Requirements NeumorphicTests normal arm64 com.apple.xcode.tools.swift.compiler (in target 'NeumorphicTests' from project 'Neumorphic')
cd /Users/admin/builder/spi-builder-workspace/.swiftpm/xcode
builtin-Swift-Compilation-Requirements -- /Applications/Xcode-16.3.0.app/Contents/Developer/Toolchains/XcodeDefault.xctoolchain/usr/bin/swiftc -module-name NeumorphicTests -Onone -enforce-exclusivity\=checked @/Users/admin/builder/spi-builder-workspace/.derivedData/Build/Intermediates.noindex/Neumorphic.build/Debug-iphoneos/NeumorphicTests.build/Objects-normal/arm64/NeumorphicTests.SwiftFileList -DSWIFT_PACKAGE -DDEBUG -DXcode -plugin-path /Applications/Xcode-16.3.0.app/Contents/Developer/Toolchains/XcodeDefault.xctoolchain/usr/lib/swift/host/plugins/testing -enable-experimental-feature DebugDescriptionMacro -sdk /Applications/Xcode-16.3.0.app/Contents/Developer/Platforms/iPhoneOS.platform/Developer/SDKs/iPhoneOS18.4.sdk -target arm64-apple-ios13.0 -g -module-cache-path /Users/admin/builder/spi-builder-workspace/.derivedData/ModuleCache.noindex -Xfrontend -serialize-debugging-options -enable-testing -index-store-path /Users/admin/builder/spi-builder-workspace/.derivedData/Index.noindex/DataStore -swift-version 5 -I /Users/admin/builder/spi-builder-workspace/.derivedData/Build/Products/Debug-iphoneos -I /Applications/Xcode-16.3.0.app/Contents/Developer/Platforms/iPhoneOS.platform/Developer/usr/lib -F /Users/admin/builder/spi-builder-workspace/.derivedData/Build/Products/Debug-iphoneos/PackageFrameworks -F /Users/admin/builder/spi-builder-workspace/.derivedData/Build/Products/Debug-iphoneos -F /Applications/Xcode-16.3.0.app/Contents/Developer/Platforms/iPhoneOS.platform/Developer/Library/Frameworks -F /Applications/Xcode-16.3.0.app/Contents/Developer/Platforms/iPhoneOS.platform/Developer/SDKs/iPhoneOS18.4.sdk/Developer/Library/Frameworks -parse-as-library -c -j10 -enable-batch-mode -incremental -Xcc -ivfsstatcache -Xcc /Users/admin/builder/spi-builder-workspace/.derivedData/SDKStatCaches.noindex/iphoneos18.4-22E235-339d34bc69d7fc736c3220795c36f340.sdkstatcache -output-file-map /Users/admin/builder/spi-builder-workspace/.derivedData/Build/Intermediates.noindex/Neumorphic.build/Debug-iphoneos/NeumorphicTests.build/Objects-normal/arm64/NeumorphicTests-OutputFileMap.json -use-frontend-parseable-output -save-temps -no-color-diagnostics -serialize-diagnostics -emit-dependencies -emit-module -emit-module-path /Users/admin/builder/spi-builder-workspace/.derivedData/Build/Intermediates.noindex/Neumorphic.build/Debug-iphoneos/NeumorphicTests.build/Objects-normal/arm64/NeumorphicTests.swiftmodule -validate-clang-modules-once -clang-build-session-file /Users/admin/builder/spi-builder-workspace/.derivedData/ModuleCache.noindex/Session.modulevalidation -emit-const-values -Xfrontend -const-gather-protocols-file -Xfrontend /Users/admin/builder/spi-builder-workspace/.derivedData/Build/Intermediates.noindex/Neumorphic.build/Debug-iphoneos/NeumorphicTests.build/Objects-normal/arm64/NeumorphicTests_const_extract_protocols.json -Xcc -I/Users/admin/builder/spi-builder-workspace/.derivedData/Build/Products/Debug-iphoneos/include -Xcc -I/Users/admin/builder/spi-builder-workspace/.derivedData/Build/Intermediates.noindex/Neumorphic.build/Debug-iphoneos/NeumorphicTests.build/DerivedSources-normal/arm64 -Xcc -I/Users/admin/builder/spi-builder-workspace/.derivedData/Build/Intermediates.noindex/Neumorphic.build/Debug-iphoneos/NeumorphicTests.build/DerivedSources/arm64 -Xcc -I/Users/admin/builder/spi-builder-workspace/.derivedData/Build/Intermediates.noindex/Neumorphic.build/Debug-iphoneos/NeumorphicTests.build/DerivedSources -Xcc -DSWIFT_PACKAGE -Xcc -DDEBUG\=1 -working-directory /Users/admin/builder/spi-builder-workspace/.swiftpm/xcode -experimental-emit-module-separately -disable-cmo
Copy /Users/admin/builder/spi-builder-workspace/.derivedData/Build/Products/Debug-iphoneos/NeumorphicTests.swiftmodule/arm64-apple-ios.swiftmodule /Users/admin/builder/spi-builder-workspace/.derivedData/Build/Intermediates.noindex/Neumorphic.build/Debug-iphoneos/NeumorphicTests.build/Objects-normal/arm64/NeumorphicTests.swiftmodule (in target 'NeumorphicTests' from project 'Neumorphic')
cd /Users/admin/builder/spi-builder-workspace
builtin-copy -exclude .DS_Store -exclude CVS -exclude .svn -exclude .git -exclude .hg -resolve-src-symlinks -rename /Users/admin/builder/spi-builder-workspace/.derivedData/Build/Intermediates.noindex/Neumorphic.build/Debug-iphoneos/NeumorphicTests.build/Objects-normal/arm64/NeumorphicTests.swiftmodule /Users/admin/builder/spi-builder-workspace/.derivedData/Build/Products/Debug-iphoneos/NeumorphicTests.swiftmodule/arm64-apple-ios.swiftmodule
Copy /Users/admin/builder/spi-builder-workspace/.derivedData/Build/Products/Debug-iphoneos/NeumorphicTests.swiftmodule/arm64-apple-ios.abi.json /Users/admin/builder/spi-builder-workspace/.derivedData/Build/Intermediates.noindex/Neumorphic.build/Debug-iphoneos/NeumorphicTests.build/Objects-normal/arm64/NeumorphicTests.abi.json (in target 'NeumorphicTests' from project 'Neumorphic')
cd /Users/admin/builder/spi-builder-workspace
builtin-copy -exclude .DS_Store -exclude CVS -exclude .svn -exclude .git -exclude .hg -resolve-src-symlinks -rename /Users/admin/builder/spi-builder-workspace/.derivedData/Build/Intermediates.noindex/Neumorphic.build/Debug-iphoneos/NeumorphicTests.build/Objects-normal/arm64/NeumorphicTests.abi.json /Users/admin/builder/spi-builder-workspace/.derivedData/Build/Products/Debug-iphoneos/NeumorphicTests.swiftmodule/arm64-apple-ios.abi.json
Copy /Users/admin/builder/spi-builder-workspace/.derivedData/Build/Products/Debug-iphoneos/NeumorphicTests.swiftmodule/arm64-apple-ios.swiftdoc /Users/admin/builder/spi-builder-workspace/.derivedData/Build/Intermediates.noindex/Neumorphic.build/Debug-iphoneos/NeumorphicTests.build/Objects-normal/arm64/NeumorphicTests.swiftdoc (in target 'NeumorphicTests' from project 'Neumorphic')
cd /Users/admin/builder/spi-builder-workspace
builtin-copy -exclude .DS_Store -exclude CVS -exclude .svn -exclude .git -exclude .hg -resolve-src-symlinks -rename /Users/admin/builder/spi-builder-workspace/.derivedData/Build/Intermediates.noindex/Neumorphic.build/Debug-iphoneos/NeumorphicTests.build/Objects-normal/arm64/NeumorphicTests.swiftdoc /Users/admin/builder/spi-builder-workspace/.derivedData/Build/Products/Debug-iphoneos/NeumorphicTests.swiftmodule/arm64-apple-ios.swiftdoc
Copy /Users/admin/builder/spi-builder-workspace/.derivedData/Build/Products/Debug-iphoneos/NeumorphicTests.swiftmodule/Project/arm64-apple-ios.swiftsourceinfo /Users/admin/builder/spi-builder-workspace/.derivedData/Build/Intermediates.noindex/Neumorphic.build/Debug-iphoneos/NeumorphicTests.build/Objects-normal/arm64/NeumorphicTests.swiftsourceinfo (in target 'NeumorphicTests' from project 'Neumorphic')
cd /Users/admin/builder/spi-builder-workspace
builtin-copy -exclude .DS_Store -exclude CVS -exclude .svn -exclude .git -exclude .hg -resolve-src-symlinks -rename /Users/admin/builder/spi-builder-workspace/.derivedData/Build/Intermediates.noindex/Neumorphic.build/Debug-iphoneos/NeumorphicTests.build/Objects-normal/arm64/NeumorphicTests.swiftsourceinfo /Users/admin/builder/spi-builder-workspace/.derivedData/Build/Products/Debug-iphoneos/NeumorphicTests.swiftmodule/Project/arm64-apple-ios.swiftsourceinfo
SwiftDriverJobDiscovery normal arm64 Compiling SoftButtonStyle.swift, SoftDynamicToggleStyle.swift (in target 'Neumorphic' from project 'Neumorphic')
** BUILD FAILED **
The following build commands failed:
SwiftCompile normal arm64 Compiling\ NeumorphicTests.swift /Users/admin/builder/spi-builder-workspace/Tests/NeumorphicTests/NeumorphicTests.swift (in target 'NeumorphicTests' from project 'Neumorphic')
SwiftCompile normal arm64 /Users/admin/builder/spi-builder-workspace/Tests/NeumorphicTests/NeumorphicTests.swift (in target 'NeumorphicTests' from project 'Neumorphic')
Building workspace spi-builder-workspace with scheme Neumorphic
(3 failures)
BUILD FAILURE 6.1 iOS