The Swift Package Index logo.Swift Package Index

Build Information

Failed to build Secp256k1Swift, reference 0.1.2 (260f55), with Swift 6.4 for Linux on 16 Sep 2026 12:54:27 UTC.

Build Command

bash -c docker run --pull=always --rm -v "checkouts-53886770-2":/host -w "$PWD" -e JAVA_HOME="/root/.sdkman/candidates/java/current" -e SPI_BUILD="1" -e SPI_PROCESSING="1" registry.gitlab.com/saguaro1/spi-images:basic-6.4-latest swift build --triple x86_64-unknown-linux-gnu 2>&1

Build Log

========================================
RunAll
========================================
Builder version: 5.1.0
Interrupt handler set up.
========================================
Checkout
========================================
Clone URL: https://github.com/lanfordcai/secp256k1swift.git
Reference: 0.1.2
Initialized empty Git repository in /host/spi-builder-workspace/.git/
hint: Using 'master' as the name for the initial branch. This default branch name
hint: is subject to change. To configure the initial branch name to use in all
hint: of your new repositories, which will suppress this warning, call:
hint:
hint: 	git config --global init.defaultBranch <name>
hint:
hint: Names commonly chosen instead of 'master' are 'main', 'trunk' and
hint: 'development'. The just-created branch can be renamed via this command:
hint:
hint: 	git branch -m <name>
From https://github.com/lanfordcai/secp256k1swift
 * tag               0.1.2      -> FETCH_HEAD
HEAD is now at 260f55c Merge branch 'master' of https://github.com/LanfordCai/Secp256k1Swift
Cloned https://github.com/lanfordcai/secp256k1swift.git
Revision (git rev-parse @):
260f55ca8b16b40132148454c92afa14e134686a
SUCCESS checkout https://github.com/lanfordcai/secp256k1swift.git at 0.1.2
========================================
Build
========================================
Selected platform:         linux
Swift version:             6.4
Building package at path:  $PWD
https://github.com/lanfordcai/secp256k1swift.git
Running build ...
bash -c docker run --pull=always --rm -v "checkouts-53886770-2":/host -w "$PWD" -e JAVA_HOME="/root/.sdkman/candidates/java/current" -e SPI_BUILD="1" -e SPI_PROCESSING="1" registry.gitlab.com/saguaro1/spi-images:basic-6.4-latest swift build --triple x86_64-unknown-linux-gnu 2>&1
basic-6.4-latest: Pulling from saguaro1/spi-images
Digest: sha256:c77fcce225e223ac0fafed844619173fc6de8d62dd560eeb28db3182af6a282b
Status: Image is up to date for registry.gitlab.com/saguaro1/spi-images:basic-6.4-latest
Fetching https://github.com/behrang/YamlSwift.git
Fetching https://github.com/LanfordCai/secp256k1.swift.git
[1/1384] Fetching yamlswift
[1275/1792] Fetching yamlswift, secp256k1.swift
Fetched https://github.com/behrang/YamlSwift.git (0.55s)
Fetched https://github.com/LanfordCai/secp256k1.swift.git (0.55s)
Computing version for https://github.com/behrang/YamlSwift.git
Computed https://github.com/behrang/YamlSwift.git at 3.4.4 (2.34s)
Computing version for https://github.com/LanfordCai/secp256k1.swift.git
Computed https://github.com/LanfordCai/secp256k1.swift.git at 0.2.0 (0.34s)
Creating working copy for https://github.com/behrang/YamlSwift.git
Working copy of https://github.com/behrang/YamlSwift.git resolved at 3.4.4
Creating working copy for https://github.com/LanfordCai/secp256k1.swift.git
Working copy of https://github.com/LanfordCai/secp256k1.swift.git resolved at 0.2.0
warning: 'secp256k1.swift': Invalid Source '/host/spi-builder-workspace/.build/checkouts/secp256k1.swift/secp256k1/Classes/secp256k1/modules/ecdh': File not found.
warning: 'secp256k1.swift': Invalid Source '/host/spi-builder-workspace/.build/checkouts/secp256k1.swift/secp256k1/Classes/secp256k1/modules/recovery': File not found.
warning: 'secp256k1.swift': Invalid Source '/host/spi-builder-workspace/.build/checkouts/secp256k1.swift/secp256k1/Classes/secp256k1/modules/ecdh': File not found.
warning: 'secp256k1.swift': Invalid Source '/host/spi-builder-workspace/.build/checkouts/secp256k1.swift/secp256k1/Classes/secp256k1/modules/recovery': File not found.
Building for debugging...
[Computing dependencies]
[Pre-planning 1 / 126]
[Planning deferred tasks]
[32 / 48] secp256k1
[34 / 50] secp256k1
[43 / 54] libsecp256k1
[44 / 54] Secp256k1Swift
[49 / 54] secp256k1
error: SwiftCompile normal x86_64 /host/spi-builder-workspace/Sources/Secp256k1Swift/Secp256k1Swift.swift failed with a nonzero exit code. Command line:     cd /host
    builtin-SwiftPerFileCompile Secp256k1Swift.swift
[52 / 55] Secp256k1Swift
/host/spi-builder-workspace/Sources/Secp256k1Swift/Secp256k1Swift.swift:64:22: error: cannot find 'SecRandomCopyBytes' in scope
 62 |     public static func keyPair() throws -> (PrivateKey, PublicKey) {
 63 |         var privkey = PrivateKey(repeating: 0, count: 32)
 64 |         let status = SecRandomCopyBytes(kSecRandomDefault, privkey.count, &privkey)
    |                      `- error: cannot find 'SecRandomCopyBytes' in scope
 65 |         guard status == errSecSuccess,
 66 |             let pubkey = try? derivePublicKey(for: privkey) else {
/host/spi-builder-workspace/Sources/Secp256k1Swift/Secp256k1Swift.swift:64:41: error: cannot find 'kSecRandomDefault' in scope
 62 |     public static func keyPair() throws -> (PrivateKey, PublicKey) {
 63 |         var privkey = PrivateKey(repeating: 0, count: 32)
 64 |         let status = SecRandomCopyBytes(kSecRandomDefault, privkey.count, &privkey)
    |                                         `- error: cannot find 'kSecRandomDefault' in scope
 65 |         guard status == errSecSuccess,
 66 |             let pubkey = try? derivePublicKey(for: privkey) else {
/host/spi-builder-workspace/Sources/Secp256k1Swift/Secp256k1Swift.swift:65:25: error: cannot find 'errSecSuccess' in scope
 63 |         var privkey = PrivateKey(repeating: 0, count: 32)
 64 |         let status = SecRandomCopyBytes(kSecRandomDefault, privkey.count, &privkey)
 65 |         guard status == errSecSuccess,
    |                         `- error: cannot find 'errSecSuccess' in scope
 66 |             let pubkey = try? derivePublicKey(for: privkey) else {
 67 |             throw Error.internalError
Failed frontend command:
/usr/bin/swift-frontend -frontend -c /host/spi-builder-workspace/Sources/Secp256k1Swift/Extensions/Array+Extension.swift -primary-file /host/spi-builder-workspace/Sources/Secp256k1Swift/Secp256k1Swift.swift -emit-dependencies-path /host/spi-builder-workspace/.build/out/Intermediates.noindex/Secp256k1Swift.build/Debug-linux-x86_64/Secp256k1Swift-t.build/Objects-normal/x86_64/Secp256k1Swift.d -emit-const-values-path /host/spi-builder-workspace/.build/out/Intermediates.noindex/Secp256k1Swift.build/Debug-linux-x86_64/Secp256k1Swift-t.build/Objects-normal/x86_64/Secp256k1Swift.swiftconstvalues -emit-reference-dependencies-path /host/spi-builder-workspace/.build/out/Intermediates.noindex/Secp256k1Swift.build/Debug-linux-x86_64/Secp256k1Swift-t.build/Objects-normal/x86_64/Secp256k1Swift.swiftdeps -serialize-diagnostics-path /host/spi-builder-workspace/.build/out/Intermediates.noindex/Secp256k1Swift.build/Debug-linux-x86_64/Secp256k1Swift-t.build/Objects-normal/x86_64/Secp256k1Swift.dia -target x86_64-unknown-linux-gnu -disable-objc-interop -I /host/spi-builder-workspace/.build/out/Products/Debug-linux-x86_64 -module-cache-path /host/spi-builder-workspace/.build/out/ModuleCache.noindex -color-diagnostics -Xcc -fcolor-diagnostics -enable-testing -g -debug-info-format\=dwarf -dwarf-version\=4 -swift-version 5 -Onone -D SWIFT_PACKAGE -D DEBUG -D SWIFT_MODULE_RESOURCE_BUNDLE_UNAVAILABLE -D Xcode -serialize-debugging-options -enable-experimental-feature DebugDescriptionMacro -empty-abi-descriptor -external-plugin-path /usr/lib/swift/host/plugins/testing\#/usr/bin/swift-plugin-server -validate-clang-modules-once -clang-build-session-file /host/spi-builder-workspace/.build/out/ModuleCache.noindex/Session.modulevalidation -Xcc -working-directory -Xcc /host -enable-anonymous-context-mangled-names -file-compilation-dir /host -Xcc -fmodule-map-file\=/host/spi-builder-workspace/.build/out/Intermediates.noindex/GeneratedModuleMaps-linux-x86_64/libsecp256k1.modulemap -Xcc -fno-omit-frame-pointer -Xcc -D_LIBCPP_HARDENING_MODE\=_LIBCPP_HARDENING_MODE_DEBUG -Xcc -fmodules-prune-interval\=86400 -Xcc -fmodules-prune-after\=345600 -Xcc -I/host/spi-builder-workspace/.build/checkouts/secp256k1.swift/secp256k1/Classes/secp256k1/include -Xcc -I/host/spi-builder-workspace/.build/out/Products/Debug-linux-x86_64/include -Xcc -I/host/spi-builder-workspace/.build/out/Intermediates.noindex/Secp256k1Swift.build/Debug-linux-x86_64/Secp256k1Swift-t.build/DerivedSources-normal/x86_64 -Xcc -I/host/spi-builder-workspace/.build/out/Intermediates.noindex/Secp256k1Swift.build/Debug-linux-x86_64/Secp256k1Swift-t.build/DerivedSources/x86_64 -Xcc -I/host/spi-builder-workspace/.build/out/Intermediates.noindex/Secp256k1Swift.build/Debug-linux-x86_64/Secp256k1Swift-t.build/DerivedSources -Xcc -DSWIFT_PACKAGE -Xcc -DDEBUG\=1 -no-auto-bridging-header-chaining -module-name Secp256k1Swift -const-gather-protocols-file /host/spi-builder-workspace/.build/out/Intermediates.noindex/Secp256k1Swift.build/Debug-linux-x86_64/Secp256k1Swift-t.build/Objects-normal/x86_64/Secp256k1Swift_const_extract_protocols.json -in-process-plugin-server-path /usr/lib/swift/host/libSwiftInProcPluginServer.so -plugin-path /usr/lib/swift/host/plugins -plugin-path /usr/local/lib/swift/host/plugins -parse-as-library -o /host/spi-builder-workspace/.build/out/Intermediates.noindex/Secp256k1Swift.build/Debug-linux-x86_64/Secp256k1Swift-t.build/Objects-normal/x86_64/Secp256k1Swift.o -index-unit-output-path /Secp256k1Swift.build/Debug-linux-x86_64/Secp256k1Swift-t.build/Objects-normal/x86_64/Secp256k1Swift.o -index-store-path /host/spi-builder-workspace/.build/out -index-system-modules
error: Build failed
BUILD FAILURE 6.4 linux