The Swift Package Index logo.Swift Package Index

Build Information

Failed to build RxGRDB, reference v4.0.1 (7dc5a6), with Swift 6.4 for Android on 23 Sep 2026 02:33:15 UTC.

Build Command

bash -c docker run --pull=always --rm -v "checkouts-53886769-1":/host -w "$PWD" -e JAVA_HOME="/root/.sdkman/candidates/java/current" -e SPI_BUILD="1" -e SPI_PROCESSING="1" registry.gitlab.com/saguaro1/spi-images:android-6.4-latest swift build --swift-sdk aarch64-unknown-linux-android28 2>&1

Build Log

========================================
RunAll
========================================
Builder version: 5.1.0
Interrupt handler set up.
========================================
Checkout
========================================
Clone URL: https://github.com/RxSwiftCommunity/RxGRDB.git
Reference: v4.0.1
Initialized empty Git repository in /host/spi-builder-workspace/.git/
hint: Using 'master' as the name for the initial branch. This default branch name
hint: is subject to change. To configure the initial branch name to use in all
hint: of your new repositories, which will suppress this warning, call:
hint:
hint: 	git config --global init.defaultBranch <name>
hint:
hint: Names commonly chosen instead of 'master' are 'main', 'trunk' and
hint: 'development'. The just-created branch can be renamed via this command:
hint:
hint: 	git branch -m <name>
From https://github.com/RxSwiftCommunity/RxGRDB
 * tag               v4.0.1     -> FETCH_HEAD
HEAD is now at 7dc5a6a v4.0.1
Cloned https://github.com/RxSwiftCommunity/RxGRDB.git
Revision (git rev-parse @):
7dc5a6a00012a01ab4438bb00299507413c572ae
SUCCESS checkout https://github.com/RxSwiftCommunity/RxGRDB.git at v4.0.1
========================================
Build
========================================
Selected platform:         android
Swift version:             6.4
Building package at path:  $PWD
https://github.com/RxSwiftCommunity/RxGRDB.git
Running build ...
bash -c docker run --pull=always --rm -v "checkouts-53886769-1":/host -w "$PWD" -e JAVA_HOME="/root/.sdkman/candidates/java/current" -e SPI_BUILD="1" -e SPI_PROCESSING="1" registry.gitlab.com/saguaro1/spi-images:android-6.4-latest swift build --swift-sdk aarch64-unknown-linux-android28 2>&1
android-6.4-latest: Pulling from saguaro1/spi-images
Digest: sha256:abadcff584c273feba50641b454858d377ba30b35ea7287a94f45ebd8afd0ea0
Status: Image is up to date for registry.gitlab.com/saguaro1/spi-images:android-6.4-latest
Fetching https://github.com/ReactiveX/RxSwift.git
Fetching https://github.com/groue/GRDB.swift.git
[1/113886] Fetching grdb.swift
[2/168423] Fetching grdb.swift, rxswift
Fetched https://github.com/ReactiveX/RxSwift.git (3.79s)
[56943/113886] Fetching grdb.swift
Fetched https://github.com/groue/GRDB.swift.git (9.81s)
Computing version for https://github.com/ReactiveX/RxSwift.git
warning: 'rxswift': /Package@swift-5.9.swift:99:56: warning: 'v4' is deprecated: watchOS 9.0 is the oldest supported version [#DeprecatedDeclaration]
 97 | let package = Package(
 98 |     name: "RxSwift",
 99 |     platforms: [.iOS(.v12), .macOS(.v10_13), .watchOS(.v4), .tvOS(.v12), .visionOS(.v1)],
    |                                                        `- warning: 'v4' is deprecated: watchOS 9.0 is the oldest supported version [#DeprecatedDeclaration]
100 |     products: ([
101 |         [
[#DeprecatedDeclaration]: <https://docs.swift.org/compiler/documentation/diagnostics/deprecated-declaration>
Computed https://github.com/ReactiveX/RxSwift.git at 6.10.2 (11.67s)
Computing version for https://github.com/groue/GRDB.swift.git
Computed https://github.com/groue/GRDB.swift.git at 7.11.1 (1.78s)
Creating working copy for https://github.com/ReactiveX/RxSwift.git
Working copy of https://github.com/ReactiveX/RxSwift.git resolved at 6.10.2
Creating working copy for https://github.com/groue/GRDB.swift.git
Working copy of https://github.com/groue/GRDB.swift.git resolved at 7.11.1
warning: 'rxswift': /host/spi-builder-workspace/.build/checkouts/RxSwift/Package@swift-5.9.swift:99:56: warning: 'v4' is deprecated: watchOS 9.0 is the oldest supported version [#DeprecatedDeclaration]
 97 | let package = Package(
 98 |     name: "RxSwift",
 99 |     platforms: [.iOS(.v12), .macOS(.v10_13), .watchOS(.v4), .tvOS(.v12), .visionOS(.v1)],
    |                                                        `- warning: 'v4' is deprecated: watchOS 9.0 is the oldest supported version [#DeprecatedDeclaration]
100 |     products: ([
101 |         [
[#DeprecatedDeclaration]: <https://docs.swift.org/compiler/documentation/diagnostics/deprecated-declaration>
Building for debugging...
[Computing dependencies]
[Pre-planning 1 / 185]
[Planning deferred tasks]
[4 / 64]
[44 / 66] RxSwift
[53 / 84] GRDB
[53 / 84] RxSwift
[57 / 84] RxSwift
[63 / 84] RxSwift-product
error: SwiftCompile normal aarch64 /host/spi-builder-workspace/.build/checkouts/GRDB.swift/GRDB/Core/Support/Foundation/Decimal.swift failed with a nonzero exit code. Command line:     cd /host
    builtin-SwiftPerFileCompile Decimal.swift
error: SwiftCompile normal aarch64 /host/spi-builder-workspace/.build/checkouts/GRDB.swift/GRDB/Core/Support/Foundation/NSData.swift failed with a nonzero exit code. Command line:     cd /host
    builtin-SwiftPerFileCompile NSData.swift
error: SwiftCompile normal aarch64 /host/spi-builder-workspace/.build/checkouts/GRDB.swift/GRDB/Core/Support/Foundation/NSNull.swift failed with a nonzero exit code. Command line:     cd /host
    builtin-SwiftPerFileCompile NSNull.swift
error: SwiftCompile normal aarch64 /host/spi-builder-workspace/.build/checkouts/GRDB.swift/GRDB/Core/Support/Foundation/NSNumber.swift failed with a nonzero exit code. Command line:     cd /host
    builtin-SwiftPerFileCompile NSNumber.swift
error: SwiftCompile normal aarch64 /host/spi-builder-workspace/.build/checkouts/GRDB.swift/GRDB/Core/Support/Foundation/NSString.swift failed with a nonzero exit code. Command line:     cd /host
    builtin-SwiftPerFileCompile NSString.swift
error: SwiftCompile normal aarch64 /host/spi-builder-workspace/.build/checkouts/GRDB.swift/GRDB/Core/Support/Foundation/SQLiteDateParser.swift failed with a nonzero exit code. Command line:     cd /host
    builtin-SwiftPerFileCompile SQLiteDateParser.swift
error: SwiftCompile normal aarch64 /host/spi-builder-workspace/.build/checkouts/GRDB.swift/GRDB/Core/Support/Foundation/URL.swift failed with a nonzero exit code. Command line:     cd /host
    builtin-SwiftPerFileCompile URL.swift
error: SwiftCompile normal aarch64 /host/spi-builder-workspace/.build/checkouts/GRDB.swift/GRDB/Core/Support/Foundation/UUID.swift failed with a nonzero exit code. Command line:     cd /host
    builtin-SwiftPerFileCompile UUID.swift
error: SwiftCompile normal aarch64 /host/spi-builder-workspace/.build/checkouts/GRDB.swift/GRDB/Core/Support/StandardLibrary/DatabaseValueConvertible+Decodable.swift failed with a nonzero exit code. Command line:     cd /host
    builtin-SwiftPerFileCompile DatabaseValueConvertible+Decodable.swift
error: SwiftCompile normal aarch64 /host/spi-builder-workspace/.build/checkouts/GRDB.swift/GRDB/Core/Support/StandardLibrary/DatabaseValueConvertible+Encodable.swift failed with a nonzero exit code. Command line:     cd /host
    builtin-SwiftPerFileCompile DatabaseValueConvertible+Encodable.swift
error: SwiftCompile normal aarch64 /host/spi-builder-workspace/.build/checkouts/GRDB.swift/GRDB/Core/Support/StandardLibrary/DatabaseValueConvertible+RawRepresentable.swift failed with a nonzero exit code. Command line:     cd /host
    builtin-SwiftPerFileCompile DatabaseValueConvertible+RawRepresentable.swift
error: SwiftCompile normal aarch64 /host/spi-builder-workspace/.build/checkouts/GRDB.swift/GRDB/Core/Support/StandardLibrary/JSONRequiredEncoder.swift failed with a nonzero exit code. Command line:     cd /host
    builtin-SwiftPerFileCompile JSONRequiredEncoder.swift
error: SwiftCompile normal aarch64 /host/spi-builder-workspace/.build/checkouts/GRDB.swift/GRDB/Core/Support/StandardLibrary/Optional.swift failed with a nonzero exit code. Command line:     cd /host
    builtin-SwiftPerFileCompile Optional.swift
error: SwiftCompile normal aarch64 /host/spi-builder-workspace/.build/checkouts/GRDB.swift/GRDB/Core/Support/StandardLibrary/StandardLibrary.swift failed with a nonzero exit code. Command line:     cd /host
    builtin-SwiftPerFileCompile StandardLibrary.swift
error: SwiftCompile normal aarch64 /host/spi-builder-workspace/.build/checkouts/GRDB.swift/GRDB/Core/TransactionClock.swift failed with a nonzero exit code. Command line:     cd /host
    builtin-SwiftPerFileCompile TransactionClock.swift
error: SwiftCompile normal aarch64 /host/spi-builder-workspace/.build/checkouts/GRDB.swift/GRDB/Core/TransactionObserver.swift failed with a nonzero exit code. Command line:     cd /host
    builtin-SwiftPerFileCompile TransactionObserver.swift
error: SwiftCompile normal aarch64 /host/spi-builder-workspace/.build/checkouts/GRDB.swift/GRDB/Core/WALSnapshot.swift failed with a nonzero exit code. Command line:     cd /host
    builtin-SwiftPerFileCompile WALSnapshot.swift
error: SwiftCompile normal aarch64 /host/spi-builder-workspace/.build/checkouts/GRDB.swift/GRDB/Core/WALSnapshotTransaction.swift failed with a nonzero exit code. Command line:     cd /host
    builtin-SwiftPerFileCompile WALSnapshotTransaction.swift
error: SwiftCompile normal aarch64 /host/spi-builder-workspace/.build/checkouts/GRDB.swift/GRDB/Dump/Database+Dump.swift failed with a nonzero exit code. Command line:     cd /host
    builtin-SwiftPerFileCompile Database+Dump.swift
error: SwiftCompile normal aarch64 /host/spi-builder-workspace/.build/checkouts/GRDB.swift/GRDB/Dump/DatabaseReader+dump.swift failed with a nonzero exit code. Command line:     cd /host
    builtin-SwiftPerFileCompile DatabaseReader+dump.swift
error: SwiftCompile normal aarch64 /host/spi-builder-workspace/.build/checkouts/GRDB.swift/GRDB/Dump/DumpFormat.swift failed with a nonzero exit code. Command line:     cd /host
    builtin-SwiftPerFileCompile DumpFormat.swift
<module-includes>:1:10: note: in file included from <module-includes>:1:
1 | #include "shim.h"
  |          `- note: in file included from <module-includes>:1:
2 |
/host/spi-builder-workspace/.build/checkouts/GRDB.swift/Sources/GRDBSQLite/shim.h:1:10: error: 'sqlite3.h' file not found
 1 | #include <sqlite3.h>
   |          `- error: 'sqlite3.h' file not found
 2 |
 3 | typedef void(*_errorLogCallback)(void *pArg, int iErrCode, const char *zMsg);
/host/spi-builder-workspace/.build/checkouts/GRDB.swift/GRDB/Core/Configuration.swift:10:8: error: could not build C module 'GRDBSQLite'
  8 | import SQLCipher
  9 | #else // Default SPM trait must be the default. It impossible to detect from Xcode.
 10 | import GRDBSQLite
    |        `- error: could not build C module 'GRDBSQLite'
 11 | #endif
 12 |
Failed frontend command:
/root/.local/share/swiftly/toolchains/6.4.x-snapshot-2026-09-04/usr/bin/swift-frontend -frontend -c -filelist /host/spi-builder-workspace/.build/out/Intermediates.noindex/GRDB.build/Debug-android-aarch64/GRDB-t.build/Objects-normal/aarch64/sources-2 -primary-file /host/spi-builder-workspace/.build/checkouts/GRDB.swift/GRDB/Core/Support/Foundation/Decimal.swift -primary-file /host/spi-builder-workspace/.build/checkouts/GRDB.swift/GRDB/Core/Support/Foundation/NSData.swift -primary-file /host/spi-builder-workspace/.build/checkouts/GRDB.swift/GRDB/Core/Support/Foundation/NSNull.swift -primary-file /host/spi-builder-workspace/.build/checkouts/GRDB.swift/GRDB/Core/Support/Foundation/NSNumber.swift -primary-file /host/spi-builder-workspace/.build/checkouts/GRDB.swift/GRDB/Core/Support/Foundation/NSString.swift -primary-file /host/spi-builder-workspace/.build/checkouts/GRDB.swift/GRDB/Core/Support/Foundation/SQLiteDateParser.swift -primary-file /host/spi-builder-workspace/.build/checkouts/GRDB.swift/GRDB/Core/Support/Foundation/URL.swift -primary-file /host/spi-builder-workspace/.build/checkouts/GRDB.swift/GRDB/Core/Support/Foundation/UUID.swift -primary-file /host/spi-builder-workspace/.build/checkouts/GRDB.swift/GRDB/Core/Support/StandardLibrary/DatabaseValueConvertible+Decodable.swift -primary-file /host/spi-builder-workspace/.build/checkouts/GRDB.swift/GRDB/Core/Support/StandardLibrary/DatabaseValueConvertible+Encodable.swift -primary-file /host/spi-builder-workspace/.build/checkouts/GRDB.swift/GRDB/Core/Support/StandardLibrary/DatabaseValueConvertible+RawRepresentable.swift -primary-file /host/spi-builder-workspace/.build/checkouts/GRDB.swift/GRDB/Core/Support/StandardLibrary/JSONRequiredEncoder.swift -primary-file /host/spi-builder-workspace/.build/checkouts/GRDB.swift/GRDB/Core/Support/StandardLibrary/Optional.swift -primary-file /host/spi-builder-workspace/.build/checkouts/GRDB.swift/GRDB/Core/Support/StandardLibrary/StandardLibrary.swift -primary-file /host/spi-builder-workspace/.build/checkouts/GRDB.swift/GRDB/Core/TransactionClock.swift -primary-file /host/spi-builder-workspace/.build/checkouts/GRDB.swift/GRDB/Core/TransactionObserver.swift -primary-file /host/spi-builder-workspace/.build/checkouts/GRDB.swift/GRDB/Core/WALSnapshot.swift -primary-file /host/spi-builder-workspace/.build/checkouts/GRDB.swift/GRDB/Core/WALSnapshotTransaction.swift -primary-file /host/spi-builder-workspace/.build/checkouts/GRDB.swift/GRDB/Dump/Database+Dump.swift -primary-file /host/spi-builder-workspace/.build/checkouts/GRDB.swift/GRDB/Dump/DatabaseReader+dump.swift -primary-file /host/spi-builder-workspace/.build/checkouts/GRDB.swift/GRDB/Dump/DumpFormat.swift -supplementary-output-file-map /host/spi-builder-workspace/.build/out/Intermediates.noindex/GRDB.build/Debug-android-aarch64/GRDB-t.build/Objects-normal/aarch64/supplementaryOutputs-11 -target aarch64-unknown-linux-android28 -Xllvm -aarch64-use-tbi -disable-objc-interop -sdk /android-ndk/android-ndk-r27d/toolchains/llvm/prebuilt/linux-x86_64/sysroot -sysroot /android-ndk/android-ndk-r27d/toolchains/llvm/prebuilt/linux-x86_64/sysroot -I /host/spi-builder-workspace/.build/out/Products/Debug-android-aarch64 -module-cache-path /host/spi-builder-workspace/.build/out/ModuleCache.noindex -color-diagnostics -Xcc -fcolor-diagnostics -enable-testing -g -debug-info-format\=dwarf -dwarf-version\=4 -suppress-warnings -swift-version 6 -Onone -D SWIFT_PACKAGE -D DEBUG -D SWIFT_MODULE_RESOURCE_BUNDLE_AVAILABLE -D SQLITE_ENABLE_FTS5 -D SQLITE_ENABLE_SNAPSHOT -D Xcode -serialize-debugging-options -enable-upcoming-feature MemberImportVisibility -enable-experimental-feature DebugDescriptionMacro -empty-abi-descriptor -external-plugin-path /root/.local/share/swiftly/toolchains/6.4.x-snapshot-2026-09-04/usr/lib/swift/host/plugins/testing\#/root/.local/share/swiftly/toolchains/6.4.x-snapshot-2026-09-04/usr/bin/swift-plugin-server -user-module-version 7.11.1 -validate-clang-modules-once -clang-build-session-file /host/spi-builder-workspace/.build/out/ModuleCache.noindex/Session.modulevalidation -Xcc -working-directory -Xcc /host -resource-dir /root/.swiftpm/swift-sdks/swift-6.4.x-DEVELOPMENT-SNAPSHOT-2026-09-04-a_android.artifactbundle/swift-android/swift-resources/usr/lib/swift-aarch64 -enable-anonymous-context-mangled-names -file-compilation-dir /host -Xcc -resource-dir -Xcc /android-ndk/android-ndk-r27d/toolchains/llvm/prebuilt/linux-x86_64/lib/clang/18 -Xcc -fmodule-map-file\=/host/spi-builder-workspace/.build/checkouts/GRDB.swift/Sources/GRDBSQLite/module.modulemap -Xcc -fno-omit-frame-pointer -Xcc -D_LIBCPP_HARDENING_MODE\=_LIBCPP_HARDENING_MODE_DEBUG -Xcc -fmodules-prune-interval\=86400 -Xcc -fmodules-prune-after\=345600 -Xcc -I/host/spi-builder-workspace/.build/out/Products/Debug-android-aarch64/include -Xcc -I/host/spi-builder-workspace/.build/out/Intermediates.noindex/GRDB.build/Debug-android-aarch64/GRDB-t.build/DerivedSources-normal/aarch64 -Xcc -I/host/spi-builder-workspace/.build/out/Intermediates.noindex/GRDB.build/Debug-android-aarch64/GRDB-t.build/DerivedSources/aarch64 -Xcc -I/host/spi-builder-workspace/.build/out/Intermediates.noindex/GRDB.build/Debug-android-aarch64/GRDB-t.build/DerivedSources -Xcc -DSWIFT_PACKAGE -Xcc -DDEBUG\=1 -no-auto-bridging-header-chaining -module-name GRDB -package-name grdb_swift -const-gather-protocols-file /host/spi-builder-workspace/.build/out/Intermediates.noindex/GRDB.build/Debug-android-aarch64/GRDB-t.build/Objects-normal/aarch64/GRDB_const_extract_protocols.json -in-process-plugin-server-path /root/.local/share/swiftly/toolchains/6.4.x-snapshot-2026-09-04/usr/lib/swift/host/libSwiftInProcPluginServer.so -plugin-path /root/.local/share/swiftly/toolchains/6.4.x-snapshot-2026-09-04/usr/lib/swift/host/plugins -plugin-path /root/.local/share/swiftly/toolchains/6.4.x-snapshot-2026-09-04/usr/local/lib/swift/host/plugins -parse-as-library -o /host/spi-builder-workspace/.build/out/Intermediates.noindex/GRDB.build/Debug-android-aarch64/GRDB-t.build/Objects-normal/aarch64/Decimal.o -o /host/spi-builder-workspace/.build/out/Intermediates.noindex/GRDB.build/Debug-android-aarch64/GRDB-t.build/Objects-normal/aarch64/NSData.o -o /host/spi-builder-workspace/.build/out/Intermediates.noindex/GRDB.build/Debug-android-aarch64/GRDB-t.build/Objects-normal/aarch64/NSNull.o -o /host/spi-builder-workspace/.build/out/Intermediates.noindex/GRDB.build/Debug-android-aarch64/GRDB-t.build/Objects-normal/aarch64/NSNumber.o -o /host/spi-builder-workspace/.build/out/Intermediates.noindex/GRDB.build/Debug-android-aarch64/GRDB-t.build/Objects-normal/aarch64/NSString.o -o /host/spi-builder-workspace/.build/out/Intermediates.noindex/GRDB.build/Debug-android-aarch64/GRDB-t.build/Objects-normal/aarch64/SQLiteDateParser.o -o /host/spi-builder-workspace/.build/out/Intermediates.noindex/GRDB.build/Debug-android-aarch64/GRDB-t.build/Objects-normal/aarch64/URL.o -o /host/spi-builder-workspace/.build/out/Intermediates.noindex/GRDB.build/Debug-android-aarch64/GRDB-t.build/Objects-normal/aarch64/UUID.o -o /host/spi-builder-workspace/.build/out/Intermediates.noindex/GRDB.build/Debug-android-aarch64/GRDB-t.build/Objects-normal/aarch64/DatabaseValueConvertible+Decodable.o -o /host/spi-builder-workspace/.build/out/Intermediates.noindex/GRDB.build/Debug-android-aarch64/GRDB-t.build/Objects-normal/aarch64/DatabaseValueConvertible+Encodable.o -o /host/spi-builder-workspace/.build/out/Intermediates.noindex/GRDB.build/Debug-android-aarch64/GRDB-t.build/Objects-normal/aarch64/DatabaseValueConvertible+RawRepresentable.o -o /host/spi-builder-workspace/.build/out/Intermediates.noindex/GRDB.build/Debug-android-aarch64/GRDB-t.build/Objects-normal/aarch64/JSONRequiredEncoder.o -o /host/spi-builder-workspace/.build/out/Intermediates.noindex/GRDB.build/Debug-android-aarch64/GRDB-t.build/Objects-normal/aarch64/Optional.o -o /host/spi-builder-workspace/.build/out/Intermediates.noindex/GRDB.build/Debug-android-aarch64/GRDB-t.build/Objects-normal/aarch64/StandardLibrary.o -o /host/spi-builder-workspace/.build/out/Intermediates.noindex/GRDB.build/Debug-android-aarch64/GRDB-t.build/Objects-normal/aarch64/TransactionClock.o -o /host/spi-builder-workspace/.build/out/Intermediates.noindex/GRDB.build/Debug-android-aarch64/GRDB-t.build/Objects-normal/aarch64/TransactionObserver.o -o /host/spi-builder-workspace/.build/out/Intermediates.noindex/GRDB.build/Debug-android-aarch64/GRDB-t.build/Objects-normal/aarch64/WALSnapshot.o -o /host/spi-builder-workspace/.build/out/Intermediates.noindex/GRDB.build/Debug-android-aarch64/GRDB-t.build/Objects-normal/aarch64/WALSnapshotTransaction.o -o /host/spi-builder-workspace/.build/out/Intermediates.noindex/GRDB.build/Debug-android-aarch64/GRDB-t.build/Objects-normal/aarch64/Database+Dump.o -o /host/spi-builder-workspace/.build/out/Intermediates.noindex/GRDB.build/Debug-android-aarch64/GRDB-t.build/Objects-normal/aarch64/DatabaseReader+dump.o -o /host/spi-builder-workspace/.build/out/Intermediates.noindex/GRDB.build/Debug-android-aarch64/GRDB-t.build/Objects-normal/aarch64/DumpFormat.o -index-unit-output-path /GRDB.build/Debug-android-aarch64/GRDB-t.build/Objects-normal/aarch64/Decimal.o -index-unit-output-path /GRDB.build/Debug-android-aarch64/GRDB-t.build/Objects-normal/aarch64/NSData.o -index-unit-output-path /GRDB.build/Debug-android-aarch64/GRDB-t.build/Objects-normal/aarch64/NSNull.o -index-unit-output-path /GRDB.build/Debug-android-aarch64/GRDB-t.build/Objects-normal/aarch64/NSNumber.o -index-unit-output-path /GRDB.build/Debug-android-aarch64/GRDB-t.build/Objects-normal/aarch64/NSString.o -index-unit-output-path /GRDB.build/Debug-android-aarch64/GRDB-t.build/Objects-normal/aarch64/SQLiteDateParser.o -index-unit-output-path /GRDB.build/Debug-android-aarch64/GRDB-t.build/Objects-normal/aarch64/URL.o -index-unit-output-path /GRDB.build/Debug-android-aarch64/GRDB-t.build/Objects-normal/aarch64/UUID.o -index-unit-output-path /GRDB.build/Debug-android-aarch64/GRDB-t.build/Objects-normal/aarch64/DatabaseValueConvertible+Decodable.o -index-unit-output-path /GRDB.build/Debug-android-aarch64/GRDB-t.build/Objects-normal/aarch64/DatabaseValueConvertible+Encodable.o -index-unit-output-path /GRDB.build/Debug-android-aarch64/GRDB-t.build/Objects-normal/aarch64/DatabaseValueConvertible+RawRepresentable.o -index-unit-output-path /GRDB.build/Debug-android-aarch64/GRDB-t.build/Objects-normal/aarch64/JSONRequiredEncoder.o -index-unit-output-path /GRDB.build/Debug-android-aarch64/GRDB-t.build/Objects-normal/aarch64/Optional.o -index-unit-output-path /GRDB.build/Debug-android-aarch64/GRDB-t.build/Objects-normal/aarch64/StandardLibrary.o -index-unit-output-path /GRDB.build/Debug-android-aarch64/GRDB-t.build/Objects-normal/aarch64/TransactionClock.o -index-unit-output-path /GRDB.build/Debug-android-aarch64/GRDB-t.build/Objects-normal/aarch64/TransactionObserver.o -index-unit-output-path /GRDB.build/Debug-android-aarch64/GRDB-t.build/Objects-normal/aarch64/WALSnapshot.o -index-unit-output-path /GRDB.build/Debug-android-aarch64/GRDB-t.build/Objects-normal/aarch64/WALSnapshotTransaction.o -index-unit-output-path /GRDB.build/Debug-android-aarch64/GRDB-t.build/Objects-normal/aarch64/Database+Dump.o -index-unit-output-path /GRDB.build/Debug-android-aarch64/GRDB-t.build/Objects-normal/aarch64/DatabaseReader+dump.o -index-unit-output-path /GRDB.build/Debug-android-aarch64/GRDB-t.build/Objects-normal/aarch64/DumpFormat.o -index-store-path /host/spi-builder-workspace/.build/out -index-system-modules
error: Build failed
BUILD FAILURE 6.4 android