Build Information
Failed to build ScheduledNotificationsViewController, reference 0.0.5 (3a5df1), with Swift 6.4 for tvOS using Xcode 27.0 on 19 Sep 2026 08:31:38 UTC.
Build Command
env DEVELOPER_DIR=/Applications/Xcode-27.0.0-Release.Candidate.app xcrun xcodebuild -IDEClonedSourcePackagesDirPathOverride=$PWD/.dependencies -skipMacroValidation -skipPackagePluginValidation -derivedDataPath $PWD/.derivedData build -scheme ScheduledNotificationsViewController -destination generic/platform=tvOSBuild Log
========================================
RunAll
========================================
Builder version: 5.1.0
Interrupt handler set up.
========================================
Checkout
========================================
Clone URL: https://github.com/dreymonde/ScheduledNotificationsViewController.git
Reference: 0.0.5
Initialized empty Git repository in /Users/admin/builder/spi-builder-workspace/.git/
From https://github.com/dreymonde/ScheduledNotificationsViewController
* tag 0.0.5 -> FETCH_HEAD
HEAD is now at 3a5df16 Merge pull request #2 from tfe/main
Cloned https://github.com/dreymonde/ScheduledNotificationsViewController.git
Revision (git rev-parse @):
3a5df16a6a61acf8977a88ee57846b6e71bea4ad
SUCCESS checkout https://github.com/dreymonde/ScheduledNotificationsViewController.git at 0.0.5
========================================
Build
========================================
Selected platform: tvOS
Swift version: 6.4
Building package at path: $PWD
https://github.com/dreymonde/ScheduledNotificationsViewController.git
Command line invocation:
/Applications/Xcode-27.0.0-Release.Candidate.app/Contents/Developer/usr/bin/xcodebuild -IDEClonedSourcePackagesDirPathOverride=/Users/admin/builder/spi-builder-workspace/.dependencies -resolvePackageDependencies
Resolve Package Graph
Resolve Package Graph
Resolved source packages:
ScheduledNotificationsViewController: /Users/admin/builder/spi-builder-workspace
resolved source packages: ScheduledNotificationsViewController
2026-09-19 04:30:45.564 xcodebuild[563:3075] [MT] IDERunDestination: Supported platforms for the buildables in the current scheme is empty.
{
"dependencies" : [
],
"manifest_display_name" : "ScheduledNotificationsViewController",
"name" : "ScheduledNotificationsViewController",
"path" : "/Users/admin/builder/spi-builder-workspace",
"platforms" : [
{
"name" : "ios",
"version" : "13.0"
}
],
"products" : [
{
"name" : "ScheduledNotificationsViewController",
"targets" : [
"ScheduledNotificationsViewController"
],
"type" : {
"library" : [
"automatic"
]
}
}
],
"targets" : [
{
"c99name" : "ScheduledNotificationsViewControllerTests",
"module_type" : "SwiftTarget",
"name" : "ScheduledNotificationsViewControllerTests",
"path" : "Tests/ScheduledNotificationsViewControllerTests",
"sources" : [
"ScheduledNotificationsViewControllerTests.swift",
"XCTestManifests.swift"
],
"target_dependencies" : [
"ScheduledNotificationsViewController"
],
"type" : "test"
},
{
"c99name" : "ScheduledNotificationsViewController",
"module_type" : "SwiftTarget",
"name" : "ScheduledNotificationsViewController",
"path" : "Sources/ScheduledNotificationsViewController",
"product_memberships" : [
"ScheduledNotificationsViewController"
],
"sources" : [
"NiceUI/Align.swift",
"NiceUI/Delegated/Delegated.swift",
"NiceUI/GestureRecognizers.swift",
"NiceUI/Stacks.swift",
"NiceUI/View.swift",
"NiceUI/Views/Button.swift",
"NiceUI/Views/ScrollableStackView.swift",
"NiceUI/Views/Switch.swift",
"ScheduledNotificationsViewController.swift",
"StaticTableView.swift"
],
"type" : "library"
}
],
"tools_version" : "5.1"
}
{
"workspace" : {
"name" : "ScheduledNotificationsViewController",
"schemes" : [
"ScheduledNotificationsViewController"
]
}
}
2026-09-19 04:31:27.156 xcodebuild[685:4215] [MT] IDERunDestination: Supported platforms for the buildables in the current scheme is empty.
Running build ...
env DEVELOPER_DIR=/Applications/Xcode-27.0.0-Release.Candidate.app xcrun xcodebuild -IDEClonedSourcePackagesDirPathOverride=$PWD/.dependencies -skipMacroValidation -skipPackagePluginValidation -derivedDataPath $PWD/.derivedData build -scheme ScheduledNotificationsViewController -destination generic/platform=tvOS
Command line invocation:
/Applications/Xcode-27.0.0-Release.Candidate.app/Contents/Developer/usr/bin/xcodebuild -IDEClonedSourcePackagesDirPathOverride=/Users/admin/builder/spi-builder-workspace/.dependencies -skipMacroValidation -skipPackagePluginValidation -derivedDataPath /Users/admin/builder/spi-builder-workspace/.derivedData build -scheme ScheduledNotificationsViewController -destination generic/platform=tvOS
Resolve Package Graph
Resolved source packages:
ScheduledNotificationsViewController: /Users/admin/builder/spi-builder-workspace
ComputePackagePrebuildTargetDependencyGraph
Prepare packages
CreateBuildRequest
SendProjectDescription
CreateBuildOperation
ComputeTargetDependencyGraph
note: Building targets in dependency order
note: Target dependency graph (2 targets)
Target 'ScheduledNotificationsViewController-product' in project 'ScheduledNotificationsViewController'
➜ Explicit dependency on target 'ScheduledNotificationsViewController' in project 'ScheduledNotificationsViewController'
Target 'ScheduledNotificationsViewController' in project 'ScheduledNotificationsViewController' (no dependencies)
GatherProvisioningInputs
CreateBuildDescription
ExecuteExternalTool /Applications/Xcode-27.0.0-Release.Candidate.app/Contents/Developer/Toolchains/XcodeDefault.xctoolchain/usr/bin/clang -v -E -dM -isysroot /Applications/Xcode-27.0.0-Release.Candidate.app/Contents/Developer/Platforms/AppleTVOS.platform/Developer/SDKs/AppleTVOS27.0.sdk -x c -c /dev/null
ExecuteExternalTool /Applications/Xcode-27.0.0-Release.Candidate.app/Contents/Developer/Toolchains/XcodeDefault.xctoolchain/usr/bin/swiftc --version
ExecuteExternalTool /Applications/Xcode-27.0.0-Release.Candidate.app/Contents/Developer/Toolchains/XcodeDefault.xctoolchain/usr/bin/ld -version_details
Build description signature: 2508a3d16893c8d087264ba447cfa3ec
Build description path: /Users/admin/builder/spi-builder-workspace/.derivedData/Build/Intermediates.noindex/XCBuildData/2508a3d16893c8d087264ba447cfa3ec.xcbuilddata
CreateBuildDirectory /Users/admin/builder/spi-builder-workspace/.derivedData/SDKExplicitPrecompiledModules
cd /Users/admin/builder/spi-builder-workspace/.swiftpm/xcode
builtin-create-build-directory /Users/admin/builder/spi-builder-workspace/.derivedData/SDKExplicitPrecompiledModules
CreateBuildDirectory /Users/admin/builder/spi-builder-workspace/.derivedData/ModuleCache.noindex
cd /Users/admin/builder/spi-builder-workspace/.swiftpm/xcode
builtin-create-build-directory /Users/admin/builder/spi-builder-workspace/.derivedData/ModuleCache.noindex
CreateBuildDirectory /Users/admin/builder/spi-builder-workspace/.derivedData/CompilationCache.noindex
cd /Users/admin/builder/spi-builder-workspace/.swiftpm/xcode
builtin-create-build-directory /Users/admin/builder/spi-builder-workspace/.derivedData/CompilationCache.noindex
CreateBuildDirectory /Users/admin/builder/spi-builder-workspace/.derivedData/Build/Intermediates.noindex
cd /Users/admin/builder/spi-builder-workspace/.swiftpm/xcode
builtin-create-build-directory /Users/admin/builder/spi-builder-workspace/.derivedData/Build/Intermediates.noindex
CreateBuildDirectory /Users/admin/builder/spi-builder-workspace/.derivedData/Build/Products
cd /Users/admin/builder/spi-builder-workspace/.swiftpm/xcode
builtin-create-build-directory /Users/admin/builder/spi-builder-workspace/.derivedData/Build/Products
ClangStatCache /Applications/Xcode-27.0.0-Release.Candidate.app/Contents/Developer/Toolchains/XcodeDefault.xctoolchain/usr/bin/clang-stat-cache /Applications/Xcode-27.0.0-Release.Candidate.app/Contents/Developer/Platforms/AppleTVOS.platform/Developer/SDKs/AppleTVOS27.0.sdk /Users/admin/builder/spi-builder-workspace/.derivedData/SDKStatCaches.noindex/appletvos27.0-24J360-e829b21a6f8c9b70876ba0858053c044b32bfd8d43560033f8d89884cdb90028.sdkstatcache
cd /Users/admin/builder/spi-builder-workspace/.swiftpm/xcode
/Applications/Xcode-27.0.0-Release.Candidate.app/Contents/Developer/Toolchains/XcodeDefault.xctoolchain/usr/bin/clang-stat-cache /Applications/Xcode-27.0.0-Release.Candidate.app/Contents/Developer/Platforms/AppleTVOS.platform/Developer/SDKs/AppleTVOS27.0.sdk -o /Users/admin/builder/spi-builder-workspace/.derivedData/SDKStatCaches.noindex/appletvos27.0-24J360-e829b21a6f8c9b70876ba0858053c044b32bfd8d43560033f8d89884cdb90028.sdkstatcache
CreateBuildDirectory /Users/admin/builder/spi-builder-workspace/.derivedData/Build/Intermediates.noindex/PrecompiledHeaders
cd /Users/admin/builder/spi-builder-workspace/.swiftpm/xcode
builtin-create-build-directory /Users/admin/builder/spi-builder-workspace/.derivedData/Build/Intermediates.noindex/PrecompiledHeaders
CreateBuildDirectory /Users/admin/builder/spi-builder-workspace/.derivedData/Build/Intermediates.noindex/SwiftExplicitPrecompiledModules
cd /Users/admin/builder/spi-builder-workspace/.swiftpm/xcode
builtin-create-build-directory /Users/admin/builder/spi-builder-workspace/.derivedData/Build/Intermediates.noindex/SwiftExplicitPrecompiledModules
CreateBuildDirectory /Users/admin/builder/spi-builder-workspace/.derivedData/Build/Intermediates.noindex/ExplicitPrecompiledModules
cd /Users/admin/builder/spi-builder-workspace/.swiftpm/xcode
builtin-create-build-directory /Users/admin/builder/spi-builder-workspace/.derivedData/Build/Intermediates.noindex/ExplicitPrecompiledModules
CreateBuildDirectory /Users/admin/builder/spi-builder-workspace/.derivedData/Build/Intermediates.noindex/EagerLinkingTBDs/Debug-appletvos
cd /Users/admin/builder/spi-builder-workspace/.swiftpm/xcode
builtin-create-build-directory /Users/admin/builder/spi-builder-workspace/.derivedData/Build/Intermediates.noindex/EagerLinkingTBDs/Debug-appletvos
CreateBuildDirectory /Users/admin/builder/spi-builder-workspace/.derivedData/Build/Products/Debug-appletvos
cd /Users/admin/builder/spi-builder-workspace/.swiftpm/xcode
builtin-create-build-directory /Users/admin/builder/spi-builder-workspace/.derivedData/Build/Products/Debug-appletvos
CreateBuildDirectory /Users/admin/builder/spi-builder-workspace/.derivedData/Build/Products/Debug-appletvos/PackageFrameworks
cd /Users/admin/builder/spi-builder-workspace/.swiftpm/xcode
builtin-create-build-directory /Users/admin/builder/spi-builder-workspace/.derivedData/Build/Products/Debug-appletvos/PackageFrameworks
WriteAuxiliaryFile /Users/admin/builder/spi-builder-workspace/.derivedData/Build/Intermediates.noindex/ScheduledNotificationsViewController.build/Debug-appletvos/ScheduledNotificationsViewController-t.build/ScheduledNotificationsViewController.DependencyMetadataFileList (in target 'ScheduledNotificationsViewController' from project 'ScheduledNotificationsViewController')
cd /Users/admin/builder/spi-builder-workspace
write-file /Users/admin/builder/spi-builder-workspace/.derivedData/Build/Intermediates.noindex/ScheduledNotificationsViewController.build/Debug-appletvos/ScheduledNotificationsViewController-t.build/ScheduledNotificationsViewController.DependencyMetadataFileList
WriteAuxiliaryFile /Users/admin/builder/spi-builder-workspace/.derivedData/Build/Intermediates.noindex/ScheduledNotificationsViewController.build/Debug-appletvos/ScheduledNotificationsViewController-t.build/ScheduledNotificationsViewController.DependencyStaticMetadataFileList (in target 'ScheduledNotificationsViewController' from project 'ScheduledNotificationsViewController')
cd /Users/admin/builder/spi-builder-workspace
write-file /Users/admin/builder/spi-builder-workspace/.derivedData/Build/Intermediates.noindex/ScheduledNotificationsViewController.build/Debug-appletvos/ScheduledNotificationsViewController-t.build/ScheduledNotificationsViewController.DependencyStaticMetadataFileList
WriteAuxiliaryFile /Users/admin/builder/spi-builder-workspace/.derivedData/Build/Intermediates.noindex/ScheduledNotificationsViewController.build/Debug-appletvos/ScheduledNotificationsViewController-t.build/ScheduledNotificationsViewController.modulemap (in target 'ScheduledNotificationsViewController' from project 'ScheduledNotificationsViewController')
cd /Users/admin/builder/spi-builder-workspace
write-file /Users/admin/builder/spi-builder-workspace/.derivedData/Build/Intermediates.noindex/ScheduledNotificationsViewController.build/Debug-appletvos/ScheduledNotificationsViewController-t.build/ScheduledNotificationsViewController.modulemap
WriteAuxiliaryFile /Users/admin/builder/spi-builder-workspace/.derivedData/Build/Intermediates.noindex/ScheduledNotificationsViewController.build/Debug-appletvos/ScheduledNotificationsViewController-t.build/Objects-normal/arm64/ScheduledNotificationsViewController_const_extract_protocols.json (in target 'ScheduledNotificationsViewController' from project 'ScheduledNotificationsViewController')
cd /Users/admin/builder/spi-builder-workspace
write-file /Users/admin/builder/spi-builder-workspace/.derivedData/Build/Intermediates.noindex/ScheduledNotificationsViewController.build/Debug-appletvos/ScheduledNotificationsViewController-t.build/Objects-normal/arm64/ScheduledNotificationsViewController_const_extract_protocols.json
WriteAuxiliaryFile /Users/admin/builder/spi-builder-workspace/.derivedData/Build/Intermediates.noindex/ScheduledNotificationsViewController.build/Debug-appletvos/ScheduledNotificationsViewController-t.build/Objects-normal/arm64/ScheduledNotificationsViewController.SwiftFileList (in target 'ScheduledNotificationsViewController' from project 'ScheduledNotificationsViewController')
cd /Users/admin/builder/spi-builder-workspace
write-file /Users/admin/builder/spi-builder-workspace/.derivedData/Build/Intermediates.noindex/ScheduledNotificationsViewController.build/Debug-appletvos/ScheduledNotificationsViewController-t.build/Objects-normal/arm64/ScheduledNotificationsViewController.SwiftFileList
WriteAuxiliaryFile /Users/admin/builder/spi-builder-workspace/.derivedData/Build/Intermediates.noindex/ScheduledNotificationsViewController.build/Debug-appletvos/ScheduledNotificationsViewController-t.build/Objects-normal/arm64/ScheduledNotificationsViewController.SwiftConstValuesFileList (in target 'ScheduledNotificationsViewController' from project 'ScheduledNotificationsViewController')
cd /Users/admin/builder/spi-builder-workspace
write-file /Users/admin/builder/spi-builder-workspace/.derivedData/Build/Intermediates.noindex/ScheduledNotificationsViewController.build/Debug-appletvos/ScheduledNotificationsViewController-t.build/Objects-normal/arm64/ScheduledNotificationsViewController.SwiftConstValuesFileList
WriteAuxiliaryFile /Users/admin/builder/spi-builder-workspace/.derivedData/Build/Intermediates.noindex/ScheduledNotificationsViewController.build/Debug-appletvos/ScheduledNotificationsViewController-t.build/Objects-normal/arm64/ScheduledNotificationsViewController-OutputFileMap.json (in target 'ScheduledNotificationsViewController' from project 'ScheduledNotificationsViewController')
cd /Users/admin/builder/spi-builder-workspace
write-file /Users/admin/builder/spi-builder-workspace/.derivedData/Build/Intermediates.noindex/ScheduledNotificationsViewController.build/Debug-appletvos/ScheduledNotificationsViewController-t.build/Objects-normal/arm64/ScheduledNotificationsViewController-OutputFileMap.json
WriteAuxiliaryFile /Users/admin/builder/spi-builder-workspace/.derivedData/Build/Intermediates.noindex/ScheduledNotificationsViewController.build/Debug-appletvos/ScheduledNotificationsViewController-t.build/Objects-normal/arm64/ScheduledNotificationsViewController.LinkFileList (in target 'ScheduledNotificationsViewController' from project 'ScheduledNotificationsViewController')
cd /Users/admin/builder/spi-builder-workspace
write-file /Users/admin/builder/spi-builder-workspace/.derivedData/Build/Intermediates.noindex/ScheduledNotificationsViewController.build/Debug-appletvos/ScheduledNotificationsViewController-t.build/Objects-normal/arm64/ScheduledNotificationsViewController.LinkFileList
Copy /Users/admin/builder/spi-builder-workspace/.derivedData/Build/Intermediates.noindex/GeneratedModuleMaps-appletvos/ScheduledNotificationsViewController.modulemap /Users/admin/builder/spi-builder-workspace/.derivedData/Build/Intermediates.noindex/ScheduledNotificationsViewController.build/Debug-appletvos/ScheduledNotificationsViewController-t.build/ScheduledNotificationsViewController.modulemap (in target 'ScheduledNotificationsViewController' from project 'ScheduledNotificationsViewController')
cd /Users/admin/builder/spi-builder-workspace
builtin-copy -exclude .DS_Store -exclude CVS -exclude .svn -exclude .git -exclude .hg -resolve-src-symlinks /Users/admin/builder/spi-builder-workspace/.derivedData/Build/Intermediates.noindex/ScheduledNotificationsViewController.build/Debug-appletvos/ScheduledNotificationsViewController-t.build/ScheduledNotificationsViewController.modulemap /Users/admin/builder/spi-builder-workspace/.derivedData/Build/Intermediates.noindex/GeneratedModuleMaps-appletvos
SwiftDriver ScheduledNotificationsViewController normal arm64 com.apple.xcode.tools.swift.compiler (in target 'ScheduledNotificationsViewController' from project 'ScheduledNotificationsViewController')
cd /Users/admin/builder/spi-builder-workspace/.swiftpm/xcode
builtin-SwiftDriver -- /Applications/Xcode-27.0.0-Release.Candidate.app/Contents/Developer/Toolchains/XcodeDefault.xctoolchain/usr/bin/swiftc -parse-as-library -module-name ScheduledNotificationsViewController -Onone @/Users/admin/builder/spi-builder-workspace/.derivedData/Build/Intermediates.noindex/ScheduledNotificationsViewController.build/Debug-appletvos/ScheduledNotificationsViewController-t.build/Objects-normal/arm64/ScheduledNotificationsViewController.SwiftFileList -DSWIFT_PACKAGE -DDEBUG -DSWIFT_MODULE_RESOURCE_BUNDLE_UNAVAILABLE -DXcode -plugin-path /Applications/Xcode-27.0.0-Release.Candidate.app/Contents/Developer/Toolchains/XcodeDefault.xctoolchain/usr/lib/swift/host/plugins/testing -enable-experimental-feature DebugDescriptionMacro -sdk /Applications/Xcode-27.0.0-Release.Candidate.app/Contents/Developer/Platforms/AppleTVOS.platform/Developer/SDKs/AppleTVOS27.0.sdk -target arm64-apple-tvos15.0 -g -module-cache-path /Users/admin/builder/spi-builder-workspace/.derivedData/ModuleCache.noindex -Xfrontend -serialize-debugging-options -profile-coverage-mapping -profile-generate -enable-testing -index-store-path /Users/admin/builder/spi-builder-workspace/.derivedData/Index.noindex/DataStore -Xcc -D_LIBCPP_HARDENING_MODE\=_LIBCPP_HARDENING_MODE_DEBUG -swift-version 5 -I /Users/admin/builder/spi-builder-workspace/.derivedData/Build/Products/Debug-appletvos -Isystem /Applications/Xcode-27.0.0-Release.Candidate.app/Contents/Developer/Platforms/AppleTVOS.platform/Developer/usr/lib -F /Users/admin/builder/spi-builder-workspace/.derivedData/Build/Products/Debug-appletvos -F /Applications/Xcode-27.0.0-Release.Candidate.app/Contents/Developer/Platforms/AppleTVOS.platform/Developer/Library/Frameworks -F /Applications/Xcode-27.0.0-Release.Candidate.app/Contents/Developer/Platforms/AppleTVOS.platform/Developer/SDKs/AppleTVOS27.0.sdk/Developer/Library/Frameworks -c -j10 -enable-batch-mode -incremental -Xcc -ivfsstatcache -Xcc /Users/admin/builder/spi-builder-workspace/.derivedData/SDKStatCaches.noindex/appletvos27.0-24J360-e829b21a6f8c9b70876ba0858053c044b32bfd8d43560033f8d89884cdb90028.sdkstatcache -output-file-map /Users/admin/builder/spi-builder-workspace/.derivedData/Build/Intermediates.noindex/ScheduledNotificationsViewController.build/Debug-appletvos/ScheduledNotificationsViewController-t.build/Objects-normal/arm64/ScheduledNotificationsViewController-OutputFileMap.json -save-temps -no-color-diagnostics -explicit-module-build -module-cache-path /Users/admin/builder/spi-builder-workspace/.derivedData/Build/Intermediates.noindex/SwiftExplicitPrecompiledModules -clang-scanner-module-cache-path /Users/admin/builder/spi-builder-workspace/.derivedData/ModuleCache.noindex -sdk-module-cache-path /Users/admin/builder/spi-builder-workspace/.derivedData/SDKExplicitPrecompiledModules -emit-dependencies -emit-module -emit-module-path /Users/admin/builder/spi-builder-workspace/.derivedData/Build/Intermediates.noindex/ScheduledNotificationsViewController.build/Debug-appletvos/ScheduledNotificationsViewController-t.build/Objects-normal/arm64/ScheduledNotificationsViewController.swiftmodule -serialize-diagnostics -dependency-scan-serialize-diagnostics-path /Users/admin/builder/spi-builder-workspace/.derivedData/Build/Intermediates.noindex/ScheduledNotificationsViewController.build/Debug-appletvos/ScheduledNotificationsViewController-t.build/Objects-normal/arm64/ScheduledNotificationsViewController-dependency-scan.dia -validate-clang-modules-once -clang-build-session-file /Users/admin/builder/spi-builder-workspace/.derivedData/ModuleCache.noindex/Session.modulevalidation -Xcc -fmodules-prune-interval\=86400 -Xcc -fmodules-prune-after\=345600 -emit-const-values -const-gather-protocols-list /Users/admin/builder/spi-builder-workspace/.derivedData/Build/Intermediates.noindex/ScheduledNotificationsViewController.build/Debug-appletvos/ScheduledNotificationsViewController-t.build/Objects-normal/arm64/ScheduledNotificationsViewController_const_extract_protocols.json -Xcc -I/Users/admin/builder/spi-builder-workspace/.derivedData/Build/Products/Debug-appletvos/include -Xcc -I/Users/admin/builder/spi-builder-workspace/.derivedData/Build/Intermediates.noindex/ScheduledNotificationsViewController.build/Debug-appletvos/ScheduledNotificationsViewController-t.build/DerivedSources-normal/arm64 -Xcc -I/Users/admin/builder/spi-builder-workspace/.derivedData/Build/Intermediates.noindex/ScheduledNotificationsViewController.build/Debug-appletvos/ScheduledNotificationsViewController-t.build/DerivedSources/arm64 -Xcc -I/Users/admin/builder/spi-builder-workspace/.derivedData/Build/Intermediates.noindex/ScheduledNotificationsViewController.build/Debug-appletvos/ScheduledNotificationsViewController-t.build/DerivedSources -Xcc -DSWIFT_PACKAGE -Xcc -DDEBUG\=1 -emit-objc-header -emit-objc-header-path /Users/admin/builder/spi-builder-workspace/.derivedData/Build/Intermediates.noindex/ScheduledNotificationsViewController.build/Debug-appletvos/ScheduledNotificationsViewController-t.build/Objects-normal/arm64/ScheduledNotificationsViewController-Swift.h -working-directory /Users/admin/builder/spi-builder-workspace/.swiftpm/xcode -experimental-emit-module-separately -disable-cmo
SwiftExplicitDependencyGeneratePcm arm64 /Users/admin/builder/spi-builder-workspace/.derivedData/SDKExplicitPrecompiledModules/_Builtin_float-8ZJAYZ85YBOAOP52Y9H6IUNP3.pcm
SwiftExplicitDependencyGeneratePcm arm64 /Users/admin/builder/spi-builder-workspace/.derivedData/SDKExplicitPrecompiledModules/ptrcheck-2AZ6B5IBYD3RRRTFWN2ONASY3.pcm
SwiftExplicitDependencyGeneratePcm arm64 /Users/admin/builder/spi-builder-workspace/.derivedData/SDKExplicitPrecompiledModules/_SwiftConcurrencyShims-BY5PD8KF1L5KF6F4Q69HE3TJ4.pcm
SwiftExplicitDependencyGeneratePcm arm64 /Users/admin/builder/spi-builder-workspace/.derivedData/SDKExplicitPrecompiledModules/_Builtin_stdarg-BO2OCAUYVAXDRVQWQ8ISKGNUQ.pcm
SwiftExplicitDependencyGeneratePcm arm64 /Users/admin/builder/spi-builder-workspace/.derivedData/SDKExplicitPrecompiledModules/_Builtin_stddef-9ZJZ6FDEZNKTZU8YLPMFT9RAQ.pcm
SwiftExplicitDependencyGeneratePcm arm64 /Users/admin/builder/spi-builder-workspace/.derivedData/SDKExplicitPrecompiledModules/SwiftShims-8N4EXJ4RUJTR8K9OO3CMOH1EP.pcm
SwiftExplicitDependencyGeneratePcm arm64 /Users/admin/builder/spi-builder-workspace/.derivedData/SDKExplicitPrecompiledModules/DeveloperToolsSupport-B1X8RI63V48AJRTH2RK6JAARV.pcm
SwiftExplicitDependencyGeneratePcm arm64 /Users/admin/builder/spi-builder-workspace/.derivedData/SDKExplicitPrecompiledModules/ptrauth-8X2KEPL7CTRPS40TUB9APHPK6.pcm
SwiftExplicitDependencyGeneratePcm arm64 /Users/admin/builder/spi-builder-workspace/.derivedData/SDKExplicitPrecompiledModules/_AvailabilityInternal-BV2EDDP0MI5QJDDPEEV4D9D3V.pcm
SwiftExplicitDependencyGeneratePcm arm64 /Users/admin/builder/spi-builder-workspace/.derivedData/SDKExplicitPrecompiledModules/_Builtin_stdbool-AHRDH5EKLY6D04C5E42F3VCQI.pcm
SwiftExplicitDependencyGeneratePcm arm64 /Users/admin/builder/spi-builder-workspace/.derivedData/SDKExplicitPrecompiledModules/_DarwinFoundation1-JOTYMOA1YZCIJ2NON6FQ848O.pcm
SwiftExplicitDependencyGeneratePcm arm64 /Users/admin/builder/spi-builder-workspace/.derivedData/SDKExplicitPrecompiledModules/_Builtin_limits-7JU2HP127LIT1X9E2V3D8WZ1.pcm
SwiftExplicitDependencyGeneratePcm arm64 /Users/admin/builder/spi-builder-workspace/.derivedData/SDKExplicitPrecompiledModules/_DarwinFoundation2-AOGAN1O02NKXRJN5V73AV3V3M.pcm
SwiftExplicitDependencyGeneratePcm arm64 /Users/admin/builder/spi-builder-workspace/.derivedData/SDKExplicitPrecompiledModules/sys_types-8GCAV1YMG5UUGHUID3CA20TCH.pcm
SwiftExplicitDependencyGeneratePcm arm64 /Users/admin/builder/spi-builder-workspace/.derivedData/SDKExplicitPrecompiledModules/_Builtin_tgmath-7ULT1EUHDHW4OZPSTT33H6QGE.pcm
SwiftExplicitDependencyGeneratePcm arm64 /Users/admin/builder/spi-builder-workspace/.derivedData/SDKExplicitPrecompiledModules/_Builtin_stdint-6NFTB6IBKS143IVPGT1EKB7HO.pcm
SwiftExplicitDependencyGeneratePcm arm64 /Users/admin/builder/spi-builder-workspace/.derivedData/SDKExplicitPrecompiledModules/string_h-6EVHP7A717OUS5DMC78F79HWO.pcm
SwiftExplicitDependencyGeneratePcm arm64 /Users/admin/builder/spi-builder-workspace/.derivedData/SDKExplicitPrecompiledModules/_Builtin_intrinsics-437O2R2NID4WAQVENR63GR82C.pcm
SwiftExplicitDependencyGeneratePcm arm64 /Users/admin/builder/spi-builder-workspace/.derivedData/SDKExplicitPrecompiledModules/_Builtin_stdatomic-3YXHN678NGYM3NL9POJ2HVEIF.pcm
SwiftExplicitDependencyGeneratePcm arm64 /Users/admin/builder/spi-builder-workspace/.derivedData/SDKExplicitPrecompiledModules/_DarwinFoundation3-8SR3855WDFHQPR6G9GHOI2C07.pcm
SwiftExplicitDependencyGeneratePcm arm64 /Users/admin/builder/spi-builder-workspace/.derivedData/SDKExplicitPrecompiledModules/_Builtin_inttypes-6X1IQ3QK9KEVKXOK9Y79EW7J3.pcm
SwiftExplicitDependencyGeneratePcm arm64 /Users/admin/builder/spi-builder-workspace/.derivedData/SDKExplicitPrecompiledModules/Darwin-DBSQAVBBPC3D2OMU5ZI2RXMST.pcm
SwiftExplicitDependencyGeneratePcm arm64 /Users/admin/builder/spi-builder-workspace/.derivedData/SDKExplicitPrecompiledModules/simd-117QUXEUT3Z7UQCUYWV2UA228.pcm
SwiftExplicitDependencyGeneratePcm arm64 /Users/admin/builder/spi-builder-workspace/.derivedData/SDKExplicitPrecompiledModules/ObjectiveC-5250FDCE56N8508OR6XUYDKZM.pcm
SwiftExplicitDependencyGeneratePcm arm64 /Users/admin/builder/spi-builder-workspace/.derivedData/SDKExplicitPrecompiledModules/MachO-EH3F5PJCIZG05NO51CEFSZYPW.pcm
SwiftExplicitDependencyGeneratePcm arm64 /Users/admin/builder/spi-builder-workspace/.derivedData/SDKExplicitPrecompiledModules/os_object-E2DGZ0SX0TULQHULZRPO6OKNW.pcm
SwiftExplicitDependencyGeneratePcm arm64 /Users/admin/builder/spi-builder-workspace/.derivedData/SDKExplicitPrecompiledModules/os_workgroup-DBUFF7811DKMX7VPBOJPGGF1U.pcm
SwiftExplicitDependencyGeneratePcm arm64 /Users/admin/builder/spi-builder-workspace/.derivedData/SDKExplicitPrecompiledModules/Spatial-7U8NLEFXSB8BR7PJQGVMF5A4Q.pcm
SwiftExplicitDependencyGeneratePcm arm64 /Users/admin/builder/spi-builder-workspace/.derivedData/SDKExplicitPrecompiledModules/Dispatch-1QL58A0V50C39KVAIC6C38SHL.pcm
SwiftExplicitDependencyGeneratePcm arm64 /Users/admin/builder/spi-builder-workspace/.derivedData/SDKExplicitPrecompiledModules/CoreFoundation-7TPJ7ENDC4L1A1ESHYI9TXS0D.pcm
SwiftExplicitDependencyGeneratePcm arm64 /Users/admin/builder/spi-builder-workspace/.derivedData/SDKExplicitPrecompiledModules/XPC-6O2DJFT3QUJ7QKTD3SNUB6PCR.pcm
SwiftExplicitDependencyGeneratePcm arm64 /Users/admin/builder/spi-builder-workspace/.derivedData/SDKExplicitPrecompiledModules/os-3GJI8H0BNAEZPQPQ1V0VVY3FY.pcm
SwiftExplicitDependencyGeneratePcm arm64 /Users/admin/builder/spi-builder-workspace/.derivedData/SDKExplicitPrecompiledModules/CFNetwork-2CUR2VK9S3S3WPFXPNXNUWYGN.pcm
SwiftExplicitDependencyGeneratePcm arm64 /Users/admin/builder/spi-builder-workspace/.derivedData/SDKExplicitPrecompiledModules/Security-8VMXEKVDA3MHUH9AOTP905DID.pcm
SwiftExplicitDependencyGeneratePcm arm64 /Users/admin/builder/spi-builder-workspace/.derivedData/SDKExplicitPrecompiledModules/CoreGraphics-CWSP3J98S2658BYCVL6RP99T3.pcm
SwiftExplicitDependencyGeneratePcm arm64 /Users/admin/builder/spi-builder-workspace/.derivedData/SDKExplicitPrecompiledModules/Foundation-BSSIP64DIGUKMAYJOG1WPQ78X.pcm
SwiftExplicitDependencyGeneratePcm arm64 /Users/admin/builder/spi-builder-workspace/.derivedData/SDKExplicitPrecompiledModules/CoreText-59NY7PABM0I4V978161FOC04A.pcm
SwiftExplicitDependencyGeneratePcm arm64 /Users/admin/builder/spi-builder-workspace/.derivedData/SDKExplicitPrecompiledModules/ImageIO-88D4CLEBD4CLWQKT78PZ6H1O8.pcm
SwiftExplicitDependencyGeneratePcm arm64 /Users/admin/builder/spi-builder-workspace/.derivedData/SDKExplicitPrecompiledModules/UserNotifications-E9ZW5TH066WIJWH9080RC5NG4.pcm
SwiftExplicitDependencyGeneratePcm arm64 /Users/admin/builder/spi-builder-workspace/.derivedData/SDKExplicitPrecompiledModules/UIUtilities-6ZFJ1AK4H8IBGEBMYQBWGBYLK.pcm
SwiftExplicitDependencyGeneratePcm arm64 /Users/admin/builder/spi-builder-workspace/.derivedData/SDKExplicitPrecompiledModules/_LocationEssentials-ETSJ65FELPWR8WH8G49R1DF2E.pcm
SwiftExplicitDependencyGeneratePcm arm64 /Users/admin/builder/spi-builder-workspace/.derivedData/SDKExplicitPrecompiledModules/Accessibility-B6BODGZ4MQQTY0PBC4SHRP009.pcm
SwiftExplicitDependencyGeneratePcm arm64 /Users/admin/builder/spi-builder-workspace/.derivedData/SDKExplicitPrecompiledModules/DataDetection-37JIYZ2GWDA1L166PP1D9JKAF.pcm
SwiftExplicitDependencyGeneratePcm arm64 /Users/admin/builder/spi-builder-workspace/.derivedData/SDKExplicitPrecompiledModules/IOSurface-38FJ1CKX9FV2RD97O64Z7QB17.pcm
SwiftExplicitDependencyGeneratePcm arm64 /Users/admin/builder/spi-builder-workspace/.derivedData/SDKExplicitPrecompiledModules/Symbols-B5AU9VM9Y7NU79RLMH13Z4IFM.pcm
SwiftExplicitDependencyGeneratePcm arm64 /Users/admin/builder/spi-builder-workspace/.derivedData/SDKExplicitPrecompiledModules/UniformTypeIdentifiers-95CC8U42ZA9STP5K6GP9ZVJS5.pcm
SwiftExplicitDependencyGeneratePcm arm64 /Users/admin/builder/spi-builder-workspace/.derivedData/SDKExplicitPrecompiledModules/OSLog-7OT6HHTMY0ZFEQJ095LJZ6NLC.pcm
SwiftExplicitDependencyGeneratePcm arm64 /Users/admin/builder/spi-builder-workspace/.derivedData/SDKExplicitPrecompiledModules/CoreTransferable-7V4O8DATEQ9F7SDNTCW8YWLG3.pcm
SwiftExplicitDependencyGeneratePcm arm64 /Users/admin/builder/spi-builder-workspace/.derivedData/SDKExplicitPrecompiledModules/CoreLocation-YVXXAOMVX0JH2KO1XTTKTY51.pcm
SwiftExplicitDependencyGeneratePcm arm64 /Users/admin/builder/spi-builder-workspace/.derivedData/SDKExplicitPrecompiledModules/OpenGLES-4NY99CNDU9WUNUYEIXSS1QFGE.pcm
SwiftExplicitDependencyGeneratePcm arm64 /Users/admin/builder/spi-builder-workspace/.derivedData/SDKExplicitPrecompiledModules/Metal-2KYBS7IML1SD788M91YV7Q0CC.pcm
SwiftExplicitDependencyGeneratePcm arm64 /Users/admin/builder/spi-builder-workspace/.derivedData/SDKExplicitPrecompiledModules/CoreVideo-DPU0PB5X0XLSVA2ETRGI6FJBM.pcm
SwiftExplicitDependencyGeneratePcm arm64 /Users/admin/builder/spi-builder-workspace/.derivedData/SDKExplicitPrecompiledModules/QuartzCore-DJSYAWKXFGVSAK5CQMOB3JSR.pcm
SwiftExplicitDependencyGeneratePcm arm64 /Users/admin/builder/spi-builder-workspace/.derivedData/SDKExplicitPrecompiledModules/CoreImage-7S2AFJ8EIY3DUFYLEAX1JR1QV.pcm
SwiftExplicitDependencyGeneratePcm arm64 /Users/admin/builder/spi-builder-workspace/.derivedData/SDKExplicitPrecompiledModules/SwiftUICore-543QU5V2NHKUFCYFJDKUJ7NYG.pcm
SwiftExplicitDependencyGeneratePcm arm64 /Users/admin/builder/spi-builder-workspace/.derivedData/SDKExplicitPrecompiledModules/UIKit-1TKWN7VC2X6N3ITMRVA2G0EB2.pcm
SwiftEmitModule normal arm64 Emitting\ module\ for\ ScheduledNotificationsViewController (in target 'ScheduledNotificationsViewController' from project 'ScheduledNotificationsViewController')
/Users/admin/builder/spi-builder-workspace/Sources/ScheduledNotificationsViewController/NiceUI/Align.swift:135:35: warning: generic parameter 'Type' shadows generic parameter from outer scope with the same name; this is an error in the Swift 6 language mode
93 | /// An anchor represents one of the view's layout attributes (e.g. `left`,
94 | /// `centerX`, `width`, etc). Use the anchor’s methods to construct constraints.
95 | struct Anchor<Type, Axis> { // type and axis are phantom types
| `- note: 'Type' previously declared here
96 | let item: LayoutItem
97 | fileprivate let attribute: NSLayoutConstraint.Attribute
:
133 |
134 | extension Anchor where Type: AnchorType.Alignment {
135 | @discardableResult func equal<Type: AnchorType.Alignment>(_ anchor: Anchor<Type, Axis>, constant: CGFloat = 0) -> NSLayoutConstraint {
| `- warning: generic parameter 'Type' shadows generic parameter from outer scope with the same name; this is an error in the Swift 6 language mode
136 | Constraints.constrain(self, anchor, constant: constant, relation: .equal)
137 | }
/Users/admin/builder/spi-builder-workspace/Sources/ScheduledNotificationsViewController/NiceUI/Align.swift:139:48: warning: generic parameter 'Type' shadows generic parameter from outer scope with the same name; this is an error in the Swift 6 language mode
93 | /// An anchor represents one of the view's layout attributes (e.g. `left`,
94 | /// `centerX`, `width`, etc). Use the anchor’s methods to construct constraints.
95 | struct Anchor<Type, Axis> { // type and axis are phantom types
| `- note: 'Type' previously declared here
96 | let item: LayoutItem
97 | fileprivate let attribute: NSLayoutConstraint.Attribute
:
137 | }
138 |
139 | @discardableResult func greaterThanOrEqual<Type: AnchorType.Alignment>(_ anchor: Anchor<Type, Axis>, constant: CGFloat = 0) -> NSLayoutConstraint {
| `- warning: generic parameter 'Type' shadows generic parameter from outer scope with the same name; this is an error in the Swift 6 language mode
140 | Constraints.constrain(self, anchor, constant: constant, relation: .greaterThanOrEqual)
141 | }
/Users/admin/builder/spi-builder-workspace/Sources/ScheduledNotificationsViewController/NiceUI/Align.swift:143:45: warning: generic parameter 'Type' shadows generic parameter from outer scope with the same name; this is an error in the Swift 6 language mode
93 | /// An anchor represents one of the view's layout attributes (e.g. `left`,
94 | /// `centerX`, `width`, etc). Use the anchor’s methods to construct constraints.
95 | struct Anchor<Type, Axis> { // type and axis are phantom types
| `- note: 'Type' previously declared here
96 | let item: LayoutItem
97 | fileprivate let attribute: NSLayoutConstraint.Attribute
:
141 | }
142 |
143 | @discardableResult func lessThanOrEqual<Type: AnchorType.Alignment>(_ anchor: Anchor<Type, Axis>, constant: CGFloat = 0) -> NSLayoutConstraint {
| `- warning: generic parameter 'Type' shadows generic parameter from outer scope with the same name; this is an error in the Swift 6 language mode
144 | Constraints.constrain(self, anchor, constant: constant, relation: .lessThanOrEqual)
145 | }
/Users/admin/builder/spi-builder-workspace/Sources/ScheduledNotificationsViewController/NiceUI/Align.swift:151:35: warning: generic parameter 'Type' shadows generic parameter from outer scope with the same name; this is an error in the Swift 6 language mode
93 | /// An anchor represents one of the view's layout attributes (e.g. `left`,
94 | /// `centerX`, `width`, etc). Use the anchor’s methods to construct constraints.
95 | struct Anchor<Type, Axis> { // type and axis are phantom types
| `- note: 'Type' previously declared here
96 | let item: LayoutItem
97 | fileprivate let attribute: NSLayoutConstraint.Attribute
:
149 |
150 | extension Anchor where Type: AnchorType.Dimension {
151 | @discardableResult func equal<Type: AnchorType.Dimension, Axis>(_ anchor: Anchor<Type, Axis>, constant: CGFloat = 0) -> NSLayoutConstraint {
| `- warning: generic parameter 'Type' shadows generic parameter from outer scope with the same name; this is an error in the Swift 6 language mode
152 | Constraints.constrain(self, anchor, constant: constant, relation: .equal)
153 | }
/Users/admin/builder/spi-builder-workspace/Sources/ScheduledNotificationsViewController/NiceUI/Align.swift:151:63: warning: generic parameter 'Axis' shadows generic parameter from outer scope with the same name; this is an error in the Swift 6 language mode
93 | /// An anchor represents one of the view's layout attributes (e.g. `left`,
94 | /// `centerX`, `width`, etc). Use the anchor’s methods to construct constraints.
95 | struct Anchor<Type, Axis> { // type and axis are phantom types
| `- note: 'Axis' previously declared here
96 | let item: LayoutItem
97 | fileprivate let attribute: NSLayoutConstraint.Attribute
:
149 |
150 | extension Anchor where Type: AnchorType.Dimension {
151 | @discardableResult func equal<Type: AnchorType.Dimension, Axis>(_ anchor: Anchor<Type, Axis>, constant: CGFloat = 0) -> NSLayoutConstraint {
| `- warning: generic parameter 'Axis' shadows generic parameter from outer scope with the same name; this is an error in the Swift 6 language mode
152 | Constraints.constrain(self, anchor, constant: constant, relation: .equal)
153 | }
/Users/admin/builder/spi-builder-workspace/Sources/ScheduledNotificationsViewController/NiceUI/Align.swift:155:48: warning: generic parameter 'Type' shadows generic parameter from outer scope with the same name; this is an error in the Swift 6 language mode
93 | /// An anchor represents one of the view's layout attributes (e.g. `left`,
94 | /// `centerX`, `width`, etc). Use the anchor’s methods to construct constraints.
95 | struct Anchor<Type, Axis> { // type and axis are phantom types
| `- note: 'Type' previously declared here
96 | let item: LayoutItem
97 | fileprivate let attribute: NSLayoutConstraint.Attribute
:
153 | }
154 |
155 | @discardableResult func greaterThanOrEqual<Type: AnchorType.Dimension, Axis>(_ anchor: Anchor<Type, Axis>, constant: CGFloat = 0) -> NSLayoutConstraint {
| `- warning: generic parameter 'Type' shadows generic parameter from outer scope with the same name; this is an error in the Swift 6 language mode
156 | Constraints.constrain(self, anchor, constant: constant, relation: .greaterThanOrEqual)
157 | }
/Users/admin/builder/spi-builder-workspace/Sources/ScheduledNotificationsViewController/NiceUI/Align.swift:155:76: warning: generic parameter 'Axis' shadows generic parameter from outer scope with the same name; this is an error in the Swift 6 language mode
93 | /// An anchor represents one of the view's layout attributes (e.g. `left`,
94 | /// `centerX`, `width`, etc). Use the anchor’s methods to construct constraints.
95 | struct Anchor<Type, Axis> { // type and axis are phantom types
| `- note: 'Axis' previously declared here
96 | let item: LayoutItem
97 | fileprivate let attribute: NSLayoutConstraint.Attribute
:
153 | }
154 |
155 | @discardableResult func greaterThanOrEqual<Type: AnchorType.Dimension, Axis>(_ anchor: Anchor<Type, Axis>, constant: CGFloat = 0) -> NSLayoutConstraint {
| `- warning: generic parameter 'Axis' shadows generic parameter from outer scope with the same name; this is an error in the Swift 6 language mode
156 | Constraints.constrain(self, anchor, constant: constant, relation: .greaterThanOrEqual)
157 | }
/Users/admin/builder/spi-builder-workspace/Sources/ScheduledNotificationsViewController/NiceUI/Align.swift:159:45: warning: generic parameter 'Type' shadows generic parameter from outer scope with the same name; this is an error in the Swift 6 language mode
93 | /// An anchor represents one of the view's layout attributes (e.g. `left`,
94 | /// `centerX`, `width`, etc). Use the anchor’s methods to construct constraints.
95 | struct Anchor<Type, Axis> { // type and axis are phantom types
| `- note: 'Type' previously declared here
96 | let item: LayoutItem
97 | fileprivate let attribute: NSLayoutConstraint.Attribute
:
157 | }
158 |
159 | @discardableResult func lessThanOrEqual<Type: AnchorType.Dimension, Axis>(_ anchor: Anchor<Type, Axis>, constant: CGFloat = 0) -> NSLayoutConstraint {
| `- warning: generic parameter 'Type' shadows generic parameter from outer scope with the same name; this is an error in the Swift 6 language mode
160 | Constraints.constrain(self, anchor, constant: constant, relation: .lessThanOrEqual)
161 | }
/Users/admin/builder/spi-builder-workspace/Sources/ScheduledNotificationsViewController/NiceUI/Align.swift:159:73: warning: generic parameter 'Axis' shadows generic parameter from outer scope with the same name; this is an error in the Swift 6 language mode
93 | /// An anchor represents one of the view's layout attributes (e.g. `left`,
94 | /// `centerX`, `width`, etc). Use the anchor’s methods to construct constraints.
95 | struct Anchor<Type, Axis> { // type and axis are phantom types
| `- note: 'Axis' previously declared here
96 | let item: LayoutItem
97 | fileprivate let attribute: NSLayoutConstraint.Attribute
:
157 | }
158 |
159 | @discardableResult func lessThanOrEqual<Type: AnchorType.Dimension, Axis>(_ anchor: Anchor<Type, Axis>, constant: CGFloat = 0) -> NSLayoutConstraint {
| `- warning: generic parameter 'Axis' shadows generic parameter from outer scope with the same name; this is an error in the Swift 6 language mode
160 | Constraints.constrain(self, anchor, constant: constant, relation: .lessThanOrEqual)
161 | }
/Users/admin/builder/spi-builder-workspace/Sources/ScheduledNotificationsViewController/NiceUI/Align.swift:194:37: warning: generic parameter 'Type' shadows generic parameter from outer scope with the same name; this is an error in the Swift 6 language mode
93 | /// An anchor represents one of the view's layout attributes (e.g. `left`,
94 | /// `centerX`, `width`, etc). Use the anchor’s methods to construct constraints.
95 | struct Anchor<Type, Axis> { // type and axis are phantom types
| `- note: 'Type' previously declared here
96 | let item: LayoutItem
97 | fileprivate let attribute: NSLayoutConstraint.Attribute
:
192 |
193 | /// Adds spacing between the current anchors.
194 | @discardableResult func spacing<Type: AnchorType.Edge>(_ spacing: CGFloat, to anchor: Anchor<Type, Axis>, relation: NSLayoutConstraint.Relation = .equal) -> NSLayoutConstraint {
| `- warning: generic parameter 'Type' shadows generic parameter from outer scope with the same name; this is an error in the Swift 6 language mode
195 | let isInverted = (attribute == .bottom && anchor.attribute == .top) ||
196 | (attribute == .right && anchor.attribute == .left) ||
/Users/admin/builder/spi-builder-workspace/Sources/ScheduledNotificationsViewController/NiceUI/GestureRecognizers.swift:36:37: error: 'UIPinchGestureRecognizer' is unavailable in tvOS
34 | }
35 |
36 | final class PinchGestureRecognizer: UIPinchGestureRecognizer {
| `- error: 'UIPinchGestureRecognizer' is unavailable in tvOS
37 |
38 | @Delegated1 var action: (PinchGestureRecognizer) -> Void
/Applications/Xcode-27.0.0-Release.Candidate.app/Contents/Developer/Platforms/AppleTVOS.platform/Developer/SDKs/AppleTVOS27.0.sdk/System/Library/Frameworks/UIKit.framework/Headers/UIPinchGestureRecognizer.h:20:12: note: 'UIPinchGestureRecognizer' has been explicitly marked unavailable here
18 |
19 | UIKIT_EXTERN API_AVAILABLE(ios(3.2)) API_UNAVAILABLE(tvos, watchos) NS_SWIFT_UI_ACTOR
20 | @interface UIPinchGestureRecognizer : UIGestureRecognizer
| `- note: 'UIPinchGestureRecognizer' has been explicitly marked unavailable here
21 |
22 | @property (nonatomic) CGFloat scale; // scale relative to the touch points in screen coordinates
/Users/admin/builder/spi-builder-workspace/Sources/ScheduledNotificationsViewController/NiceUI/GestureRecognizers.swift:62:40: error: 'UIRotationGestureRecognizer' is unavailable in tvOS
60 | }
61 |
62 | final class RotationGestureRecognizer: UIRotationGestureRecognizer {
| `- error: 'UIRotationGestureRecognizer' is unavailable in tvOS
63 |
64 | @Delegated1 var action: (RotationGestureRecognizer) -> Void
/Applications/Xcode-27.0.0-Release.Candidate.app/Contents/Developer/Platforms/AppleTVOS.platform/Developer/SDKs/AppleTVOS27.0.sdk/System/Library/Frameworks/UIKit.framework/Headers/UIRotationGestureRecognizer.h:20:12: note: 'UIRotationGestureRecognizer' has been explicitly marked unavailable here
18 |
19 | UIKIT_EXTERN API_AVAILABLE(ios(3.2)) API_UNAVAILABLE(tvos, watchos) NS_SWIFT_UI_ACTOR
20 | @interface UIRotationGestureRecognizer : UIGestureRecognizer
| `- note: 'UIRotationGestureRecognizer' has been explicitly marked unavailable here
21 |
22 | @property (nonatomic) CGFloat rotation; // rotation in radians
/Users/admin/builder/spi-builder-workspace/Sources/ScheduledNotificationsViewController/NiceUI/GestureRecognizers.swift:140:45: error: 'UIScreenEdgePanGestureRecognizer' is unavailable in tvOS
138 | }
139 |
140 | final class ScreenEdgePanGestureRecognizer: UIScreenEdgePanGestureRecognizer {
| `- error: 'UIScreenEdgePanGestureRecognizer' is unavailable in tvOS
141 |
142 | @Delegated1 var action: (ScreenEdgePanGestureRecognizer) -> Void
/Applications/Xcode-27.0.0-Release.Candidate.app/Contents/Developer/Platforms/AppleTVOS.platform/Developer/SDKs/AppleTVOS27.0.sdk/System/Library/Frameworks/UIKit.framework/Headers/UIScreenEdgePanGestureRecognizer.h:16:12: note: 'UIScreenEdgePanGestureRecognizer' has been explicitly marked unavailable here
14 | in from the bezel on the specified edge. */
15 | UIKIT_EXTERN API_AVAILABLE(ios(7.0)) API_UNAVAILABLE(tvos, visionos, watchos) NS_SWIFT_UI_ACTOR
16 | @interface UIScreenEdgePanGestureRecognizer : UIPanGestureRecognizer
| `- note: 'UIScreenEdgePanGestureRecognizer' has been explicitly marked unavailable here
17 | @property (readwrite, nonatomic, assign) UIRectEdge edges; // The edges on which this gesture recognizes, relative to the current interface orientation
18 | @end
/Users/admin/builder/spi-builder-workspace/Sources/ScheduledNotificationsViewController/NiceUI/GestureRecognizers.swift:193:37: error: 'UIHoverGestureRecognizer' is unavailable in tvOS
191 |
192 | @available(iOS 13.0, *)
193 | final class HoverGestureRecognizer: UIHoverGestureRecognizer {
| `- error: 'UIHoverGestureRecognizer' is unavailable in tvOS
194 |
195 | @Delegated1 var action: (HoverGestureRecognizer) -> Void
/Applications/Xcode-27.0.0-Release.Candidate.app/Contents/Developer/Platforms/AppleTVOS.platform/Developer/SDKs/AppleTVOS27.0.sdk/System/Library/Frameworks/UIKit.framework/Headers/UIHoverGestureRecognizer.h:22:81: note: 'UIHoverGestureRecognizer' has been explicitly marked unavailable here
20 | // On iOS, this gesture recognizer doesn't recognize anything and is effectively
21 | // a no-op.
22 | UIKIT_EXTERN API_AVAILABLE(ios(13.0)) API_UNAVAILABLE(watchos, tvos) @interface UIHoverGestureRecognizer : UIGestureRecognizer
| `- note: 'UIHoverGestureRecognizer' has been explicitly marked unavailable here
23 |
24 | /// The normalized distance from the screen of the hovering device. This value will be 1 at the maximum distance
/Users/admin/builder/spi-builder-workspace/Sources/ScheduledNotificationsViewController/NiceUI/Views/Switch.swift:10:21: error: 'UISwitch' is unavailable in tvOS
8 | import UIKit
9 |
10 | final class Switch: UISwitch {
| `- error: 'UISwitch' is unavailable in tvOS
11 |
12 | @Delegated1 var didToggle: (Switch) -> ()
/Applications/Xcode-27.0.0-Release.Candidate.app/Contents/Developer/Platforms/AppleTVOS.platform/Developer/SDKs/AppleTVOS27.0.sdk/System/Library/Frameworks/UIKit.framework/Headers/UISwitch.h:23:12: note: 'UISwitch' has been explicitly marked unavailable here
21 |
22 | UIKIT_EXTERN API_AVAILABLE(ios(2.0)) API_UNAVAILABLE(tvos, watchos) NS_SWIFT_UI_ACTOR
23 | @interface UISwitch : UIControl <NSCoding>
| `- note: 'UISwitch' has been explicitly marked unavailable here
24 |
25 | @property(nullable, nonatomic, strong) UIColor *onTintColor API_AVAILABLE(ios(5.0)) UI_APPEARANCE_SELECTOR;
Failed frontend command:
SwiftCompile normal arm64 (in target 'ScheduledNotificationsViewController' from project 'ScheduledNotificationsViewController')
cd /Users/admin/builder/spi-builder-workspace/.swiftpm/xcode
/Applications/Xcode-27.0.0-Release.Candidate.app/Contents/Developer/Toolchains/XcodeDefault.xctoolchain/usr/bin/swift-frontend -frontend -emit-module -experimental-skip-non-inlinable-function-bodies-without-types /Users/admin/builder/spi-builder-workspace/Sources/ScheduledNotificationsViewController/NiceUI/Align.swift /Users/admin/builder/spi-builder-workspace/Sources/ScheduledNotificationsViewController/NiceUI/Delegated/Delegated.swift /Users/admin/builder/spi-builder-workspace/Sources/ScheduledNotificationsViewController/NiceUI/GestureRecognizers.swift /Users/admin/builder/spi-builder-workspace/Sources/ScheduledNotificationsViewController/NiceUI/Stacks.swift /Users/admin/builder/spi-builder-workspace/Sources/ScheduledNotificationsViewController/NiceUI/View.swift /Users/admin/builder/spi-builder-workspace/Sources/ScheduledNotificationsViewController/NiceUI/Views/Button.swift /Users/admin/builder/spi-builder-workspace/Sources/ScheduledNotificationsViewController/NiceUI/Views/ScrollableStackView.swift /Users/admin/builder/spi-builder-workspace/Sources/ScheduledNotificationsViewController/NiceUI/Views/Switch.swift /Users/admin/builder/spi-builder-workspace/Sources/ScheduledNotificationsViewController/ScheduledNotificationsViewController.swift /Users/admin/builder/spi-builder-workspace/Sources/ScheduledNotificationsViewController/StaticTableView.swift -target arm64-apple-tvos15.0 -disable-cross-import-overlay-search -swift-module-cross-import UserNotifications /Applications/Xcode-27.0.0-Release.Candidate.app/Contents/Developer/Platforms/AppleTVOS.platform/Developer/SDKs/AppleTVOS.sdk/System/Library/Frameworks/UserNotifications.framework/Modules/UserNotifications.swiftcrossimport/AppIntents.swiftoverlay -load-resolved-plugin /Applications/Xcode-27.0.0-Release.Candidate.app/Contents/Developer/Platforms/AppleTVOS.platform/Developer/usr/lib/swift/host/plugins/libFoundationMacros.dylib\#/Applications/Xcode-27.0.0-Release.Candidate.app/Contents/Developer/Platforms/AppleTVOS.platform/Developer/usr/bin/swift-plugin-server\#FoundationMacros -load-resolved-plugin /Applications/Xcode-27.0.0-Release.Candidate.app/Contents/Developer/Platforms/AppleTVOS.platform/Developer/usr/lib/swift/host/plugins/libObservationMacros.dylib\#/Applications/Xcode-27.0.0-Release.Candidate.app/Contents/Developer/Platforms/AppleTVOS.platform/Developer/usr/bin/swift-plugin-server\#ObservationMacros -load-resolved-plugin /Applications/Xcode-27.0.0-Release.Candidate.app/Contents/Developer/Platforms/AppleTVOS.platform/Developer/usr/lib/swift/host/plugins/libPreviewsMacros.dylib\#/Applications/Xcode-27.0.0-Release.Candidate.app/Contents/Developer/Platforms/AppleTVOS.platform/Developer/usr/bin/swift-plugin-server\#PreviewsMacros -load-resolved-plugin /Applications/Xcode-27.0.0-Release.Candidate.app/Contents/Developer/Platforms/AppleTVOS.platform/Developer/usr/lib/swift/host/plugins/libSwiftMacros.dylib\#/Applications/Xcode-27.0.0-Release.Candidate.app/Contents/Developer/Platforms/AppleTVOS.platform/Developer/usr/bin/swift-plugin-server\#SwiftMacros -load-resolved-plugin /Applications/Xcode-27.0.0-Release.Candidate.app/Contents/Developer/Platforms/AppleTVOS.platform/Developer/usr/lib/swift/host/plugins/libSwiftUIMacros.dylib\#/Applications/Xcode-27.0.0-Release.Candidate.app/Contents/Developer/Platforms/AppleTVOS.platform/Developer/usr/bin/swift-plugin-server\#SwiftUIMacros -disable-implicit-swift-modules -Xcc -fno-implicit-modules -Xcc -fno-implicit-module-maps -explicit-swift-module-map-file /Users/admin/builder/spi-builder-workspace/.derivedData/Build/Intermediates.noindex/ScheduledNotificationsViewController.build/Debug-appletvos/ScheduledNotificationsViewController-t.build/Objects-normal/arm64/ScheduledNotificationsViewController-dependencies-1.json -Xllvm -aarch64-use-tbi -enable-objc-interop -stack-check -sdk /Applications/Xcode-27.0.0-Release.Candidate.app/Contents/Developer/Platforms/AppleTVOS.platform/Developer/SDKs/AppleTVOS27.0.sdk -I /Users/admin/builder/spi-builder-workspace/.derivedData/Build/Products/Debug-appletvos -Isystem /Applications/Xcode-27.0.0-Release.Candidate.app/Contents/Developer/Platforms/AppleTVOS.platform/Developer/usr/lib -F /Users/admin/builder/spi-builder-workspace/.derivedData/Build/Products/Debug-appletvos -F /Applications/Xcode-27.0.0-Release.Candidate.app/Contents/Developer/Platforms/AppleTVOS.platform/Developer/Library/Frameworks -F /Applications/Xcode-27.0.0-Release.Candidate.app/Contents/Developer/Platforms/AppleTVOS.platform/Developer/SDKs/AppleTVOS27.0.sdk/Developer/Library/Frameworks -module-cache-path /Users/admin/builder/spi-builder-workspace/.derivedData/Build/Intermediates.noindex/SwiftExplicitPrecompiledModules -no-color-diagnostics -Xcc -fno-color-diagnostics -enable-testing -g -debug-info-format\=dwarf -dwarf-version\=4 -profile-generate -profile-coverage-mapping -swift-version 5 -Onone -D SWIFT_PACKAGE -D DEBUG -D SWIFT_MODULE_RESOURCE_BUNDLE_UNAVAILABLE -D Xcode -serialize-debugging-options -enable-experimental-feature DebugDescriptionMacro -empty-abi-descriptor -validate-clang-modules-once -clang-build-session-file /Users/admin/builder/spi-builder-workspace/.derivedData/ModuleCache.noindex/Session.modulevalidation -Xcc -working-directory -Xcc /Users/admin/builder/spi-builder-workspace/.swiftpm/xcode -enable-anonymous-context-mangled-names -file-compilation-dir /Users/admin/builder/spi-builder-workspace/.swiftpm/xcode -Xcc -D_LIBCPP_HARDENING_MODE\=_LIBCPP_HARDENING_MODE_DEBUG -Xcc -ivfsstatcache -Xcc /Users/admin/builder/spi-builder-workspace/.derivedData/SDKStatCaches.noindex/appletvos27.0-24J360-e829b21a6f8c9b70876ba0858053c044b32bfd8d43560033f8d89884cdb90028.sdkstatcache -Xcc -fmodules-prune-interval\=86400 -Xcc -fmodules-prune-after\=345600 -Xcc -I/Users/admin/builder/spi-builder-workspace/.derivedData/Build/Products/Debug-appletvos/include -Xcc -I/Users/admin/builder/spi-builder-workspace/.derivedData/Build/Intermediates.noindex/ScheduledNotificationsViewController.build/Debug-appletvos/ScheduledNotificationsViewController-t.build/DerivedSources-normal/arm64 -Xcc -I/Users/admin/builder/spi-builder-workspace/.derivedData/Build/Intermediates.noindex/ScheduledNotificationsViewController.build/Debug-appletvos/ScheduledNotificationsViewController-t.build/DerivedSources/arm64 -Xcc -I/Users/admin/builder/spi-builder-workspace/.derivedData/Build/Intermediates.noindex/ScheduledNotificationsViewController.build/Debug-appletvos/ScheduledNotificationsViewController-t.build/DerivedSources -Xcc -DSWIFT_PACKAGE -Xcc -DDEBUG\=1 -no-auto-bridging-header-chaining -module-name ScheduledNotificationsViewController -const-gather-protocols-file /Users/admin/builder/spi-builder-workspace/.derivedData/Build/Intermediates.noindex/ScheduledNotificationsViewController.build/Debug-appletvos/ScheduledNotificationsViewController-t.build/Objects-normal/arm64/ScheduledNotificationsViewController_const_extract_protocols.json -disable-clang-spi -clang-target arm64-apple-tvos27.0 -target-sdk-version 27.0 -target-sdk-name appletvos27.0 -in-process-plugin-server-path /Applications/Xcode-27.0.0-Release.Candidate.app/Contents/Developer/Toolchains/XcodeDefault.xctoolchain/usr/lib/swift/host/libSwiftInProcPluginServer.dylib -emit-module-doc-path /Users/admin/builder/spi-builder-workspace/.derivedData/Build/Intermediates.noindex/ScheduledNotificationsViewController.build/Debug-appletvos/ScheduledNotificationsViewController-t.build/Objects-normal/arm64/ScheduledNotificationsViewController.swiftdoc -emit-module-source-info-path /Users/admin/builder/spi-builder-workspace/.derivedData/Build/Intermediates.noindex/ScheduledNotificationsViewController.build/Debug-appletvos/ScheduledNotificationsViewController-t.build/Objects-normal/arm64/ScheduledNotificationsViewController.swiftsourceinfo -emit-objc-header-path /Users/admin/builder/spi-builder-workspace/.derivedData/Build/Intermediates.noindex/ScheduledNotificationsViewController.build/Debug-appletvos/ScheduledNotificationsViewController-t.build/Objects-normal/arm64/ScheduledNotificationsViewController-Swift.h -serialize-diagnostics-path /Users/admin/builder/spi-builder-workspace/.derivedData/Build/Intermediates.noindex/ScheduledNotificationsViewController.build/Debug-appletvos/ScheduledNotificationsViewController-t.build/Objects-normal/arm64/ScheduledNotificationsViewController-primary-emit-module.dia -emit-dependencies-path /Users/admin/builder/spi-builder-workspace/.derivedData/Build/Intermediates.noindex/ScheduledNotificationsViewController.build/Debug-appletvos/ScheduledNotificationsViewController-t.build/Objects-normal/arm64/ScheduledNotificationsViewController-primary-emit-module.d -parse-as-library -o /Users/admin/builder/spi-builder-workspace/.derivedData/Build/Intermediates.noindex/ScheduledNotificationsViewController.build/Debug-appletvos/ScheduledNotificationsViewController-t.build/Objects-normal/arm64/ScheduledNotificationsViewController.swiftmodule -emit-abi-descriptor-path /Users/admin/builder/spi-builder-workspace/.derivedData/Build/Intermediates.noindex/ScheduledNotificationsViewController.build/Debug-appletvos/ScheduledNotificationsViewController-t.build/Objects-normal/arm64/ScheduledNotificationsViewController.abi.json
SwiftCompile normal arm64 Compiling\ StaticTableView.swift /Users/admin/builder/spi-builder-workspace/Sources/ScheduledNotificationsViewController/StaticTableView.swift (in target 'ScheduledNotificationsViewController' from project 'ScheduledNotificationsViewController')
SwiftCompile normal arm64 /Users/admin/builder/spi-builder-workspace/Sources/ScheduledNotificationsViewController/StaticTableView.swift (in target 'ScheduledNotificationsViewController' from project 'ScheduledNotificationsViewController')
cd /Users/admin/builder/spi-builder-workspace/.swiftpm/xcode
builtin-SwiftPerFileCompile StaticTableView.swift
/Users/admin/builder/spi-builder-workspace/Sources/ScheduledNotificationsViewController/StaticTableView.swift:88:9: error: 'separatorStyle' is unavailable in tvOS
86 | dataSource = self
87 | delegate = self
88 | separatorStyle = .none
| `- error: 'separatorStyle' is unavailable in tvOS
89 | tableFooterView = UIView()
90 | cellLayoutMarginsFollowReadableWidth = true
/Applications/Xcode-27.0.0-Release.Candidate.app/Contents/Developer/Platforms/AppleTVOS.platform/Developer/SDKs/AppleTVOS27.0.sdk/System/Library/Frameworks/UIKit.framework/Headers/UITableView.h:469:53: note: 'separatorStyle' has been explicitly marked unavailable here
467 | @property (nonatomic, strong, nullable) UIColor *sectionIndexTrackingBackgroundColor API_AVAILABLE(ios(6.0)) UI_APPEARANCE_SELECTOR; // the background color of the section index while it is being touched
468 |
469 | @property (nonatomic) UITableViewCellSeparatorStyle separatorStyle API_UNAVAILABLE(tvos); // default is UITableViewCellSeparatorStyleSingleLine
| `- note: 'separatorStyle' has been explicitly marked unavailable here
470 | @property (nonatomic, strong, nullable) UIColor *separatorColor UI_APPEARANCE_SELECTOR API_UNAVAILABLE(tvos); // default is the standard separator gray
471 | @property (nonatomic, copy, nullable) UIVisualEffect *separatorEffect API_AVAILABLE(ios(8.0)) UI_APPEARANCE_SELECTOR API_UNAVAILABLE(tvos); // effect to apply to table separators
SwiftCompile normal arm64 Compiling\ Switch.swift /Users/admin/builder/spi-builder-workspace/Sources/ScheduledNotificationsViewController/NiceUI/Views/Switch.swift (in target 'ScheduledNotificationsViewController' from project 'ScheduledNotificationsViewController')
SwiftCompile normal arm64 /Users/admin/builder/spi-builder-workspace/Sources/ScheduledNotificationsViewController/NiceUI/Views/Switch.swift (in target 'ScheduledNotificationsViewController' from project 'ScheduledNotificationsViewController')
cd /Users/admin/builder/spi-builder-workspace/.swiftpm/xcode
builtin-SwiftPerFileCompile Switch.swift
SwiftCompile normal arm64 Compiling\ Button.swift /Users/admin/builder/spi-builder-workspace/Sources/ScheduledNotificationsViewController/NiceUI/Views/Button.swift (in target 'ScheduledNotificationsViewController' from project 'ScheduledNotificationsViewController')
SwiftCompile normal arm64 /Users/admin/builder/spi-builder-workspace/Sources/ScheduledNotificationsViewController/NiceUI/Views/Button.swift (in target 'ScheduledNotificationsViewController' from project 'ScheduledNotificationsViewController')
cd /Users/admin/builder/spi-builder-workspace/.swiftpm/xcode
builtin-SwiftPerFileCompile Button.swift
SwiftCompile normal arm64 Compiling\ ScrollableStackView.swift /Users/admin/builder/spi-builder-workspace/Sources/ScheduledNotificationsViewController/NiceUI/Views/ScrollableStackView.swift (in target 'ScheduledNotificationsViewController' from project 'ScheduledNotificationsViewController')
SwiftCompile normal arm64 /Users/admin/builder/spi-builder-workspace/Sources/ScheduledNotificationsViewController/NiceUI/Views/ScrollableStackView.swift (in target 'ScheduledNotificationsViewController' from project 'ScheduledNotificationsViewController')
cd /Users/admin/builder/spi-builder-workspace/.swiftpm/xcode
builtin-SwiftPerFileCompile ScrollableStackView.swift
SwiftCompile normal arm64 Compiling\ View.swift /Users/admin/builder/spi-builder-workspace/Sources/ScheduledNotificationsViewController/NiceUI/View.swift (in target 'ScheduledNotificationsViewController' from project 'ScheduledNotificationsViewController')
SwiftCompile normal arm64 /Users/admin/builder/spi-builder-workspace/Sources/ScheduledNotificationsViewController/NiceUI/View.swift (in target 'ScheduledNotificationsViewController' from project 'ScheduledNotificationsViewController')
cd /Users/admin/builder/spi-builder-workspace/.swiftpm/xcode
builtin-SwiftPerFileCompile View.swift
SwiftCompile normal arm64 Compiling\ Delegated.swift /Users/admin/builder/spi-builder-workspace/Sources/ScheduledNotificationsViewController/NiceUI/Delegated/Delegated.swift (in target 'ScheduledNotificationsViewController' from project 'ScheduledNotificationsViewController')
SwiftCompile normal arm64 /Users/admin/builder/spi-builder-workspace/Sources/ScheduledNotificationsViewController/NiceUI/Delegated/Delegated.swift (in target 'ScheduledNotificationsViewController' from project 'ScheduledNotificationsViewController')
cd /Users/admin/builder/spi-builder-workspace/.swiftpm/xcode
builtin-SwiftPerFileCompile Delegated.swift
SwiftCompile normal arm64 Compiling\ Align.swift /Users/admin/builder/spi-builder-workspace/Sources/ScheduledNotificationsViewController/NiceUI/Align.swift (in target 'ScheduledNotificationsViewController' from project 'ScheduledNotificationsViewController')
/Users/admin/builder/spi-builder-workspace/Sources/ScheduledNotificationsViewController/NiceUI/Align.swift:135:35: warning: generic parameter 'Type' shadows generic parameter from outer scope with the same name; this is an error in the Swift 6 language mode
93 | /// An anchor represents one of the view's layout attributes (e.g. `left`,
94 | /// `centerX`, `width`, etc). Use the anchor’s methods to construct constraints.
95 | struct Anchor<Type, Axis> { // type and axis are phantom types
| `- note: 'Type' previously declared here
96 | let item: LayoutItem
97 | fileprivate let attribute: NSLayoutConstraint.Attribute
:
133 |
134 | extension Anchor where Type: AnchorType.Alignment {
135 | @discardableResult func equal<Type: AnchorType.Alignment>(_ anchor: Anchor<Type, Axis>, constant: CGFloat = 0) -> NSLayoutConstraint {
| `- warning: generic parameter 'Type' shadows generic parameter from outer scope with the same name; this is an error in the Swift 6 language mode
136 | Constraints.constrain(self, anchor, constant: constant, relation: .equal)
137 | }
/Users/admin/builder/spi-builder-workspace/Sources/ScheduledNotificationsViewController/NiceUI/Align.swift:139:48: warning: generic parameter 'Type' shadows generic parameter from outer scope with the same name; this is an error in the Swift 6 language mode
93 | /// An anchor represents one of the view's layout attributes (e.g. `left`,
94 | /// `centerX`, `width`, etc). Use the anchor’s methods to construct constraints.
95 | struct Anchor<Type, Axis> { // type and axis are phantom types
| `- note: 'Type' previously declared here
96 | let item: LayoutItem
97 | fileprivate let attribute: NSLayoutConstraint.Attribute
:
137 | }
138 |
139 | @discardableResult func greaterThanOrEqual<Type: AnchorType.Alignment>(_ anchor: Anchor<Type, Axis>, constant: CGFloat = 0) -> NSLayoutConstraint {
| `- warning: generic parameter 'Type' shadows generic parameter from outer scope with the same name; this is an error in the Swift 6 language mode
140 | Constraints.constrain(self, anchor, constant: constant, relation: .greaterThanOrEqual)
141 | }
/Users/admin/builder/spi-builder-workspace/Sources/ScheduledNotificationsViewController/NiceUI/Align.swift:143:45: warning: generic parameter 'Type' shadows generic parameter from outer scope with the same name; this is an error in the Swift 6 language mode
93 | /// An anchor represents one of the view's layout attributes (e.g. `left`,
94 | /// `centerX`, `width`, etc). Use the anchor’s methods to construct constraints.
95 | struct Anchor<Type, Axis> { // type and axis are phantom types
| `- note: 'Type' previously declared here
96 | let item: LayoutItem
97 | fileprivate let attribute: NSLayoutConstraint.Attribute
:
141 | }
142 |
143 | @discardableResult func lessThanOrEqual<Type: AnchorType.Alignment>(_ anchor: Anchor<Type, Axis>, constant: CGFloat = 0) -> NSLayoutConstraint {
| `- warning: generic parameter 'Type' shadows generic parameter from outer scope with the same name; this is an error in the Swift 6 language mode
144 | Constraints.constrain(self, anchor, constant: constant, relation: .lessThanOrEqual)
145 | }
/Users/admin/builder/spi-builder-workspace/Sources/ScheduledNotificationsViewController/NiceUI/Align.swift:151:35: warning: generic parameter 'Type' shadows generic parameter from outer scope with the same name; this is an error in the Swift 6 language mode
93 | /// An anchor represents one of the view's layout attributes (e.g. `left`,
94 | /// `centerX`, `width`, etc). Use the anchor’s methods to construct constraints.
95 | struct Anchor<Type, Axis> { // type and axis are phantom types
| `- note: 'Type' previously declared here
96 | let item: LayoutItem
97 | fileprivate let attribute: NSLayoutConstraint.Attribute
:
149 |
150 | extension Anchor where Type: AnchorType.Dimension {
151 | @discardableResult func equal<Type: AnchorType.Dimension, Axis>(_ anchor: Anchor<Type, Axis>, constant: CGFloat = 0) -> NSLayoutConstraint {
| `- warning: generic parameter 'Type' shadows generic parameter from outer scope with the same name; this is an error in the Swift 6 language mode
152 | Constraints.constrain(self, anchor, constant: constant, relation: .equal)
153 | }
/Users/admin/builder/spi-builder-workspace/Sources/ScheduledNotificationsViewController/NiceUI/Align.swift:151:63: warning: generic parameter 'Axis' shadows generic parameter from outer scope with the same name; this is an error in the Swift 6 language mode
93 | /// An anchor represents one of the view's layout attributes (e.g. `left`,
94 | /// `centerX`, `width`, etc). Use the anchor’s methods to construct constraints.
95 | struct Anchor<Type, Axis> { // type and axis are phantom types
| `- note: 'Axis' previously declared here
96 | let item: LayoutItem
97 | fileprivate let attribute: NSLayoutConstraint.Attribute
:
149 |
150 | extension Anchor where Type: AnchorType.Dimension {
151 | @discardableResult func equal<Type: AnchorType.Dimension, Axis>(_ anchor: Anchor<Type, Axis>, constant: CGFloat = 0) -> NSLayoutConstraint {
| `- warning: generic parameter 'Axis' shadows generic parameter from outer scope with the same name; this is an error in the Swift 6 language mode
152 | Constraints.constrain(self, anchor, constant: constant, relation: .equal)
153 | }
/Users/admin/builder/spi-builder-workspace/Sources/ScheduledNotificationsViewController/NiceUI/Align.swift:155:48: warning: generic parameter 'Type' shadows generic parameter from outer scope with the same name; this is an error in the Swift 6 language mode
93 | /// An anchor represents one of the view's layout attributes (e.g. `left`,
94 | /// `centerX`, `width`, etc). Use the anchor’s methods to construct constraints.
95 | struct Anchor<Type, Axis> { // type and axis are phantom types
| `- note: 'Type' previously declared here
96 | let item: LayoutItem
97 | fileprivate let attribute: NSLayoutConstraint.Attribute
:
153 | }
154 |
155 | @discardableResult func greaterThanOrEqual<Type: AnchorType.Dimension, Axis>(_ anchor: Anchor<Type, Axis>, constant: CGFloat = 0) -> NSLayoutConstraint {
| `- warning: generic parameter 'Type' shadows generic parameter from outer scope with the same name; this is an error in the Swift 6 language mode
156 | Constraints.constrain(self, anchor, constant: constant, relation: .greaterThanOrEqual)
157 | }
/Users/admin/builder/spi-builder-workspace/Sources/ScheduledNotificationsViewController/NiceUI/Align.swift:155:76: warning: generic parameter 'Axis' shadows generic parameter from outer scope with the same name; this is an error in the Swift 6 language mode
93 | /// An anchor represents one of the view's layout attributes (e.g. `left`,
94 | /// `centerX`, `width`, etc). Use the anchor’s methods to construct constraints.
95 | struct Anchor<Type, Axis> { // type and axis are phantom types
| `- note: 'Axis' previously declared here
96 | let item: LayoutItem
97 | fileprivate let attribute: NSLayoutConstraint.Attribute
:
153 | }
154 |
155 | @discardableResult func greaterThanOrEqual<Type: AnchorType.Dimension, Axis>(_ anchor: Anchor<Type, Axis>, constant: CGFloat = 0) -> NSLayoutConstraint {
| `- warning: generic parameter 'Axis' shadows generic parameter from outer scope with the same name; this is an error in the Swift 6 language mode
156 | Constraints.constrain(self, anchor, constant: constant, relation: .greaterThanOrEqual)
157 | }
/Users/admin/builder/spi-builder-workspace/Sources/ScheduledNotificationsViewController/NiceUI/Align.swift:159:45: warning: generic parameter 'Type' shadows generic parameter from outer scope with the same name; this is an error in the Swift 6 language mode
93 | /// An anchor represents one of the view's layout attributes (e.g. `left`,
94 | /// `centerX`, `width`, etc). Use the anchor’s methods to construct constraints.
95 | struct Anchor<Type, Axis> { // type and axis are phantom types
| `- note: 'Type' previously declared here
96 | let item: LayoutItem
97 | fileprivate let attribute: NSLayoutConstraint.Attribute
:
157 | }
158 |
159 | @discardableResult func lessThanOrEqual<Type: AnchorType.Dimension, Axis>(_ anchor: Anchor<Type, Axis>, constant: CGFloat = 0) -> NSLayoutConstraint {
| `- warning: generic parameter 'Type' shadows generic parameter from outer scope with the same name; this is an error in the Swift 6 language mode
160 | Constraints.constrain(self, anchor, constant: constant, relation: .lessThanOrEqual)
161 | }
/Users/admin/builder/spi-builder-workspace/Sources/ScheduledNotificationsViewController/NiceUI/Align.swift:159:73: warning: generic parameter 'Axis' shadows generic parameter from outer scope with the same name; this is an error in the Swift 6 language mode
93 | /// An anchor represents one of the view's layout attributes (e.g. `left`,
94 | /// `centerX`, `width`, etc). Use the anchor’s methods to construct constraints.
95 | struct Anchor<Type, Axis> { // type and axis are phantom types
| `- note: 'Axis' previously declared here
96 | let item: LayoutItem
97 | fileprivate let attribute: NSLayoutConstraint.Attribute
:
157 | }
158 |
159 | @discardableResult func lessThanOrEqual<Type: AnchorType.Dimension, Axis>(_ anchor: Anchor<Type, Axis>, constant: CGFloat = 0) -> NSLayoutConstraint {
| `- warning: generic parameter 'Axis' shadows generic parameter from outer scope with the same name; this is an error in the Swift 6 language mode
160 | Constraints.constrain(self, anchor, constant: constant, relation: .lessThanOrEqual)
161 | }
SwiftCompile normal arm64 /Users/admin/builder/spi-builder-workspace/Sources/ScheduledNotificationsViewController/NiceUI/Align.swift (in target 'ScheduledNotificationsViewController' from project 'ScheduledNotificationsViewController')
cd /Users/admin/builder/spi-builder-workspace/.swiftpm/xcode
builtin-SwiftPerFileCompile Align.swift
SwiftCompile normal arm64 Compiling\ GestureRecognizers.swift /Users/admin/builder/spi-builder-workspace/Sources/ScheduledNotificationsViewController/NiceUI/GestureRecognizers.swift (in target 'ScheduledNotificationsViewController' from project 'ScheduledNotificationsViewController')
/Users/admin/builder/spi-builder-workspace/Sources/ScheduledNotificationsViewController/NiceUI/GestureRecognizers.swift:36:37: error: 'UIPinchGestureRecognizer' is unavailable in tvOS
34 | }
35 |
36 | final class PinchGestureRecognizer: UIPinchGestureRecognizer {
| `- error: 'UIPinchGestureRecognizer' is unavailable in tvOS
37 |
38 | @Delegated1 var action: (PinchGestureRecognizer) -> Void
/Applications/Xcode-27.0.0-Release.Candidate.app/Contents/Developer/Platforms/AppleTVOS.platform/Developer/SDKs/AppleTVOS27.0.sdk/System/Library/Frameworks/UIKit.framework/Headers/UIPinchGestureRecognizer.h:20:12: note: 'UIPinchGestureRecognizer' has been explicitly marked unavailable here
18 |
19 | UIKIT_EXTERN API_AVAILABLE(ios(3.2)) API_UNAVAILABLE(tvos, watchos) NS_SWIFT_UI_ACTOR
20 | @interface UIPinchGestureRecognizer : UIGestureRecognizer
| `- note: 'UIPinchGestureRecognizer' has been explicitly marked unavailable here
21 |
22 | @property (nonatomic) CGFloat scale; // scale relative to the touch points in screen coordinates
/Users/admin/builder/spi-builder-workspace/Sources/ScheduledNotificationsViewController/NiceUI/GestureRecognizers.swift:62:40: error: 'UIRotationGestureRecognizer' is unavailable in tvOS
60 | }
61 |
62 | final class RotationGestureRecognizer: UIRotationGestureRecognizer {
| `- error: 'UIRotationGestureRecognizer' is unavailable in tvOS
63 |
64 | @Delegated1 var action: (RotationGestureRecognizer) -> Void
/Applications/Xcode-27.0.0-Release.Candidate.app/Contents/Developer/Platforms/AppleTVOS.platform/Developer/SDKs/AppleTVOS27.0.sdk/System/Library/Frameworks/UIKit.framework/Headers/UIRotationGestureRecognizer.h:20:12: note: 'UIRotationGestureRecognizer' has been explicitly marked unavailable here
18 |
19 | UIKIT_EXTERN API_AVAILABLE(ios(3.2)) API_UNAVAILABLE(tvos, watchos) NS_SWIFT_UI_ACTOR
20 | @interface UIRotationGestureRecognizer : UIGestureRecognizer
| `- note: 'UIRotationGestureRecognizer' has been explicitly marked unavailable here
21 |
22 | @property (nonatomic) CGFloat rotation; // rotation in radians
/Users/admin/builder/spi-builder-workspace/Sources/ScheduledNotificationsViewController/NiceUI/GestureRecognizers.swift:140:45: error: 'UIScreenEdgePanGestureRecognizer' is unavailable in tvOS
138 | }
139 |
140 | final class ScreenEdgePanGestureRecognizer: UIScreenEdgePanGestureRecognizer {
| `- error: 'UIScreenEdgePanGestureRecognizer' is unavailable in tvOS
141 |
142 | @Delegated1 var action: (ScreenEdgePanGestureRecognizer) -> Void
/Applications/Xcode-27.0.0-Release.Candidate.app/Contents/Developer/Platforms/AppleTVOS.platform/Developer/SDKs/AppleTVOS27.0.sdk/System/Library/Frameworks/UIKit.framework/Headers/UIScreenEdgePanGestureRecognizer.h:16:12: note: 'UIScreenEdgePanGestureRecognizer' has been explicitly marked unavailable here
14 | in from the bezel on the specified edge. */
15 | UIKIT_EXTERN API_AVAILABLE(ios(7.0)) API_UNAVAILABLE(tvos, visionos, watchos) NS_SWIFT_UI_ACTOR
16 | @interface UIScreenEdgePanGestureRecognizer : UIPanGestureRecognizer
| `- note: 'UIScreenEdgePanGestureRecognizer' has been explicitly marked unavailable here
17 | @property (readwrite, nonatomic, assign) UIRectEdge edges; // The edges on which this gesture recognizes, relative to the current interface orientation
18 | @end
/Users/admin/builder/spi-builder-workspace/Sources/ScheduledNotificationsViewController/NiceUI/GestureRecognizers.swift:193:37: error: 'UIHoverGestureRecognizer' is unavailable in tvOS
191 |
192 | @available(iOS 13.0, *)
193 | final class HoverGestureRecognizer: UIHoverGestureRecognizer {
| `- error: 'UIHoverGestureRecognizer' is unavailable in tvOS
194 |
195 | @Delegated1 var action: (HoverGestureRecognizer) -> Void
/Applications/Xcode-27.0.0-Release.Candidate.app/Contents/Developer/Platforms/AppleTVOS.platform/Developer/SDKs/AppleTVOS27.0.sdk/System/Library/Frameworks/UIKit.framework/Headers/UIHoverGestureRecognizer.h:22:81: note: 'UIHoverGestureRecognizer' has been explicitly marked unavailable here
20 | // On iOS, this gesture recognizer doesn't recognize anything and is effectively
21 | // a no-op.
22 | UIKIT_EXTERN API_AVAILABLE(ios(13.0)) API_UNAVAILABLE(watchos, tvos) @interface UIHoverGestureRecognizer : UIGestureRecognizer
| `- note: 'UIHoverGestureRecognizer' has been explicitly marked unavailable here
23 |
24 | /// The normalized distance from the screen of the hovering device. This value will be 1 at the maximum distance
/Users/admin/builder/spi-builder-workspace/Sources/ScheduledNotificationsViewController/NiceUI/GestureRecognizers.swift:254:13: error: 'numberOfTouchesRequired' is unavailable in tvOS
252 | let tap = TapGestureRecognizer()
253 | tap.numberOfTapsRequired = numberOfTapsRequired
254 | tap.numberOfTouchesRequired = numberOfTouchesRequired
| `- error: 'numberOfTouchesRequired' is unavailable in tvOS
255 | return recognize(tap)
256 | }
/Applications/Xcode-27.0.0-Release.Candidate.app/Contents/Developer/Platforms/AppleTVOS.platform/Developer/SDKs/AppleTVOS27.0.sdk/System/Library/Frameworks/UIKit.framework/Headers/UITapGestureRecognizer.h:26:35: note: 'numberOfTouchesRequired' has been explicitly marked unavailable here
24 |
25 | @property (nonatomic) NSUInteger numberOfTapsRequired; // Default is 1. The number of taps required to match
26 | @property (nonatomic) NSUInteger numberOfTouchesRequired API_UNAVAILABLE(tvos); // Default is 1. The number of fingers required to match
| `- note: 'numberOfTouchesRequired' has been explicitly marked unavailable here
27 |
28 | @property (nonatomic) UIEventButtonMask buttonMaskRequired API_AVAILABLE(ios(13.4)) API_UNAVAILABLE(tvos, watchos); // Default is UIEventButtonMaskPrimary and cannot be 0. This property is only evaluated on indirect input devices and is the mask of pressed buttons to required to match.
/Users/admin/builder/spi-builder-workspace/Sources/ScheduledNotificationsViewController/NiceUI/GestureRecognizers.swift:264:15: error: 'numberOfTouchesRequired' is unavailable in tvOS
262 | let swipe = SwipeGestureRecognizer()
263 | swipe.direction = direction
264 | swipe.numberOfTouchesRequired = numberOfTouchesRequired
| `- error: 'numberOfTouchesRequired' is unavailable in tvOS
265 | return recognize(swipe)
266 | }
/Applications/Xcode-27.0.0-Release.Candidate.app/Contents/Developer/Platforms/AppleTVOS.platform/Developer/SDKs/AppleTVOS27.0.sdk/System/Library/Frameworks/UIKit.framework/Headers/UISwipeGestureRecognizer.h:33:56: note: 'numberOfTouchesRequired' has been explicitly marked unavailable here
31 | @interface UISwipeGestureRecognizer : UIGestureRecognizer
32 |
33 | @property(nonatomic) NSUInteger numberOfTouchesRequired API_UNAVAILABLE(tvos); // default is 1. the number of fingers that must swipe
| `- note: 'numberOfTouchesRequired' has been explicitly marked unavailable here
34 | @property(nonatomic) UISwipeGestureRecognizerDirection direction; // default is UISwipeGestureRecognizerDirectionRight. the desired direction of the swipe. multiple directions may be specified if they will result in the same behavior (for example, UITableView swipe delete)
35 |
SwiftCompile normal arm64 /Users/admin/builder/spi-builder-workspace/Sources/ScheduledNotificationsViewController/NiceUI/GestureRecognizers.swift (in target 'ScheduledNotificationsViewController' from project 'ScheduledNotificationsViewController')
cd /Users/admin/builder/spi-builder-workspace/.swiftpm/xcode
builtin-SwiftPerFileCompile GestureRecognizers.swift
SwiftCompile normal arm64 Compiling\ Stacks.swift /Users/admin/builder/spi-builder-workspace/Sources/ScheduledNotificationsViewController/NiceUI/Stacks.swift (in target 'ScheduledNotificationsViewController' from project 'ScheduledNotificationsViewController')
SwiftCompile normal arm64 /Users/admin/builder/spi-builder-workspace/Sources/ScheduledNotificationsViewController/NiceUI/Stacks.swift (in target 'ScheduledNotificationsViewController' from project 'ScheduledNotificationsViewController')
cd /Users/admin/builder/spi-builder-workspace/.swiftpm/xcode
builtin-SwiftPerFileCompile Stacks.swift
SwiftCompile normal arm64 Compiling\ ScheduledNotificationsViewController.swift /Users/admin/builder/spi-builder-workspace/Sources/ScheduledNotificationsViewController/ScheduledNotificationsViewController.swift (in target 'ScheduledNotificationsViewController' from project 'ScheduledNotificationsViewController')
SwiftCompile normal arm64 /Users/admin/builder/spi-builder-workspace/Sources/ScheduledNotificationsViewController/ScheduledNotificationsViewController.swift (in target 'ScheduledNotificationsViewController' from project 'ScheduledNotificationsViewController')
cd /Users/admin/builder/spi-builder-workspace/.swiftpm/xcode
builtin-SwiftPerFileCompile ScheduledNotificationsViewController.swift
PruneExplicitPrecompiledModules /Users/admin/builder/spi-builder-workspace/.derivedData/SDKExplicitPrecompiledModules
PruneExplicitPrecompiledModules /Users/admin/builder/spi-builder-workspace/.derivedData/Build/Intermediates.noindex/ExplicitPrecompiledModules
PruneExplicitPrecompiledModules /Users/admin/builder/spi-builder-workspace/.derivedData/Build/Intermediates.noindex/SwiftExplicitPrecompiledModules
2026-09-19 04:31:28.718 xcodebuild[686:4260] [MT] IDERunDestination: Supported platforms for the buildables in the current scheme is empty.
** BUILD FAILED **
The following build commands failed:
SwiftCompile normal arm64 (in target 'ScheduledNotificationsViewController' from project 'ScheduledNotificationsViewController')
SwiftEmitModule normal arm64 Emitting\ module\ for\ ScheduledNotificationsViewController (in target 'ScheduledNotificationsViewController' from project 'ScheduledNotificationsViewController')
Building workspace ScheduledNotificationsViewController with scheme ScheduledNotificationsViewController
(3 failures)
Command line invocation:
/Applications/Xcode-27.0.0-Release.Candidate.app/Contents/Developer/usr/bin/xcodebuild -IDEClonedSourcePackagesDirPathOverride=/Users/admin/builder/spi-builder-workspace/.dependencies -resolvePackageDependencies
Resolve Package Graph
Resolved source packages:
ScheduledNotificationsViewController: /Users/admin/builder/spi-builder-workspace
resolved source packages: ScheduledNotificationsViewController
2026-09-19 04:31:34.802 xcodebuild[767:4603] [MT] IDERunDestination: Supported platforms for the buildables in the current scheme is empty.
{
"dependencies" : [
],
"manifest_display_name" : "ScheduledNotificationsViewController",
"name" : "ScheduledNotificationsViewController",
"path" : "/Users/admin/builder/spi-builder-workspace",
"platforms" : [
{
"name" : "ios",
"version" : "13.0"
}
],
"products" : [
{
"name" : "ScheduledNotificationsViewController",
"targets" : [
"ScheduledNotificationsViewController"
],
"type" : {
"library" : [
"automatic"
]
}
}
],
"targets" : [
{
"c99name" : "ScheduledNotificationsViewControllerTests",
"module_type" : "SwiftTarget",
"name" : "ScheduledNotificationsViewControllerTests",
"path" : "Tests/ScheduledNotificationsViewControllerTests",
"sources" : [
"ScheduledNotificationsViewControllerTests.swift",
"XCTestManifests.swift"
],
"target_dependencies" : [
"ScheduledNotificationsViewController"
],
"type" : "test"
},
{
"c99name" : "ScheduledNotificationsViewController",
"module_type" : "SwiftTarget",
"name" : "ScheduledNotificationsViewController",
"path" : "Sources/ScheduledNotificationsViewController",
"product_memberships" : [
"ScheduledNotificationsViewController"
],
"sources" : [
"NiceUI/Align.swift",
"NiceUI/Delegated/Delegated.swift",
"NiceUI/GestureRecognizers.swift",
"NiceUI/Stacks.swift",
"NiceUI/View.swift",
"NiceUI/Views/Button.swift",
"NiceUI/Views/ScrollableStackView.swift",
"NiceUI/Views/Switch.swift",
"ScheduledNotificationsViewController.swift",
"StaticTableView.swift"
],
"type" : "library"
}
],
"tools_version" : "5.1"
}
{
"workspace" : {
"name" : "ScheduledNotificationsViewController",
"schemes" : [
"ScheduledNotificationsViewController"
]
}
}
2026-09-19 04:31:36.029 xcodebuild[775:4673] [MT] IDERunDestination: Supported platforms for the buildables in the current scheme is empty.
Running build ...
env DEVELOPER_DIR=/Applications/Xcode-27.0.0-Release.Candidate.app xcrun xcodebuild -IDEClonedSourcePackagesDirPathOverride=$PWD/.dependencies -skipMacroValidation -skipPackagePluginValidation -derivedDataPath $PWD/.derivedData build -scheme ScheduledNotificationsViewController -destination generic/platform=tvOS
Command line invocation:
/Applications/Xcode-27.0.0-Release.Candidate.app/Contents/Developer/usr/bin/xcodebuild -IDEClonedSourcePackagesDirPathOverride=/Users/admin/builder/spi-builder-workspace/.dependencies -skipMacroValidation -skipPackagePluginValidation -derivedDataPath /Users/admin/builder/spi-builder-workspace/.derivedData build -scheme ScheduledNotificationsViewController -destination generic/platform=tvOS
Resolve Package Graph
Resolved source packages:
ScheduledNotificationsViewController: /Users/admin/builder/spi-builder-workspace
ComputePackagePrebuildTargetDependencyGraph
Prepare packages
CreateBuildRequest
SendProjectDescription
CreateBuildOperation
ComputeTargetDependencyGraph
note: Building targets in dependency order
note: Target dependency graph (2 targets)
Target 'ScheduledNotificationsViewController-product' in project 'ScheduledNotificationsViewController'
➜ Explicit dependency on target 'ScheduledNotificationsViewController' in project 'ScheduledNotificationsViewController'
Target 'ScheduledNotificationsViewController' in project 'ScheduledNotificationsViewController' (no dependencies)
GatherProvisioningInputs
CreateBuildDescription
ClangStatCache /Applications/Xcode-27.0.0-Release.Candidate.app/Contents/Developer/Toolchains/XcodeDefault.xctoolchain/usr/bin/clang-stat-cache /Applications/Xcode-27.0.0-Release.Candidate.app/Contents/Developer/Platforms/AppleTVOS.platform/Developer/SDKs/AppleTVOS27.0.sdk /Users/admin/builder/spi-builder-workspace/.derivedData/SDKStatCaches.noindex/appletvos27.0-24J360-e829b21a6f8c9b70876ba0858053c044b32bfd8d43560033f8d89884cdb90028.sdkstatcache
cd /Users/admin/builder/spi-builder-workspace/.swiftpm/xcode
/Applications/Xcode-27.0.0-Release.Candidate.app/Contents/Developer/Toolchains/XcodeDefault.xctoolchain/usr/bin/clang-stat-cache /Applications/Xcode-27.0.0-Release.Candidate.app/Contents/Developer/Platforms/AppleTVOS.platform/Developer/SDKs/AppleTVOS27.0.sdk -o /Users/admin/builder/spi-builder-workspace/.derivedData/SDKStatCaches.noindex/appletvos27.0-24J360-e829b21a6f8c9b70876ba0858053c044b32bfd8d43560033f8d89884cdb90028.sdkstatcache
SwiftDriver ScheduledNotificationsViewController normal arm64 com.apple.xcode.tools.swift.compiler (in target 'ScheduledNotificationsViewController' from project 'ScheduledNotificationsViewController')
cd /Users/admin/builder/spi-builder-workspace/.swiftpm/xcode
builtin-SwiftDriver -- /Applications/Xcode-27.0.0-Release.Candidate.app/Contents/Developer/Toolchains/XcodeDefault.xctoolchain/usr/bin/swiftc -parse-as-library -module-name ScheduledNotificationsViewController -Onone @/Users/admin/builder/spi-builder-workspace/.derivedData/Build/Intermediates.noindex/ScheduledNotificationsViewController.build/Debug-appletvos/ScheduledNotificationsViewController-t.build/Objects-normal/arm64/ScheduledNotificationsViewController.SwiftFileList -DSWIFT_PACKAGE -DDEBUG -DSWIFT_MODULE_RESOURCE_BUNDLE_UNAVAILABLE -DXcode -plugin-path /Applications/Xcode-27.0.0-Release.Candidate.app/Contents/Developer/Toolchains/XcodeDefault.xctoolchain/usr/lib/swift/host/plugins/testing -enable-experimental-feature DebugDescriptionMacro -sdk /Applications/Xcode-27.0.0-Release.Candidate.app/Contents/Developer/Platforms/AppleTVOS.platform/Developer/SDKs/AppleTVOS27.0.sdk -target arm64-apple-tvos15.0 -g -module-cache-path /Users/admin/builder/spi-builder-workspace/.derivedData/ModuleCache.noindex -Xfrontend -serialize-debugging-options -profile-coverage-mapping -profile-generate -enable-testing -index-store-path /Users/admin/builder/spi-builder-workspace/.derivedData/Index.noindex/DataStore -Xcc -D_LIBCPP_HARDENING_MODE\=_LIBCPP_HARDENING_MODE_DEBUG -swift-version 5 -I /Users/admin/builder/spi-builder-workspace/.derivedData/Build/Products/Debug-appletvos -Isystem /Applications/Xcode-27.0.0-Release.Candidate.app/Contents/Developer/Platforms/AppleTVOS.platform/Developer/usr/lib -F /Users/admin/builder/spi-builder-workspace/.derivedData/Build/Products/Debug-appletvos -F /Applications/Xcode-27.0.0-Release.Candidate.app/Contents/Developer/Platforms/AppleTVOS.platform/Developer/Library/Frameworks -F /Applications/Xcode-27.0.0-Release.Candidate.app/Contents/Developer/Platforms/AppleTVOS.platform/Developer/SDKs/AppleTVOS27.0.sdk/Developer/Library/Frameworks -c -j10 -enable-batch-mode -incremental -Xcc -ivfsstatcache -Xcc /Users/admin/builder/spi-builder-workspace/.derivedData/SDKStatCaches.noindex/appletvos27.0-24J360-e829b21a6f8c9b70876ba0858053c044b32bfd8d43560033f8d89884cdb90028.sdkstatcache -output-file-map /Users/admin/builder/spi-builder-workspace/.derivedData/Build/Intermediates.noindex/ScheduledNotificationsViewController.build/Debug-appletvos/ScheduledNotificationsViewController-t.build/Objects-normal/arm64/ScheduledNotificationsViewController-OutputFileMap.json -save-temps -no-color-diagnostics -explicit-module-build -module-cache-path /Users/admin/builder/spi-builder-workspace/.derivedData/Build/Intermediates.noindex/SwiftExplicitPrecompiledModules -clang-scanner-module-cache-path /Users/admin/builder/spi-builder-workspace/.derivedData/ModuleCache.noindex -sdk-module-cache-path /Users/admin/builder/spi-builder-workspace/.derivedData/SDKExplicitPrecompiledModules -emit-dependencies -emit-module -emit-module-path /Users/admin/builder/spi-builder-workspace/.derivedData/Build/Intermediates.noindex/ScheduledNotificationsViewController.build/Debug-appletvos/ScheduledNotificationsViewController-t.build/Objects-normal/arm64/ScheduledNotificationsViewController.swiftmodule -serialize-diagnostics -dependency-scan-serialize-diagnostics-path /Users/admin/builder/spi-builder-workspace/.derivedData/Build/Intermediates.noindex/ScheduledNotificationsViewController.build/Debug-appletvos/ScheduledNotificationsViewController-t.build/Objects-normal/arm64/ScheduledNotificationsViewController-dependency-scan.dia -validate-clang-modules-once -clang-build-session-file /Users/admin/builder/spi-builder-workspace/.derivedData/ModuleCache.noindex/Session.modulevalidation -Xcc -fmodules-prune-interval\=86400 -Xcc -fmodules-prune-after\=345600 -emit-const-values -const-gather-protocols-list /Users/admin/builder/spi-builder-workspace/.derivedData/Build/Intermediates.noindex/ScheduledNotificationsViewController.build/Debug-appletvos/ScheduledNotificationsViewController-t.build/Objects-normal/arm64/ScheduledNotificationsViewController_const_extract_protocols.json -Xcc -I/Users/admin/builder/spi-builder-workspace/.derivedData/Build/Products/Debug-appletvos/include -Xcc -I/Users/admin/builder/spi-builder-workspace/.derivedData/Build/Intermediates.noindex/ScheduledNotificationsViewController.build/Debug-appletvos/ScheduledNotificationsViewController-t.build/DerivedSources-normal/arm64 -Xcc -I/Users/admin/builder/spi-builder-workspace/.derivedData/Build/Intermediates.noindex/ScheduledNotificationsViewController.build/Debug-appletvos/ScheduledNotificationsViewController-t.build/DerivedSources/arm64 -Xcc -I/Users/admin/builder/spi-builder-workspace/.derivedData/Build/Intermediates.noindex/ScheduledNotificationsViewController.build/Debug-appletvos/ScheduledNotificationsViewController-t.build/DerivedSources -Xcc -DSWIFT_PACKAGE -Xcc -DDEBUG\=1 -emit-objc-header -emit-objc-header-path /Users/admin/builder/spi-builder-workspace/.derivedData/Build/Intermediates.noindex/ScheduledNotificationsViewController.build/Debug-appletvos/ScheduledNotificationsViewController-t.build/Objects-normal/arm64/ScheduledNotificationsViewController-Swift.h -working-directory /Users/admin/builder/spi-builder-workspace/.swiftpm/xcode -experimental-emit-module-separately -disable-cmo
SwiftCompile normal arm64 Compiling\ Delegated.swift /Users/admin/builder/spi-builder-workspace/Sources/ScheduledNotificationsViewController/NiceUI/Delegated/Delegated.swift (in target 'ScheduledNotificationsViewController' from project 'ScheduledNotificationsViewController')
SwiftCompile normal arm64 /Users/admin/builder/spi-builder-workspace/Sources/ScheduledNotificationsViewController/NiceUI/Delegated/Delegated.swift (in target 'ScheduledNotificationsViewController' from project 'ScheduledNotificationsViewController')
cd /Users/admin/builder/spi-builder-workspace/.swiftpm/xcode
builtin-SwiftPerFileCompile Delegated.swift
SwiftCompile normal arm64 Compiling\ GestureRecognizers.swift /Users/admin/builder/spi-builder-workspace/Sources/ScheduledNotificationsViewController/NiceUI/GestureRecognizers.swift (in target 'ScheduledNotificationsViewController' from project 'ScheduledNotificationsViewController')
SwiftCompile normal arm64 /Users/admin/builder/spi-builder-workspace/Sources/ScheduledNotificationsViewController/NiceUI/GestureRecognizers.swift (in target 'ScheduledNotificationsViewController' from project 'ScheduledNotificationsViewController')
cd /Users/admin/builder/spi-builder-workspace/.swiftpm/xcode
builtin-SwiftPerFileCompile GestureRecognizers.swift
/Users/admin/builder/spi-builder-workspace/Sources/ScheduledNotificationsViewController/NiceUI/GestureRecognizers.swift:36:37: error: 'UIPinchGestureRecognizer' is unavailable in tvOS
34 | }
35 |
36 | final class PinchGestureRecognizer: UIPinchGestureRecognizer {
| `- error: 'UIPinchGestureRecognizer' is unavailable in tvOS
37 |
38 | @Delegated1 var action: (PinchGestureRecognizer) -> Void
/Applications/Xcode-27.0.0-Release.Candidate.app/Contents/Developer/Platforms/AppleTVOS.platform/Developer/SDKs/AppleTVOS27.0.sdk/System/Library/Frameworks/UIKit.framework/Headers/UIPinchGestureRecognizer.h:20:12: note: 'UIPinchGestureRecognizer' has been explicitly marked unavailable here
18 |
19 | UIKIT_EXTERN API_AVAILABLE(ios(3.2)) API_UNAVAILABLE(tvos, watchos) NS_SWIFT_UI_ACTOR
20 | @interface UIPinchGestureRecognizer : UIGestureRecognizer
| `- note: 'UIPinchGestureRecognizer' has been explicitly marked unavailable here
21 |
22 | @property (nonatomic) CGFloat scale; // scale relative to the touch points in screen coordinates
/Users/admin/builder/spi-builder-workspace/Sources/ScheduledNotificationsViewController/NiceUI/GestureRecognizers.swift:62:40: error: 'UIRotationGestureRecognizer' is unavailable in tvOS
60 | }
61 |
62 | final class RotationGestureRecognizer: UIRotationGestureRecognizer {
| `- error: 'UIRotationGestureRecognizer' is unavailable in tvOS
63 |
64 | @Delegated1 var action: (RotationGestureRecognizer) -> Void
/Applications/Xcode-27.0.0-Release.Candidate.app/Contents/Developer/Platforms/AppleTVOS.platform/Developer/SDKs/AppleTVOS27.0.sdk/System/Library/Frameworks/UIKit.framework/Headers/UIRotationGestureRecognizer.h:20:12: note: 'UIRotationGestureRecognizer' has been explicitly marked unavailable here
18 |
19 | UIKIT_EXTERN API_AVAILABLE(ios(3.2)) API_UNAVAILABLE(tvos, watchos) NS_SWIFT_UI_ACTOR
20 | @interface UIRotationGestureRecognizer : UIGestureRecognizer
| `- note: 'UIRotationGestureRecognizer' has been explicitly marked unavailable here
21 |
22 | @property (nonatomic) CGFloat rotation; // rotation in radians
/Users/admin/builder/spi-builder-workspace/Sources/ScheduledNotificationsViewController/NiceUI/GestureRecognizers.swift:140:45: error: 'UIScreenEdgePanGestureRecognizer' is unavailable in tvOS
138 | }
139 |
140 | final class ScreenEdgePanGestureRecognizer: UIScreenEdgePanGestureRecognizer {
| `- error: 'UIScreenEdgePanGestureRecognizer' is unavailable in tvOS
141 |
142 | @Delegated1 var action: (ScreenEdgePanGestureRecognizer) -> Void
/Applications/Xcode-27.0.0-Release.Candidate.app/Contents/Developer/Platforms/AppleTVOS.platform/Developer/SDKs/AppleTVOS27.0.sdk/System/Library/Frameworks/UIKit.framework/Headers/UIScreenEdgePanGestureRecognizer.h:16:12: note: 'UIScreenEdgePanGestureRecognizer' has been explicitly marked unavailable here
14 | in from the bezel on the specified edge. */
15 | UIKIT_EXTERN API_AVAILABLE(ios(7.0)) API_UNAVAILABLE(tvos, visionos, watchos) NS_SWIFT_UI_ACTOR
16 | @interface UIScreenEdgePanGestureRecognizer : UIPanGestureRecognizer
| `- note: 'UIScreenEdgePanGestureRecognizer' has been explicitly marked unavailable here
17 | @property (readwrite, nonatomic, assign) UIRectEdge edges; // The edges on which this gesture recognizes, relative to the current interface orientation
18 | @end
/Users/admin/builder/spi-builder-workspace/Sources/ScheduledNotificationsViewController/NiceUI/GestureRecognizers.swift:193:37: error: 'UIHoverGestureRecognizer' is unavailable in tvOS
191 |
192 | @available(iOS 13.0, *)
193 | final class HoverGestureRecognizer: UIHoverGestureRecognizer {
| `- error: 'UIHoverGestureRecognizer' is unavailable in tvOS
194 |
195 | @Delegated1 var action: (HoverGestureRecognizer) -> Void
/Applications/Xcode-27.0.0-Release.Candidate.app/Contents/Developer/Platforms/AppleTVOS.platform/Developer/SDKs/AppleTVOS27.0.sdk/System/Library/Frameworks/UIKit.framework/Headers/UIHoverGestureRecognizer.h:22:81: note: 'UIHoverGestureRecognizer' has been explicitly marked unavailable here
20 | // On iOS, this gesture recognizer doesn't recognize anything and is effectively
21 | // a no-op.
22 | UIKIT_EXTERN API_AVAILABLE(ios(13.0)) API_UNAVAILABLE(watchos, tvos) @interface UIHoverGestureRecognizer : UIGestureRecognizer
| `- note: 'UIHoverGestureRecognizer' has been explicitly marked unavailable here
23 |
24 | /// The normalized distance from the screen of the hovering device. This value will be 1 at the maximum distance
/Users/admin/builder/spi-builder-workspace/Sources/ScheduledNotificationsViewController/NiceUI/GestureRecognizers.swift:254:13: error: 'numberOfTouchesRequired' is unavailable in tvOS
252 | let tap = TapGestureRecognizer()
253 | tap.numberOfTapsRequired = numberOfTapsRequired
254 | tap.numberOfTouchesRequired = numberOfTouchesRequired
| `- error: 'numberOfTouchesRequired' is unavailable in tvOS
255 | return recognize(tap)
256 | }
/Applications/Xcode-27.0.0-Release.Candidate.app/Contents/Developer/Platforms/AppleTVOS.platform/Developer/SDKs/AppleTVOS27.0.sdk/System/Library/Frameworks/UIKit.framework/Headers/UITapGestureRecognizer.h:26:35: note: 'numberOfTouchesRequired' has been explicitly marked unavailable here
24 |
25 | @property (nonatomic) NSUInteger numberOfTapsRequired; // Default is 1. The number of taps required to match
26 | @property (nonatomic) NSUInteger numberOfTouchesRequired API_UNAVAILABLE(tvos); // Default is 1. The number of fingers required to match
| `- note: 'numberOfTouchesRequired' has been explicitly marked unavailable here
27 |
28 | @property (nonatomic) UIEventButtonMask buttonMaskRequired API_AVAILABLE(ios(13.4)) API_UNAVAILABLE(tvos, watchos); // Default is UIEventButtonMaskPrimary and cannot be 0. This property is only evaluated on indirect input devices and is the mask of pressed buttons to required to match.
/Users/admin/builder/spi-builder-workspace/Sources/ScheduledNotificationsViewController/NiceUI/GestureRecognizers.swift:264:15: error: 'numberOfTouchesRequired' is unavailable in tvOS
262 | let swipe = SwipeGestureRecognizer()
263 | swipe.direction = direction
264 | swipe.numberOfTouchesRequired = numberOfTouchesRequired
| `- error: 'numberOfTouchesRequired' is unavailable in tvOS
265 | return recognize(swipe)
266 | }
/Applications/Xcode-27.0.0-Release.Candidate.app/Contents/Developer/Platforms/AppleTVOS.platform/Developer/SDKs/AppleTVOS27.0.sdk/System/Library/Frameworks/UIKit.framework/Headers/UISwipeGestureRecognizer.h:33:56: note: 'numberOfTouchesRequired' has been explicitly marked unavailable here
31 | @interface UISwipeGestureRecognizer : UIGestureRecognizer
32 |
33 | @property(nonatomic) NSUInteger numberOfTouchesRequired API_UNAVAILABLE(tvos); // default is 1. the number of fingers that must swipe
| `- note: 'numberOfTouchesRequired' has been explicitly marked unavailable here
34 | @property(nonatomic) UISwipeGestureRecognizerDirection direction; // default is UISwipeGestureRecognizerDirectionRight. the desired direction of the swipe. multiple directions may be specified if they will result in the same behavior (for example, UITableView swipe delete)
35 |
SwiftCompile normal arm64 Compiling\ Stacks.swift /Users/admin/builder/spi-builder-workspace/Sources/ScheduledNotificationsViewController/NiceUI/Stacks.swift (in target 'ScheduledNotificationsViewController' from project 'ScheduledNotificationsViewController')
SwiftCompile normal arm64 /Users/admin/builder/spi-builder-workspace/Sources/ScheduledNotificationsViewController/NiceUI/Stacks.swift (in target 'ScheduledNotificationsViewController' from project 'ScheduledNotificationsViewController')
cd /Users/admin/builder/spi-builder-workspace/.swiftpm/xcode
builtin-SwiftPerFileCompile Stacks.swift
SwiftCompile normal arm64 Compiling\ View.swift /Users/admin/builder/spi-builder-workspace/Sources/ScheduledNotificationsViewController/NiceUI/View.swift (in target 'ScheduledNotificationsViewController' from project 'ScheduledNotificationsViewController')
SwiftCompile normal arm64 /Users/admin/builder/spi-builder-workspace/Sources/ScheduledNotificationsViewController/NiceUI/View.swift (in target 'ScheduledNotificationsViewController' from project 'ScheduledNotificationsViewController')
cd /Users/admin/builder/spi-builder-workspace/.swiftpm/xcode
builtin-SwiftPerFileCompile View.swift
SwiftCompile normal arm64 Compiling\ Align.swift /Users/admin/builder/spi-builder-workspace/Sources/ScheduledNotificationsViewController/NiceUI/Align.swift (in target 'ScheduledNotificationsViewController' from project 'ScheduledNotificationsViewController')
/Users/admin/builder/spi-builder-workspace/Sources/ScheduledNotificationsViewController/NiceUI/Align.swift:135:35: warning: generic parameter 'Type' shadows generic parameter from outer scope with the same name; this is an error in the Swift 6 language mode
93 | /// An anchor represents one of the view's layout attributes (e.g. `left`,
94 | /// `centerX`, `width`, etc). Use the anchor’s methods to construct constraints.
95 | struct Anchor<Type, Axis> { // type and axis are phantom types
| `- note: 'Type' previously declared here
96 | let item: LayoutItem
97 | fileprivate let attribute: NSLayoutConstraint.Attribute
:
133 |
134 | extension Anchor where Type: AnchorType.Alignment {
135 | @discardableResult func equal<Type: AnchorType.Alignment>(_ anchor: Anchor<Type, Axis>, constant: CGFloat = 0) -> NSLayoutConstraint {
| `- warning: generic parameter 'Type' shadows generic parameter from outer scope with the same name; this is an error in the Swift 6 language mode
136 | Constraints.constrain(self, anchor, constant: constant, relation: .equal)
137 | }
/Users/admin/builder/spi-builder-workspace/Sources/ScheduledNotificationsViewController/NiceUI/Align.swift:139:48: warning: generic parameter 'Type' shadows generic parameter from outer scope with the same name; this is an error in the Swift 6 language mode
93 | /// An anchor represents one of the view's layout attributes (e.g. `left`,
94 | /// `centerX`, `width`, etc). Use the anchor’s methods to construct constraints.
95 | struct Anchor<Type, Axis> { // type and axis are phantom types
| `- note: 'Type' previously declared here
96 | let item: LayoutItem
97 | fileprivate let attribute: NSLayoutConstraint.Attribute
:
137 | }
138 |
139 | @discardableResult func greaterThanOrEqual<Type: AnchorType.Alignment>(_ anchor: Anchor<Type, Axis>, constant: CGFloat = 0) -> NSLayoutConstraint {
| `- warning: generic parameter 'Type' shadows generic parameter from outer scope with the same name; this is an error in the Swift 6 language mode
140 | Constraints.constrain(self, anchor, constant: constant, relation: .greaterThanOrEqual)
141 | }
/Users/admin/builder/spi-builder-workspace/Sources/ScheduledNotificationsViewController/NiceUI/Align.swift:143:45: warning: generic parameter 'Type' shadows generic parameter from outer scope with the same name; this is an error in the Swift 6 language mode
93 | /// An anchor represents one of the view's layout attributes (e.g. `left`,
94 | /// `centerX`, `width`, etc). Use the anchor’s methods to construct constraints.
95 | struct Anchor<Type, Axis> { // type and axis are phantom types
| `- note: 'Type' previously declared here
96 | let item: LayoutItem
97 | fileprivate let attribute: NSLayoutConstraint.Attribute
:
141 | }
142 |
143 | @discardableResult func lessThanOrEqual<Type: AnchorType.Alignment>(_ anchor: Anchor<Type, Axis>, constant: CGFloat = 0) -> NSLayoutConstraint {
| `- warning: generic parameter 'Type' shadows generic parameter from outer scope with the same name; this is an error in the Swift 6 language mode
144 | Constraints.constrain(self, anchor, constant: constant, relation: .lessThanOrEqual)
145 | }
/Users/admin/builder/spi-builder-workspace/Sources/ScheduledNotificationsViewController/NiceUI/Align.swift:151:35: warning: generic parameter 'Type' shadows generic parameter from outer scope with the same name; this is an error in the Swift 6 language mode
93 | /// An anchor represents one of the view's layout attributes (e.g. `left`,
94 | /// `centerX`, `width`, etc). Use the anchor’s methods to construct constraints.
95 | struct Anchor<Type, Axis> { // type and axis are phantom types
| `- note: 'Type' previously declared here
96 | let item: LayoutItem
97 | fileprivate let attribute: NSLayoutConstraint.Attribute
:
149 |
150 | extension Anchor where Type: AnchorType.Dimension {
151 | @discardableResult func equal<Type: AnchorType.Dimension, Axis>(_ anchor: Anchor<Type, Axis>, constant: CGFloat = 0) -> NSLayoutConstraint {
| `- warning: generic parameter 'Type' shadows generic parameter from outer scope with the same name; this is an error in the Swift 6 language mode
152 | Constraints.constrain(self, anchor, constant: constant, relation: .equal)
153 | }
/Users/admin/builder/spi-builder-workspace/Sources/ScheduledNotificationsViewController/NiceUI/Align.swift:151:63: warning: generic parameter 'Axis' shadows generic parameter from outer scope with the same name; this is an error in the Swift 6 language mode
93 | /// An anchor represents one of the view's layout attributes (e.g. `left`,
94 | /// `centerX`, `width`, etc). Use the anchor’s methods to construct constraints.
95 | struct Anchor<Type, Axis> { // type and axis are phantom types
| `- note: 'Axis' previously declared here
96 | let item: LayoutItem
97 | fileprivate let attribute: NSLayoutConstraint.Attribute
:
149 |
150 | extension Anchor where Type: AnchorType.Dimension {
151 | @discardableResult func equal<Type: AnchorType.Dimension, Axis>(_ anchor: Anchor<Type, Axis>, constant: CGFloat = 0) -> NSLayoutConstraint {
| `- warning: generic parameter 'Axis' shadows generic parameter from outer scope with the same name; this is an error in the Swift 6 language mode
152 | Constraints.constrain(self, anchor, constant: constant, relation: .equal)
153 | }
/Users/admin/builder/spi-builder-workspace/Sources/ScheduledNotificationsViewController/NiceUI/Align.swift:155:48: warning: generic parameter 'Type' shadows generic parameter from outer scope with the same name; this is an error in the Swift 6 language mode
93 | /// An anchor represents one of the view's layout attributes (e.g. `left`,
94 | /// `centerX`, `width`, etc). Use the anchor’s methods to construct constraints.
95 | struct Anchor<Type, Axis> { // type and axis are phantom types
| `- note: 'Type' previously declared here
96 | let item: LayoutItem
97 | fileprivate let attribute: NSLayoutConstraint.Attribute
:
153 | }
154 |
155 | @discardableResult func greaterThanOrEqual<Type: AnchorType.Dimension, Axis>(_ anchor: Anchor<Type, Axis>, constant: CGFloat = 0) -> NSLayoutConstraint {
| `- warning: generic parameter 'Type' shadows generic parameter from outer scope with the same name; this is an error in the Swift 6 language mode
156 | Constraints.constrain(self, anchor, constant: constant, relation: .greaterThanOrEqual)
157 | }
/Users/admin/builder/spi-builder-workspace/Sources/ScheduledNotificationsViewController/NiceUI/Align.swift:155:76: warning: generic parameter 'Axis' shadows generic parameter from outer scope with the same name; this is an error in the Swift 6 language mode
93 | /// An anchor represents one of the view's layout attributes (e.g. `left`,
94 | /// `centerX`, `width`, etc). Use the anchor’s methods to construct constraints.
95 | struct Anchor<Type, Axis> { // type and axis are phantom types
| `- note: 'Axis' previously declared here
96 | let item: LayoutItem
97 | fileprivate let attribute: NSLayoutConstraint.Attribute
:
153 | }
154 |
155 | @discardableResult func greaterThanOrEqual<Type: AnchorType.Dimension, Axis>(_ anchor: Anchor<Type, Axis>, constant: CGFloat = 0) -> NSLayoutConstraint {
| `- warning: generic parameter 'Axis' shadows generic parameter from outer scope with the same name; this is an error in the Swift 6 language mode
156 | Constraints.constrain(self, anchor, constant: constant, relation: .greaterThanOrEqual)
157 | }
/Users/admin/builder/spi-builder-workspace/Sources/ScheduledNotificationsViewController/NiceUI/Align.swift:159:45: warning: generic parameter 'Type' shadows generic parameter from outer scope with the same name; this is an error in the Swift 6 language mode
93 | /// An anchor represents one of the view's layout attributes (e.g. `left`,
94 | /// `centerX`, `width`, etc). Use the anchor’s methods to construct constraints.
95 | struct Anchor<Type, Axis> { // type and axis are phantom types
| `- note: 'Type' previously declared here
96 | let item: LayoutItem
97 | fileprivate let attribute: NSLayoutConstraint.Attribute
:
157 | }
158 |
159 | @discardableResult func lessThanOrEqual<Type: AnchorType.Dimension, Axis>(_ anchor: Anchor<Type, Axis>, constant: CGFloat = 0) -> NSLayoutConstraint {
| `- warning: generic parameter 'Type' shadows generic parameter from outer scope with the same name; this is an error in the Swift 6 language mode
160 | Constraints.constrain(self, anchor, constant: constant, relation: .lessThanOrEqual)
161 | }
/Users/admin/builder/spi-builder-workspace/Sources/ScheduledNotificationsViewController/NiceUI/Align.swift:159:73: warning: generic parameter 'Axis' shadows generic parameter from outer scope with the same name; this is an error in the Swift 6 language mode
93 | /// An anchor represents one of the view's layout attributes (e.g. `left`,
94 | /// `centerX`, `width`, etc). Use the anchor’s methods to construct constraints.
95 | struct Anchor<Type, Axis> { // type and axis are phantom types
| `- note: 'Axis' previously declared here
96 | let item: LayoutItem
97 | fileprivate let attribute: NSLayoutConstraint.Attribute
:
157 | }
158 |
159 | @discardableResult func lessThanOrEqual<Type: AnchorType.Dimension, Axis>(_ anchor: Anchor<Type, Axis>, constant: CGFloat = 0) -> NSLayoutConstraint {
| `- warning: generic parameter 'Axis' shadows generic parameter from outer scope with the same name; this is an error in the Swift 6 language mode
160 | Constraints.constrain(self, anchor, constant: constant, relation: .lessThanOrEqual)
161 | }
SwiftCompile normal arm64 /Users/admin/builder/spi-builder-workspace/Sources/ScheduledNotificationsViewController/NiceUI/Align.swift (in target 'ScheduledNotificationsViewController' from project 'ScheduledNotificationsViewController')
cd /Users/admin/builder/spi-builder-workspace/.swiftpm/xcode
builtin-SwiftPerFileCompile Align.swift
SwiftCompile normal arm64 Compiling\ ScheduledNotificationsViewController.swift /Users/admin/builder/spi-builder-workspace/Sources/ScheduledNotificationsViewController/ScheduledNotificationsViewController.swift (in target 'ScheduledNotificationsViewController' from project 'ScheduledNotificationsViewController')
SwiftCompile normal arm64 /Users/admin/builder/spi-builder-workspace/Sources/ScheduledNotificationsViewController/ScheduledNotificationsViewController.swift (in target 'ScheduledNotificationsViewController' from project 'ScheduledNotificationsViewController')
cd /Users/admin/builder/spi-builder-workspace/.swiftpm/xcode
builtin-SwiftPerFileCompile ScheduledNotificationsViewController.swift
SwiftCompile normal arm64 Compiling\ Switch.swift /Users/admin/builder/spi-builder-workspace/Sources/ScheduledNotificationsViewController/NiceUI/Views/Switch.swift (in target 'ScheduledNotificationsViewController' from project 'ScheduledNotificationsViewController')
SwiftCompile normal arm64 /Users/admin/builder/spi-builder-workspace/Sources/ScheduledNotificationsViewController/NiceUI/Views/Switch.swift (in target 'ScheduledNotificationsViewController' from project 'ScheduledNotificationsViewController')
cd /Users/admin/builder/spi-builder-workspace/.swiftpm/xcode
builtin-SwiftPerFileCompile Switch.swift
SwiftCompile normal arm64 Compiling\ StaticTableView.swift /Users/admin/builder/spi-builder-workspace/Sources/ScheduledNotificationsViewController/StaticTableView.swift (in target 'ScheduledNotificationsViewController' from project 'ScheduledNotificationsViewController')
/Users/admin/builder/spi-builder-workspace/Sources/ScheduledNotificationsViewController/StaticTableView.swift:88:9: error: 'separatorStyle' is unavailable in tvOS
86 | dataSource = self
87 | delegate = self
88 | separatorStyle = .none
| `- error: 'separatorStyle' is unavailable in tvOS
89 | tableFooterView = UIView()
90 | cellLayoutMarginsFollowReadableWidth = true
/Applications/Xcode-27.0.0-Release.Candidate.app/Contents/Developer/Platforms/AppleTVOS.platform/Developer/SDKs/AppleTVOS27.0.sdk/System/Library/Frameworks/UIKit.framework/Headers/UITableView.h:469:53: note: 'separatorStyle' has been explicitly marked unavailable here
467 | @property (nonatomic, strong, nullable) UIColor *sectionIndexTrackingBackgroundColor API_AVAILABLE(ios(6.0)) UI_APPEARANCE_SELECTOR; // the background color of the section index while it is being touched
468 |
469 | @property (nonatomic) UITableViewCellSeparatorStyle separatorStyle API_UNAVAILABLE(tvos); // default is UITableViewCellSeparatorStyleSingleLine
| `- note: 'separatorStyle' has been explicitly marked unavailable here
470 | @property (nonatomic, strong, nullable) UIColor *separatorColor UI_APPEARANCE_SELECTOR API_UNAVAILABLE(tvos); // default is the standard separator gray
471 | @property (nonatomic, copy, nullable) UIVisualEffect *separatorEffect API_AVAILABLE(ios(8.0)) UI_APPEARANCE_SELECTOR API_UNAVAILABLE(tvos); // effect to apply to table separators
SwiftCompile normal arm64 /Users/admin/builder/spi-builder-workspace/Sources/ScheduledNotificationsViewController/StaticTableView.swift (in target 'ScheduledNotificationsViewController' from project 'ScheduledNotificationsViewController')
cd /Users/admin/builder/spi-builder-workspace/.swiftpm/xcode
builtin-SwiftPerFileCompile StaticTableView.swift
SwiftEmitModule normal arm64 Emitting\ module\ for\ ScheduledNotificationsViewController (in target 'ScheduledNotificationsViewController' from project 'ScheduledNotificationsViewController')
/Users/admin/builder/spi-builder-workspace/Sources/ScheduledNotificationsViewController/NiceUI/Align.swift:135:35: warning: generic parameter 'Type' shadows generic parameter from outer scope with the same name; this is an error in the Swift 6 language mode
93 | /// An anchor represents one of the view's layout attributes (e.g. `left`,
94 | /// `centerX`, `width`, etc). Use the anchor’s methods to construct constraints.
95 | struct Anchor<Type, Axis> { // type and axis are phantom types
| `- note: 'Type' previously declared here
96 | let item: LayoutItem
97 | fileprivate let attribute: NSLayoutConstraint.Attribute
:
133 |
134 | extension Anchor where Type: AnchorType.Alignment {
135 | @discardableResult func equal<Type: AnchorType.Alignment>(_ anchor: Anchor<Type, Axis>, constant: CGFloat = 0) -> NSLayoutConstraint {
| `- warning: generic parameter 'Type' shadows generic parameter from outer scope with the same name; this is an error in the Swift 6 language mode
136 | Constraints.constrain(self, anchor, constant: constant, relation: .equal)
137 | }
/Users/admin/builder/spi-builder-workspace/Sources/ScheduledNotificationsViewController/NiceUI/Align.swift:139:48: warning: generic parameter 'Type' shadows generic parameter from outer scope with the same name; this is an error in the Swift 6 language mode
93 | /// An anchor represents one of the view's layout attributes (e.g. `left`,
94 | /// `centerX`, `width`, etc). Use the anchor’s methods to construct constraints.
95 | struct Anchor<Type, Axis> { // type and axis are phantom types
| `- note: 'Type' previously declared here
96 | let item: LayoutItem
97 | fileprivate let attribute: NSLayoutConstraint.Attribute
:
137 | }
138 |
139 | @discardableResult func greaterThanOrEqual<Type: AnchorType.Alignment>(_ anchor: Anchor<Type, Axis>, constant: CGFloat = 0) -> NSLayoutConstraint {
| `- warning: generic parameter 'Type' shadows generic parameter from outer scope with the same name; this is an error in the Swift 6 language mode
140 | Constraints.constrain(self, anchor, constant: constant, relation: .greaterThanOrEqual)
141 | }
/Users/admin/builder/spi-builder-workspace/Sources/ScheduledNotificationsViewController/NiceUI/Align.swift:143:45: warning: generic parameter 'Type' shadows generic parameter from outer scope with the same name; this is an error in the Swift 6 language mode
93 | /// An anchor represents one of the view's layout attributes (e.g. `left`,
94 | /// `centerX`, `width`, etc). Use the anchor’s methods to construct constraints.
95 | struct Anchor<Type, Axis> { // type and axis are phantom types
| `- note: 'Type' previously declared here
96 | let item: LayoutItem
97 | fileprivate let attribute: NSLayoutConstraint.Attribute
:
141 | }
142 |
143 | @discardableResult func lessThanOrEqual<Type: AnchorType.Alignment>(_ anchor: Anchor<Type, Axis>, constant: CGFloat = 0) -> NSLayoutConstraint {
| `- warning: generic parameter 'Type' shadows generic parameter from outer scope with the same name; this is an error in the Swift 6 language mode
144 | Constraints.constrain(self, anchor, constant: constant, relation: .lessThanOrEqual)
145 | }
/Users/admin/builder/spi-builder-workspace/Sources/ScheduledNotificationsViewController/NiceUI/Align.swift:151:35: warning: generic parameter 'Type' shadows generic parameter from outer scope with the same name; this is an error in the Swift 6 language mode
93 | /// An anchor represents one of the view's layout attributes (e.g. `left`,
94 | /// `centerX`, `width`, etc). Use the anchor’s methods to construct constraints.
95 | struct Anchor<Type, Axis> { // type and axis are phantom types
| `- note: 'Type' previously declared here
96 | let item: LayoutItem
97 | fileprivate let attribute: NSLayoutConstraint.Attribute
:
149 |
150 | extension Anchor where Type: AnchorType.Dimension {
151 | @discardableResult func equal<Type: AnchorType.Dimension, Axis>(_ anchor: Anchor<Type, Axis>, constant: CGFloat = 0) -> NSLayoutConstraint {
| `- warning: generic parameter 'Type' shadows generic parameter from outer scope with the same name; this is an error in the Swift 6 language mode
152 | Constraints.constrain(self, anchor, constant: constant, relation: .equal)
153 | }
/Users/admin/builder/spi-builder-workspace/Sources/ScheduledNotificationsViewController/NiceUI/Align.swift:151:63: warning: generic parameter 'Axis' shadows generic parameter from outer scope with the same name; this is an error in the Swift 6 language mode
93 | /// An anchor represents one of the view's layout attributes (e.g. `left`,
94 | /// `centerX`, `width`, etc). Use the anchor’s methods to construct constraints.
95 | struct Anchor<Type, Axis> { // type and axis are phantom types
| `- note: 'Axis' previously declared here
96 | let item: LayoutItem
97 | fileprivate let attribute: NSLayoutConstraint.Attribute
:
149 |
150 | extension Anchor where Type: AnchorType.Dimension {
151 | @discardableResult func equal<Type: AnchorType.Dimension, Axis>(_ anchor: Anchor<Type, Axis>, constant: CGFloat = 0) -> NSLayoutConstraint {
| `- warning: generic parameter 'Axis' shadows generic parameter from outer scope with the same name; this is an error in the Swift 6 language mode
152 | Constraints.constrain(self, anchor, constant: constant, relation: .equal)
153 | }
/Users/admin/builder/spi-builder-workspace/Sources/ScheduledNotificationsViewController/NiceUI/Align.swift:155:48: warning: generic parameter 'Type' shadows generic parameter from outer scope with the same name; this is an error in the Swift 6 language mode
93 | /// An anchor represents one of the view's layout attributes (e.g. `left`,
94 | /// `centerX`, `width`, etc). Use the anchor’s methods to construct constraints.
95 | struct Anchor<Type, Axis> { // type and axis are phantom types
| `- note: 'Type' previously declared here
96 | let item: LayoutItem
97 | fileprivate let attribute: NSLayoutConstraint.Attribute
:
153 | }
154 |
155 | @discardableResult func greaterThanOrEqual<Type: AnchorType.Dimension, Axis>(_ anchor: Anchor<Type, Axis>, constant: CGFloat = 0) -> NSLayoutConstraint {
| `- warning: generic parameter 'Type' shadows generic parameter from outer scope with the same name; this is an error in the Swift 6 language mode
156 | Constraints.constrain(self, anchor, constant: constant, relation: .greaterThanOrEqual)
157 | }
/Users/admin/builder/spi-builder-workspace/Sources/ScheduledNotificationsViewController/NiceUI/Align.swift:155:76: warning: generic parameter 'Axis' shadows generic parameter from outer scope with the same name; this is an error in the Swift 6 language mode
93 | /// An anchor represents one of the view's layout attributes (e.g. `left`,
94 | /// `centerX`, `width`, etc). Use the anchor’s methods to construct constraints.
95 | struct Anchor<Type, Axis> { // type and axis are phantom types
| `- note: 'Axis' previously declared here
96 | let item: LayoutItem
97 | fileprivate let attribute: NSLayoutConstraint.Attribute
:
153 | }
154 |
155 | @discardableResult func greaterThanOrEqual<Type: AnchorType.Dimension, Axis>(_ anchor: Anchor<Type, Axis>, constant: CGFloat = 0) -> NSLayoutConstraint {
| `- warning: generic parameter 'Axis' shadows generic parameter from outer scope with the same name; this is an error in the Swift 6 language mode
156 | Constraints.constrain(self, anchor, constant: constant, relation: .greaterThanOrEqual)
157 | }
/Users/admin/builder/spi-builder-workspace/Sources/ScheduledNotificationsViewController/NiceUI/Align.swift:159:45: warning: generic parameter 'Type' shadows generic parameter from outer scope with the same name; this is an error in the Swift 6 language mode
93 | /// An anchor represents one of the view's layout attributes (e.g. `left`,
94 | /// `centerX`, `width`, etc). Use the anchor’s methods to construct constraints.
95 | struct Anchor<Type, Axis> { // type and axis are phantom types
| `- note: 'Type' previously declared here
96 | let item: LayoutItem
97 | fileprivate let attribute: NSLayoutConstraint.Attribute
:
157 | }
158 |
159 | @discardableResult func lessThanOrEqual<Type: AnchorType.Dimension, Axis>(_ anchor: Anchor<Type, Axis>, constant: CGFloat = 0) -> NSLayoutConstraint {
| `- warning: generic parameter 'Type' shadows generic parameter from outer scope with the same name; this is an error in the Swift 6 language mode
160 | Constraints.constrain(self, anchor, constant: constant, relation: .lessThanOrEqual)
161 | }
/Users/admin/builder/spi-builder-workspace/Sources/ScheduledNotificationsViewController/NiceUI/Align.swift:159:73: warning: generic parameter 'Axis' shadows generic parameter from outer scope with the same name; this is an error in the Swift 6 language mode
93 | /// An anchor represents one of the view's layout attributes (e.g. `left`,
94 | /// `centerX`, `width`, etc). Use the anchor’s methods to construct constraints.
95 | struct Anchor<Type, Axis> { // type and axis are phantom types
| `- note: 'Axis' previously declared here
96 | let item: LayoutItem
97 | fileprivate let attribute: NSLayoutConstraint.Attribute
:
157 | }
158 |
159 | @discardableResult func lessThanOrEqual<Type: AnchorType.Dimension, Axis>(_ anchor: Anchor<Type, Axis>, constant: CGFloat = 0) -> NSLayoutConstraint {
| `- warning: generic parameter 'Axis' shadows generic parameter from outer scope with the same name; this is an error in the Swift 6 language mode
160 | Constraints.constrain(self, anchor, constant: constant, relation: .lessThanOrEqual)
161 | }
/Users/admin/builder/spi-builder-workspace/Sources/ScheduledNotificationsViewController/NiceUI/Align.swift:194:37: warning: generic parameter 'Type' shadows generic parameter from outer scope with the same name; this is an error in the Swift 6 language mode
93 | /// An anchor represents one of the view's layout attributes (e.g. `left`,
94 | /// `centerX`, `width`, etc). Use the anchor’s methods to construct constraints.
95 | struct Anchor<Type, Axis> { // type and axis are phantom types
| `- note: 'Type' previously declared here
96 | let item: LayoutItem
97 | fileprivate let attribute: NSLayoutConstraint.Attribute
:
192 |
193 | /// Adds spacing between the current anchors.
194 | @discardableResult func spacing<Type: AnchorType.Edge>(_ spacing: CGFloat, to anchor: Anchor<Type, Axis>, relation: NSLayoutConstraint.Relation = .equal) -> NSLayoutConstraint {
| `- warning: generic parameter 'Type' shadows generic parameter from outer scope with the same name; this is an error in the Swift 6 language mode
195 | let isInverted = (attribute == .bottom && anchor.attribute == .top) ||
196 | (attribute == .right && anchor.attribute == .left) ||
/Users/admin/builder/spi-builder-workspace/Sources/ScheduledNotificationsViewController/NiceUI/GestureRecognizers.swift:36:37: error: 'UIPinchGestureRecognizer' is unavailable in tvOS
34 | }
35 |
36 | final class PinchGestureRecognizer: UIPinchGestureRecognizer {
| `- error: 'UIPinchGestureRecognizer' is unavailable in tvOS
37 |
38 | @Delegated1 var action: (PinchGestureRecognizer) -> Void
/Applications/Xcode-27.0.0-Release.Candidate.app/Contents/Developer/Platforms/AppleTVOS.platform/Developer/SDKs/AppleTVOS27.0.sdk/System/Library/Frameworks/UIKit.framework/Headers/UIPinchGestureRecognizer.h:20:12: note: 'UIPinchGestureRecognizer' has been explicitly marked unavailable here
18 |
19 | UIKIT_EXTERN API_AVAILABLE(ios(3.2)) API_UNAVAILABLE(tvos, watchos) NS_SWIFT_UI_ACTOR
20 | @interface UIPinchGestureRecognizer : UIGestureRecognizer
| `- note: 'UIPinchGestureRecognizer' has been explicitly marked unavailable here
21 |
22 | @property (nonatomic) CGFloat scale; // scale relative to the touch points in screen coordinates
/Users/admin/builder/spi-builder-workspace/Sources/ScheduledNotificationsViewController/NiceUI/GestureRecognizers.swift:62:40: error: 'UIRotationGestureRecognizer' is unavailable in tvOS
60 | }
61 |
62 | final class RotationGestureRecognizer: UIRotationGestureRecognizer {
| `- error: 'UIRotationGestureRecognizer' is unavailable in tvOS
63 |
64 | @Delegated1 var action: (RotationGestureRecognizer) -> Void
/Applications/Xcode-27.0.0-Release.Candidate.app/Contents/Developer/Platforms/AppleTVOS.platform/Developer/SDKs/AppleTVOS27.0.sdk/System/Library/Frameworks/UIKit.framework/Headers/UIRotationGestureRecognizer.h:20:12: note: 'UIRotationGestureRecognizer' has been explicitly marked unavailable here
18 |
19 | UIKIT_EXTERN API_AVAILABLE(ios(3.2)) API_UNAVAILABLE(tvos, watchos) NS_SWIFT_UI_ACTOR
20 | @interface UIRotationGestureRecognizer : UIGestureRecognizer
| `- note: 'UIRotationGestureRecognizer' has been explicitly marked unavailable here
21 |
22 | @property (nonatomic) CGFloat rotation; // rotation in radians
/Users/admin/builder/spi-builder-workspace/Sources/ScheduledNotificationsViewController/NiceUI/GestureRecognizers.swift:140:45: error: 'UIScreenEdgePanGestureRecognizer' is unavailable in tvOS
138 | }
139 |
140 | final class ScreenEdgePanGestureRecognizer: UIScreenEdgePanGestureRecognizer {
| `- error: 'UIScreenEdgePanGestureRecognizer' is unavailable in tvOS
141 |
142 | @Delegated1 var action: (ScreenEdgePanGestureRecognizer) -> Void
/Applications/Xcode-27.0.0-Release.Candidate.app/Contents/Developer/Platforms/AppleTVOS.platform/Developer/SDKs/AppleTVOS27.0.sdk/System/Library/Frameworks/UIKit.framework/Headers/UIScreenEdgePanGestureRecognizer.h:16:12: note: 'UIScreenEdgePanGestureRecognizer' has been explicitly marked unavailable here
14 | in from the bezel on the specified edge. */
15 | UIKIT_EXTERN API_AVAILABLE(ios(7.0)) API_UNAVAILABLE(tvos, visionos, watchos) NS_SWIFT_UI_ACTOR
16 | @interface UIScreenEdgePanGestureRecognizer : UIPanGestureRecognizer
| `- note: 'UIScreenEdgePanGestureRecognizer' has been explicitly marked unavailable here
17 | @property (readwrite, nonatomic, assign) UIRectEdge edges; // The edges on which this gesture recognizes, relative to the current interface orientation
18 | @end
/Users/admin/builder/spi-builder-workspace/Sources/ScheduledNotificationsViewController/NiceUI/GestureRecognizers.swift:193:37: error: 'UIHoverGestureRecognizer' is unavailable in tvOS
191 |
192 | @available(iOS 13.0, *)
193 | final class HoverGestureRecognizer: UIHoverGestureRecognizer {
| `- error: 'UIHoverGestureRecognizer' is unavailable in tvOS
194 |
195 | @Delegated1 var action: (HoverGestureRecognizer) -> Void
/Applications/Xcode-27.0.0-Release.Candidate.app/Contents/Developer/Platforms/AppleTVOS.platform/Developer/SDKs/AppleTVOS27.0.sdk/System/Library/Frameworks/UIKit.framework/Headers/UIHoverGestureRecognizer.h:22:81: note: 'UIHoverGestureRecognizer' has been explicitly marked unavailable here
20 | // On iOS, this gesture recognizer doesn't recognize anything and is effectively
21 | // a no-op.
22 | UIKIT_EXTERN API_AVAILABLE(ios(13.0)) API_UNAVAILABLE(watchos, tvos) @interface UIHoverGestureRecognizer : UIGestureRecognizer
| `- note: 'UIHoverGestureRecognizer' has been explicitly marked unavailable here
23 |
24 | /// The normalized distance from the screen of the hovering device. This value will be 1 at the maximum distance
/Users/admin/builder/spi-builder-workspace/Sources/ScheduledNotificationsViewController/NiceUI/Views/Switch.swift:10:21: error: 'UISwitch' is unavailable in tvOS
8 | import UIKit
9 |
10 | final class Switch: UISwitch {
| `- error: 'UISwitch' is unavailable in tvOS
11 |
12 | @Delegated1 var didToggle: (Switch) -> ()
/Applications/Xcode-27.0.0-Release.Candidate.app/Contents/Developer/Platforms/AppleTVOS.platform/Developer/SDKs/AppleTVOS27.0.sdk/System/Library/Frameworks/UIKit.framework/Headers/UISwitch.h:23:12: note: 'UISwitch' has been explicitly marked unavailable here
21 |
22 | UIKIT_EXTERN API_AVAILABLE(ios(2.0)) API_UNAVAILABLE(tvos, watchos) NS_SWIFT_UI_ACTOR
23 | @interface UISwitch : UIControl <NSCoding>
| `- note: 'UISwitch' has been explicitly marked unavailable here
24 |
25 | @property(nullable, nonatomic, strong) UIColor *onTintColor API_AVAILABLE(ios(5.0)) UI_APPEARANCE_SELECTOR;
Failed frontend command:
/Applications/Xcode-27.0.0-Release.Candidate.app/Contents/Developer/Toolchains/XcodeDefault.xctoolchain/usr/bin/swift-frontend -frontend -emit-module -experimental-skip-non-inlinable-function-bodies-without-types /Users/admin/builder/spi-builder-workspace/Sources/ScheduledNotificationsViewController/NiceUI/Align.swift /Users/admin/builder/spi-builder-workspace/Sources/ScheduledNotificationsViewController/NiceUI/Delegated/Delegated.swift /Users/admin/builder/spi-builder-workspace/Sources/ScheduledNotificationsViewController/NiceUI/GestureRecognizers.swift /Users/admin/builder/spi-builder-workspace/Sources/ScheduledNotificationsViewController/NiceUI/Stacks.swift /Users/admin/builder/spi-builder-workspace/Sources/ScheduledNotificationsViewController/NiceUI/View.swift /Users/admin/builder/spi-builder-workspace/Sources/ScheduledNotificationsViewController/NiceUI/Views/Button.swift /Users/admin/builder/spi-builder-workspace/Sources/ScheduledNotificationsViewController/NiceUI/Views/ScrollableStackView.swift /Users/admin/builder/spi-builder-workspace/Sources/ScheduledNotificationsViewController/NiceUI/Views/Switch.swift /Users/admin/builder/spi-builder-workspace/Sources/ScheduledNotificationsViewController/ScheduledNotificationsViewController.swift /Users/admin/builder/spi-builder-workspace/Sources/ScheduledNotificationsViewController/StaticTableView.swift -target arm64-apple-tvos15.0 -disable-cross-import-overlay-search -swift-module-cross-import UserNotifications /Applications/Xcode-27.0.0-Release.Candidate.app/Contents/Developer/Platforms/AppleTVOS.platform/Developer/SDKs/AppleTVOS.sdk/System/Library/Frameworks/UserNotifications.framework/Modules/UserNotifications.swiftcrossimport/AppIntents.swiftoverlay -load-resolved-plugin /Applications/Xcode-27.0.0-Release.Candidate.app/Contents/Developer/Platforms/AppleTVOS.platform/Developer/usr/lib/swift/host/plugins/libFoundationMacros.dylib\#/Applications/Xcode-27.0.0-Release.Candidate.app/Contents/Developer/Platforms/AppleTVOS.platform/Developer/usr/bin/swift-plugin-server\#FoundationMacros -load-resolved-plugin /Applications/Xcode-27.0.0-Release.Candidate.app/Contents/Developer/Platforms/AppleTVOS.platform/Developer/usr/lib/swift/host/plugins/libObservationMacros.dylib\#/Applications/Xcode-27.0.0-Release.Candidate.app/Contents/Developer/Platforms/AppleTVOS.platform/Developer/usr/bin/swift-plugin-server\#ObservationMacros -load-resolved-plugin /Applications/Xcode-27.0.0-Release.Candidate.app/Contents/Developer/Platforms/AppleTVOS.platform/Developer/usr/lib/swift/host/plugins/libPreviewsMacros.dylib\#/Applications/Xcode-27.0.0-Release.Candidate.app/Contents/Developer/Platforms/AppleTVOS.platform/Developer/usr/bin/swift-plugin-server\#PreviewsMacros -load-resolved-plugin /Applications/Xcode-27.0.0-Release.Candidate.app/Contents/Developer/Platforms/AppleTVOS.platform/Developer/usr/lib/swift/host/plugins/libSwiftMacros.dylib\#/Applications/Xcode-27.0.0-Release.Candidate.app/Contents/Developer/Platforms/AppleTVOS.platform/Developer/usr/bin/swift-plugin-server\#SwiftMacros -load-resolved-plugin /Applications/Xcode-27.0.0-Release.Candidate.app/Contents/Developer/Platforms/AppleTVOS.platform/Developer/usr/lib/swift/host/plugins/libSwiftUIMacros.dylib\#/Applications/Xcode-27.0.0-Release.Candidate.app/Contents/Developer/Platforms/AppleTVOS.platform/Developer/usr/bin/swift-plugin-server\#SwiftUIMacros -disable-implicit-swift-modules -Xcc -fno-implicit-modules -Xcc -fno-implicit-module-maps -explicit-swift-module-map-file /Users/admin/builder/spi-builder-workspace/.derivedData/Build/Intermediates.noindex/ScheduledNotificationsViewController.build/Debug-appletvos/ScheduledNotificationsViewController-t.build/Objects-normal/arm64/ScheduledNotificationsViewController-dependencies-1.json -Xllvm -aarch64-use-tbi -enable-objc-interop -stack-check -sdk /Applications/Xcode-27.0.0-Release.Candidate.app/Contents/Developer/Platforms/AppleTVOS.platform/Developer/SDKs/AppleTVOS27.0.sdk -I /Users/admin/builder/spi-builder-workspace/.derivedData/Build/Products/Debug-appletvos -Isystem /Applications/Xcode-27.0.0-Release.Candidate.app/Contents/Developer/Platforms/AppleTVOS.platform/Developer/usr/lib -F /Users/admin/builder/spi-builder-workspace/.derivedData/Build/Products/Debug-appletvos -F /Applications/Xcode-27.0.0-Release.Candidate.app/Contents/Developer/Platforms/AppleTVOS.platform/Developer/Library/Frameworks -F /Applications/Xcode-27.0.0-Release.Candidate.app/Contents/Developer/Platforms/AppleTVOS.platform/Developer/SDKs/AppleTVOS27.0.sdk/Developer/Library/Frameworks -module-cache-path /Users/admin/builder/spi-builder-workspace/.derivedData/Build/Intermediates.noindex/SwiftExplicitPrecompiledModules -no-color-diagnostics -Xcc -fno-color-diagnostics -enable-testing -g -debug-info-format\=dwarf -dwarf-version\=4 -profile-generate -profile-coverage-mapping -swift-version 5 -Onone -D SWIFT_PACKAGE -D DEBUG -D SWIFT_MODULE_RESOURCE_BUNDLE_UNAVAILABLE -D Xcode -serialize-debugging-options -enable-experimental-feature DebugDescriptionMacro -empty-abi-descriptor -validate-clang-modules-once -clang-build-session-file /Users/admin/builder/spi-builder-workspace/.derivedData/ModuleCache.noindex/Session.modulevalidation -Xcc -working-directory -Xcc /Users/admin/builder/spi-builder-workspace/.swiftpm/xcode -enable-anonymous-context-mangled-names -file-compilation-dir /Users/admin/builder/spi-builder-workspace/.swiftpm/xcode -Xcc -D_LIBCPP_HARDENING_MODE\=_LIBCPP_HARDENING_MODE_DEBUG -Xcc -ivfsstatcache -Xcc /Users/admin/builder/spi-builder-workspace/.derivedData/SDKStatCaches.noindex/appletvos27.0-24J360-e829b21a6f8c9b70876ba0858053c044b32bfd8d43560033f8d89884cdb90028.sdkstatcache -Xcc -fmodules-prune-interval\=86400 -Xcc -fmodules-prune-after\=345600 -Xcc -I/Users/admin/builder/spi-builder-workspace/.derivedData/Build/Products/Debug-appletvos/include -Xcc -I/Users/admin/builder/spi-builder-workspace/.derivedData/Build/Intermediates.noindex/ScheduledNotificationsViewController.build/Debug-appletvos/ScheduledNotificationsViewController-t.build/DerivedSources-normal/arm64 -Xcc -I/Users/admin/builder/spi-builder-workspace/.derivedData/Build/Intermediates.noindex/ScheduledNotificationsViewController.build/Debug-appletvos/ScheduledNotificationsViewController-t.build/DerivedSources/arm64 -Xcc -I/Users/admin/builder/spi-builder-workspace/.derivedData/Build/Intermediates.noindex/ScheduledNotificationsViewController.build/Debug-appletvos/ScheduledNotificationsViewController-t.build/DerivedSources -Xcc -DSWIFT_PACKAGE -Xcc -DDEBUG\=1 -no-auto-bridging-header-chaining -module-name ScheduledNotificationsViewController -const-gather-protocols-file /Users/admin/builder/spi-builder-workspace/.derivedData/Build/Intermediates.noindex/ScheduledNotificationsViewController.build/Debug-appletvos/ScheduledNotificationsViewController-t.build/Objects-normal/arm64/ScheduledNotificationsViewController_const_extract_protocols.json -disable-clang-spi -clang-target arm64-apple-tvos27.0 -target-sdk-version 27.0 -target-sdk-name appletvos27.0 -in-process-plugin-server-path /Applications/Xcode-27.0.0-Release.Candidate.app/Contents/Developer/Toolchains/XcodeDefault.xctoolchain/usr/lib/swift/host/libSwiftInProcPluginServer.dylib -emit-module-doc-path /Users/admin/builder/spi-builder-workspace/.derivedData/Build/Intermediates.noindex/ScheduledNotificationsViewController.build/Debug-appletvos/ScheduledNotificationsViewController-t.build/Objects-normal/arm64/ScheduledNotificationsViewController.swiftdoc -emit-module-source-info-path /Users/admin/builder/spi-builder-workspace/.derivedData/Build/Intermediates.noindex/ScheduledNotificationsViewController.build/Debug-appletvos/ScheduledNotificationsViewController-t.build/Objects-normal/arm64/ScheduledNotificationsViewController.swiftsourceinfo -emit-objc-header-path /Users/admin/builder/spi-builder-workspace/.derivedData/Build/Intermediates.noindex/ScheduledNotificationsViewController.build/Debug-appletvos/ScheduledNotificationsViewController-t.build/Objects-normal/arm64/ScheduledNotificationsViewController-Swift.h -serialize-diagnostics-path /Users/admin/builder/spi-builder-workspace/.derivedData/Build/Intermediates.noindex/ScheduledNotificationsViewController.build/Debug-appletvos/ScheduledNotificationsViewController-t.build/Objects-normal/arm64/ScheduledNotificationsViewController-primary-emit-module.dia -emit-dependencies-path /Users/admin/builder/spi-builder-workspace/.derivedData/Build/Intermediates.noindex/ScheduledNotificationsViewController.build/Debug-appletvos/ScheduledNotificationsViewController-t.build/Objects-normal/arm64/ScheduledNotificationsViewController-primary-emit-module.d -parse-as-library -o /Users/admin/builder/spi-builder-workspace/.derivedData/Build/Intermediates.noindex/ScheduledNotificationsViewController.build/Debug-appletvos/ScheduledNotificationsViewController-t.build/Objects-normal/arm64/ScheduledNotificationsViewController.swiftmodule -emit-abi-descriptor-path /Users/admin/builder/spi-builder-workspace/.derivedData/Build/Intermediates.noindex/ScheduledNotificationsViewController.build/Debug-appletvos/ScheduledNotificationsViewController-t.build/Objects-normal/arm64/ScheduledNotificationsViewController.abi.json
SwiftCompile normal arm64 (in target 'ScheduledNotificationsViewController' from project 'ScheduledNotificationsViewController')
cd /Users/admin/builder/spi-builder-workspace/.swiftpm/xcode
SwiftCompile normal arm64 Compiling\ Button.swift /Users/admin/builder/spi-builder-workspace/Sources/ScheduledNotificationsViewController/NiceUI/Views/Button.swift (in target 'ScheduledNotificationsViewController' from project 'ScheduledNotificationsViewController')
SwiftCompile normal arm64 /Users/admin/builder/spi-builder-workspace/Sources/ScheduledNotificationsViewController/NiceUI/Views/Button.swift (in target 'ScheduledNotificationsViewController' from project 'ScheduledNotificationsViewController')
cd /Users/admin/builder/spi-builder-workspace/.swiftpm/xcode
builtin-SwiftPerFileCompile Button.swift
SwiftCompile normal arm64 Compiling\ ScrollableStackView.swift /Users/admin/builder/spi-builder-workspace/Sources/ScheduledNotificationsViewController/NiceUI/Views/ScrollableStackView.swift (in target 'ScheduledNotificationsViewController' from project 'ScheduledNotificationsViewController')
SwiftCompile normal arm64 /Users/admin/builder/spi-builder-workspace/Sources/ScheduledNotificationsViewController/NiceUI/Views/ScrollableStackView.swift (in target 'ScheduledNotificationsViewController' from project 'ScheduledNotificationsViewController')
cd /Users/admin/builder/spi-builder-workspace/.swiftpm/xcode
builtin-SwiftPerFileCompile ScrollableStackView.swift
PruneExplicitPrecompiledModules /Users/admin/builder/spi-builder-workspace/.derivedData/Build/Intermediates.noindex/SwiftExplicitPrecompiledModules
PruneExplicitPrecompiledModules /Users/admin/builder/spi-builder-workspace/.derivedData/SDKExplicitPrecompiledModules
PruneExplicitPrecompiledModules /Users/admin/builder/spi-builder-workspace/.derivedData/Build/Intermediates.noindex/ExplicitPrecompiledModules
2026-09-19 04:31:36.972 xcodebuild[776:4697] [MT] IDERunDestination: Supported platforms for the buildables in the current scheme is empty.
** BUILD FAILED **
The following build commands failed:
SwiftEmitModule normal arm64 Emitting\ module\ for\ ScheduledNotificationsViewController (in target 'ScheduledNotificationsViewController' from project 'ScheduledNotificationsViewController')
SwiftCompile normal arm64 (in target 'ScheduledNotificationsViewController' from project 'ScheduledNotificationsViewController')
Building workspace ScheduledNotificationsViewController with scheme ScheduledNotificationsViewController
(3 failures)
BUILD FAILURE 6.4 tvOS