The Swift Package Index logo.Swift Package Index

Build Information

Failed to build SimpleSerializer, reference main (ecfea2), with Swift 6.3 for visionOS using Xcode 26.4 on 4 Sep 2026 08:20:48 UTC.

Build Command

No build command. This typically means the build failed at an early stage where we determine the build command.

Build Log

========================================
RunAll
========================================
Builder version: 5.0.2
Interrupt handler set up.
========================================
Checkout
========================================
Clone URL: https://github.com/Appracatappra/SimpleSerializer.git
Reference: main
Initialized empty Git repository in /Users/admin/builder/spi-builder-workspace/.git/
From https://github.com/Appracatappra/SimpleSerializer
 * branch            main       -> FETCH_HEAD
 * [new branch]      main       -> origin/main
HEAD is now at ecfea26 Upgrade to OS 26
Cloned https://github.com/Appracatappra/SimpleSerializer.git
Revision (git rev-parse @):
ecfea26cc5a37441009297cc97b660fd5190c15f
SPI manifest file found: $PWD/.spi.yml
SUCCESS checkout https://github.com/Appracatappra/SimpleSerializer.git at main
========================================
Build
========================================
Selected platform:         visionOS
Swift version:             6.3
Building package at path:  $PWD
https://github.com/Appracatappra/SimpleSerializer.git
Command line invocation:
    /Applications/Xcode-26.5.0.app/Contents/Developer/usr/bin/xcodebuild -IDEClonedSourcePackagesDirPathOverride=/Users/admin/builder/spi-builder-workspace/.dependencies -resolvePackageDependencies
Resolve Package Graph
package 'spi-builder-workspace' is using Swift tools version 6.4.0 but the installed version is 6.3.2
Resolved source packages:
  spi-builder-workspace: (null)
2026-09-04 04:20:46.795 xcodebuild[541:3121] Writing error result bundle to /var/folders/xq/y_g06wb113726d38xsyx71_h0000gn/T/ResultBundle_2026-04-09_04-20-0046.xcresult
xcodebuild: error: Could not resolve package dependencies:
  package 'spi-builder-workspace' is using Swift tools version 6.4.0 but the installed version is 6.3.2
Command line invocation:
    /Applications/Xcode-26.5.0.app/Contents/Developer/usr/bin/xcodebuild -IDEClonedSourcePackagesDirPathOverride=/Users/admin/builder/spi-builder-workspace/.dependencies -resolvePackageDependencies
Resolve Package Graph
package 'spi-builder-workspace' is using Swift tools version 6.4.0 but the installed version is 6.3.2
Resolved source packages:
  spi-builder-workspace: (null)
2026-09-04 04:20:48.225 xcodebuild[606:3617] Writing error result bundle to /var/folders/xq/y_g06wb113726d38xsyx71_h0000gn/T/ResultBundle_2026-04-09_04-20-0048.xcresult
xcodebuild: error: Could not resolve package dependencies:
  package 'spi-builder-workspace' is using Swift tools version 6.4.0 but the installed version is 6.3.2
BUILD FAILURE 6.3 visionOS