The Swift Package Index logo.Swift Package Index

Build Information

Failed to build SwiftSQLite, reference v1.1.5 (a5d1d3), with Swift 6.1 for watchOS using Xcode 16.3 on 25 Sep 2026 12:31:25 UTC.

Build Command

env DEVELOPER_DIR=/Applications/Xcode-16.3.0.app xcrun xcodebuild -IDEClonedSourcePackagesDirPathOverride=$PWD/.dependencies -skipMacroValidation -skipPackagePluginValidation -derivedDataPath $PWD/.derivedData build -scheme SwiftSQLite-Package -destination generic/platform=watchOS

Build Log

  218 | #define MAX(a, b) (((a)>(b))?(a):(b))
      |         ^
/Users/admin/builder/spi-builder-workspace/Sources/CSQLCipher/sqlite3.c:14915:10: note: other definition of 'MAX'
 14915 | # define MAX(A,B) ((A)>(B)?(A):(B))
       |          ^
/Users/admin/builder/spi-builder-workspace/Sources/CSQLCipher/sqlite3.c:221826:20: warning: implicit conversion loses integer precision: 'sqlite3_int64' (aka 'long long') to 'u32' (aka 'unsigned int') [-Wshorten-64-to-32]
 221826 |     pBlob->iSize = nBlob;
        |                  ~ ^~~~~
/Users/admin/builder/spi-builder-workspace/Sources/CSQLCipher/sqlite3.c:242190:23: warning: implicit conversion loses integer precision: 'long' to 'int' [-Wshorten-64-to-32]
 242190 |       pToken->n = (z2 - z);
        |                 ~  ~~~^~~
/Users/admin/builder/spi-builder-workspace/Sources/CSQLCipher/sqlite3.c:242202:23: warning: implicit conversion loses integer precision: 'long' to 'int' [-Wshorten-64-to-32]
 242202 |       pToken->n = (z2 - z);
        |                 ~  ~~~^~~
/Users/admin/builder/spi-builder-workspace/Sources/CSQLCipher/sqlite3.c:244237:18: warning: ambiguous expansion of macro 'MAX' [-Wambiguous-macro]
 244237 |     p->iHeight = MAX(p->iHeight, p->apChild[ii]->iHeight + 1);
        |                  ^
In module 'Darwin' imported from /Users/admin/builder/spi-builder-workspace/Sources/CSQLCipher/sqlite3.c:26825:
/Applications/Xcode-16.3.0.app/Contents/Developer/Platforms/WatchOS.platform/Developer/SDKs/WatchOS11.4.sdk/usr/include/sys/param.h:218:9: note: expanding this definition of 'MAX'
  218 | #define MAX(a, b) (((a)>(b))?(a):(b))
      |         ^
/Users/admin/builder/spi-builder-workspace/Sources/CSQLCipher/sqlite3.c:14915:10: note: other definition of 'MAX'
 14915 | # define MAX(A,B) ((A)>(B)?(A):(B))
       |          ^
/Users/admin/builder/spi-builder-workspace/Sources/CSQLCipher/sqlite3.c:245641:18: warning: ambiguous expansion of macro 'MIN' [-Wambiguous-macro]
 245641 |       int nMin = MIN(p1->nKey, p2->nKey);
        |                  ^
In module 'Darwin' imported from /Users/admin/builder/spi-builder-workspace/Sources/CSQLCipher/sqlite3.c:26825:
/Applications/Xcode-16.3.0.app/Contents/Developer/Platforms/WatchOS.platform/Developer/SDKs/WatchOS11.4.sdk/usr/include/sys/param.h:215:9: note: expanding this definition of 'MIN'
  215 | #define MIN(a, b) (((a)<(b))?(a):(b))
      |         ^
/Users/admin/builder/spi-builder-workspace/Sources/CSQLCipher/sqlite3.c:14912:10: note: other definition of 'MIN'
 14912 | # define MIN(A,B) ((A)<(B)?(A):(B))
       |          ^
/Users/admin/builder/spi-builder-workspace/Sources/CSQLCipher/sqlite3.c:246580:10: warning: ambiguous expansion of macro 'MIN' [-Wambiguous-macro]
 246580 |   nCmp = MIN(pLeft->n, pRight->n);
        |          ^
In module 'Darwin' imported from /Users/admin/builder/spi-builder-workspace/Sources/CSQLCipher/sqlite3.c:26825:
/Applications/Xcode-16.3.0.app/Contents/Developer/Platforms/WatchOS.platform/Developer/SDKs/WatchOS11.4.sdk/usr/include/sys/param.h:215:9: note: expanding this definition of 'MIN'
  215 | #define MIN(a, b) (((a)<(b))?(a):(b))
      |         ^
/Users/admin/builder/spi-builder-workspace/Sources/CSQLCipher/sqlite3.c:14912:10: note: other definition of 'MIN'
 14912 | # define MIN(A,B) ((A)<(B)?(A):(B))
       |          ^
/Users/admin/builder/spi-builder-workspace/Sources/CSQLCipher/sqlite3.c:246957:27: warning: ambiguous expansion of macro 'MAX' [-Wambiguous-macro]
 246957 |             nOriginCntr = MAX(nOriginCntr, pSeg->iOrigin2);
        |                           ^
In module 'Darwin' imported from /Users/admin/builder/spi-builder-workspace/Sources/CSQLCipher/sqlite3.c:26825:
/Applications/Xcode-16.3.0.app/Contents/Developer/Platforms/WatchOS.platform/Developer/SDKs/WatchOS11.4.sdk/usr/include/sys/param.h:218:9: note: expanding this definition of 'MAX'
  218 | #define MAX(a, b) (((a)>(b))?(a):(b))
      |         ^
/Users/admin/builder/spi-builder-workspace/Sources/CSQLCipher/sqlite3.c:14915:10: note: other definition of 'MAX'
 14915 | # define MAX(A,B) ((A)>(B)?(A):(B))
       |          ^
/Users/admin/builder/spi-builder-workspace/Sources/CSQLCipher/sqlite3.c:247645:18: warning: ambiguous expansion of macro 'MIN' [-Wambiguous-macro]
 247645 |       int iEod = MIN(pIter->iEndofDoclist, pIter->pLeaf->szLeaf);
        |                  ^
In module 'Darwin' imported from /Users/admin/builder/spi-builder-workspace/Sources/CSQLCipher/sqlite3.c:26825:
/Applications/Xcode-16.3.0.app/Contents/Developer/Platforms/WatchOS.platform/Developer/SDKs/WatchOS11.4.sdk/usr/include/sys/param.h:215:9: note: expanding this definition of 'MIN'
  215 | #define MIN(a, b) (((a)<(b))?(a):(b))
      |         ^
/Users/admin/builder/spi-builder-workspace/Sources/CSQLCipher/sqlite3.c:14912:10: note: other definition of 'MIN'
 14912 | # define MIN(A,B) ((A)<(B)?(A):(B))
       |          ^
/Users/admin/builder/spi-builder-workspace/Sources/CSQLCipher/sqlite3.c:247642:23: warning: implicit conversion loses integer precision: 'i64' (aka 'long long') to 'int' [-Wshorten-64-to-32]
 247642 |     int iOff = pIter->iLeafOffset;  /* Offset to read at */
        |         ~~~~   ~~~~~~~^~~~~~~~~~~
/Users/admin/builder/spi-builder-workspace/Sources/CSQLCipher/sqlite3.c:247716:28: warning: implicit conversion loses integer precision: 'i64' (aka 'long long') to 'int' [-Wshorten-64-to-32]
 247716 |   pIter->iTermLeafOffset = iOff;
        |                          ~ ^~~~
/Users/admin/builder/spi-builder-workspace/Sources/CSQLCipher/sqlite3.c:247827:18: warning: implicit conversion loses integer precision: 'i64' (aka 'long long') to 'int' [-Wshorten-64-to-32]
 247827 |   int i = pIter->iLeafOffset;
        |       ~   ~~~~~~~^~~~~~~~~~~
/Users/admin/builder/spi-builder-workspace/Sources/CSQLCipher/sqlite3.c:247867:50: warning: implicit conversion loses integer precision: 'i64' (aka 'long long') to 'int' [-Wshorten-64-to-32]
 247867 |     pIter->aRowidOffset[iRowidOffset++] = pIter->iLeafOffset;
        |                                         ~ ~~~~~~~^~~~~~~~~~~
/Users/admin/builder/spi-builder-workspace/Sources/CSQLCipher/sqlite3.c:247960:19: warning: implicit conversion loses integer precision: 'i64' (aka 'long long') to 'int' [-Wshorten-64-to-32]
 247960 |     iOff = pIter->iLeafOffset;
        |          ~ ~~~~~~~^~~~~~~~~~~
/Users/admin/builder/spi-builder-workspace/Sources/CSQLCipher/sqlite3.c:247989:17: warning: implicit conversion loses integer precision: 'i64' (aka 'long long') to 'int' [-Wshorten-64-to-32]
 247989 |   iOff = pIter->iLeafOffset;
        |        ~ ~~~~~~~^~~~~~~~~~~
/Users/admin/builder/spi-builder-workspace/Sources/CSQLCipher/sqlite3.c:248070:29: warning: implicit conversion loses integer precision: 'i64' (aka 'long long') to 'int' [-Wshorten-64-to-32]
 248070 |   iOff = pIter->iLeafOffset + pIter->nPos;
        |        ~ ~~~~~~~~~~~~~~~~~~~^~~~~~~~~~~~~
/Users/admin/builder/spi-builder-workspace/Sources/CSQLCipher/sqlite3.c:248343:19: warning: ambiguous expansion of macro 'MIN' [-Wambiguous-macro]
 248343 |       nCmp = (u32)MIN(nNew, nTerm-nMatch);
        |                   ^
In module 'Darwin' imported from /Users/admin/builder/spi-builder-workspace/Sources/CSQLCipher/sqlite3.c:26825:
/Applications/Xcode-16.3.0.app/Contents/Developer/Platforms/WatchOS.platform/Developer/SDKs/WatchOS11.4.sdk/usr/include/sys/param.h:215:9: note: expanding this definition of 'MIN'
  215 | #define MIN(a, b) (((a)<(b))?(a):(b))
      |         ^
/Users/admin/builder/spi-builder-workspace/Sources/CSQLCipher/sqlite3.c:14912:10: note: other definition of 'MIN'
 14912 | # define MIN(A,B) ((A)<(B)?(A):(B))
       |          ^
/Users/admin/builder/spi-builder-workspace/Sources/CSQLCipher/sqlite3.c:248411:35: warning: implicit conversion loses integer precision: 'i64' (aka 'long long') to 'int' [-Wshorten-64-to-32]
 248411 |   pIter->iTermLeafOffset = pIter->iLeafOffset;
        |                          ~ ~~~~~~~^~~~~~~~~~~
/Users/admin/builder/spi-builder-workspace/Sources/CSQLCipher/sqlite3.c:249219:18: warning: implicit conversion loses integer precision: 'i64' (aka 'long long') to 'int' [-Wshorten-64-to-32]
 249219 |     pNew->nSeg = nSlot;
        |                ~ ^~~~~
/Users/admin/builder/spi-builder-workspace/Sources/CSQLCipher/sqlite3.c:249349:16: warning: ambiguous expansion of macro 'MIN' [-Wambiguous-macro]
 249349 |   int nChunk = MIN(nRem, pSeg->pLeaf->szLeaf - pSeg->iLeafOffset);
        |                ^
In module 'Darwin' imported from /Users/admin/builder/spi-builder-workspace/Sources/CSQLCipher/sqlite3.c:26825:
/Applications/Xcode-16.3.0.app/Contents/Developer/Platforms/WatchOS.platform/Developer/SDKs/WatchOS11.4.sdk/usr/include/sys/param.h:215:9: note: expanding this definition of 'MIN'
  215 | #define MIN(a, b) (((a)<(b))?(a):(b))
      |         ^
/Users/admin/builder/spi-builder-workspace/Sources/CSQLCipher/sqlite3.c:14912:10: note: other definition of 'MIN'
 14912 | # define MIN(A,B) ((A)<(B)?(A):(B))
       |          ^
/Users/admin/builder/spi-builder-workspace/Sources/CSQLCipher/sqlite3.c:249374:16: warning: ambiguous expansion of macro 'MIN' [-Wambiguous-macro]
 249374 |       nChunk = MIN(nRem, pData->szLeaf - 4);
        |                ^
In module 'Darwin' imported from /Users/admin/builder/spi-builder-workspace/Sources/CSQLCipher/sqlite3.c:26825:
/Applications/Xcode-16.3.0.app/Contents/Developer/Platforms/WatchOS.platform/Developer/SDKs/WatchOS11.4.sdk/usr/include/sys/param.h:215:9: note: expanding this definition of 'MIN'
  215 | #define MIN(a, b) (((a)<(b))?(a):(b))
      |         ^
/Users/admin/builder/spi-builder-workspace/Sources/CSQLCipher/sqlite3.c:14912:10: note: other definition of 'MIN'
 14912 | # define MIN(A,B) ((A)<(B)?(A):(B))
       |          ^
/Users/admin/builder/spi-builder-workspace/Sources/CSQLCipher/sqlite3.c:249349:46: warning: implicit conversion loses integer precision: 'i64' (aka 'long long') to 'int' [-Wshorten-64-to-32]
 249349 |   int nChunk = MIN(nRem, pSeg->pLeaf->szLeaf - pSeg->iLeafOffset);
        |       ~~~~~~             ~~~~~~~~~~~~~~~~~~~~^~~~~~~~~~~~~~~~~~~
In module 'Darwin' imported from /Users/admin/builder/spi-builder-workspace/Sources/CSQLCipher/sqlite3.c:26825:
/Applications/Xcode-16.3.0.app/Contents/Developer/Platforms/WatchOS.platform/Developer/SDKs/WatchOS11.4.sdk/usr/include/sys/param.h:215:35: note: expanded from macro 'MIN'
  215 | #define MIN(a, b) (((a)<(b))?(a):(b))
      |                                   ^
/Users/admin/builder/spi-builder-workspace/Sources/CSQLCipher/sqlite3.c:249471:32: warning: implicit conversion loses integer precision: 'long' to 'int' [-Wshorten-64-to-32]
 249471 |           pIter->base.nData = p-aCopy;
        |                             ~ ~^~~~~~
/Users/admin/builder/spi-builder-workspace/Sources/CSQLCipher/sqlite3.c:249591:30: warning: implicit conversion loses integer precision: 'long' to 'int' [-Wshorten-64-to-32]
 249591 |     pIter->base.nData = aOut - pIter->poslist.p;
        |                       ~ ~~~~~^~~~~~~~~~~~~~~~~~
/Users/admin/builder/spi-builder-workspace/Sources/CSQLCipher/sqlite3.c:249718:14: warning: ambiguous expansion of macro 'MIN' [-Wambiguous-macro]
 249718 |       nSeg = MIN(pStruct->aLevel[iLevel].nSeg, nSegment);
        |              ^
In module 'Darwin' imported from /Users/admin/builder/spi-builder-workspace/Sources/CSQLCipher/sqlite3.c:26825:
/Applications/Xcode-16.3.0.app/Contents/Developer/Platforms/WatchOS.platform/Developer/SDKs/WatchOS11.4.sdk/usr/include/sys/param.h:215:9: note: expanding this definition of 'MIN'
  215 | #define MIN(a, b) (((a)<(b))?(a):(b))
      |         ^
/Users/admin/builder/spi-builder-workspace/Sources/CSQLCipher/sqlite3.c:14912:10: note: other definition of 'MIN'
 14912 | # define MIN(A,B) ((A)<(B)?(A):(B))
       |          ^
/Users/admin/builder/spi-builder-workspace/Sources/CSQLCipher/sqlite3.c:250224:14: warning: ambiguous expansion of macro 'MIN' [-Wambiguous-macro]
 250224 |   int nMin = MIN(pPage->term.n, nTerm);
        |              ^
In module 'Darwin' imported from /Users/admin/builder/spi-builder-workspace/Sources/CSQLCipher/sqlite3.c:26825:
/Applications/Xcode-16.3.0.app/Contents/Developer/Platforms/WatchOS.platform/Developer/SDKs/WatchOS11.4.sdk/usr/include/sys/param.h:215:9: note: expanding this definition of 'MIN'
  215 | #define MIN(a, b) (((a)<(b))?(a):(b))
      |         ^
/Users/admin/builder/spi-builder-workspace/Sources/CSQLCipher/sqlite3.c:14912:10: note: other definition of 'MIN'
 14912 | # define MIN(A,B) ((A)<(B)?(A):(B))
       |          ^
/Users/admin/builder/spi-builder-workspace/Sources/CSQLCipher/sqlite3.c:250699:38: warning: implicit conversion loses integer precision: 'i64' (aka 'long long') to 'int' [-Wshorten-64-to-32]
 250699 |         int nPercent = (nTomb * 100) / nEntry;
        |             ~~~~~~~~   ~~~~~~~~~~~~~~^~~~~~~~
/Users/admin/builder/spi-builder-workspace/Sources/CSQLCipher/sqlite3.c:251163:17: warning: ambiguous expansion of macro 'MIN' [-Wambiguous-macro]
 251163 |       nPrefix = MIN(nPrefix, nPrefix2);
        |                 ^
In module 'Darwin' imported from /Users/admin/builder/spi-builder-workspace/Sources/CSQLCipher/sqlite3.c:26825:
/Applications/Xcode-16.3.0.app/Contents/Developer/Platforms/WatchOS.platform/Developer/SDKs/WatchOS11.4.sdk/usr/include/sys/param.h:215:9: note: expanding this definition of 'MIN'
  215 | #define MIN(a, b) (((a)<(b))?(a):(b))
      |         ^
/Users/admin/builder/spi-builder-workspace/Sources/CSQLCipher/sqlite3.c:14912:10: note: other definition of 'MIN'
 14912 | # define MIN(A,B) ((A)<(B)?(A):(B))
       |          ^
/Users/admin/builder/spi-builder-workspace/Sources/CSQLCipher/sqlite3.c:251069:36: warning: implicit conversion loses integer precision: 'i64' (aka 'long long') to 'int' [-Wshorten-64-to-32]
 251069 |       iNextOff = pSeg->iLeafOffset + pSeg->nPos;
        |                ~ ~~~~~~~~~~~~~~~~~~^~~~~~~~~~~~
/Users/admin/builder/spi-builder-workspace/Sources/CSQLCipher/sqlite3.c:251579:20: warning: ambiguous expansion of macro 'MIN' [-Wambiguous-macro]
 251579 |     pNew->nLevel = MIN(pStruct->nLevel+1, FTS5_MAX_LEVEL);
        |                    ^
In module 'Darwin' imported from /Users/admin/builder/spi-builder-workspace/Sources/CSQLCipher/sqlite3.c:26825:
/Applications/Xcode-16.3.0.app/Contents/Developer/Platforms/WatchOS.platform/Developer/SDKs/WatchOS11.4.sdk/usr/include/sys/param.h:215:9: note: expanding this definition of 'MIN'
  215 | #define MIN(a, b) (((a)<(b))?(a):(b))
      |         ^
/Users/admin/builder/spi-builder-workspace/Sources/CSQLCipher/sqlite3.c:14912:10: note: other definition of 'MIN'
 14912 | # define MIN(A,B) ((A)<(B)?(A):(B))
       |          ^
/Users/admin/builder/spi-builder-workspace/Sources/CSQLCipher/sqlite3.c:252095:40: warning: ambiguous expansion of macro 'MIN' [-Wambiguous-macro]
 252095 |       assert_nc( memcmp(pToken, pTerm, MIN(nToken, nTerm))<=0 );
        |                                        ^
In module 'Darwin' imported from /Users/admin/builder/spi-builder-workspace/Sources/CSQLCipher/sqlite3.c:26825:
/Applications/Xcode-16.3.0.app/Contents/Developer/Platforms/WatchOS.platform/Developer/SDKs/WatchOS11.4.sdk/usr/include/sys/param.h:215:9: note: expanding this definition of 'MIN'
  215 | #define MIN(a, b) (((a)<(b))?(a):(b))
      |         ^
/Users/admin/builder/spi-builder-workspace/Sources/CSQLCipher/sqlite3.c:14912:10: note: other definition of 'MIN'
 14912 | # define MIN(A,B) ((A)<(B)?(A):(B))
       |          ^
/Users/admin/builder/spi-builder-workspace/Sources/CSQLCipher/sqlite3.c:253343:22: warning: ambiguous expansion of macro 'MAX' [-Wambiguous-macro]
 253343 |   int nSlotPerPage = MAX(MINSLOT, (p->pConfig->pgsz - 8) / szKey);
        |                      ^
In module 'Darwin' imported from /Users/admin/builder/spi-builder-workspace/Sources/CSQLCipher/sqlite3.c:26825:
/Applications/Xcode-16.3.0.app/Contents/Developer/Platforms/WatchOS.platform/Developer/SDKs/WatchOS11.4.sdk/usr/include/sys/param.h:218:9: note: expanding this definition of 'MAX'
  218 | #define MAX(a, b) (((a)>(b))?(a):(b))
      |         ^
/Users/admin/builder/spi-builder-workspace/Sources/CSQLCipher/sqlite3.c:14915:10: note: other definition of 'MAX'
 14915 | # define MAX(A,B) ((A)>(B)?(A):(B))
       |          ^
/Users/admin/builder/spi-builder-workspace/Sources/CSQLCipher/sqlite3.c:253373:13: warning: ambiguous expansion of macro 'MAX' [-Wambiguous-macro]
 253373 |     nSlot = MAX(nElem*4, MINSLOT);
        |             ^
In module 'Darwin' imported from /Users/admin/builder/spi-builder-workspace/Sources/CSQLCipher/sqlite3.c:26825:
/Applications/Xcode-16.3.0.app/Contents/Developer/Platforms/WatchOS.platform/Developer/SDKs/WatchOS11.4.sdk/usr/include/sys/param.h:218:9: note: expanding this definition of 'MAX'
  218 | #define MAX(a, b) (((a)>(b))?(a):(b))
      |         ^
/Users/admin/builder/spi-builder-workspace/Sources/CSQLCipher/sqlite3.c:14915:10: note: other definition of 'MAX'
 14915 | # define MAX(A,B) ((A)>(B)?(A):(B))
       |          ^
/Users/admin/builder/spi-builder-workspace/Sources/CSQLCipher/sqlite3.c:253880:53: warning: ambiguous expansion of macro 'MIN' [-Wambiguous-macro]
 253880 |         res = fts5Memcmp(&pLeaf->p[iOff], zIdxTerm, MIN(nTerm, nIdxTerm));
        |                                                     ^
In module 'Darwin' imported from /Users/admin/builder/spi-builder-workspace/Sources/CSQLCipher/sqlite3.c:26825:
/Applications/Xcode-16.3.0.app/Contents/Developer/Platforms/WatchOS.platform/Developer/SDKs/WatchOS11.4.sdk/usr/include/sys/param.h:215:9: note: expanding this definition of 'MIN'
  215 | #define MIN(a, b) (((a)<(b))?(a):(b))
      |         ^
/Users/admin/builder/spi-builder-workspace/Sources/CSQLCipher/sqlite3.c:14912:10: note: other definition of 'MIN'
 14912 | # define MIN(A,B) ((A)<(B)?(A):(B))
       |          ^
/Users/admin/builder/spi-builder-workspace/Sources/CSQLCipher/sqlite3.c:255725:40: warning: implicit conversion loses integer precision: 'long' to 'int' [-Wshorten-64-to-32]
 255725 |       pSorter->aIdx[i] = &aBlob[nBlob] - a;
        |                        ~ ~~~~~~~~~~~~~~^~~
/Users/admin/builder/spi-builder-workspace/Sources/CSQLCipher/sqlite3.c:259714:19: warning: implicit conversion loses integer precision: 'long' to 'int' [-Wshorten-64-to-32]
 259714 |         is = zCsr - (unsigned char*)pText;
        |            ~ ~~~~~^~~~~~~~~~~~~~~~~~~~~~~
/Users/admin/builder/spi-builder-workspace/Sources/CSQLCipher/sqlite3.c:259721:21: warning: implicit conversion loses integer precision: 'long' to 'int' [-Wshorten-64-to-32]
 259721 |           is = zCsr - (unsigned char*)pText;
        |              ~ ~~~~~^~~~~~~~~~~~~~~~~~~~~~~
/Users/admin/builder/spi-builder-workspace/Sources/CSQLCipher/sqlite3.c:259771:17: warning: implicit conversion loses integer precision: 'long' to 'int' [-Wshorten-64-to-32]
 259771 |       ie = zCsr - (unsigned char*)pText;
        |          ~ ~~~~~^~~~~~~~~~~~~~~~~~~~~~~
/Users/admin/builder/spi-builder-workspace/Sources/CSQLCipher/sqlite3.c:259775:37: warning: implicit conversion loses integer precision: 'long' to 'int' [-Wshorten-64-to-32]
 259775 |     rc = xToken(pCtx, 0, aFold, zOut-aFold, is, ie);
        |          ~~~~~~                 ~~~~^~~~~~
/Users/admin/builder/spi-builder-workspace/Sources/CSQLCipher/sqlite3.c:260594:24: warning: implicit conversion loses integer precision: 'long' to 'int' [-Wshorten-64-to-32]
 260594 |       aStart[ii] = zIn - (const unsigned char*)pText;
        |                  ~ ~~~~^~~~~~~~~~~~~~~~~~~~~~~~~~~~~
/Users/admin/builder/spi-builder-workspace/Sources/CSQLCipher/sqlite3.c:260616:19: warning: implicit conversion loses integer precision: 'long' to 'int' [-Wshorten-64-to-32]
 260616 |       iNext = zIn - (const unsigned char*)pText;
        |             ~ ~~~~^~~~~~~~~~~~~~~~~~~~~~~~~~~~~
/Users/admin/builder/spi-builder-workspace/Sources/CSQLCipher/sqlite3.c:260623:36: warning: implicit conversion loses integer precision: 'long' to 'int' [-Wshorten-64-to-32]
 260623 |     rc = xToken(pCtx, 0, aBuf, zOut-aBuf, aStart[0], iNext);
        |          ~~~~~~                ~~~~^~~~~
/Users/admin/builder/spi-builder-workspace/Sources/CSQLCipher/sqlite3.c:262248:18: warning: ambiguous expansion of macro 'MIN' [-Wambiguous-macro]
 262248 |       int nCmp = MIN(nTerm, pCsr->nLeTerm);
        |                  ^
In module 'Darwin' imported from /Users/admin/builder/spi-builder-workspace/Sources/CSQLCipher/sqlite3.c:26825:
/Applications/Xcode-16.3.0.app/Contents/Developer/Platforms/WatchOS.platform/Developer/SDKs/WatchOS11.4.sdk/usr/include/sys/param.h:215:9: note: expanding this definition of 'MIN'
  215 | #define MIN(a, b) (((a)<(b))?(a):(b))
      |         ^
/Users/admin/builder/spi-builder-workspace/Sources/CSQLCipher/sqlite3.c:14912:10: note: other definition of 'MIN'
 14912 | # define MIN(A,B) ((A)<(B)?(A):(B))
       |          ^
/Users/admin/builder/spi-builder-workspace/Sources/CSQLCipher/sqlite3.c:262322:20: warning: ambiguous expansion of macro 'MIN' [-Wambiguous-macro]
 262322 |         int nCmp = MIN(nTerm, pCsr->nLeTerm);
        |                    ^
In module 'Darwin' imported from /Users/admin/builder/spi-builder-workspace/Sources/CSQLCipher/sqlite3.c:26825:
/Applications/Xcode-16.3.0.app/Contents/Developer/Platforms/WatchOS.platform/Developer/SDKs/WatchOS11.4.sdk/usr/include/sys/param.h:215:9: note: expanding this definition of 'MIN'
  215 | #define MIN(a, b) (((a)<(b))?(a):(b))
      |         ^
/Users/admin/builder/spi-builder-workspace/Sources/CSQLCipher/sqlite3.c:14912:10: note: other definition of 'MIN'
 14912 | # define MIN(A,B) ((A)<(B)?(A):(B))
       |          ^
Failed frontend command:
/Applications/Xcode-16.3.0.app/Contents/Developer/Toolchains/XcodeDefault.xctoolchain/usr/bin/clang -cc1 -Wundef-prefix\=TARGET_OS_ -fdiagnostics-show-note-include-stack -fmacro-backtrace-limit\=0 -ferror-limit 19 -serialize-diagnostic-file /Users/admin/builder/spi-builder-workspace/.derivedData/Build/Intermediates.noindex/SwiftSQLite.build/Debug-watchos/CSQLCipher.build/Objects-normal/arm64/sqlite3.dia -Wdeprecated-objc-isa-usage -Werror\=deprecated-objc-isa-usage -Werror\=implicit-function-declaration -Wnon-modular-include-in-framework-module -Werror\=non-modular-include-in-framework-module -Wno-trigraphs -Wno-missing-field-initializers -Wno-missing-prototypes -Wno-return-type -Wno-missing-braces -Wparentheses -Wswitch -Wno-unused-function -Wno-unused-label -Wno-unused-parameter -Wno-unused-variable -Wunused-value -Wno-empty-body -Wno-uninitialized -Wno-unknown-pragmas -Wno-shadow -Wno-four-char-constants -Wno-conversion -Wno-constant-conversion -Wno-int-conversion -Wno-bool-conversion -Wno-enum-conversion -Wno-float-conversion -Wno-non-literal-null-conversion -Wno-objc-literal-conversion -Wshorten-64-to-32 -Wpointer-sign -Wno-newline-eof -Wno-implicit-fallthrough -Wdeprecated-declarations -Wno-sign-conversion -Wno-infinite-recursion -Wno-comma -Wno-block-capture-autoreleasing -Wno-strict-prototypes -Wno-semicolon-before-method-body -Wno-reorder-init-list -Wno-implicit-int-float-conversion -Wno-c99-designator -Wno-final-dtor-non-final-class -Wno-extra-semi-stmt -Wno-misleading-indentation -Wno-quoted-include-in-framework-header -Wno-implicit-fallthrough -Wno-enum-enum-conversion -Wno-enum-float-conversion -Wno-elaborated-enum-base -Wno-reserved-identifier -Wno-gnu-folding-constant -index-store-path /Users/admin/builder/spi-builder-workspace/.derivedData/Index.noindex/DataStore -index-unit-output-path /SwiftSQLite.build/Debug-watchos/CSQLCipher.build/Objects-normal/arm64/sqlite3.o -fmodule-map-file\=/Applications/Xcode-16.3.0.app/Contents/Developer/Toolchains/XcodeDefault.xctoolchain/usr/lib/clang/17/include/module.modulemap -fmodule-map-file\=/Applications/Xcode-16.3.0.app/Contents/Developer/Toolchains/XcodeDefault.xctoolchain/usr/lib/clang/17/include/module.modulemap -fmodule-map-file\=/Applications/Xcode-16.3.0.app/Contents/Developer/Platforms/WatchOS.platform/Developer/SDKs/WatchOS.sdk/usr/include/DarwinFoundation.modulemap -fmodule-map-file\=/Applications/Xcode-16.3.0.app/Contents/Developer/Platforms/WatchOS.platform/Developer/SDKs/WatchOS.sdk/usr/include/c_standard_library.modulemap -fmodule-map-file\=/Applications/Xcode-16.3.0.app/Contents/Developer/Platforms/WatchOS.platform/Developer/SDKs/WatchOS.sdk/usr/include/DarwinBasic.modulemap -fmodule-map-file\=/Applications/Xcode-16.3.0.app/Contents/Developer/Platforms/WatchOS.platform/Developer/SDKs/WatchOS.sdk/usr/include/c_standard_library.modulemap -fmodule-map-file\=/Applications/Xcode-16.3.0.app/Contents/Developer/Platforms/WatchOS.platform/Developer/SDKs/WatchOS.sdk/usr/include/DarwinBasic.modulemap -fmodule-map-file\=/Applications/Xcode-16.3.0.app/Contents/Developer/Platforms/WatchOS.platform/Developer/SDKs/WatchOS.sdk/usr/include/c_standard_library.modulemap -fmodule-map-file\=/Applications/Xcode-16.3.0.app/Contents/Developer/Platforms/WatchOS.platform/Developer/SDKs/WatchOS.sdk/usr/include/c_standard_library.modulemap -fmodule-map-file\=/Applications/Xcode-16.3.0.app/Contents/Developer/Platforms/WatchOS.platform/Developer/SDKs/WatchOS.sdk/usr/include/c_standard_library.modulemap -fmodule-map-file\=/Applications/Xcode-16.3.0.app/Contents/Developer/Platforms/WatchOS.platform/Developer/SDKs/WatchOS.sdk/usr/include/TargetConditionals.modulemap -fmodule-map-file\=/Applications/Xcode-16.3.0.app/Contents/Developer/Platforms/WatchOS.platform/Developer/SDKs/WatchOS.sdk/usr/include/c_standard_library.modulemap -fmodule-map-file\=/Applications/Xcode-16.3.0.app/Contents/Developer/Platforms/WatchOS.platform/Developer/SDKs/WatchOS.sdk/usr/include/c_standard_library.modulemap -fmodule-map-file\=/Applications/Xcode-16.3.0.app/Contents/Developer/Platforms/WatchOS.platform/Developer/SDKs/WatchOS.sdk/usr/include/c_standard_library.modulemap -fmodule-map-file\=/Applications/Xcode-16.3.0.app/Contents/Developer/Platforms/WatchOS.platform/Developer/SDKs/WatchOS.sdk/usr/include/DarwinBasic.modulemap -fmodule-map-file\=/Applications/Xcode-16.3.0.app/Contents/Developer/Platforms/WatchOS.platform/Developer/SDKs/WatchOS.sdk/usr/include/DarwinBasic.modulemap -fmodule-map-file\=/Applications/Xcode-16.3.0.app/Contents/Developer/Platforms/WatchOS.platform/Developer/SDKs/WatchOS.sdk/usr/include/Darwin.modulemap -fmodule-map-file\=/Applications/Xcode-16.3.0.app/Contents/Developer/Platforms/WatchOS.platform/Developer/SDKs/WatchOS.sdk/usr/include/os.modulemap -fmodule-map-file\=/Applications/Xcode-16.3.0.app/Contents/Developer/Platforms/WatchOS.platform/Developer/SDKs/WatchOS.sdk/usr/include/CommonCrypto/module.modulemap -fmodule-map-file\=/Applications/Xcode-16.3.0.app/Contents/Developer/Platforms/WatchOS.platform/Developer/SDKs/WatchOS.sdk/System/Library/Frameworks/CoreFoundation.framework/Modules/module.modulemap -fmodule-map-file\=/Applications/Xcode-16.3.0.app/Contents/Developer/Platforms/WatchOS.platform/Developer/SDKs/WatchOS.sdk/System/Library/Frameworks/Security.framework/Modules/module.modulemap -o /Users/admin/builder/spi-builder-workspace/.derivedData/Build/Intermediates.noindex/SwiftSQLite.build/Debug-watchos/CSQLCipher.build/Objects-normal/arm64/sqlite3.o -disable-free -emit-obj -x c /Users/admin/builder/spi-builder-workspace/Sources/CSQLCipher/sqlite3.c -target-abi darwinpcs -target-cpu apple-s4 -target-feature +zcm -target-feature +zcz -target-feature +v8.3a -target-feature +aes -target-feature +complxnum -target-feature +crc -target-feature +fp-armv8 -target-feature +fullfp16 -target-feature +jsconv -target-feature +lse -target-feature +neon -target-feature +pauth -target-feature +perfmon -target-feature +ras -target-feature +rcpc -target-feature +rdm -target-feature +sha2 -triple arm64-apple-watchos5.0.0 -target-linker-version 1167.4.1 -target-sdk-version\=11.4 -fmodules-validate-system-headers -fno-modulemap-allow-subdirectory-search -isysroot /Applications/Xcode-16.3.0.app/Contents/Developer/Platforms/WatchOS.platform/Developer/SDKs/WatchOS11.4.sdk -resource-dir /Applications/Xcode-16.3.0.app/Contents/Developer/Toolchains/XcodeDefault.xctoolchain/usr/lib/clang/17 -fmodule-format\=obj -fmodule-file\=CommonCrypto\=/Users/admin/builder/spi-builder-workspace/.derivedData/Build/Intermediates.noindex/ExplicitPrecompiledModules/CommonCrypto-413BAWAY0SY6XXTYET61JP0B7.pcm -fmodule-file\=CoreFoundation\=/Users/admin/builder/spi-builder-workspace/.derivedData/Build/Intermediates.noindex/ExplicitPrecompiledModules/CoreFoundation-1UP6TATYN5BMXJF0F9BTJG7D0.pcm -fmodule-file\=Darwin\=/Users/admin/builder/spi-builder-workspace/.derivedData/Build/Intermediates.noindex/ExplicitPrecompiledModules/Darwin-3EIVG6BT7GD4UGLRBWX30Q6EK.pcm -fmodule-file\=DarwinFoundation\=/Users/admin/builder/spi-builder-workspace/.derivedData/Build/Intermediates.noindex/ExplicitPrecompiledModules/DarwinFoundation-86CLSBH40P3BPH7U99GN0K18T.pcm -fmodule-file\=Security\=/Users/admin/builder/spi-builder-workspace/.derivedData/Build/Intermediates.noindex/ExplicitPrecompiledModules/Security-4JED3RBAORTGTTD32ZV7OWQVO.pcm -fmodule-file\=TargetConditionals\=/Users/admin/builder/spi-builder-workspace/.derivedData/Build/Intermediates.noindex/ExplicitPrecompiledModules/TargetConditionals-5S7A0QERWH667X24MSAS8T9FM.pcm -fmodule-file\=_Builtin_stdarg\=/Users/admin/builder/spi-builder-workspace/.derivedData/Build/Intermediates.noindex/ExplicitPrecompiledModules/_Builtin_stdarg-1L30EYFYNJBVTJ4JZVYSV81BZ.pcm -fmodule-file\=_Builtin_stddef\=/Users/admin/builder/spi-builder-workspace/.derivedData/Build/Intermediates.noindex/ExplicitPrecompiledModules/_Builtin_stddef-7DPBUAOAE89NXDPDD9SX6V682.pcm -fmodule-file\=_assert\=/Users/admin/builder/spi-builder-workspace/.derivedData/Build/Intermediates.noindex/ExplicitPrecompiledModules/_assert-2ZK4U3QHWK51NUQ7KF1AACQKG.pcm -fmodule-file\=_ctype\=/Users/admin/builder/spi-builder-workspace/.derivedData/Build/Intermediates.noindex/ExplicitPrecompiledModules/_ctype-3PW9OAXUH09LP2173ETZLHGBW.pcm -fmodule-file\=_errno\=/Users/admin/builder/spi-builder-workspace/.derivedData/Build/Intermediates.noindex/ExplicitPrecompiledModules/_errno-IVIQ9NL53VRE12JGW10BJPVJ.pcm -fmodule-file\=_math\=/Users/admin/builder/spi-builder-workspace/.derivedData/Build/Intermediates.noindex/ExplicitPrecompiledModules/_math-93ZUAY6GS7IDQ43RO2216Z0W6.pcm -fmodule-file\=_stdio\=/Users/admin/builder/spi-builder-workspace/.derivedData/Build/Intermediates.noindex/ExplicitPrecompiledModules/_stdio-C1NR3AURS7AZRLP20FJQNWSOQ.pcm -fmodule-file\=_stdlib\=/Users/admin/builder/spi-builder-workspace/.derivedData/Build/Intermediates.noindex/ExplicitPrecompiledModules/_stdlib-814NYN31G62XSDYNAU3RT2YX3.pcm -fmodule-file\=_string\=/Users/admin/builder/spi-builder-workspace/.derivedData/Build/Intermediates.noindex/ExplicitPrecompiledModules/_string-EY7VW1GQ6KVCYGI0LEEPLELON.pcm -fmodule-file\=_time\=/Users/admin/builder/spi-builder-workspace/.derivedData/Build/Intermediates.noindex/ExplicitPrecompiledModules/_time-2Y1PIYIV3OQ9CRP2TM4EJVN0K.pcm -fmodule-file\=os\=/Users/admin/builder/spi-builder-workspace/.derivedData/Build/Intermediates.noindex/ExplicitPrecompiledModules/os-6P9FCGL1OQLZN615Q3Y5I4NUG.pcm -fmodule-file\=pthread\=/Users/admin/builder/spi-builder-workspace/.derivedData/Build/Intermediates.noindex/ExplicitPrecompiledModules/pthread-5ZYOX9PRPRMD2SU2J367SGQ32.pcm -fmodule-file\=sys_resource\=/Users/admin/builder/spi-builder-workspace/.derivedData/Build/Intermediates.noindex/ExplicitPrecompiledModules/sys_resource-2IZKUU85F2P8EB4L1OHYJ1FH6.pcm -fmodule-file\=sys_types\=/Users/admin/builder/spi-builder-workspace/.derivedData/Build/Intermediates.noindex/ExplicitPrecompiledModules/sys_types-812INO3Y1L73D8TPPIH4OYT5X.pcm -fmodule-file\=unistd\=/Users/admin/builder/spi-builder-workspace/.derivedData/Build/Intermediates.noindex/ExplicitPrecompiledModules/unistd-6GAMAKV5XEI39JQ7RPQ3CAGWO.pcm -I /Users/admin/builder/spi-builder-workspace/.derivedData/Build/Products/Debug-watchos/include -I /Users/admin/builder/spi-builder-workspace/Sources/CSQLCipher/include -I /Users/admin/builder/spi-builder-workspace/.derivedData/Build/Intermediates.noindex/SwiftSQLite.build/Debug-watchos/CSQLCipher.build/DerivedSources-normal/arm64 -I /Users/admin/builder/spi-builder-workspace/.derivedData/Build/Intermediates.noindex/SwiftSQLite.build/Debug-watchos/CSQLCipher.build/DerivedSources/arm64 -I /Users/admin/builder/spi-builder-workspace/.derivedData/Build/Intermediates.noindex/SwiftSQLite.build/Debug-watchos/CSQLCipher.build/DerivedSources -F /Users/admin/builder/spi-builder-workspace/.derivedData/Build/Products/Debug-watchos -iframework /Applications/Xcode-16.3.0.app/Contents/Developer/Platforms/WatchOS.platform/Developer/Library/Frameworks -iframework /Applications/Xcode-16.3.0.app/Contents/Developer/Platforms/WatchOS.platform/Developer/SDKs/WatchOS11.4.sdk/Developer/Library/Frameworks -internal-isystem /Applications/Xcode-16.3.0.app/Contents/Developer/Platforms/WatchOS.platform/Developer/SDKs/WatchOS11.4.sdk/usr/local/include -internal-isystem /Applications/Xcode-16.3.0.app/Contents/Developer/Toolchains/XcodeDefault.xctoolchain/usr/lib/clang/17/include -internal-externc-isystem /Applications/Xcode-16.3.0.app/Contents/Developer/Platforms/WatchOS.platform/Developer/SDKs/WatchOS11.4.sdk/usr/include -internal-externc-isystem /Applications/Xcode-16.3.0.app/Contents/Developer/Toolchains/XcodeDefault.xctoolchain/usr/include -ivfsstatcache /Users/admin/builder/spi-builder-workspace/.derivedData/SDKStatCaches.noindex/watchos11.4-22T246-43efb940ff07ba2497b70ec94253f576.sdkstatcache -std\=gnu17 -fskip-odr-check-in-gmf -fmodules -fmodule-name\=CSQLCipher -fno-implicit-modules -fmax-type-align\=16 -fpascal-strings -fvisibility-inlines-hidden-static-local-var -mdarwin-stkchk-strong-link -fno-odr-hash-protocols -pic-level 2 -fencode-extended-block-signature -stack-protector 1 -fgnuc-version\=4.2.1 -fblocks -ffp-contract\=on -fclang-abi-compat\=4.0 -fno-experimental-relative-c++-abi-vtables -fno-file-reproducible -clang-vendor-feature\=+disableNonDependentMemberExprInCurrentInstantiation -clang-vendor-feature\=+enableAggressiveVLAFolding -clang-vendor-feature\=+revert09abecef7bbf -clang-vendor-feature\=+thisNoAlignAttr -clang-vendor-feature\=+thisNoNullAttr -clang-vendor-feature\=+disableAtImportPrivateFrameworkInImplementationError -O0 -fno-assume-unique-vtables -fdebug-compilation-dir\=/Users/admin/builder/spi-builder-workspace/.swiftpm/xcode -fcoverage-compilation-dir\=/Users/admin/builder/spi-builder-workspace/.swiftpm/xcode -fcoverage-mapping -fcommon -fobjc-msgsend-selector-stubs -fregister-global-dtors-with-atexit -fno-strict-return -dwarf-version\=4 -debugger-tuning\=lldb -disable-llvm-verifier -dwarf-ext-refs -funwind-tables\=1 -fprofile-instrument\=clang -clear-ast-before-backend -discard-value-names -main-file-name sqlite3.c -mframe-pointer\=non-leaf -debug-info-kind\=standalone -fdiagnostics-hotness-threshold\=0 -fdiagnostics-misexpect-tolerance\=0 -D DEBUG\=1 -D NDEBUG -D SQLCIPHER_CRYPTO_CC -D SQLITE_DEFAULT_MEMSTATUS\=0 -D SQLITE_DISABLE_PAGECACHE_OVERFLOW_STATS -D SQLITE_DQS\=0 -D SQLITE_ENABLE_API_ARMOR -D SQLITE_ENABLE_COLUMN_METADATA -D SQLITE_ENABLE_DBSTAT_VTAB -D SQLITE_ENABLE_FTS3 -D SQLITE_ENABLE_FTS3_PARENTHESIS -D SQLITE_ENABLE_FTS3_TOKENIZER -D SQLITE_ENABLE_FTS4 -D SQLITE_ENABLE_FTS5 -D SQLITE_ENABLE_NULL_TRIM -D SQLITE_ENABLE_RTREE -D SQLITE_ENABLE_SESSION -D SQLITE_ENABLE_STMTVTAB -D SQLITE_ENABLE_UNKNOWN_SQL_FUNCTION -D SQLITE_ENABLE_UNLOCK_NOTIFY -D SQLITE_HAS_CODEC -D SQLITE_LIKE_DOESNT_MATCH_BLOBS -D SQLITE_MAX_VARIABLE_NUMBER\=250000 -D SQLITE_OMIT_AUTHORIZATION -D SQLITE_OMIT_COMPLETE -D SQLITE_OMIT_DEPRECATED -D SQLITE_OMIT_DESERIALIZE -D SQLITE_OMIT_GET_TABLE -D SQLITE_OMIT_LOAD_EXTENSION -D SQLITE_OMIT_PROGRESS_CALLBACK -D SQLITE_OMIT_SHARED_CACHE -D SQLITE_OMIT_TCL_VARIABLE -D SQLITE_OMIT_TRACE -D SQLITE_SECURE_DELETE -D SQLITE_TEMP_STORE\=3 -D SQLITE_THREADSAFE\=1 -D SQLITE_UNTESTABLE -D SQLITE_USE_URI -D SWIFT_PACKAGE -D Xcode -D __GCC_HAVE_DWARF2_CFI_ASM\=1 -fdefine-target-os-macros -MT dependencies -dependency-file /Users/admin/builder/spi-builder-workspace/.derivedData/Build/Intermediates.noindex/SwiftSQLite.build/Debug-watchos/CSQLCipher.build/Objects-normal/arm64/sqlite3.d -skip-unused-modulemap-deps
CompileC /Users/admin/builder/spi-builder-workspace/.derivedData/Build/Intermediates.noindex/SwiftSQLite.build/Debug-watchos/CSQLCipher.build/Objects-normal/arm64_32/sqlite3.o /Users/admin/builder/spi-builder-workspace/Sources/CSQLCipher/sqlite3.c normal arm64_32 c com.apple.compilers.llvm.clang.1_0.compiler (in target 'CSQLCipher' from project 'SwiftSQLite')
    cd /Users/admin/builder/spi-builder-workspace/.swiftpm/xcode

    Using response file: /Users/admin/builder/spi-builder-workspace/.derivedData/Build/Intermediates.noindex/SwiftSQLite.build/Debug-watchos/CSQLCipher.build/Objects-normal/arm64_32/7187679823f38a2a940e0043cdf9d637-common-args.resp

    /Applications/Xcode-16.3.0.app/Contents/Developer/Toolchains/XcodeDefault.xctoolchain/usr/bin/clang -x c -ivfsstatcache /Users/admin/builder/spi-builder-workspace/.derivedData/SDKStatCaches.noindex/watchos11.4-22T246-43efb940ff07ba2497b70ec94253f576.sdkstatcache -fmessage-length\=0 -fdiagnostics-show-note-include-stack -fmacro-backtrace-limit\=0 -fno-color-diagnostics -fmodules-prune-interval\=86400 -fmodules-prune-after\=345600 -fbuild-session-file\=/Users/admin/builder/spi-builder-workspace/.derivedData/ModuleCache.noindex/Session.modulevalidation -fmodules-validate-once-per-build-session -Wnon-modular-include-in-framework-module -Werror\=non-modular-include-in-framework-module -Wno-trigraphs -Wno-missing-field-initializers -Wno-missing-prototypes -Wno-return-type -Wno-missing-braces -Wparentheses -Wswitch -Wno-unused-function -Wno-unused-label -Wno-unused-parameter -Wno-unused-variable -Wunused-value -Wno-empty-body -Wno-uninitialized -Wno-unknown-pragmas -Wno-shadow -Wno-four-char-constants -Wno-conversion -Wno-constant-conversion -Wno-int-conversion -Wno-bool-conversion -Wno-enum-conversion -Wno-float-conversion -Wno-non-literal-null-conversion -Wno-objc-literal-conversion -Wno-shorten-64-to-32 -Wpointer-sign -Wno-newline-eof -Wno-implicit-fallthrough -fstrict-aliasing -Wdeprecated-declarations -Wno-sign-conversion -Wno-infinite-recursion -Wno-comma -Wno-block-capture-autoreleasing -Wno-strict-prototypes -Wno-semicolon-before-method-body -index-store-path /Users/admin/builder/spi-builder-workspace/.derivedData/Index.noindex/DataStore @/Users/admin/builder/spi-builder-workspace/.derivedData/Build/Intermediates.noindex/SwiftSQLite.build/Debug-watchos/CSQLCipher.build/Objects-normal/arm64_32/7187679823f38a2a940e0043cdf9d637-common-args.resp -MMD -MT dependencies -MF /Users/admin/builder/spi-builder-workspace/.derivedData/Build/Intermediates.noindex/SwiftSQLite.build/Debug-watchos/CSQLCipher.build/Objects-normal/arm64_32/sqlite3.d --serialize-diagnostics /Users/admin/builder/spi-builder-workspace/.derivedData/Build/Intermediates.noindex/SwiftSQLite.build/Debug-watchos/CSQLCipher.build/Objects-normal/arm64_32/sqlite3.dia -c /Users/admin/builder/spi-builder-workspace/Sources/CSQLCipher/sqlite3.c -o /Users/admin/builder/spi-builder-workspace/.derivedData/Build/Intermediates.noindex/SwiftSQLite.build/Debug-watchos/CSQLCipher.build/Objects-normal/arm64_32/sqlite3.o -index-unit-output-path /SwiftSQLite.build/Debug-watchos/CSQLCipher.build/Objects-normal/arm64_32/sqlite3.o
/Users/admin/builder/spi-builder-workspace/Sources/CSQLCipher/sqlite3.c:31840:25: warning: ambiguous expansion of macro 'MAX' [-Wambiguous-macro]
 31840 |           szBufNeeded = MAX(e2,0)+(i64)precision+(i64)width+15;
       |                         ^
In module 'Darwin' imported from /Users/admin/builder/spi-builder-workspace/Sources/CSQLCipher/sqlite3.c:26825:
/Applications/Xcode-16.3.0.app/Contents/Developer/Platforms/WatchOS.platform/Developer/SDKs/WatchOS11.4.sdk/usr/include/sys/param.h:218:9: note: expanding this definition of 'MAX'
  218 | #define MAX(a, b) (((a)>(b))?(a):(b))
      |         ^
/Users/admin/builder/spi-builder-workspace/Sources/CSQLCipher/sqlite3.c:14915:10: note: other definition of 'MAX'
 14915 | # define MAX(A,B) ((A)>(B)?(A):(B))
       |          ^
/Users/admin/builder/spi-builder-workspace/Sources/CSQLCipher/sqlite3.c:38630:8: warning: "gethostuuid() is disabled." [-W#warnings]
 38630 | #      warning "gethostuuid() is disabled."
       |        ^
/Users/admin/builder/spi-builder-workspace/Sources/CSQLCipher/sqlite3.c:66720:19: warning: ambiguous expansion of macro 'MIN' [-Wambiguous-macro]
 66720 |       u32 iLast = MIN(iLastFrame, HASHTABLE_NPAGE_ONE+iPg*HASHTABLE_NPAGE);
       |                   ^
In module 'Darwin' imported from /Users/admin/builder/spi-builder-workspace/Sources/CSQLCipher/sqlite3.c:26825:
/Applications/Xcode-16.3.0.app/Contents/Developer/Platforms/WatchOS.platform/Developer/SDKs/WatchOS11.4.sdk/usr/include/sys/param.h:215:9: note: expanding this definition of 'MIN'
  215 | #define MIN(a, b) (((a)<(b))?(a):(b))
      |         ^
/Users/admin/builder/spi-builder-workspace/Sources/CSQLCipher/sqlite3.c:14912:10: note: other definition of 'MIN'
 14912 | # define MIN(A,B) ((A)<(B)?(A):(B))
       |          ^
/Users/admin/builder/spi-builder-workspace/Sources/CSQLCipher/sqlite3.c:72761:32: warning: ambiguous expansion of macro 'MIN' [-Wambiguous-macro]
 72761 |     rc = defragmentPage(pPage, MIN(4, pPage->nFree - (2+nByte)));
       |                                ^
In module 'Darwin' imported from /Users/admin/builder/spi-builder-workspace/Sources/CSQLCipher/sqlite3.c:26825:
/Applications/Xcode-16.3.0.app/Contents/Developer/Platforms/WatchOS.platform/Developer/SDKs/WatchOS11.4.sdk/usr/include/sys/param.h:215:9: note: expanding this definition of 'MIN'
  215 | #define MIN(a, b) (((a)<(b))?(a):(b))
      |         ^
/Users/admin/builder/spi-builder-workspace/Sources/CSQLCipher/sqlite3.c:14912:10: note: other definition of 'MIN'
 14912 | # define MIN(A,B) ((A)<(B)?(A):(B))
       |          ^
/Users/admin/builder/spi-builder-workspace/Sources/CSQLCipher/sqlite3.c:76227:11: warning: ambiguous expansion of macro 'MAX' [-Wambiguous-macro]
 76227 |     amt = MAX(0, (int)(pCur->pPage->aDataEnd - pCur->info.pPayload));
       |           ^
In module 'Darwin' imported from /Users/admin/builder/spi-builder-workspace/Sources/CSQLCipher/sqlite3.c:26825:
/Applications/Xcode-16.3.0.app/Contents/Developer/Platforms/WatchOS.platform/Developer/SDKs/WatchOS11.4.sdk/usr/include/sys/param.h:218:9: note: expanding this definition of 'MAX'
  218 | #define MAX(a, b) (((a)>(b))?(a):(b))
      |         ^
/Users/admin/builder/spi-builder-workspace/Sources/CSQLCipher/sqlite3.c:14915:10: note: other definition of 'MAX'
 14915 | # define MAX(A,B) ((A)>(B)?(A):(B))
       |          ^
/Users/admin/builder/spi-builder-workspace/Sources/CSQLCipher/sqlite3.c:78694:16: warning: ambiguous expansion of macro 'MIN' [-Wambiguous-macro]
 78694 |     int nAdd = MIN(nNew,iOld-iNew);
       |                ^
In module 'Darwin' imported from /Users/admin/builder/spi-builder-workspace/Sources/CSQLCipher/sqlite3.c:26825:
/Applications/Xcode-16.3.0.app/Contents/Developer/Platforms/WatchOS.platform/Developer/SDKs/WatchOS11.4.sdk/usr/include/sys/param.h:215:9: note: expanding this definition of 'MIN'
  215 | #define MIN(a, b) (((a)<(b))?(a):(b))
      |         ^
/Users/admin/builder/spi-builder-workspace/Sources/CSQLCipher/sqlite3.c:14912:10: note: other definition of 'MIN'
 14912 | # define MIN(A,B) ((A)<(B)?(A):(B))
       |          ^
/Users/admin/builder/spi-builder-workspace/Sources/CSQLCipher/sqlite3.c:80545:23: warning: ambiguous expansion of macro 'MIN' [-Wambiguous-macro]
 80545 |           int nCopy = MIN(nOut, nIn);
       |                       ^
In module 'Darwin' imported from /Users/admin/builder/spi-builder-workspace/Sources/CSQLCipher/sqlite3.c:26825:
/Applications/Xcode-16.3.0.app/Contents/Developer/Platforms/WatchOS.platform/Developer/SDKs/WatchOS11.4.sdk/usr/include/sys/param.h:215:9: note: expanding this definition of 'MIN'
  215 | #define MIN(a, b) (((a)<(b))?(a):(b))
      |         ^
/Users/admin/builder/spi-builder-workspace/Sources/CSQLCipher/sqlite3.c:14912:10: note: other definition of 'MIN'
 14912 | # define MIN(A,B) ((A)<(B)?(A):(B))
       |          ^
/Users/admin/builder/spi-builder-workspace/Sources/CSQLCipher/sqlite3.c:80579:18: warning: ambiguous expansion of macro 'MIN' [-Wambiguous-macro]
 80579 |           nOut = MIN(pBt->usableSize - 4, nRem);
       |                  ^
In module 'Darwin' imported from /Users/admin/builder/spi-builder-workspace/Sources/CSQLCipher/sqlite3.c:26825:
/Applications/Xcode-16.3.0.app/Contents/Developer/Platforms/WatchOS.platform/Developer/SDKs/WatchOS11.4.sdk/usr/include/sys/param.h:215:9: note: expanding this definition of 'MIN'
  215 | #define MIN(a, b) (((a)<(b))?(a):(b))
      |         ^
/Users/admin/builder/spi-builder-workspace/Sources/CSQLCipher/sqlite3.c:14912:10: note: other definition of 'MIN'
 14912 | # define MIN(A,B) ((A)<(B)?(A):(B))
       |          ^
/Users/admin/builder/spi-builder-workspace/Sources/CSQLCipher/sqlite3.c:82606:21: warning: ambiguous expansion of macro 'MIN' [-Wambiguous-macro]
 82606 |   const int nCopy = MIN(nSrcPgsz, nDestPgsz);
       |                     ^
In module 'Darwin' imported from /Users/admin/builder/spi-builder-workspace/Sources/CSQLCipher/sqlite3.c:26825:
/Applications/Xcode-16.3.0.app/Contents/Developer/Platforms/WatchOS.platform/Developer/SDKs/WatchOS11.4.sdk/usr/include/sys/param.h:215:9: note: expanding this definition of 'MIN'
  215 | #define MIN(a, b) (((a)<(b))?(a):(b))
      |         ^
/Users/admin/builder/spi-builder-workspace/Sources/CSQLCipher/sqlite3.c:14912:10: note: other definition of 'MIN'
 14912 | # define MIN(A,B) ((A)<(B)?(A):(B))
       |          ^
/Users/admin/builder/spi-builder-workspace/Sources/CSQLCipher/sqlite3.c:82909:18: warning: ambiguous expansion of macro 'MIN' [-Wambiguous-macro]
 82909 |           iEnd = MIN(PENDING_BYTE + pgszDest, iSize);
       |                  ^
In module 'Darwin' imported from /Users/admin/builder/spi-builder-workspace/Sources/CSQLCipher/sqlite3.c:26825:
/Applications/Xcode-16.3.0.app/Contents/Developer/Platforms/WatchOS.platform/Developer/SDKs/WatchOS11.4.sdk/usr/include/sys/param.h:215:9: note: expanding this definition of 'MIN'
  215 | #define MIN(a, b) (((a)<(b))?(a):(b))
      |         ^
/Users/admin/builder/spi-builder-workspace/Sources/CSQLCipher/sqlite3.c:14912:10: note: other definition of 'MIN'
 14912 | # define MIN(A,B) ((A)<(B)?(A):(B))
       |          ^
/Users/admin/builder/spi-builder-workspace/Sources/CSQLCipher/sqlite3.c:84402:49: warning: ambiguous expansion of macro 'MAX' [-Wambiguous-macro]
 84402 |     if( sqlite3VdbeMemClearAndResize(pMem, (int)MAX(nAlloc,32)) ){
       |                                                 ^
In module 'Darwin' imported from /Users/admin/builder/spi-builder-workspace/Sources/CSQLCipher/sqlite3.c:26825:
/Applications/Xcode-16.3.0.app/Contents/Developer/Platforms/WatchOS.platform/Developer/SDKs/WatchOS11.4.sdk/usr/include/sys/param.h:218:9: note: expanding this definition of 'MAX'
  218 | #define MAX(a, b) (((a)>(b))?(a):(b))
      |         ^
/Users/admin/builder/spi-builder-workspace/Sources/CSQLCipher/sqlite3.c:14915:10: note: other definition of 'MAX'
 14915 | # define MAX(A,B) ((A)>(B)?(A):(B))
       |          ^
/Users/admin/builder/spi-builder-workspace/Sources/CSQLCipher/sqlite3.c:90068:22: warning: ambiguous expansion of macro 'MIN' [-Wambiguous-macro]
 90068 |           int nCmp = MIN(mem1.n, pRhs->n);
       |                      ^
In module 'Darwin' imported from /Users/admin/builder/spi-builder-workspace/Sources/CSQLCipher/sqlite3.c:26825:
/Applications/Xcode-16.3.0.app/Contents/Developer/Platforms/WatchOS.platform/Developer/SDKs/WatchOS11.4.sdk/usr/include/sys/param.h:215:9: note: expanding this definition of 'MIN'
  215 | #define MIN(a, b) (((a)<(b))?(a):(b))
      |         ^
/Users/admin/builder/spi-builder-workspace/Sources/CSQLCipher/sqlite3.c:14912:10: note: other definition of 'MIN'
 14912 | # define MIN(A,B) ((A)<(B)?(A):(B))
       |          ^
/Users/admin/builder/spi-builder-workspace/Sources/CSQLCipher/sqlite3.c:90096:22: warning: ambiguous expansion of macro 'MIN' [-Wambiguous-macro]
 90096 |           int nCmp = MIN(nStr, pRhs->n);
       |                      ^
In module 'Darwin' imported from /Users/admin/builder/spi-builder-workspace/Sources/CSQLCipher/sqlite3.c:26825:
/Applications/Xcode-16.3.0.app/Contents/Developer/Platforms/WatchOS.platform/Developer/SDKs/WatchOS11.4.sdk/usr/include/sys/param.h:215:9: note: expanding this definition of 'MIN'
  215 | #define MIN(a, b) (((a)<(b))?(a):(b))
      |         ^
/Users/admin/builder/spi-builder-workspace/Sources/CSQLCipher/sqlite3.c:14912:10: note: other definition of 'MIN'
 14912 | # define MIN(A,B) ((A)<(B)?(A):(B))
       |          ^
/Users/admin/builder/spi-builder-workspace/Sources/CSQLCipher/sqlite3.c:90304:12: warning: ambiguous expansion of macro 'MIN' [-Wambiguous-macro]
 90304 |     nCmp = MIN( pPKey2->n, nStr );
       |            ^
In module 'Darwin' imported from /Users/admin/builder/spi-builder-workspace/Sources/CSQLCipher/sqlite3.c:26825:
/Applications/Xcode-16.3.0.app/Contents/Developer/Platforms/WatchOS.platform/Developer/SDKs/WatchOS11.4.sdk/usr/include/sys/param.h:215:9: note: expanding this definition of 'MIN'
  215 | #define MIN(a, b) (((a)<(b))?(a):(b))
      |         ^
/Users/admin/builder/spi-builder-workspace/Sources/CSQLCipher/sqlite3.c:14912:10: note: other definition of 'MIN'
 14912 | # define MIN(A,B) ((A)<(B)?(A):(B))
       |          ^
/Users/admin/builder/spi-builder-workspace/Sources/CSQLCipher/sqlite3.c:103738:28: warning: ambiguous expansion of macro 'MAX' [-Wambiguous-macro]
 103738 |       sqlite3_int64 nNew = MAX(128, 2*(sqlite3_int64)p->nAlloc);
        |                            ^
In module 'Darwin' imported from /Users/admin/builder/spi-builder-workspace/Sources/CSQLCipher/sqlite3.c:26825:
/Applications/Xcode-16.3.0.app/Contents/Developer/Platforms/WatchOS.platform/Developer/SDKs/WatchOS11.4.sdk/usr/include/sys/param.h:218:9: note: expanding this definition of 'MAX'
  218 | #define MAX(a, b) (((a)>(b))?(a):(b))
      |         ^
/Users/admin/builder/spi-builder-workspace/Sources/CSQLCipher/sqlite3.c:14915:10: note: other definition of 'MAX'
 14915 | # define MAX(A,B) ((A)>(B)?(A):(B))
       |          ^
/Users/admin/builder/spi-builder-workspace/Sources/CSQLCipher/sqlite3.c:104018:25: warning: ambiguous expansion of macro 'MIN' [-Wambiguous-macro]
 104018 |   res = memcmp(v1, v2, (MIN(n1, n2) - 13)/2);
        |                         ^
In module 'Darwin' imported from /Users/admin/builder/spi-builder-workspace/Sources/CSQLCipher/sqlite3.c:26825:
/Applications/Xcode-16.3.0.app/Contents/Developer/Platforms/WatchOS.platform/Developer/SDKs/WatchOS11.4.sdk/usr/include/sys/param.h:215:9: note: expanding this definition of 'MIN'
  215 | #define MIN(a, b) (((a)<(b))?(a):(b))
      |         ^
/Users/admin/builder/spi-builder-workspace/Sources/CSQLCipher/sqlite3.c:14912:10: note: other definition of 'MIN'
 14912 | # define MIN(A,B) ((A)<(B)?(A):(B))
       |          ^
/Users/admin/builder/spi-builder-workspace/Sources/CSQLCipher/sqlite3.c:104204:17: warning: ambiguous expansion of macro 'MIN' [-Wambiguous-macro]
 104204 |       mxCache = MIN(mxCache, SQLITE_MAX_PMASZ);
        |                 ^
In module 'Darwin' imported from /Users/admin/builder/spi-builder-workspace/Sources/CSQLCipher/sqlite3.c:26825:
/Applications/Xcode-16.3.0.app/Contents/Developer/Platforms/WatchOS.platform/Developer/SDKs/WatchOS11.4.sdk/usr/include/sys/param.h:215:9: note: expanding this definition of 'MIN'
  215 | #define MIN(a, b) (((a)<(b))?(a):(b))
      |         ^
/Users/admin/builder/spi-builder-workspace/Sources/CSQLCipher/sqlite3.c:14912:10: note: other definition of 'MIN'
 14912 | # define MIN(A,B) ((A)<(B)?(A):(B))
       |          ^
/Users/admin/builder/spi-builder-workspace/Sources/CSQLCipher/sqlite3.c:104205:28: warning: ambiguous expansion of macro 'MAX' [-Wambiguous-macro]
 104205 |       pSorter->mxPmaSize = MAX(pSorter->mnPmaSize, (int)mxCache);
        |                            ^
In module 'Darwin' imported from /Users/admin/builder/spi-builder-workspace/Sources/CSQLCipher/sqlite3.c:26825:
/Applications/Xcode-16.3.0.app/Contents/Developer/Platforms/WatchOS.platform/Developer/SDKs/WatchOS11.4.sdk/usr/include/sys/param.h:218:9: note: expanding this definition of 'MAX'
  218 | #define MAX(a, b) (((a)>(b))?(a):(b))
      |         ^
/Users/admin/builder/spi-builder-workspace/Sources/CSQLCipher/sqlite3.c:14915:10: note: other definition of 'MAX'
 14915 | # define MAX(A,B) ((A)>(B)?(A):(B))
       |          ^
/Users/admin/builder/spi-builder-workspace/Sources/CSQLCipher/sqlite3.c:105203:19: warning: ambiguous expansion of macro 'MAX' [-Wambiguous-macro]
 105203 |     pIncr->mxSz = MAX(pTask->pSorter->mxKeysize+9,pTask->pSorter->mxPmaSize/2);
        |                   ^
In module 'Darwin' imported from /Users/admin/builder/spi-builder-workspace/Sources/CSQLCipher/sqlite3.c:26825:
/Applications/Xcode-16.3.0.app/Contents/Developer/Platforms/WatchOS.platform/Developer/SDKs/WatchOS11.4.sdk/usr/include/sys/param.h:218:9: note: expanding this definition of 'MAX'
  218 | #define MAX(a, b) (((a)>(b))?(a):(b))
      |         ^
/Users/admin/builder/spi-builder-workspace/Sources/CSQLCipher/sqlite3.c:14915:10: note: other definition of 'MAX'
 14915 | # define MAX(A,B) ((A)>(B)?(A):(B))
       |          ^
/Users/admin/builder/spi-builder-workspace/Sources/CSQLCipher/sqlite3.c:105657:21: warning: ambiguous expansion of macro 'MIN' [-Wambiguous-macro]
 105657 |           nReader = MIN(pTask->nPMA - i, SORTER_MAX_MERGE_COUNT);
        |                     ^
In module 'Darwin' imported from /Users/admin/builder/spi-builder-workspace/Sources/CSQLCipher/sqlite3.c:26825:
/Applications/Xcode-16.3.0.app/Contents/Developer/Platforms/WatchOS.platform/Developer/SDKs/WatchOS11.4.sdk/usr/include/sys/param.h:215:9: note: expanding this definition of 'MIN'
  215 | #define MIN(a, b) (((a)<(b))?(a):(b))
      |         ^
/Users/admin/builder/spi-builder-workspace/Sources/CSQLCipher/sqlite3.c:14912:10: note: other definition of 'MIN'
 14912 | # define MIN(A,B) ((A)<(B)?(A):(B))
       |          ^
/Users/admin/builder/spi-builder-workspace/Sources/CSQLCipher/sqlite3.c:106534:17: warning: ambiguous expansion of macro 'MIN' [-Wambiguous-macro]
 106534 |     int nCopy = MIN(nRead, (p->nChunkSize - iChunkOffset));
        |                 ^
In module 'Darwin' imported from /Users/admin/builder/spi-builder-workspace/Sources/CSQLCipher/sqlite3.c:26825:
/Applications/Xcode-16.3.0.app/Contents/Developer/Platforms/WatchOS.platform/Developer/SDKs/WatchOS11.4.sdk/usr/include/sys/param.h:215:9: note: expanding this definition of 'MIN'
  215 | #define MIN(a, b) (((a)<(b))?(a):(b))
      |         ^
/Users/admin/builder/spi-builder-workspace/Sources/CSQLCipher/sqlite3.c:14912:10: note: other definition of 'MIN'
 14912 | # define MIN(A,B) ((A)<(B)?(A):(B))
       |          ^
/Users/admin/builder/spi-builder-workspace/Sources/CSQLCipher/sqlite3.c:106641:22: warning: ambiguous expansion of macro 'MIN' [-Wambiguous-macro]
 106641 |         int iSpace = MIN(nWrite, p->nChunkSize - iChunkOffset);
        |                      ^
In module 'Darwin' imported from /Users/admin/builder/spi-builder-workspace/Sources/CSQLCipher/sqlite3.c:26825:
/Applications/Xcode-16.3.0.app/Contents/Developer/Platforms/WatchOS.platform/Developer/SDKs/WatchOS11.4.sdk/usr/include/sys/param.h:215:9: note: expanding this definition of 'MIN'
  215 | #define MIN(a, b) (((a)<(b))?(a):(b))
      |         ^
/Users/admin/builder/spi-builder-workspace/Sources/CSQLCipher/sqlite3.c:14912:10: note: other definition of 'MIN'
 14912 | # define MIN(A,B) ((A)<(B)?(A):(B))
       |          ^
/Users/admin/builder/spi-builder-workspace/Sources/CSQLCipher/sqlite3.c:106855:10: warning: ambiguous expansion of macro 'MAX' [-Wambiguous-macro]
 106855 |   return MAX(pVfs->szOsFile, (int)sizeof(MemJournal));
        |          ^
In module 'Darwin' imported from /Users/admin/builder/spi-builder-workspace/Sources/CSQLCipher/sqlite3.c:26825:
/Applications/Xcode-16.3.0.app/Contents/Developer/Platforms/WatchOS.platform/Developer/SDKs/WatchOS11.4.sdk/usr/include/sys/param.h:218:9: note: expanding this definition of 'MAX'
  218 | #define MAX(a, b) (((a)>(b))?(a):(b))
      |         ^
/Users/admin/builder/spi-builder-workspace/Sources/CSQLCipher/sqlite3.c:14915:10: note: other definition of 'MAX'
 14915 | # define MAX(A,B) ((A)>(B)?(A):(B))
       |          ^
/Users/admin/builder/spi-builder-workspace/Sources/CSQLCipher/sqlite3.c:124588:18: warning: ambiguous expansion of macro 'MAX' [-Wambiguous-macro]
 124588 |   pParse->nTab = MAX(pParse->nTab, iTab);
        |                  ^
In module 'Darwin' imported from /Users/admin/builder/spi-builder-workspace/Sources/CSQLCipher/sqlite3.c:26825:
/Applications/Xcode-16.3.0.app/Contents/Developer/Platforms/WatchOS.platform/Developer/SDKs/WatchOS11.4.sdk/usr/include/sys/param.h:218:9: note: expanding this definition of 'MAX'
  218 | #define MAX(a, b) (((a)>(b))?(a):(b))
      |         ^
/Users/admin/builder/spi-builder-workspace/Sources/CSQLCipher/sqlite3.c:14915:10: note: other definition of 'MAX'
 14915 | # define MAX(A,B) ((A)>(B)?(A):(B))
       |          ^
/Users/admin/builder/spi-builder-workspace/Sources/CSQLCipher/sqlite3.c:131021:15: warning: ambiguous expansion of macro 'MIN' [-Wambiguous-macro]
 131021 |   int nCopy = MIN(ArraySize(aVal), pIdx->nKeyCol);
        |               ^
In module 'Darwin' imported from /Users/admin/builder/spi-builder-workspace/Sources/CSQLCipher/sqlite3.c:26825:
/Applications/Xcode-16.3.0.app/Contents/Developer/Platforms/WatchOS.platform/Developer/SDKs/WatchOS11.4.sdk/usr/include/sys/param.h:215:9: note: expanding this definition of 'MIN'
  215 | #define MIN(a, b) (((a)<(b))?(a):(b))
      |         ^
/Users/admin/builder/spi-builder-workspace/Sources/CSQLCipher/sqlite3.c:14912:10: note: other definition of 'MIN'
 14912 | # define MIN(A,B) ((A)<(B)?(A):(B))
       |          ^
/Users/admin/builder/spi-builder-workspace/Sources/CSQLCipher/sqlite3.c:163316:67: warning: ambiguous expansion of macro 'MAX' [-Wambiguous-macro]
 163316 |         aiMap = (int*)sqlite3DbMallocZero(pParse->db, sizeof(int)*MAX(nEq,n));
        |                                                                   ^
In module 'Darwin' imported from /Users/admin/builder/spi-builder-workspace/Sources/CSQLCipher/sqlite3.c:26825:
/Applications/Xcode-16.3.0.app/Contents/Developer/Platforms/WatchOS.platform/Developer/SDKs/WatchOS11.4.sdk/usr/include/sys/param.h:218:9: note: expanding this definition of 'MAX'
  218 | #define MAX(a, b) (((a)>(b))?(a):(b))
      |         ^
/Users/admin/builder/spi-builder-workspace/Sources/CSQLCipher/sqlite3.c:14915:10: note: other definition of 'MAX'
 14915 | # define MAX(A,B) ((A)>(B)?(A):(B))
       |          ^
/Users/admin/builder/spi-builder-workspace/Sources/CSQLCipher/sqlite3.c:164459:19: warning: ambiguous expansion of macro 'MAX' [-Wambiguous-macro]
 164459 |       nExtraReg = MAX(nExtraReg, pLoop->u.btree.nBtm);
        |                   ^
In module 'Darwin' imported from /Users/admin/builder/spi-builder-workspace/Sources/CSQLCipher/sqlite3.c:26825:
/Applications/Xcode-16.3.0.app/Contents/Developer/Platforms/WatchOS.platform/Developer/SDKs/WatchOS11.4.sdk/usr/include/sys/param.h:218:9: note: expanding this definition of 'MAX'
  218 | #define MAX(a, b) (((a)>(b))?(a):(b))
      |         ^
/Users/admin/builder/spi-builder-workspace/Sources/CSQLCipher/sqlite3.c:14915:10: note: other definition of 'MAX'
 14915 | # define MAX(A,B) ((A)>(B)?(A):(B))
       |          ^
/Users/admin/builder/spi-builder-workspace/Sources/CSQLCipher/sqlite3.c:164466:19: warning: ambiguous expansion of macro 'MAX' [-Wambiguous-macro]
 164466 |       nExtraReg = MAX(nExtraReg, pLoop->u.btree.nTop);
        |                   ^
In module 'Darwin' imported from /Users/admin/builder/spi-builder-workspace/Sources/CSQLCipher/sqlite3.c:26825:
/Applications/Xcode-16.3.0.app/Contents/Developer/Platforms/WatchOS.platform/Developer/SDKs/WatchOS11.4.sdk/usr/include/sys/param.h:218:9: note: expanding this definition of 'MAX'
  218 | #define MAX(a, b) (((a)>(b))?(a):(b))
      |         ^
/Users/admin/builder/spi-builder-workspace/Sources/CSQLCipher/sqlite3.c:14915:10: note: other definition of 'MAX'
 14915 | # define MAX(A,B) ((A)>(B)?(A):(B))
       |          ^
/Users/admin/builder/spi-builder-workspace/Sources/CSQLCipher/sqlite3.c:168401:14: warning: ambiguous expansion of macro 'MIN' [-Wambiguous-macro]
 168401 |   mxBitCol = MIN(BMS-1,pTable->nCol);
        |              ^
In module 'Darwin' imported from /Users/admin/builder/spi-builder-workspace/Sources/CSQLCipher/sqlite3.c:26825:
/Applications/Xcode-16.3.0.app/Contents/Developer/Platforms/WatchOS.platform/Developer/SDKs/WatchOS11.4.sdk/usr/include/sys/param.h:215:9: note: expanding this definition of 'MIN'
  215 | #define MIN(a, b) (((a)<(b))?(a):(b))
      |         ^
/Users/admin/builder/spi-builder-workspace/Sources/CSQLCipher/sqlite3.c:14912:10: note: other definition of 'MIN'
 14912 | # define MIN(A,B) ((A)<(B)?(A):(B))
       |          ^
/Users/admin/builder/spi-builder-workspace/Sources/CSQLCipher/sqlite3.c:169933:25: warning: ambiguous expansion of macro 'MIN' [-Wambiguous-macro]
 169933 |       pTemplate->rRun = MIN(p->rRun, pTemplate->rRun);
        |                         ^
In module 'Darwin' imported from /Users/admin/builder/spi-builder-workspace/Sources/CSQLCipher/sqlite3.c:26825:
/Applications/Xcode-16.3.0.app/Contents/Developer/Platforms/WatchOS.platform/Developer/SDKs/WatchOS11.4.sdk/usr/include/sys/param.h:215:9: note: expanding this definition of 'MIN'
  215 | #define MIN(a, b) (((a)<(b))?(a):(b))
      |         ^
/Users/admin/builder/spi-builder-workspace/Sources/CSQLCipher/sqlite3.c:14912:10: note: other definition of 'MIN'
 14912 | # define MIN(A,B) ((A)<(B)?(A):(B))
       |          ^
/Users/admin/builder/spi-builder-workspace/Sources/CSQLCipher/sqlite3.c:169934:25: warning: ambiguous expansion of macro 'MIN' [-Wambiguous-macro]
 169934 |       pTemplate->nOut = MIN(p->nOut - 1, pTemplate->nOut);
        |                         ^
In module 'Darwin' imported from /Users/admin/builder/spi-builder-workspace/Sources/CSQLCipher/sqlite3.c:26825:
/Applications/Xcode-16.3.0.app/Contents/Developer/Platforms/WatchOS.platform/Developer/SDKs/WatchOS11.4.sdk/usr/include/sys/param.h:215:9: note: expanding this definition of 'MIN'
  215 | #define MIN(a, b) (((a)<(b))?(a):(b))
      |         ^
/Users/admin/builder/spi-builder-workspace/Sources/CSQLCipher/sqlite3.c:14912:10: note: other definition of 'MIN'
 14912 | # define MIN(A,B) ((A)<(B)?(A):(B))
       |          ^
/Users/admin/builder/spi-builder-workspace/Sources/CSQLCipher/sqlite3.c:169942:25: warning: ambiguous expansion of macro 'MAX' [-Wambiguous-macro]
 169942 |       pTemplate->rRun = MAX(p->rRun, pTemplate->rRun);
        |                         ^
In module 'Darwin' imported from /Users/admin/builder/spi-builder-workspace/Sources/CSQLCipher/sqlite3.c:26825:
/Applications/Xcode-16.3.0.app/Contents/Developer/Platforms/WatchOS.platform/Developer/SDKs/WatchOS11.4.sdk/usr/include/sys/param.h:218:9: note: expanding this definition of 'MAX'
  218 | #define MAX(a, b) (((a)>(b))?(a):(b))
      |         ^
/Users/admin/builder/spi-builder-workspace/Sources/CSQLCipher/sqlite3.c:14915:10: note: other definition of 'MAX'
 14915 | # define MAX(A,B) ((A)>(B)?(A):(B))
       |          ^
/Users/admin/builder/spi-builder-workspace/Sources/CSQLCipher/sqlite3.c:169943:25: warning: ambiguous expansion of macro 'MAX' [-Wambiguous-macro]
 169943 |       pTemplate->nOut = MAX(p->nOut + 1, pTemplate->nOut);
        |                         ^
In module 'Darwin' imported from /Users/admin/builder/spi-builder-workspace/Sources/CSQLCipher/sqlite3.c:26825:
/Applications/Xcode-16.3.0.app/Contents/Developer/Platforms/WatchOS.platform/Developer/SDKs/WatchOS11.4.sdk/usr/include/sys/param.h:218:9: note: expanding this definition of 'MAX'
  218 | #define MAX(a, b) (((a)>(b))?(a):(b))
      |         ^
/Users/admin/builder/spi-builder-workspace/Sources/CSQLCipher/sqlite3.c:14915:10: note: other definition of 'MAX'
 14915 | # define MAX(A,B) ((A)>(B)?(A):(B))
       |          ^
/Users/admin/builder/spi-builder-workspace/Sources/CSQLCipher/sqlite3.c:170287:10: warning: ambiguous expansion of macro 'MIN' [-Wambiguous-macro]
 170287 |   nCmp = MIN(nCmp, (pIdx->nColumn - nEq));
        |          ^
In module 'Darwin' imported from /Users/admin/builder/spi-builder-workspace/Sources/CSQLCipher/sqlite3.c:26825:
/Applications/Xcode-16.3.0.app/Contents/Developer/Platforms/WatchOS.platform/Developer/SDKs/WatchOS11.4.sdk/usr/include/sys/param.h:215:9: note: expanding this definition of 'MIN'
  215 | #define MIN(a, b) (((a)<(b))?(a):(b))
      |         ^
/Users/admin/builder/spi-builder-workspace/Sources/CSQLCipher/sqlite3.c:14912:10: note: other definition of 'MIN'
 14912 | # define MIN(A,B) ((A)<(B)?(A):(B))
       |          ^
/Users/admin/builder/spi-builder-workspace/Sources/CSQLCipher/sqlite3.c:172662:19: warning: ambiguous expansion of macro 'MIN' [-Wambiguous-macro]
 172662 |   aFrom[0].nRow = MIN(pParse->nQueryLoop, 48);  assert( 48==sqlite3LogEst(28) );
        |                   ^
In module 'Darwin' imported from /Users/admin/builder/spi-builder-workspace/Sources/CSQLCipher/sqlite3.c:26825:
/Applications/Xcode-16.3.0.app/Contents/Developer/Platforms/WatchOS.platform/Developer/SDKs/WatchOS11.4.sdk/usr/include/sys/param.h:215:9: note: expanding this definition of 'MIN'
  215 | #define MIN(a, b) (((a)<(b))?(a):(b))
      |         ^
/Users/admin/builder/spi-builder-workspace/Sources/CSQLCipher/sqlite3.c:14912:10: note: other definition of 'MIN'
 14912 | # define MIN(A,B) ((A)<(B)?(A):(B))
       |          ^
/Users/admin/builder/spi-builder-workspace/Sources/CSQLCipher/sqlite3.c:176598:12: warning: ambiguous expansion of macro 'MAX' [-Wambiguous-macro]
 176598 |     nArg = MAX(nArg, windowArgCount(pWin));
        |            ^
In module 'Darwin' imported from /Users/admin/builder/spi-builder-workspace/Sources/CSQLCipher/sqlite3.c:26825:
/Applications/Xcode-16.3.0.app/Contents/Developer/Platforms/WatchOS.platform/Developer/SDKs/WatchOS11.4.sdk/usr/include/sys/param.h:218:9: note: expanding this definition of 'MAX'
  218 | #define MAX(a, b) (((a)>(b))?(a):(b))
      |         ^
/Users/admin/builder/spi-builder-workspace/Sources/CSQLCipher/sqlite3.c:14915:10: note: other definition of 'MAX'
 14915 | # define MAX(A,B) ((A)>(B)?(A):(B))
       |          ^
/Users/admin/builder/spi-builder-workspace/Sources/CSQLCipher/sqlite3.c:203024:11: warning: ambiguous expansion of macro 'MIN' [-Wambiguous-macro]
 203024 |   nRead = MIN(pReader->nNode - pReader->nPopulate, FTS3_NODE_CHUNKSIZE);
        |           ^
In module 'Darwin' imported from /Users/admin/builder/spi-builder-workspace/Sources/CSQLCipher/sqlite3.c:26825:
/Applications/Xcode-16.3.0.app/Contents/Developer/Platforms/WatchOS.platform/Developer/SDKs/WatchOS11.4.sdk/usr/include/sys/param.h:215:9: note: expanding this definition of 'MIN'
  215 | #define MIN(a, b) (((a)<(b))?(a):(b))
      |         ^
/Users/admin/builder/spi-builder-workspace/Sources/CSQLCipher/sqlite3.c:14912:10: note: other definition of 'MIN'
 14912 | # define MIN(A,B) ((A)<(B)?(A):(B))
       |          ^
/Users/admin/builder/spi-builder-workspace/Sources/CSQLCipher/sqlite3.c:205963:14: warning: ambiguous expansion of macro 'MIN' [-Wambiguous-macro]
 205963 |   int nCmp = MIN(nLhs, nRhs);
        |              ^
In module 'Darwin' imported from /Users/admin/builder/spi-builder-workspace/Sources/CSQLCipher/sqlite3.c:26825:
/Applications/Xcode-16.3.0.app/Contents/Developer/Platforms/WatchOS.platform/Developer/SDKs/WatchOS11.4.sdk/usr/include/sys/param.h:215:9: note: expanding this definition of 'MIN'
  215 | #define MIN(a, b) (((a)<(b))?(a):(b))
      |         ^
/Users/admin/builder/spi-builder-workspace/Sources/CSQLCipher/sqlite3.c:14912:10: note: other definition of 'MIN'
 14912 | # define MIN(A,B) ((A)<(B)?(A):(B))
       |          ^
/Users/admin/builder/spi-builder-workspace/Sources/CSQLCipher/sqlite3.c:206111:11: warning: ambiguous expansion of macro 'MAX' [-Wambiguous-macro]
 206111 |           MAX(nRoot, p->nNodeSize)+FTS3_NODE_PADDING, &rc
        |           ^
In module 'Darwin' imported from /Users/admin/builder/spi-builder-workspace/Sources/CSQLCipher/sqlite3.c:26825:
/Applications/Xcode-16.3.0.app/Contents/Developer/Platforms/WatchOS.platform/Developer/SDKs/WatchOS11.4.sdk/usr/include/sys/param.h:218:9: note: expanding this definition of 'MAX'
  218 | #define MAX(a, b) (((a)>(b))?(a):(b))
      |         ^
/Users/admin/builder/spi-builder-workspace/Sources/CSQLCipher/sqlite3.c:14915:10: note: other definition of 'MAX'
 14915 | # define MAX(A,B) ((A)>(B)?(A):(B))
       |          ^
/Users/admin/builder/spi-builder-workspace/Sources/CSQLCipher/sqlite3.c:206141:19: warning: ambiguous expansion of macro 'MAX' [-Wambiguous-macro]
 206141 |                   MAX(nBlock, p->nNodeSize)+FTS3_NODE_PADDING, &rc
        |                   ^
In module 'Darwin' imported from /Users/admin/builder/spi-builder-workspace/Sources/CSQLCipher/sqlite3.c:26825:
/Applications/Xcode-16.3.0.app/Contents/Developer/Platforms/WatchOS.platform/Developer/SDKs/WatchOS11.4.sdk/usr/include/sys/param.h:218:9: note: expanding this definition of 'MAX'
  218 | #define MAX(a, b) (((a)>(b))?(a):(b))
      |         ^
/Users/admin/builder/spi-builder-workspace/Sources/CSQLCipher/sqlite3.c:14915:10: note: other definition of 'MAX'
 14915 | # define MAX(A,B) ((A)>(B)?(A):(B))
       |          ^
/Users/admin/builder/spi-builder-workspace/Sources/CSQLCipher/sqlite3.c:206719:37: warning: ambiguous expansion of macro 'MAX' [-Wambiguous-macro]
 206719 |     sqlite3_bind_int(pFindLevel, 1, MAX(2, nMin));
        |                                     ^
In module 'Darwin' imported from /Users/admin/builder/spi-builder-workspace/Sources/CSQLCipher/sqlite3.c:26825:
/Applications/Xcode-16.3.0.app/Contents/Developer/Platforms/WatchOS.platform/Developer/SDKs/WatchOS11.4.sdk/usr/include/sys/param.h:218:9: note: expanding this definition of 'MAX'
  218 | #define MAX(a, b) (((a)>(b))?(a):(b))
      |         ^
/Users/admin/builder/spi-builder-workspace/Sources/CSQLCipher/sqlite3.c:14915:10: note: other definition of 'MAX'
 14915 | # define MAX(A,B) ((A)>(B)?(A):(B))
       |          ^
/Users/admin/builder/spi-builder-workspace/Sources/CSQLCipher/sqlite3.c:206748:16: warning: ambiguous expansion of macro 'MIN' [-Wambiguous-macro]
 206748 |         nSeg = MIN(MAX(nMin,nSeg), nHintSeg);
        |                ^
In module 'Darwin' imported from /Users/admin/builder/spi-builder-workspace/Sources/CSQLCipher/sqlite3.c:26825:
/Applications/Xcode-16.3.0.app/Contents/Developer/Platforms/WatchOS.platform/Developer/SDKs/WatchOS11.4.sdk/usr/include/sys/param.h:215:9: note: expanding this definition of 'MIN'
  215 | #define MIN(a, b) (((a)<(b))?(a):(b))
      |         ^
/Users/admin/builder/spi-builder-workspace/Sources/CSQLCipher/sqlite3.c:14912:10: note: other definition of 'MIN'
 14912 | # define MIN(A,B) ((A)<(B)?(A):(B))
       |          ^
/Users/admin/builder/spi-builder-workspace/Sources/CSQLCipher/sqlite3.c:206748:20: warning: ambiguous expansion of macro 'MAX' [-Wambiguous-macro]
 206748 |         nSeg = MIN(MAX(nMin,nSeg), nHintSeg);
        |                    ^
In module 'Darwin' imported from /Users/admin/builder/spi-builder-workspace/Sources/CSQLCipher/sqlite3.c:26825:
/Applications/Xcode-16.3.0.app/Contents/Developer/Platforms/WatchOS.platform/Developer/SDKs/WatchOS11.4.sdk/usr/include/sys/param.h:218:9: note: expanding this definition of 'MAX'
  218 | #define MAX(a, b) (((a)>(b))?(a):(b))
      |         ^
/Users/admin/builder/spi-builder-workspace/Sources/CSQLCipher/sqlite3.c:14915:10: note: other definition of 'MAX'
 14915 | # define MAX(A,B) ((A)>(B)?(A):(B))
       |          ^
/Users/admin/builder/spi-builder-workspace/Sources/CSQLCipher/sqlite3.c:217761:26: warning: ambiguous expansion of macro 'MIN' [-Wambiguous-macro]
 217761 |       p1->aCoord[ii].f = MIN(p1->aCoord[ii].f, p2->aCoord[ii].f);
        |                          ^
In module 'Darwin' imported from /Users/admin/builder/spi-builder-workspace/Sources/CSQLCipher/sqlite3.c:26825:
/Applications/Xcode-16.3.0.app/Contents/Developer/Platforms/WatchOS.platform/Developer/SDKs/WatchOS11.4.sdk/usr/include/sys/param.h:215:9: note: expanding this definition of 'MIN'
  215 | #define MIN(a, b) (((a)<(b))?(a):(b))
      |         ^
/Users/admin/builder/spi-builder-workspace/Sources/CSQLCipher/sqlite3.c:14912:10: note: other definition of 'MIN'
 14912 | # define MIN(A,B) ((A)<(B)?(A):(B))
       |          ^
/Users/admin/builder/spi-builder-workspace/Sources/CSQLCipher/sqlite3.c:217762:28: warning: ambiguous expansion of macro 'MAX' [-Wambiguous-macro]
 217762 |       p1->aCoord[ii+1].f = MAX(p1->aCoord[ii+1].f, p2->aCoord[ii+1].f);
        |                            ^
In module 'Darwin' imported from /Users/admin/builder/spi-builder-workspace/Sources/CSQLCipher/sqlite3.c:26825:
/Applications/Xcode-16.3.0.app/Contents/Developer/Platforms/WatchOS.platform/Developer/SDKs/WatchOS11.4.sdk/usr/include/sys/param.h:218:9: note: expanding this definition of 'MAX'
  218 | #define MAX(a, b) (((a)>(b))?(a):(b))
      |         ^
/Users/admin/builder/spi-builder-workspace/Sources/CSQLCipher/sqlite3.c:14915:10: note: other definition of 'MAX'
 14915 | # define MAX(A,B) ((A)>(B)?(A):(B))
       |          ^
/Users/admin/builder/spi-builder-workspace/Sources/CSQLCipher/sqlite3.c:217767:26: warning: ambiguous expansion of macro 'MIN' [-Wambiguous-macro]
 217767 |       p1->aCoord[ii].i = MIN(p1->aCoord[ii].i, p2->aCoord[ii].i);
        |                          ^
In module 'Darwin' imported from /Users/admin/builder/spi-builder-workspace/Sources/CSQLCipher/sqlite3.c:26825:
/Applications/Xcode-16.3.0.app/Contents/Developer/Platforms/WatchOS.platform/Developer/SDKs/WatchOS11.4.sdk/usr/include/sys/param.h:215:9: note: expanding this definition of 'MIN'
  215 | #define MIN(a, b) (((a)<(b))?(a):(b))
      |         ^
/Users/admin/builder/spi-builder-workspace/Sources/CSQLCipher/sqlite3.c:14912:10: note: other definition of 'MIN'
 14912 | # define MIN(A,B) ((A)<(B)?(A):(B))
       |          ^
/Users/admin/builder/spi-builder-workspace/Sources/CSQLCipher/sqlite3.c:217768:28: warning: ambiguous expansion of macro 'MAX' [-Wambiguous-macro]
 217768 |       p1->aCoord[ii+1].i = MAX(p1->aCoord[ii+1].i, p2->aCoord[ii+1].i);
        |                            ^
In module 'Darwin' imported from /Users/admin/builder/spi-builder-workspace/Sources/CSQLCipher/sqlite3.c:26825:
/Applications/Xcode-16.3.0.app/Contents/Developer/Platforms/WatchOS.platform/Developer/SDKs/WatchOS11.4.sdk/usr/include/sys/param.h:218:9: note: expanding this definition of 'MAX'
  218 | #define MAX(a, b) (((a)>(b))?(a):(b))
      |         ^
/Users/admin/builder/spi-builder-workspace/Sources/CSQLCipher/sqlite3.c:14915:10: note: other definition of 'MAX'
 14915 | # define MAX(A,B) ((A)>(B)?(A):(B))
       |          ^
/Users/admin/builder/spi-builder-workspace/Sources/CSQLCipher/sqlite3.c:217809:12: warning: ambiguous expansion of macro 'MAX' [-Wambiguous-macro]
 217809 |       x1 = MAX(DCOORD(p->aCoord[jj]), DCOORD(aCell[ii].aCoord[jj]));
        |            ^
In module 'Darwin' imported from /Users/admin/builder/spi-builder-workspace/Sources/CSQLCipher/sqlite3.c:26825:
/Applications/Xcode-16.3.0.app/Contents/Developer/Platforms/WatchOS.platform/Developer/SDKs/WatchOS11.4.sdk/usr/include/sys/param.h:218:9: note: expanding this definition of 'MAX'
  218 | #define MAX(a, b) (((a)>(b))?(a):(b))
      |         ^
/Users/admin/builder/spi-builder-workspace/Sources/CSQLCipher/sqlite3.c:14915:10: note: other definition of 'MAX'
 14915 | # define MAX(A,B) ((A)>(B)?(A):(B))
       |          ^
/Users/admin/builder/spi-builder-workspace/Sources/CSQLCipher/sqlite3.c:217810:12: warning: ambiguous expansion of macro 'MIN' [-Wambiguous-macro]
 217810 |       x2 = MIN(DCOORD(p->aCoord[jj+1]), DCOORD(aCell[ii].aCoord[jj+1]));
        |            ^
In module 'Darwin' imported from /Users/admin/builder/spi-builder-workspace/Sources/CSQLCipher/sqlite3.c:26825:
/Applications/Xcode-16.3.0.app/Contents/Developer/Platforms/WatchOS.platform/Developer/SDKs/WatchOS11.4.sdk/usr/include/sys/param.h:215:9: note: expanding this definition of 'MIN'
  215 | #define MIN(a, b) (((a)<(b))?(a):(b))
      |         ^
/Users/admin/builder/spi-builder-workspace/Sources/CSQLCipher/sqlite3.c:14912:10: note: other definition of 'MIN'
 14912 | # define MIN(A,B) ((A)<(B)?(A):(B))
       |          ^
/Users/admin/builder/spi-builder-workspace/Sources/CSQLCipher/sqlite3.c:218930:21: warning: ambiguous expansion of macro 'MAX' [-Wambiguous-macro]
 218930 |   pRtree->nRowEst = MAX(nRow, RTREE_MIN_ROWEST);
        |                     ^
In module 'Darwin' imported from /Users/admin/builder/spi-builder-workspace/Sources/CSQLCipher/sqlite3.c:26825:
/Applications/Xcode-16.3.0.app/Contents/Developer/Platforms/WatchOS.platform/Developer/SDKs/WatchOS11.4.sdk/usr/include/sys/param.h:218:9: note: expanding this definition of 'MAX'
  218 | #define MAX(a, b) (((a)>(b))?(a):(b))
      |         ^
/Users/admin/builder/spi-builder-workspace/Sources/CSQLCipher/sqlite3.c:14915:10: note: other definition of 'MAX'
 14915 | # define MAX(A,B) ((A)>(B)?(A):(B))
       |          ^
/Users/admin/builder/spi-builder-workspace/Sources/CSQLCipher/sqlite3.c:244237:18: warning: ambiguous expansion of macro 'MAX' [-Wambiguous-macro]
 244237 |     p->iHeight = MAX(p->iHeight, p->apChild[ii]->iHeight + 1);
        |                  ^
In module 'Darwin' imported from /Users/admin/builder/spi-builder-workspace/Sources/CSQLCipher/sqlite3.c:26825:
/Applications/Xcode-16.3.0.app/Contents/Developer/Platforms/WatchOS.platform/Developer/SDKs/WatchOS11.4.sdk/usr/include/sys/param.h:218:9: note: expanding this definition of 'MAX'
  218 | #define MAX(a, b) (((a)>(b))?(a):(b))
      |         ^
/Users/admin/builder/spi-builder-workspace/Sources/CSQLCipher/sqlite3.c:14915:10: note: other definition of 'MAX'
 14915 | # define MAX(A,B) ((A)>(B)?(A):(B))
       |          ^
/Users/admin/builder/spi-builder-workspace/Sources/CSQLCipher/sqlite3.c:245641:18: warning: ambiguous expansion of macro 'MIN' [-Wambiguous-macro]
 245641 |       int nMin = MIN(p1->nKey, p2->nKey);
        |                  ^
In module 'Darwin' imported from /Users/admin/builder/spi-builder-workspace/Sources/CSQLCipher/sqlite3.c:26825:
/Applications/Xcode-16.3.0.app/Contents/Developer/Platforms/WatchOS.platform/Developer/SDKs/WatchOS11.4.sdk/usr/include/sys/param.h:215:9: note: expanding this definition of 'MIN'
  215 | #define MIN(a, b) (((a)<(b))?(a):(b))
      |         ^
/Users/admin/builder/spi-builder-workspace/Sources/CSQLCipher/sqlite3.c:14912:10: note: other definition of 'MIN'
 14912 | # define MIN(A,B) ((A)<(B)?(A):(B))
       |          ^
/Users/admin/builder/spi-builder-workspace/Sources/CSQLCipher/sqlite3.c:246580:10: warning: ambiguous expansion of macro 'MIN' [-Wambiguous-macro]
 246580 |   nCmp = MIN(pLeft->n, pRight->n);
        |          ^
In module 'Darwin' imported from /Users/admin/builder/spi-builder-workspace/Sources/CSQLCipher/sqlite3.c:26825:
/Applications/Xcode-16.3.0.app/Contents/Developer/Platforms/WatchOS.platform/Developer/SDKs/WatchOS11.4.sdk/usr/include/sys/param.h:215:9: note: expanding this definition of 'MIN'
  215 | #define MIN(a, b) (((a)<(b))?(a):(b))
      |         ^
/Users/admin/builder/spi-builder-workspace/Sources/CSQLCipher/sqlite3.c:14912:10: note: other definition of 'MIN'
 14912 | # define MIN(A,B) ((A)<(B)?(A):(B))
       |          ^
/Users/admin/builder/spi-builder-workspace/Sources/CSQLCipher/sqlite3.c:246957:27: warning: ambiguous expansion of macro 'MAX' [-Wambiguous-macro]
 246957 |             nOriginCntr = MAX(nOriginCntr, pSeg->iOrigin2);
        |                           ^
In module 'Darwin' imported from /Users/admin/builder/spi-builder-workspace/Sources/CSQLCipher/sqlite3.c:26825:
/Applications/Xcode-16.3.0.app/Contents/Developer/Platforms/WatchOS.platform/Developer/SDKs/WatchOS11.4.sdk/usr/include/sys/param.h:218:9: note: expanding this definition of 'MAX'
  218 | #define MAX(a, b) (((a)>(b))?(a):(b))
      |         ^
/Users/admin/builder/spi-builder-workspace/Sources/CSQLCipher/sqlite3.c:14915:10: note: other definition of 'MAX'
 14915 | # define MAX(A,B) ((A)>(B)?(A):(B))
       |          ^
/Users/admin/builder/spi-builder-workspace/Sources/CSQLCipher/sqlite3.c:247645:18: warning: ambiguous expansion of macro 'MIN' [-Wambiguous-macro]
 247645 |       int iEod = MIN(pIter->iEndofDoclist, pIter->pLeaf->szLeaf);
        |                  ^
In module 'Darwin' imported from /Users/admin/builder/spi-builder-workspace/Sources/CSQLCipher/sqlite3.c:26825:
/Applications/Xcode-16.3.0.app/Contents/Developer/Platforms/WatchOS.platform/Developer/SDKs/WatchOS11.4.sdk/usr/include/sys/param.h:215:9: note: expanding this definition of 'MIN'
  215 | #define MIN(a, b) (((a)<(b))?(a):(b))
      |         ^
/Users/admin/builder/spi-builder-workspace/Sources/CSQLCipher/sqlite3.c:14912:10: note: other definition of 'MIN'
 14912 | # define MIN(A,B) ((A)<(B)?(A):(B))
       |          ^
/Users/admin/builder/spi-builder-workspace/Sources/CSQLCipher/sqlite3.c:248343:19: warning: ambiguous expansion of macro 'MIN' [-Wambiguous-macro]
 248343 |       nCmp = (u32)MIN(nNew, nTerm-nMatch);
        |                   ^
In module 'Darwin' imported from /Users/admin/builder/spi-builder-workspace/Sources/CSQLCipher/sqlite3.c:26825:
/Applications/Xcode-16.3.0.app/Contents/Developer/Platforms/WatchOS.platform/Developer/SDKs/WatchOS11.4.sdk/usr/include/sys/param.h:215:9: note: expanding this definition of 'MIN'
  215 | #define MIN(a, b) (((a)<(b))?(a):(b))
      |         ^
/Users/admin/builder/spi-builder-workspace/Sources/CSQLCipher/sqlite3.c:14912:10: note: other definition of 'MIN'
 14912 | # define MIN(A,B) ((A)<(B)?(A):(B))
       |          ^
/Users/admin/builder/spi-builder-workspace/Sources/CSQLCipher/sqlite3.c:249349:16: warning: ambiguous expansion of macro 'MIN' [-Wambiguous-macro]
 249349 |   int nChunk = MIN(nRem, pSeg->pLeaf->szLeaf - pSeg->iLeafOffset);
        |                ^
In module 'Darwin' imported from /Users/admin/builder/spi-builder-workspace/Sources/CSQLCipher/sqlite3.c:26825:
/Applications/Xcode-16.3.0.app/Contents/Developer/Platforms/WatchOS.platform/Developer/SDKs/WatchOS11.4.sdk/usr/include/sys/param.h:215:9: note: expanding this definition of 'MIN'
  215 | #define MIN(a, b) (((a)<(b))?(a):(b))
      |         ^
/Users/admin/builder/spi-builder-workspace/Sources/CSQLCipher/sqlite3.c:14912:10: note: other definition of 'MIN'
 14912 | # define MIN(A,B) ((A)<(B)?(A):(B))
       |          ^
/Users/admin/builder/spi-builder-workspace/Sources/CSQLCipher/sqlite3.c:249374:16: warning: ambiguous expansion of macro 'MIN' [-Wambiguous-macro]
 249374 |       nChunk = MIN(nRem, pData->szLeaf - 4);
        |                ^
In module 'Darwin' imported from /Users/admin/builder/spi-builder-workspace/Sources/CSQLCipher/sqlite3.c:26825:
/Applications/Xcode-16.3.0.app/Contents/Developer/Platforms/WatchOS.platform/Developer/SDKs/WatchOS11.4.sdk/usr/include/sys/param.h:215:9: note: expanding this definition of 'MIN'
  215 | #define MIN(a, b) (((a)<(b))?(a):(b))
      |         ^
/Users/admin/builder/spi-builder-workspace/Sources/CSQLCipher/sqlite3.c:14912:10: note: other definition of 'MIN'
 14912 | # define MIN(A,B) ((A)<(B)?(A):(B))
       |          ^
/Users/admin/builder/spi-builder-workspace/Sources/CSQLCipher/sqlite3.c:249718:14: warning: ambiguous expansion of macro 'MIN' [-Wambiguous-macro]
 249718 |       nSeg = MIN(pStruct->aLevel[iLevel].nSeg, nSegment);
        |              ^
In module 'Darwin' imported from /Users/admin/builder/spi-builder-workspace/Sources/CSQLCipher/sqlite3.c:26825:
/Applications/Xcode-16.3.0.app/Contents/Developer/Platforms/WatchOS.platform/Developer/SDKs/WatchOS11.4.sdk/usr/include/sys/param.h:215:9: note: expanding this definition of 'MIN'
  215 | #define MIN(a, b) (((a)<(b))?(a):(b))
      |         ^
/Users/admin/builder/spi-builder-workspace/Sources/CSQLCipher/sqlite3.c:14912:10: note: other definition of 'MIN'
 14912 | # define MIN(A,B) ((A)<(B)?(A):(B))
       |          ^
/Users/admin/builder/spi-builder-workspace/Sources/CSQLCipher/sqlite3.c:250224:14: warning: ambiguous expansion of macro 'MIN' [-Wambiguous-macro]
 250224 |   int nMin = MIN(pPage->term.n, nTerm);
        |              ^
In module 'Darwin' imported from /Users/admin/builder/spi-builder-workspace/Sources/CSQLCipher/sqlite3.c:26825:
/Applications/Xcode-16.3.0.app/Contents/Developer/Platforms/WatchOS.platform/Developer/SDKs/WatchOS11.4.sdk/usr/include/sys/param.h:215:9: note: expanding this definition of 'MIN'
  215 | #define MIN(a, b) (((a)<(b))?(a):(b))
      |         ^
/Users/admin/builder/spi-builder-workspace/Sources/CSQLCipher/sqlite3.c:14912:10: note: other definition of 'MIN'
 14912 | # define MIN(A,B) ((A)<(B)?(A):(B))
       |          ^
/Users/admin/builder/spi-builder-workspace/Sources/CSQLCipher/sqlite3.c:251163:17: warning: ambiguous expansion of macro 'MIN' [-Wambiguous-macro]
 251163 |       nPrefix = MIN(nPrefix, nPrefix2);
        |                 ^
In module 'Darwin' imported from /Users/admin/builder/spi-builder-workspace/Sources/CSQLCipher/sqlite3.c:26825:
/Applications/Xcode-16.3.0.app/Contents/Developer/Platforms/WatchOS.platform/Developer/SDKs/WatchOS11.4.sdk/usr/include/sys/param.h:215:9: note: expanding this definition of 'MIN'
  215 | #define MIN(a, b) (((a)<(b))?(a):(b))
      |         ^
/Users/admin/builder/spi-builder-workspace/Sources/CSQLCipher/sqlite3.c:14912:10: note: other definition of 'MIN'
 14912 | # define MIN(A,B) ((A)<(B)?(A):(B))
       |          ^
/Users/admin/builder/spi-builder-workspace/Sources/CSQLCipher/sqlite3.c:251579:20: warning: ambiguous expansion of macro 'MIN' [-Wambiguous-macro]
 251579 |     pNew->nLevel = MIN(pStruct->nLevel+1, FTS5_MAX_LEVEL);
        |                    ^
In module 'Darwin' imported from /Users/admin/builder/spi-builder-workspace/Sources/CSQLCipher/sqlite3.c:26825:
/Applications/Xcode-16.3.0.app/Contents/Developer/Platforms/WatchOS.platform/Developer/SDKs/WatchOS11.4.sdk/usr/include/sys/param.h:215:9: note: expanding this definition of 'MIN'
  215 | #define MIN(a, b) (((a)<(b))?(a):(b))
      |         ^
/Users/admin/builder/spi-builder-workspace/Sources/CSQLCipher/sqlite3.c:14912:10: note: other definition of 'MIN'
 14912 | # define MIN(A,B) ((A)<(B)?(A):(B))
       |          ^
/Users/admin/builder/spi-builder-workspace/Sources/CSQLCipher/sqlite3.c:252095:40: warning: ambiguous expansion of macro 'MIN' [-Wambiguous-macro]
 252095 |       assert_nc( memcmp(pToken, pTerm, MIN(nToken, nTerm))<=0 );
        |                                        ^
In module 'Darwin' imported from /Users/admin/builder/spi-builder-workspace/Sources/CSQLCipher/sqlite3.c:26825:
/Applications/Xcode-16.3.0.app/Contents/Developer/Platforms/WatchOS.platform/Developer/SDKs/WatchOS11.4.sdk/usr/include/sys/param.h:215:9: note: expanding this definition of 'MIN'
  215 | #define MIN(a, b) (((a)<(b))?(a):(b))
      |         ^
/Users/admin/builder/spi-builder-workspace/Sources/CSQLCipher/sqlite3.c:14912:10: note: other definition of 'MIN'
 14912 | # define MIN(A,B) ((A)<(B)?(A):(B))
       |          ^
/Users/admin/builder/spi-builder-workspace/Sources/CSQLCipher/sqlite3.c:253343:22: warning: ambiguous expansion of macro 'MAX' [-Wambiguous-macro]
 253343 |   int nSlotPerPage = MAX(MINSLOT, (p->pConfig->pgsz - 8) / szKey);
        |                      ^
In module 'Darwin' imported from /Users/admin/builder/spi-builder-workspace/Sources/CSQLCipher/sqlite3.c:26825:
/Applications/Xcode-16.3.0.app/Contents/Developer/Platforms/WatchOS.platform/Developer/SDKs/WatchOS11.4.sdk/usr/include/sys/param.h:218:9: note: expanding this definition of 'MAX'
  218 | #define MAX(a, b) (((a)>(b))?(a):(b))
      |         ^
/Users/admin/builder/spi-builder-workspace/Sources/CSQLCipher/sqlite3.c:14915:10: note: other definition of 'MAX'
 14915 | # define MAX(A,B) ((A)>(B)?(A):(B))
       |          ^
/Users/admin/builder/spi-builder-workspace/Sources/CSQLCipher/sqlite3.c:253373:13: warning: ambiguous expansion of macro 'MAX' [-Wambiguous-macro]
 253373 |     nSlot = MAX(nElem*4, MINSLOT);
        |             ^
In module 'Darwin' imported from /Users/admin/builder/spi-builder-workspace/Sources/CSQLCipher/sqlite3.c:26825:
/Applications/Xcode-16.3.0.app/Contents/Developer/Platforms/WatchOS.platform/Developer/SDKs/WatchOS11.4.sdk/usr/include/sys/param.h:218:9: note: expanding this definition of 'MAX'
  218 | #define MAX(a, b) (((a)>(b))?(a):(b))
      |         ^
/Users/admin/builder/spi-builder-workspace/Sources/CSQLCipher/sqlite3.c:14915:10: note: other definition of 'MAX'
 14915 | # define MAX(A,B) ((A)>(B)?(A):(B))
       |          ^
/Users/admin/builder/spi-builder-workspace/Sources/CSQLCipher/sqlite3.c:253880:53: warning: ambiguous expansion of macro 'MIN' [-Wambiguous-macro]
 253880 |         res = fts5Memcmp(&pLeaf->p[iOff], zIdxTerm, MIN(nTerm, nIdxTerm));
        |                                                     ^
In module 'Darwin' imported from /Users/admin/builder/spi-builder-workspace/Sources/CSQLCipher/sqlite3.c:26825:
/Applications/Xcode-16.3.0.app/Contents/Developer/Platforms/WatchOS.platform/Developer/SDKs/WatchOS11.4.sdk/usr/include/sys/param.h:215:9: note: expanding this definition of 'MIN'
  215 | #define MIN(a, b) (((a)<(b))?(a):(b))
      |         ^
/Users/admin/builder/spi-builder-workspace/Sources/CSQLCipher/sqlite3.c:14912:10: note: other definition of 'MIN'
 14912 | # define MIN(A,B) ((A)<(B)?(A):(B))
       |          ^
/Users/admin/builder/spi-builder-workspace/Sources/CSQLCipher/sqlite3.c:262248:18: warning: ambiguous expansion of macro 'MIN' [-Wambiguous-macro]
 262248 |       int nCmp = MIN(nTerm, pCsr->nLeTerm);
        |                  ^
In module 'Darwin' imported from /Users/admin/builder/spi-builder-workspace/Sources/CSQLCipher/sqlite3.c:26825:
/Applications/Xcode-16.3.0.app/Contents/Developer/Platforms/WatchOS.platform/Developer/SDKs/WatchOS11.4.sdk/usr/include/sys/param.h:215:9: note: expanding this definition of 'MIN'
  215 | #define MIN(a, b) (((a)<(b))?(a):(b))
      |         ^
/Users/admin/builder/spi-builder-workspace/Sources/CSQLCipher/sqlite3.c:14912:10: note: other definition of 'MIN'
 14912 | # define MIN(A,B) ((A)<(B)?(A):(B))
       |          ^
/Users/admin/builder/spi-builder-workspace/Sources/CSQLCipher/sqlite3.c:262322:20: warning: ambiguous expansion of macro 'MIN' [-Wambiguous-macro]
 262322 |         int nCmp = MIN(nTerm, pCsr->nLeTerm);
        |                    ^
In module 'Darwin' imported from /Users/admin/builder/spi-builder-workspace/Sources/CSQLCipher/sqlite3.c:26825:
/Applications/Xcode-16.3.0.app/Contents/Developer/Platforms/WatchOS.platform/Developer/SDKs/WatchOS11.4.sdk/usr/include/sys/param.h:215:9: note: expanding this definition of 'MIN'
  215 | #define MIN(a, b) (((a)<(b))?(a):(b))
      |         ^
/Users/admin/builder/spi-builder-workspace/Sources/CSQLCipher/sqlite3.c:14912:10: note: other definition of 'MIN'
 14912 | # define MIN(A,B) ((A)<(B)?(A):(B))
       |          ^
Failed frontend command:
/Applications/Xcode-16.3.0.app/Contents/Developer/Toolchains/XcodeDefault.xctoolchain/usr/bin/clang -cc1 -Wundef-prefix\=TARGET_OS_ -fdiagnostics-show-note-include-stack -fmacro-backtrace-limit\=0 -ferror-limit 19 -serialize-diagnostic-file /Users/admin/builder/spi-builder-workspace/.derivedData/Build/Intermediates.noindex/SwiftSQLite.build/Debug-watchos/CSQLCipher.build/Objects-normal/arm64_32/sqlite3.dia -Wdeprecated-objc-isa-usage -Werror\=deprecated-objc-isa-usage -Werror\=implicit-function-declaration -Wnon-modular-include-in-framework-module -Werror\=non-modular-include-in-framework-module -Wno-trigraphs -Wno-missing-field-initializers -Wno-missing-prototypes -Wno-return-type -Wno-missing-braces -Wparentheses -Wswitch -Wno-unused-function -Wno-unused-label -Wno-unused-parameter -Wno-unused-variable -Wunused-value -Wno-empty-body -Wno-uninitialized -Wno-unknown-pragmas -Wno-shadow -Wno-four-char-constants -Wno-conversion -Wno-constant-conversion -Wno-int-conversion -Wno-bool-conversion -Wno-enum-conversion -Wno-float-conversion -Wno-non-literal-null-conversion -Wno-objc-literal-conversion -Wno-shorten-64-to-32 -Wpointer-sign -Wno-newline-eof -Wno-implicit-fallthrough -Wdeprecated-declarations -Wno-sign-conversion -Wno-infinite-recursion -Wno-comma -Wno-block-capture-autoreleasing -Wno-strict-prototypes -Wno-semicolon-before-method-body -Wno-reorder-init-list -Wno-implicit-int-float-conversion -Wno-c99-designator -Wno-final-dtor-non-final-class -Wno-extra-semi-stmt -Wno-misleading-indentation -Wno-quoted-include-in-framework-header -Wno-implicit-fallthrough -Wno-enum-enum-conversion -Wno-enum-float-conversion -Wno-elaborated-enum-base -Wno-reserved-identifier -Wno-gnu-folding-constant -index-store-path /Users/admin/builder/spi-builder-workspace/.derivedData/Index.noindex/DataStore -index-unit-output-path /SwiftSQLite.build/Debug-watchos/CSQLCipher.build/Objects-normal/arm64_32/sqlite3.o -fmodule-map-file\=/Applications/Xcode-16.3.0.app/Contents/Developer/Toolchains/XcodeDefault.xctoolchain/usr/lib/clang/17/include/module.modulemap -fmodule-map-file\=/Applications/Xcode-16.3.0.app/Contents/Developer/Toolchains/XcodeDefault.xctoolchain/usr/lib/clang/17/include/module.modulemap -fmodule-map-file\=/Applications/Xcode-16.3.0.app/Contents/Developer/Platforms/WatchOS.platform/Developer/SDKs/WatchOS.sdk/usr/include/DarwinFoundation.modulemap -fmodule-map-file\=/Applications/Xcode-16.3.0.app/Contents/Developer/Platforms/WatchOS.platform/Developer/SDKs/WatchOS.sdk/usr/include/c_standard_library.modulemap -fmodule-map-file\=/Applications/Xcode-16.3.0.app/Contents/Developer/Platforms/WatchOS.platform/Developer/SDKs/WatchOS.sdk/usr/include/DarwinBasic.modulemap -fmodule-map-file\=/Applications/Xcode-16.3.0.app/Contents/Developer/Platforms/WatchOS.platform/Developer/SDKs/WatchOS.sdk/usr/include/c_standard_library.modulemap -fmodule-map-file\=/Applications/Xcode-16.3.0.app/Contents/Developer/Platforms/WatchOS.platform/Developer/SDKs/WatchOS.sdk/usr/include/DarwinBasic.modulemap -fmodule-map-file\=/Applications/Xcode-16.3.0.app/Contents/Developer/Platforms/WatchOS.platform/Developer/SDKs/WatchOS.sdk/usr/include/c_standard_library.modulemap -fmodule-map-file\=/Applications/Xcode-16.3.0.app/Contents/Developer/Platforms/WatchOS.platform/Developer/SDKs/WatchOS.sdk/usr/include/c_standard_library.modulemap -fmodule-map-file\=/Applications/Xcode-16.3.0.app/Contents/Developer/Platforms/WatchOS.platform/Developer/SDKs/WatchOS.sdk/usr/include/c_standard_library.modulemap -fmodule-map-file\=/Applications/Xcode-16.3.0.app/Contents/Developer/Platforms/WatchOS.platform/Developer/SDKs/WatchOS.sdk/usr/include/TargetConditionals.modulemap -fmodule-map-file\=/Applications/Xcode-16.3.0.app/Contents/Developer/Platforms/WatchOS.platform/Developer/SDKs/WatchOS.sdk/usr/include/c_standard_library.modulemap -fmodule-map-file\=/Applications/Xcode-16.3.0.app/Contents/Developer/Platforms/WatchOS.platform/Developer/SDKs/WatchOS.sdk/usr/include/c_standard_library.modulemap -fmodule-map-file\=/Applications/Xcode-16.3.0.app/Contents/Developer/Platforms/WatchOS.platform/Developer/SDKs/WatchOS.sdk/usr/include/c_standard_library.modulemap -fmodule-map-file\=/Applications/Xcode-16.3.0.app/Contents/Developer/Platforms/WatchOS.platform/Developer/SDKs/WatchOS.sdk/usr/include/DarwinBasic.modulemap -fmodule-map-file\=/Applications/Xcode-16.3.0.app/Contents/Developer/Platforms/WatchOS.platform/Developer/SDKs/WatchOS.sdk/usr/include/DarwinBasic.modulemap -fmodule-map-file\=/Applications/Xcode-16.3.0.app/Contents/Developer/Platforms/WatchOS.platform/Developer/SDKs/WatchOS.sdk/usr/include/Darwin.modulemap -fmodule-map-file\=/Applications/Xcode-16.3.0.app/Contents/Developer/Platforms/WatchOS.platform/Developer/SDKs/WatchOS.sdk/usr/include/os.modulemap -fmodule-map-file\=/Applications/Xcode-16.3.0.app/Contents/Developer/Platforms/WatchOS.platform/Developer/SDKs/WatchOS.sdk/usr/include/CommonCrypto/module.modulemap -fmodule-map-file\=/Applications/Xcode-16.3.0.app/Contents/Developer/Platforms/WatchOS.platform/Developer/SDKs/WatchOS.sdk/System/Library/Frameworks/CoreFoundation.framework/Modules/module.modulemap -fmodule-map-file\=/Applications/Xcode-16.3.0.app/Contents/Developer/Platforms/WatchOS.platform/Developer/SDKs/WatchOS.sdk/System/Library/Frameworks/Security.framework/Modules/module.modulemap -o /Users/admin/builder/spi-builder-workspace/.derivedData/Build/Intermediates.noindex/SwiftSQLite.build/Debug-watchos/CSQLCipher.build/Objects-normal/arm64_32/sqlite3.o -disable-free -emit-obj -x c /Users/admin/builder/spi-builder-workspace/Sources/CSQLCipher/sqlite3.c -target-abi darwinpcs -target-cpu apple-s4 -target-feature +zcm -target-feature +zcz -target-feature +v8.3a -target-feature +aes -target-feature +complxnum -target-feature +crc -target-feature +fp-armv8 -target-feature +fullfp16 -target-feature +jsconv -target-feature +lse -target-feature +neon -target-feature +pauth -target-feature +perfmon -target-feature +ras -target-feature +rcpc -target-feature +rdm -target-feature +sha2 -triple arm64_32-apple-watchos5.0.0 -target-linker-version 1167.4.1 -target-sdk-version\=11.4 -fmodules-validate-system-headers -fno-modulemap-allow-subdirectory-search -isysroot /Applications/Xcode-16.3.0.app/Contents/Developer/Platforms/WatchOS.platform/Developer/SDKs/WatchOS11.4.sdk -resource-dir /Applications/Xcode-16.3.0.app/Contents/Developer/Toolchains/XcodeDefault.xctoolchain/usr/lib/clang/17 -fmodule-format\=obj -fmodule-file\=CommonCrypto\=/Users/admin/builder/spi-builder-workspace/.derivedData/Build/Intermediates.noindex/ExplicitPrecompiledModules/CommonCrypto-7VZZ7C0R927RUTOLJXF894TVH.pcm -fmodule-file\=CoreFoundation\=/Users/admin/builder/spi-builder-workspace/.derivedData/Build/Intermediates.noindex/ExplicitPrecompiledModules/CoreFoundation-66RFKOMPN20YQH0UK0S3FH8RM.pcm -fmodule-file\=Darwin\=/Users/admin/builder/spi-builder-workspace/.derivedData/Build/Intermediates.noindex/ExplicitPrecompiledModules/Darwin-EMIBAAET4I3LD53ERHROV02WT.pcm -fmodule-file\=DarwinFoundation\=/Users/admin/builder/spi-builder-workspace/.derivedData/Build/Intermediates.noindex/ExplicitPrecompiledModules/DarwinFoundation-763ILF7XJN4FTP7X05OIDFX3J.pcm -fmodule-file\=Security\=/Users/admin/builder/spi-builder-workspace/.derivedData/Build/Intermediates.noindex/ExplicitPrecompiledModules/Security-DBHEP4D8KO80PIMFF8685V5M9.pcm -fmodule-file\=TargetConditionals\=/Users/admin/builder/spi-builder-workspace/.derivedData/Build/Intermediates.noindex/ExplicitPrecompiledModules/TargetConditionals-FTW1SLMBIOL6BQGOFL21DLB4.pcm -fmodule-file\=_Builtin_stdarg\=/Users/admin/builder/spi-builder-workspace/.derivedData/Build/Intermediates.noindex/ExplicitPrecompiledModules/_Builtin_stdarg-7IRQFGODBL36T134F2X57TUSP.pcm -fmodule-file\=_Builtin_stddef\=/Users/admin/builder/spi-builder-workspace/.derivedData/Build/Intermediates.noindex/ExplicitPrecompiledModules/_Builtin_stddef-AYYX6J1NQR4EFQ3MTVXKG4TZC.pcm -fmodule-file\=_assert\=/Users/admin/builder/spi-builder-workspace/.derivedData/Build/Intermediates.noindex/ExplicitPrecompiledModules/_assert-5OCHHBP613JG9ONZNVQYEKD4E.pcm -fmodule-file\=_ctype\=/Users/admin/builder/spi-builder-workspace/.derivedData/Build/Intermediates.noindex/ExplicitPrecompiledModules/_ctype-8HN825SAWM3W9D3X2OFEBQBEB.pcm -fmodule-file\=_errno\=/Users/admin/builder/spi-builder-workspace/.derivedData/Build/Intermediates.noindex/ExplicitPrecompiledModules/_errno-HFE65P0VF011HS7MBFL0K2QE.pcm -fmodule-file\=_math\=/Users/admin/builder/spi-builder-workspace/.derivedData/Build/Intermediates.noindex/ExplicitPrecompiledModules/_math-19FZYL9OKJPFGRN9OOTLGMO9J.pcm -fmodule-file\=_stdio\=/Users/admin/builder/spi-builder-workspace/.derivedData/Build/Intermediates.noindex/ExplicitPrecompiledModules/_stdio-3V4VP09K9YERTN4H3I6VWM8XO.pcm -fmodule-file\=_stdlib\=/Users/admin/builder/spi-builder-workspace/.derivedData/Build/Intermediates.noindex/ExplicitPrecompiledModules/_stdlib-7GVR55WCPAJYQWPQO0DJAO9B7.pcm -fmodule-file\=_string\=/Users/admin/builder/spi-builder-workspace/.derivedData/Build/Intermediates.noindex/ExplicitPrecompiledModules/_string-E4EF44BC9K8UAELKL1ABCL1UL.pcm -fmodule-file\=_time\=/Users/admin/builder/spi-builder-workspace/.derivedData/Build/Intermediates.noindex/ExplicitPrecompiledModules/_time-3M7QPOZ2LO5MC996K0ZONUW5K.pcm -fmodule-file\=os\=/Users/admin/builder/spi-builder-workspace/.derivedData/Build/Intermediates.noindex/ExplicitPrecompiledModules/os-DB7LN9KASUKVJ49ORD84TBL2A.pcm -fmodule-file\=pthread\=/Users/admin/builder/spi-builder-workspace/.derivedData/Build/Intermediates.noindex/ExplicitPrecompiledModules/pthread-RCRW75MM30DEECQGPN0CY87S.pcm -fmodule-file\=sys_resource\=/Users/admin/builder/spi-builder-workspace/.derivedData/Build/Intermediates.noindex/ExplicitPrecompiledModules/sys_resource-DFOLOWPT4TZ0UHLWNETQM69RC.pcm -fmodule-file\=sys_types\=/Users/admin/builder/spi-builder-workspace/.derivedData/Build/Intermediates.noindex/ExplicitPrecompiledModules/sys_types-913AZZPUB7Q9NXJQTOWFPHIOE.pcm -fmodule-file\=unistd\=/Users/admin/builder/spi-builder-workspace/.derivedData/Build/Intermediates.noindex/ExplicitPrecompiledModules/unistd-1828C5N282TT5B37RN7NOR01C.pcm -I /Users/admin/builder/spi-builder-workspace/.derivedData/Build/Products/Debug-watchos/include -I /Users/admin/builder/spi-builder-workspace/Sources/CSQLCipher/include -I /Users/admin/builder/spi-builder-workspace/.derivedData/Build/Intermediates.noindex/SwiftSQLite.build/Debug-watchos/CSQLCipher.build/DerivedSources-normal/arm64_32 -I /Users/admin/builder/spi-builder-workspace/.derivedData/Build/Intermediates.noindex/SwiftSQLite.build/Debug-watchos/CSQLCipher.build/DerivedSources/arm64_32 -I /Users/admin/builder/spi-builder-workspace/.derivedData/Build/Intermediates.noindex/SwiftSQLite.build/Debug-watchos/CSQLCipher.build/DerivedSources -F /Users/admin/builder/spi-builder-workspace/.derivedData/Build/Products/Debug-watchos -iframework /Applications/Xcode-16.3.0.app/Contents/Developer/Platforms/WatchOS.platform/Developer/Library/Frameworks -iframework /Applications/Xcode-16.3.0.app/Contents/Developer/Platforms/WatchOS.platform/Developer/SDKs/WatchOS11.4.sdk/Developer/Library/Frameworks -internal-isystem /Applications/Xcode-16.3.0.app/Contents/Developer/Platforms/WatchOS.platform/Developer/SDKs/WatchOS11.4.sdk/usr/local/include -internal-isystem /Applications/Xcode-16.3.0.app/Contents/Developer/Toolchains/XcodeDefault.xctoolchain/usr/lib/clang/17/include -internal-externc-isystem /Applications/Xcode-16.3.0.app/Contents/Developer/Platforms/WatchOS.platform/Developer/SDKs/WatchOS11.4.sdk/usr/include -internal-externc-isystem /Applications/Xcode-16.3.0.app/Contents/Developer/Toolchains/XcodeDefault.xctoolchain/usr/include -ivfsstatcache /Users/admin/builder/spi-builder-workspace/.derivedData/SDKStatCaches.noindex/watchos11.4-22T246-43efb940ff07ba2497b70ec94253f576.sdkstatcache -std\=gnu17 -fskip-odr-check-in-gmf -fmodules -fmodule-name\=CSQLCipher -fno-implicit-modules -fmax-type-align\=16 -fpascal-strings -fvisibility-inlines-hidden-static-local-var -mdarwin-stkchk-strong-link -fno-odr-hash-protocols -pic-level 2 -fencode-extended-block-signature -stack-protector 1 -fgnuc-version\=4.2.1 -fblocks -ffp-contract\=on -fclang-abi-compat\=4.0 -fno-experimental-relative-c++-abi-vtables -fno-file-reproducible -clang-vendor-feature\=+disableNonDependentMemberExprInCurrentInstantiation -clang-vendor-feature\=+enableAggressiveVLAFolding -clang-vendor-feature\=+revert09abecef7bbf -clang-vendor-feature\=+thisNoAlignAttr -clang-vendor-feature\=+thisNoNullAttr -clang-vendor-feature\=+disableAtImportPrivateFrameworkInImplementationError -O0 -fno-assume-unique-vtables -fdebug-compilation-dir\=/Users/admin/builder/spi-builder-workspace/.swiftpm/xcode -fcoverage-compilation-dir\=/Users/admin/builder/spi-builder-workspace/.swiftpm/xcode -fcoverage-mapping -fcommon -fobjc-msgsend-selector-stubs -fregister-global-dtors-with-atexit -fno-strict-return -dwarf-version\=4 -debugger-tuning\=lldb -disable-llvm-verifier -dwarf-ext-refs -funwind-tables\=1 -fprofile-instrument\=clang -clear-ast-before-backend -discard-value-names -main-file-name sqlite3.c -mframe-pointer\=non-leaf -debug-info-kind\=standalone -fdiagnostics-hotness-threshold\=0 -fdiagnostics-misexpect-tolerance\=0 -D DEBUG\=1 -D NDEBUG -D SQLCIPHER_CRYPTO_CC -D SQLITE_DEFAULT_MEMSTATUS\=0 -D SQLITE_DISABLE_PAGECACHE_OVERFLOW_STATS -D SQLITE_DQS\=0 -D SQLITE_ENABLE_API_ARMOR -D SQLITE_ENABLE_COLUMN_METADATA -D SQLITE_ENABLE_DBSTAT_VTAB -D SQLITE_ENABLE_FTS3 -D SQLITE_ENABLE_FTS3_PARENTHESIS -D SQLITE_ENABLE_FTS3_TOKENIZER -D SQLITE_ENABLE_FTS4 -D SQLITE_ENABLE_FTS5 -D SQLITE_ENABLE_NULL_TRIM -D SQLITE_ENABLE_RTREE -D SQLITE_ENABLE_SESSION -D SQLITE_ENABLE_STMTVTAB -D SQLITE_ENABLE_UNKNOWN_SQL_FUNCTION -D SQLITE_ENABLE_UNLOCK_NOTIFY -D SQLITE_HAS_CODEC -D SQLITE_LIKE_DOESNT_MATCH_BLOBS -D SQLITE_MAX_VARIABLE_NUMBER\=250000 -D SQLITE_OMIT_AUTHORIZATION -D SQLITE_OMIT_COMPLETE -D SQLITE_OMIT_DEPRECATED -D SQLITE_OMIT_DESERIALIZE -D SQLITE_OMIT_GET_TABLE -D SQLITE_OMIT_LOAD_EXTENSION -D SQLITE_OMIT_PROGRESS_CALLBACK -D SQLITE_OMIT_SHARED_CACHE -D SQLITE_OMIT_TCL_VARIABLE -D SQLITE_OMIT_TRACE -D SQLITE_SECURE_DELETE -D SQLITE_TEMP_STORE\=3 -D SQLITE_THREADSAFE\=1 -D SQLITE_UNTESTABLE -D SQLITE_USE_URI -D SWIFT_PACKAGE -D Xcode -D __GCC_HAVE_DWARF2_CFI_ASM\=1 -fdefine-target-os-macros -MT dependencies -dependency-file /Users/admin/builder/spi-builder-workspace/.derivedData/Build/Intermediates.noindex/SwiftSQLite.build/Debug-watchos/CSQLCipher.build/Objects-normal/arm64_32/sqlite3.d -skip-unused-modulemap-deps
SwiftEmitModule normal arm64 Emitting\ module\ for\ SwiftSQLite (in target 'SwiftSQLite' from project 'SwiftSQLite')
EmitSwiftModule normal arm64 (in target 'SwiftSQLite' from project 'SwiftSQLite')
    cd /Users/admin/builder/spi-builder-workspace/.swiftpm/xcode

SwiftCompile normal arm64 Compiling\ SQLResult.swift /Users/admin/builder/spi-builder-workspace/Sources/SwiftSQLite/SQLResult.swift (in target 'SwiftSQLite' from project 'SwiftSQLite')
SwiftCompile normal arm64 /Users/admin/builder/spi-builder-workspace/Sources/SwiftSQLite/SQLResult.swift (in target 'SwiftSQLite' from project 'SwiftSQLite')
    cd /Users/admin/builder/spi-builder-workspace/.swiftpm/xcode

SwiftCompile normal arm64 Compiling\ SQLValue.swift /Users/admin/builder/spi-builder-workspace/Sources/SwiftSQLite/SQLValue.swift (in target 'SwiftSQLite' from project 'SwiftSQLite')
SwiftCompile normal arm64 /Users/admin/builder/spi-builder-workspace/Sources/SwiftSQLite/SQLValue.swift (in target 'SwiftSQLite' from project 'SwiftSQLite')
    cd /Users/admin/builder/spi-builder-workspace/.swiftpm/xcode

SwiftCompile normal arm64 Compiling\ Database.swift /Users/admin/builder/spi-builder-workspace/Sources/SwiftSQLite/Database.swift (in target 'SwiftSQLite' from project 'SwiftSQLite')
SwiftCompile normal arm64 /Users/admin/builder/spi-builder-workspace/Sources/SwiftSQLite/Database.swift (in target 'SwiftSQLite' from project 'SwiftSQLite')
    cd /Users/admin/builder/spi-builder-workspace/.swiftpm/xcode

SwiftCompile normal arm64 Compiling\ Database+Function.swift /Users/admin/builder/spi-builder-workspace/Sources/SwiftSQLite/Database+Function.swift (in target 'SwiftSQLite' from project 'SwiftSQLite')
SwiftCompile normal arm64 /Users/admin/builder/spi-builder-workspace/Sources/SwiftSQLite/Database+Function.swift (in target 'SwiftSQLite' from project 'SwiftSQLite')
    cd /Users/admin/builder/spi-builder-workspace/.swiftpm/xcode

SwiftCompile normal arm64 Compiling\ Statement.swift /Users/admin/builder/spi-builder-workspace/Sources/SwiftSQLite/Statement.swift (in target 'SwiftSQLite' from project 'SwiftSQLite')
SwiftCompile normal arm64 /Users/admin/builder/spi-builder-workspace/Sources/SwiftSQLite/Statement.swift (in target 'SwiftSQLite' from project 'SwiftSQLite')
    cd /Users/admin/builder/spi-builder-workspace/.swiftpm/xcode

SwiftCompile normal arm64 Compiling\ Log.swift /Users/admin/builder/spi-builder-workspace/Sources/SwiftSQLite/Log.swift (in target 'SwiftSQLite' from project 'SwiftSQLite')
SwiftCompile normal arm64 /Users/admin/builder/spi-builder-workspace/Sources/SwiftSQLite/Log.swift (in target 'SwiftSQLite' from project 'SwiftSQLite')
    cd /Users/admin/builder/spi-builder-workspace/.swiftpm/xcode

SwiftEmitModule normal arm64_32 Emitting\ module\ for\ SwiftSQLite (in target 'SwiftSQLite' from project 'SwiftSQLite')
EmitSwiftModule normal arm64_32 (in target 'SwiftSQLite' from project 'SwiftSQLite')
    cd /Users/admin/builder/spi-builder-workspace/.swiftpm/xcode

SwiftDriverJobDiscovery normal arm64 Compiling Log.swift (in target 'SwiftSQLite' from project 'SwiftSQLite')
SwiftEmitModule normal armv7k Emitting\ module\ for\ SwiftSQLite (in target 'SwiftSQLite' from project 'SwiftSQLite')
EmitSwiftModule normal armv7k (in target 'SwiftSQLite' from project 'SwiftSQLite')
    cd /Users/admin/builder/spi-builder-workspace/.swiftpm/xcode

SwiftDriverJobDiscovery normal arm64 Compiling SQLValue.swift (in target 'SwiftSQLite' from project 'SwiftSQLite')
SwiftEmitModule normal arm64 Emitting\ module\ for\ SwiftSQLCipher (in target 'SwiftSQLCipher' from project 'SwiftSQLite')
EmitSwiftModule normal arm64 (in target 'SwiftSQLCipher' from project 'SwiftSQLite')
    cd /Users/admin/builder/spi-builder-workspace/.swiftpm/xcode

SwiftDriverJobDiscovery normal arm64 Compiling SQLResult.swift (in target 'SwiftSQLite' from project 'SwiftSQLite')
SwiftEmitModule normal armv7k Emitting\ module\ for\ SwiftSQLCipher (in target 'SwiftSQLCipher' from project 'SwiftSQLite')
EmitSwiftModule normal armv7k (in target 'SwiftSQLCipher' from project 'SwiftSQLite')
    cd /Users/admin/builder/spi-builder-workspace/.swiftpm/xcode

SwiftDriverJobDiscovery normal arm64 Compiling Database+Function.swift (in target 'SwiftSQLite' from project 'SwiftSQLite')
SwiftEmitModule normal arm64_32 Emitting\ module\ for\ SwiftSQLCipher (in target 'SwiftSQLCipher' from project 'SwiftSQLite')
EmitSwiftModule normal arm64_32 (in target 'SwiftSQLCipher' from project 'SwiftSQLite')
    cd /Users/admin/builder/spi-builder-workspace/.swiftpm/xcode

SwiftDriverJobDiscovery normal arm64 Emitting module for SwiftSQLite (in target 'SwiftSQLite' from project 'SwiftSQLite')
SwiftDriver\ Compilation\ Requirements SwiftSQLite normal arm64 com.apple.xcode.tools.swift.compiler (in target 'SwiftSQLite' from project 'SwiftSQLite')
    cd /Users/admin/builder/spi-builder-workspace/.swiftpm/xcode
    builtin-Swift-Compilation-Requirements -- /Applications/Xcode-16.3.0.app/Contents/Developer/Toolchains/XcodeDefault.xctoolchain/usr/bin/swiftc -module-name SwiftSQLite -Onone -enforce-exclusivity\=checked @/Users/admin/builder/spi-builder-workspace/.derivedData/Build/Intermediates.noindex/SwiftSQLite.build/Debug-watchos/SwiftSQLite.build/Objects-normal/arm64/SwiftSQLite.SwiftFileList -DSWIFT_PACKAGE -DDEBUG -DXcode -plugin-path /Applications/Xcode-16.3.0.app/Contents/Developer/Toolchains/XcodeDefault.xctoolchain/usr/lib/swift/host/plugins/testing -enable-experimental-feature DebugDescriptionMacro -sdk /Applications/Xcode-16.3.0.app/Contents/Developer/Platforms/WatchOS.platform/Developer/SDKs/WatchOS11.4.sdk -target arm64-apple-watchos5.0 -g -module-cache-path /Users/admin/builder/spi-builder-workspace/.derivedData/ModuleCache.noindex -Xfrontend -serialize-debugging-options -profile-coverage-mapping -profile-generate -enable-testing -index-store-path /Users/admin/builder/spi-builder-workspace/.derivedData/Index.noindex/DataStore -swift-version 5 -I /Users/admin/builder/spi-builder-workspace/.derivedData/Build/Products/Debug-watchos -I /Applications/Xcode-16.3.0.app/Contents/Developer/Platforms/WatchOS.platform/Developer/usr/lib -F /Users/admin/builder/spi-builder-workspace/.derivedData/Build/Products/Debug-watchos -F /Applications/Xcode-16.3.0.app/Contents/Developer/Platforms/WatchOS.platform/Developer/Library/Frameworks -F /Applications/Xcode-16.3.0.app/Contents/Developer/Platforms/WatchOS.platform/Developer/SDKs/WatchOS11.4.sdk/Developer/Library/Frameworks -c -j10 -enable-batch-mode -incremental -Xcc -ivfsstatcache -Xcc /Users/admin/builder/spi-builder-workspace/.derivedData/SDKStatCaches.noindex/watchos11.4-22T246-43efb940ff07ba2497b70ec94253f576.sdkstatcache -output-file-map /Users/admin/builder/spi-builder-workspace/.derivedData/Build/Intermediates.noindex/SwiftSQLite.build/Debug-watchos/SwiftSQLite.build/Objects-normal/arm64/SwiftSQLite-OutputFileMap.json -use-frontend-parseable-output -save-temps -no-color-diagnostics -serialize-diagnostics -emit-dependencies -emit-module -emit-module-path /Users/admin/builder/spi-builder-workspace/.derivedData/Build/Intermediates.noindex/SwiftSQLite.build/Debug-watchos/SwiftSQLite.build/Objects-normal/arm64/SwiftSQLite.swiftmodule -validate-clang-modules-once -clang-build-session-file /Users/admin/builder/spi-builder-workspace/.derivedData/ModuleCache.noindex/Session.modulevalidation -Xcc -I/Users/admin/builder/spi-builder-workspace/.derivedData/Build/Intermediates.noindex/SwiftSQLite.build/Debug-watchos/SwiftSQLite.build/swift-overrides.hmap -emit-const-values -Xfrontend -const-gather-protocols-file -Xfrontend /Users/admin/builder/spi-builder-workspace/.derivedData/Build/Intermediates.noindex/SwiftSQLite.build/Debug-watchos/SwiftSQLite.build/Objects-normal/arm64/SwiftSQLite_const_extract_protocols.json -Xcc -I/Users/admin/builder/spi-builder-workspace/.derivedData/Build/Products/Debug-watchos/include -Xcc -I/Users/admin/builder/spi-builder-workspace/.derivedData/Build/Intermediates.noindex/SwiftSQLite.build/Debug-watchos/SwiftSQLite.build/DerivedSources-normal/arm64 -Xcc -I/Users/admin/builder/spi-builder-workspace/.derivedData/Build/Intermediates.noindex/SwiftSQLite.build/Debug-watchos/SwiftSQLite.build/DerivedSources/arm64 -Xcc -I/Users/admin/builder/spi-builder-workspace/.derivedData/Build/Intermediates.noindex/SwiftSQLite.build/Debug-watchos/SwiftSQLite.build/DerivedSources -Xcc -DSWIFT_PACKAGE -Xcc -DDEBUG\=1 -emit-objc-header -emit-objc-header-path /Users/admin/builder/spi-builder-workspace/.derivedData/Build/Intermediates.noindex/SwiftSQLite.build/Debug-watchos/SwiftSQLite.build/Objects-normal/arm64/SwiftSQLite-Swift.h -working-directory /Users/admin/builder/spi-builder-workspace/.swiftpm/xcode -experimental-emit-module-separately -disable-cmo
SwiftDriverJobDiscovery normal arm64 Compiling Statement.swift (in target 'SwiftSQLite' from project 'SwiftSQLite')
SwiftCompile normal arm64_32 Compiling\ SQLValue.swift /Users/admin/builder/spi-builder-workspace/Sources/SwiftSQLite/SQLValue.swift (in target 'SwiftSQLite' from project 'SwiftSQLite')
SwiftCompile normal arm64_32 /Users/admin/builder/spi-builder-workspace/Sources/SwiftSQLite/SQLValue.swift (in target 'SwiftSQLite' from project 'SwiftSQLite')
    cd /Users/admin/builder/spi-builder-workspace/.swiftpm/xcode

Copy /Users/admin/builder/spi-builder-workspace/.derivedData/Build/Products/Debug-watchos/SwiftSQLite.swiftmodule/arm64-apple-watchos.abi.json /Users/admin/builder/spi-builder-workspace/.derivedData/Build/Intermediates.noindex/SwiftSQLite.build/Debug-watchos/SwiftSQLite.build/Objects-normal/arm64/SwiftSQLite.abi.json (in target 'SwiftSQLite' from project 'SwiftSQLite')
    cd /Users/admin/builder/spi-builder-workspace
    builtin-copy -exclude .DS_Store -exclude CVS -exclude .svn -exclude .git -exclude .hg -resolve-src-symlinks -rename /Users/admin/builder/spi-builder-workspace/.derivedData/Build/Intermediates.noindex/SwiftSQLite.build/Debug-watchos/SwiftSQLite.build/Objects-normal/arm64/SwiftSQLite.abi.json /Users/admin/builder/spi-builder-workspace/.derivedData/Build/Products/Debug-watchos/SwiftSQLite.swiftmodule/arm64-apple-watchos.abi.json
SwiftDriverJobDiscovery normal arm64 Compiling Database.swift (in target 'SwiftSQLite' from project 'SwiftSQLite')
SwiftCompile normal arm64_32 Compiling\ Database+Function.swift /Users/admin/builder/spi-builder-workspace/Sources/SwiftSQLite/Database+Function.swift (in target 'SwiftSQLite' from project 'SwiftSQLite')
SwiftCompile normal arm64_32 /Users/admin/builder/spi-builder-workspace/Sources/SwiftSQLite/Database+Function.swift (in target 'SwiftSQLite' from project 'SwiftSQLite')
    cd /Users/admin/builder/spi-builder-workspace/.swiftpm/xcode

SwiftCompile normal armv7k Compiling\ Date+SQL.swift /Users/admin/builder/spi-builder-workspace/Sources/SwiftSQLite/Date+SQL.swift (in target 'SwiftSQLite' from project 'SwiftSQLite')
SwiftCompile normal armv7k /Users/admin/builder/spi-builder-workspace/Sources/SwiftSQLite/Date+SQL.swift (in target 'SwiftSQLite' from project 'SwiftSQLite')
    cd /Users/admin/builder/spi-builder-workspace/.swiftpm/xcode

SwiftDriverJobDiscovery normal arm64_32 Emitting module for SwiftSQLite (in target 'SwiftSQLite' from project 'SwiftSQLite')
SwiftDriver\ Compilation\ Requirements SwiftSQLite normal arm64_32 com.apple.xcode.tools.swift.compiler (in target 'SwiftSQLite' from project 'SwiftSQLite')
    cd /Users/admin/builder/spi-builder-workspace/.swiftpm/xcode
    builtin-Swift-Compilation-Requirements -- /Applications/Xcode-16.3.0.app/Contents/Developer/Toolchains/XcodeDefault.xctoolchain/usr/bin/swiftc -module-name SwiftSQLite -Onone -enforce-exclusivity\=checked @/Users/admin/builder/spi-builder-workspace/.derivedData/Build/Intermediates.noindex/SwiftSQLite.build/Debug-watchos/SwiftSQLite.build/Objects-normal/arm64_32/SwiftSQLite.SwiftFileList -DSWIFT_PACKAGE -DDEBUG -DXcode -plugin-path /Applications/Xcode-16.3.0.app/Contents/Developer/Toolchains/XcodeDefault.xctoolchain/usr/lib/swift/host/plugins/testing -enable-experimental-feature DebugDescriptionMacro -sdk /Applications/Xcode-16.3.0.app/Contents/Developer/Platforms/WatchOS.platform/Developer/SDKs/WatchOS11.4.sdk -target arm64_32-apple-watchos5.0 -g -module-cache-path /Users/admin/builder/spi-builder-workspace/.derivedData/ModuleCache.noindex -Xfrontend -serialize-debugging-options -profile-coverage-mapping -profile-generate -enable-testing -index-store-path /Users/admin/builder/spi-builder-workspace/.derivedData/Index.noindex/DataStore -swift-version 5 -I /Users/admin/builder/spi-builder-workspace/.derivedData/Build/Products/Debug-watchos -I /Applications/Xcode-16.3.0.app/Contents/Developer/Platforms/WatchOS.platform/Developer/usr/lib -F /Users/admin/builder/spi-builder-workspace/.derivedData/Build/Products/Debug-watchos -F /Applications/Xcode-16.3.0.app/Contents/Developer/Platforms/WatchOS.platform/Developer/Library/Frameworks -F /Applications/Xcode-16.3.0.app/Contents/Developer/Platforms/WatchOS.platform/Developer/SDKs/WatchOS11.4.sdk/Developer/Library/Frameworks -c -j10 -enable-batch-mode -incremental -Xcc -ivfsstatcache -Xcc /Users/admin/builder/spi-builder-workspace/.derivedData/SDKStatCaches.noindex/watchos11.4-22T246-43efb940ff07ba2497b70ec94253f576.sdkstatcache -output-file-map /Users/admin/builder/spi-builder-workspace/.derivedData/Build/Intermediates.noindex/SwiftSQLite.build/Debug-watchos/SwiftSQLite.build/Objects-normal/arm64_32/SwiftSQLite-OutputFileMap.json -use-frontend-parseable-output -save-temps -no-color-diagnostics -serialize-diagnostics -emit-dependencies -emit-module -emit-module-path /Users/admin/builder/spi-builder-workspace/.derivedData/Build/Intermediates.noindex/SwiftSQLite.build/Debug-watchos/SwiftSQLite.build/Objects-normal/arm64_32/SwiftSQLite.swiftmodule -validate-clang-modules-once -clang-build-session-file /Users/admin/builder/spi-builder-workspace/.derivedData/ModuleCache.noindex/Session.modulevalidation -Xcc -I/Users/admin/builder/spi-builder-workspace/.derivedData/Build/Intermediates.noindex/SwiftSQLite.build/Debug-watchos/SwiftSQLite.build/swift-overrides.hmap -emit-const-values -Xfrontend -const-gather-protocols-file -Xfrontend /Users/admin/builder/spi-builder-workspace/.derivedData/Build/Intermediates.noindex/SwiftSQLite.build/Debug-watchos/SwiftSQLite.build/Objects-normal/arm64_32/SwiftSQLite_const_extract_protocols.json -Xcc -I/Users/admin/builder/spi-builder-workspace/.derivedData/Build/Products/Debug-watchos/include -Xcc -I/Users/admin/builder/spi-builder-workspace/.derivedData/Build/Intermediates.noindex/SwiftSQLite.build/Debug-watchos/SwiftSQLite.build/DerivedSources-normal/arm64_32 -Xcc -I/Users/admin/builder/spi-builder-workspace/.derivedData/Build/Intermediates.noindex/SwiftSQLite.build/Debug-watchos/SwiftSQLite.build/DerivedSources/arm64_32 -Xcc -I/Users/admin/builder/spi-builder-workspace/.derivedData/Build/Intermediates.noindex/SwiftSQLite.build/Debug-watchos/SwiftSQLite.build/DerivedSources -Xcc -DSWIFT_PACKAGE -Xcc -DDEBUG\=1 -emit-objc-header -emit-objc-header-path /Users/admin/builder/spi-builder-workspace/.derivedData/Build/Intermediates.noindex/SwiftSQLite.build/Debug-watchos/SwiftSQLite.build/Objects-normal/arm64_32/SwiftSQLite-Swift.h -working-directory /Users/admin/builder/spi-builder-workspace/.swiftpm/xcode -experimental-emit-module-separately -disable-cmo
SwiftDriverJobDiscovery normal armv7k Emitting module for SwiftSQLite (in target 'SwiftSQLite' from project 'SwiftSQLite')
SwiftDriver\ Compilation\ Requirements SwiftSQLite normal armv7k com.apple.xcode.tools.swift.compiler (in target 'SwiftSQLite' from project 'SwiftSQLite')
    cd /Users/admin/builder/spi-builder-workspace/.swiftpm/xcode
    builtin-Swift-Compilation-Requirements -- /Applications/Xcode-16.3.0.app/Contents/Developer/Toolchains/XcodeDefault.xctoolchain/usr/bin/swiftc -module-name SwiftSQLite -Onone -enforce-exclusivity\=checked @/Users/admin/builder/spi-builder-workspace/.derivedData/Build/Intermediates.noindex/SwiftSQLite.build/Debug-watchos/SwiftSQLite.build/Objects-normal/armv7k/SwiftSQLite.SwiftFileList -DSWIFT_PACKAGE -DDEBUG -DXcode -plugin-path /Applications/Xcode-16.3.0.app/Contents/Developer/Toolchains/XcodeDefault.xctoolchain/usr/lib/swift/host/plugins/testing -enable-experimental-feature DebugDescriptionMacro -sdk /Applications/Xcode-16.3.0.app/Contents/Developer/Platforms/WatchOS.platform/Developer/SDKs/WatchOS11.4.sdk -target armv7k-apple-watchos5.0 -g -module-cache-path /Users/admin/builder/spi-builder-workspace/.derivedData/ModuleCache.noindex -Xfrontend -serialize-debugging-options -profile-coverage-mapping -profile-generate -enable-testing -index-store-path /Users/admin/builder/spi-builder-workspace/.derivedData/Index.noindex/DataStore -swift-version 5 -I /Users/admin/builder/spi-builder-workspace/.derivedData/Build/Products/Debug-watchos -I /Applications/Xcode-16.3.0.app/Contents/Developer/Platforms/WatchOS.platform/Developer/usr/lib -F /Users/admin/builder/spi-builder-workspace/.derivedData/Build/Products/Debug-watchos -F /Applications/Xcode-16.3.0.app/Contents/Developer/Platforms/WatchOS.platform/Developer/Library/Frameworks -F /Applications/Xcode-16.3.0.app/Contents/Developer/Platforms/WatchOS.platform/Developer/SDKs/WatchOS11.4.sdk/Developer/Library/Frameworks -c -j10 -enable-batch-mode -incremental -Xcc -ivfsstatcache -Xcc /Users/admin/builder/spi-builder-workspace/.derivedData/SDKStatCaches.noindex/watchos11.4-22T246-43efb940ff07ba2497b70ec94253f576.sdkstatcache -output-file-map /Users/admin/builder/spi-builder-workspace/.derivedData/Build/Intermediates.noindex/SwiftSQLite.build/Debug-watchos/SwiftSQLite.build/Objects-normal/armv7k/SwiftSQLite-OutputFileMap.json -use-frontend-parseable-output -save-temps -no-color-diagnostics -serialize-diagnostics -emit-dependencies -emit-module -emit-module-path /Users/admin/builder/spi-builder-workspace/.derivedData/Build/Intermediates.noindex/SwiftSQLite.build/Debug-watchos/SwiftSQLite.build/Objects-normal/armv7k/SwiftSQLite.swiftmodule -validate-clang-modules-once -clang-build-session-file /Users/admin/builder/spi-builder-workspace/.derivedData/ModuleCache.noindex/Session.modulevalidation -Xcc -I/Users/admin/builder/spi-builder-workspace/.derivedData/Build/Intermediates.noindex/SwiftSQLite.build/Debug-watchos/SwiftSQLite.build/swift-overrides.hmap -emit-const-values -Xfrontend -const-gather-protocols-file -Xfrontend /Users/admin/builder/spi-builder-workspace/.derivedData/Build/Intermediates.noindex/SwiftSQLite.build/Debug-watchos/SwiftSQLite.build/Objects-normal/armv7k/SwiftSQLite_const_extract_protocols.json -Xcc -I/Users/admin/builder/spi-builder-workspace/.derivedData/Build/Products/Debug-watchos/include -Xcc -I/Users/admin/builder/spi-builder-workspace/.derivedData/Build/Intermediates.noindex/SwiftSQLite.build/Debug-watchos/SwiftSQLite.build/DerivedSources-normal/armv7k -Xcc -I/Users/admin/builder/spi-builder-workspace/.derivedData/Build/Intermediates.noindex/SwiftSQLite.build/Debug-watchos/SwiftSQLite.build/DerivedSources/armv7k -Xcc -I/Users/admin/builder/spi-builder-workspace/.derivedData/Build/Intermediates.noindex/SwiftSQLite.build/Debug-watchos/SwiftSQLite.build/DerivedSources -Xcc -DSWIFT_PACKAGE -Xcc -DDEBUG\=1 -emit-objc-header -emit-objc-header-path /Users/admin/builder/spi-builder-workspace/.derivedData/Build/Intermediates.noindex/SwiftSQLite.build/Debug-watchos/SwiftSQLite.build/Objects-normal/armv7k/SwiftSQLite-Swift.h -working-directory /Users/admin/builder/spi-builder-workspace/.swiftpm/xcode -experimental-emit-module-separately -disable-cmo
Copy /Users/admin/builder/spi-builder-workspace/.derivedData/Build/Products/Debug-watchos/SwiftSQLite.swiftmodule/arm64_32-apple-watchos.abi.json /Users/admin/builder/spi-builder-workspace/.derivedData/Build/Intermediates.noindex/SwiftSQLite.build/Debug-watchos/SwiftSQLite.build/Objects-normal/arm64_32/SwiftSQLite.abi.json (in target 'SwiftSQLite' from project 'SwiftSQLite')
    cd /Users/admin/builder/spi-builder-workspace
    builtin-copy -exclude .DS_Store -exclude CVS -exclude .svn -exclude .git -exclude .hg -resolve-src-symlinks -rename /Users/admin/builder/spi-builder-workspace/.derivedData/Build/Intermediates.noindex/SwiftSQLite.build/Debug-watchos/SwiftSQLite.build/Objects-normal/arm64_32/SwiftSQLite.abi.json /Users/admin/builder/spi-builder-workspace/.derivedData/Build/Products/Debug-watchos/SwiftSQLite.swiftmodule/arm64_32-apple-watchos.abi.json
Copy /Users/admin/builder/spi-builder-workspace/.derivedData/Build/Products/Debug-watchos/SwiftSQLite.swiftmodule/armv7k-apple-watchos.abi.json /Users/admin/builder/spi-builder-workspace/.derivedData/Build/Intermediates.noindex/SwiftSQLite.build/Debug-watchos/SwiftSQLite.build/Objects-normal/armv7k/SwiftSQLite.abi.json (in target 'SwiftSQLite' from project 'SwiftSQLite')
    cd /Users/admin/builder/spi-builder-workspace
    builtin-copy -exclude .DS_Store -exclude CVS -exclude .svn -exclude .git -exclude .hg -resolve-src-symlinks -rename /Users/admin/builder/spi-builder-workspace/.derivedData/Build/Intermediates.noindex/SwiftSQLite.build/Debug-watchos/SwiftSQLite.build/Objects-normal/armv7k/SwiftSQLite.abi.json /Users/admin/builder/spi-builder-workspace/.derivedData/Build/Products/Debug-watchos/SwiftSQLite.swiftmodule/armv7k-apple-watchos.abi.json
SwiftCompile normal arm64_32 Compiling\ Statement.swift /Users/admin/builder/spi-builder-workspace/Sources/SwiftSQLite/Statement.swift (in target 'SwiftSQLite' from project 'SwiftSQLite')
SwiftCompile normal arm64_32 /Users/admin/builder/spi-builder-workspace/Sources/SwiftSQLite/Statement.swift (in target 'SwiftSQLite' from project 'SwiftSQLite')
    cd /Users/admin/builder/spi-builder-workspace/.swiftpm/xcode

SwiftCompile normal armv7k Compiling\ Database+Keychain.swift /Users/admin/builder/spi-builder-workspace/Sources/SwiftSQLite/Database+Keychain.swift (in target 'SwiftSQLite' from project 'SwiftSQLite')
SwiftCompile normal armv7k /Users/admin/builder/spi-builder-workspace/Sources/SwiftSQLite/Database+Keychain.swift (in target 'SwiftSQLite' from project 'SwiftSQLite')
    cd /Users/admin/builder/spi-builder-workspace/.swiftpm/xcode

SwiftDriverJobDiscovery normal arm64_32 Compiling SQLValue.swift (in target 'SwiftSQLite' from project 'SwiftSQLite')
SwiftCompile normal armv7k Compiling\ SQLValue.swift /Users/admin/builder/spi-builder-workspace/Sources/SwiftSQLite/SQLValue.swift (in target 'SwiftSQLite' from project 'SwiftSQLite')
SwiftCompile normal armv7k /Users/admin/builder/spi-builder-workspace/Sources/SwiftSQLite/SQLValue.swift (in target 'SwiftSQLite' from project 'SwiftSQLite')
    cd /Users/admin/builder/spi-builder-workspace/.swiftpm/xcode

SwiftDriverJobDiscovery normal arm64 Emitting module for SwiftSQLCipher (in target 'SwiftSQLCipher' from project 'SwiftSQLite')
SwiftDriver\ Compilation\ Requirements SwiftSQLCipher normal arm64 com.apple.xcode.tools.swift.compiler (in target 'SwiftSQLCipher' from project 'SwiftSQLite')
    cd /Users/admin/builder/spi-builder-workspace/.swiftpm/xcode
    builtin-Swift-Compilation-Requirements -- /Applications/Xcode-16.3.0.app/Contents/Developer/Toolchains/XcodeDefault.xctoolchain/usr/bin/swiftc -module-name SwiftSQLCipher -Onone -enforce-exclusivity\=checked @/Users/admin/builder/spi-builder-workspace/.derivedData/Build/Intermediates.noindex/SwiftSQLite.build/Debug-watchos/SwiftSQLCipher.build/Objects-normal/arm64/SwiftSQLCipher.SwiftFileList -DSWIFT_PACKAGE -DDEBUG -DSWIFT_SQLITE_CIPHER -Xcc -fmodule-map-file\=/Users/admin/builder/spi-builder-workspace/.derivedData/Build/Intermediates.noindex/GeneratedModuleMaps-watchos/CSQLCipher.modulemap -DXcode -plugin-path /Applications/Xcode-16.3.0.app/Contents/Developer/Toolchains/XcodeDefault.xctoolchain/usr/lib/swift/host/plugins/testing -enable-experimental-feature DebugDescriptionMacro -sdk /Applications/Xcode-16.3.0.app/Contents/Developer/Platforms/WatchOS.platform/Developer/SDKs/WatchOS11.4.sdk -target arm64-apple-watchos5.0 -g -module-cache-path /Users/admin/builder/spi-builder-workspace/.derivedData/ModuleCache.noindex -Xfrontend -serialize-debugging-options -profile-coverage-mapping -profile-generate -enable-testing -index-store-path /Users/admin/builder/spi-builder-workspace/.derivedData/Index.noindex/DataStore -swift-version 5 -I /Users/admin/builder/spi-builder-workspace/.derivedData/Build/Products/Debug-watchos -I /Applications/Xcode-16.3.0.app/Contents/Developer/Platforms/WatchOS.platform/Developer/usr/lib -F /Users/admin/builder/spi-builder-workspace/.derivedData/Build/Products/Debug-watchos/PackageFrameworks -F /Users/admin/builder/spi-builder-workspace/.derivedData/Build/Products/Debug-watchos -F /Applications/Xcode-16.3.0.app/Contents/Developer/Platforms/WatchOS.platform/Developer/Library/Frameworks -F /Applications/Xcode-16.3.0.app/Contents/Developer/Platforms/WatchOS.platform/Developer/SDKs/WatchOS11.4.sdk/Developer/Library/Frameworks -c -j10 -enable-batch-mode -incremental -Xcc -ivfsstatcache -Xcc /Users/admin/builder/spi-builder-workspace/.derivedData/SDKStatCaches.noindex/watchos11.4-22T246-43efb940ff07ba2497b70ec94253f576.sdkstatcache -output-file-map /Users/admin/builder/spi-builder-workspace/.derivedData/Build/Intermediates.noindex/SwiftSQLite.build/Debug-watchos/SwiftSQLCipher.build/Objects-normal/arm64/SwiftSQLCipher-OutputFileMap.json -use-frontend-parseable-output -save-temps -no-color-diagnostics -serialize-diagnostics -emit-dependencies -emit-module -emit-module-path /Users/admin/builder/spi-builder-workspace/.derivedData/Build/Intermediates.noindex/SwiftSQLite.build/Debug-watchos/SwiftSQLCipher.build/Objects-normal/arm64/SwiftSQLCipher.swiftmodule -validate-clang-modules-once -clang-build-session-file /Users/admin/builder/spi-builder-workspace/.derivedData/ModuleCache.noindex/Session.modulevalidation -Xcc -I/Users/admin/builder/spi-builder-workspace/.derivedData/Build/Intermediates.noindex/SwiftSQLite.build/Debug-watchos/SwiftSQLCipher.build/swift-overrides.hmap -emit-const-values -Xfrontend -const-gather-protocols-file -Xfrontend /Users/admin/builder/spi-builder-workspace/.derivedData/Build/Intermediates.noindex/SwiftSQLite.build/Debug-watchos/SwiftSQLCipher.build/Objects-normal/arm64/SwiftSQLCipher_const_extract_protocols.json -Xcc -I/Users/admin/builder/spi-builder-workspace/Sources/CSQLCipher/include -Xcc -I/Users/admin/builder/spi-builder-workspace/.derivedData/Build/Products/Debug-watchos/include -Xcc -I/Users/admin/builder/spi-builder-workspace/.derivedData/Build/Intermediates.noindex/SwiftSQLite.build/Debug-watchos/SwiftSQLCipher.build/DerivedSources-normal/arm64 -Xcc -I/Users/admin/builder/spi-builder-workspace/.derivedData/Build/Intermediates.noindex/SwiftSQLite.build/Debug-watchos/SwiftSQLCipher.build/DerivedSources/arm64 -Xcc -I/Users/admin/builder/spi-builder-workspace/.derivedData/Build/Intermediates.noindex/SwiftSQLite.build/Debug-watchos/SwiftSQLCipher.build/DerivedSources -Xcc -DSWIFT_PACKAGE -Xcc -DDEBUG\=1 -Xcc -DSQLCIPHER_CRYPTO_CC -Xcc -DSQLITE_HAS_CODEC -Xcc -DNDEBUG -Xcc -DSQLITE_TEMP_STORE\=3 -Xcc -DSQLITE_DEFAULT_MEMSTATUS\=0 -Xcc -DSQLITE_DISABLE_PAGECACHE_OVERFLOW_STATS -Xcc -DSQLITE_DQS\=0 -Xcc -DSQLITE_ENABLE_API_ARMOR -Xcc -DSQLITE_ENABLE_COLUMN_METADATA -Xcc -DSQLITE_ENABLE_DBSTAT_VTAB -Xcc -DSQLITE_ENABLE_FTS3 -Xcc -DSQLITE_ENABLE_FTS3_PARENTHESIS -Xcc -DSQLITE_ENABLE_FTS3_TOKENIZER -Xcc -DSQLITE_ENABLE_FTS4 -Xcc -DSQLITE_ENABLE_FTS5 -Xcc -DSQLITE_ENABLE_NULL_TRIM -Xcc -DSQLITE_ENABLE_RTREE -Xcc -DSQLITE_ENABLE_SESSION -Xcc -DSQLITE_ENABLE_STMTVTAB -Xcc -DSQLITE_ENABLE_UNKNOWN_SQL_FUNCTION -Xcc -DSQLITE_ENABLE_UNLOCK_NOTIFY -Xcc -DSQLITE_MAX_VARIABLE_NUMBER\=250000 -Xcc -DSQLITE_LIKE_DOESNT_MATCH_BLOBS -Xcc -DSQLITE_OMIT_AUTHORIZATION -Xcc -DSQLITE_OMIT_COMPLETE -Xcc -DSQLITE_OMIT_DEPRECATED -Xcc -DSQLITE_OMIT_DESERIALIZE -Xcc -DSQLITE_OMIT_GET_TABLE -Xcc -DSQLITE_OMIT_LOAD_EXTENSION -Xcc -DSQLITE_OMIT_PROGRESS_CALLBACK -Xcc -DSQLITE_OMIT_SHARED_CACHE -Xcc -DSQLITE_OMIT_TCL_VARIABLE -Xcc -DSQLITE_OMIT_TRACE -Xcc -DSQLITE_SECURE_DELETE -Xcc -DSQLITE_THREADSAFE\=1 -Xcc -DSQLITE_UNTESTABLE -Xcc -DSQLITE_USE_URI -emit-objc-header -emit-objc-header-path /Users/admin/builder/spi-builder-workspace/.derivedData/Build/Intermediates.noindex/SwiftSQLite.build/Debug-watchos/SwiftSQLCipher.build/Objects-normal/arm64/SwiftSQLCipher-Swift.h -working-directory /Users/admin/builder/spi-builder-workspace/.swiftpm/xcode -experimental-emit-module-separately -disable-cmo
SwiftDriverJobDiscovery normal armv7k Emitting module for SwiftSQLCipher (in target 'SwiftSQLCipher' from project 'SwiftSQLite')
SwiftDriver\ Compilation\ Requirements SwiftSQLCipher normal armv7k com.apple.xcode.tools.swift.compiler (in target 'SwiftSQLCipher' from project 'SwiftSQLite')
    cd /Users/admin/builder/spi-builder-workspace/.swiftpm/xcode
    builtin-Swift-Compilation-Requirements -- /Applications/Xcode-16.3.0.app/Contents/Developer/Toolchains/XcodeDefault.xctoolchain/usr/bin/swiftc -module-name SwiftSQLCipher -Onone -enforce-exclusivity\=checked @/Users/admin/builder/spi-builder-workspace/.derivedData/Build/Intermediates.noindex/SwiftSQLite.build/Debug-watchos/SwiftSQLCipher.build/Objects-normal/armv7k/SwiftSQLCipher.SwiftFileList -DSWIFT_PACKAGE -DDEBUG -DSWIFT_SQLITE_CIPHER -Xcc -fmodule-map-file\=/Users/admin/builder/spi-builder-workspace/.derivedData/Build/Intermediates.noindex/GeneratedModuleMaps-watchos/CSQLCipher.modulemap -DXcode -plugin-path /Applications/Xcode-16.3.0.app/Contents/Developer/Toolchains/XcodeDefault.xctoolchain/usr/lib/swift/host/plugins/testing -enable-experimental-feature DebugDescriptionMacro -sdk /Applications/Xcode-16.3.0.app/Contents/Developer/Platforms/WatchOS.platform/Developer/SDKs/WatchOS11.4.sdk -target armv7k-apple-watchos5.0 -g -module-cache-path /Users/admin/builder/spi-builder-workspace/.derivedData/ModuleCache.noindex -Xfrontend -serialize-debugging-options -profile-coverage-mapping -profile-generate -enable-testing -index-store-path /Users/admin/builder/spi-builder-workspace/.derivedData/Index.noindex/DataStore -swift-version 5 -I /Users/admin/builder/spi-builder-workspace/.derivedData/Build/Products/Debug-watchos -I /Applications/Xcode-16.3.0.app/Contents/Developer/Platforms/WatchOS.platform/Developer/usr/lib -F /Users/admin/builder/spi-builder-workspace/.derivedData/Build/Products/Debug-watchos/PackageFrameworks -F /Users/admin/builder/spi-builder-workspace/.derivedData/Build/Products/Debug-watchos -F /Applications/Xcode-16.3.0.app/Contents/Developer/Platforms/WatchOS.platform/Developer/Library/Frameworks -F /Applications/Xcode-16.3.0.app/Contents/Developer/Platforms/WatchOS.platform/Developer/SDKs/WatchOS11.4.sdk/Developer/Library/Frameworks -c -j10 -enable-batch-mode -incremental -Xcc -ivfsstatcache -Xcc /Users/admin/builder/spi-builder-workspace/.derivedData/SDKStatCaches.noindex/watchos11.4-22T246-43efb940ff07ba2497b70ec94253f576.sdkstatcache -output-file-map /Users/admin/builder/spi-builder-workspace/.derivedData/Build/Intermediates.noindex/SwiftSQLite.build/Debug-watchos/SwiftSQLCipher.build/Objects-normal/armv7k/SwiftSQLCipher-OutputFileMap.json -use-frontend-parseable-output -save-temps -no-color-diagnostics -serialize-diagnostics -emit-dependencies -emit-module -emit-module-path /Users/admin/builder/spi-builder-workspace/.derivedData/Build/Intermediates.noindex/SwiftSQLite.build/Debug-watchos/SwiftSQLCipher.build/Objects-normal/armv7k/SwiftSQLCipher.swiftmodule -validate-clang-modules-once -clang-build-session-file /Users/admin/builder/spi-builder-workspace/.derivedData/ModuleCache.noindex/Session.modulevalidation -Xcc -I/Users/admin/builder/spi-builder-workspace/.derivedData/Build/Intermediates.noindex/SwiftSQLite.build/Debug-watchos/SwiftSQLCipher.build/swift-overrides.hmap -emit-const-values -Xfrontend -const-gather-protocols-file -Xfrontend /Users/admin/builder/spi-builder-workspace/.derivedData/Build/Intermediates.noindex/SwiftSQLite.build/Debug-watchos/SwiftSQLCipher.build/Objects-normal/armv7k/SwiftSQLCipher_const_extract_protocols.json -Xcc -I/Users/admin/builder/spi-builder-workspace/Sources/CSQLCipher/include -Xcc -I/Users/admin/builder/spi-builder-workspace/.derivedData/Build/Products/Debug-watchos/include -Xcc -I/Users/admin/builder/spi-builder-workspace/.derivedData/Build/Intermediates.noindex/SwiftSQLite.build/Debug-watchos/SwiftSQLCipher.build/DerivedSources-normal/armv7k -Xcc -I/Users/admin/builder/spi-builder-workspace/.derivedData/Build/Intermediates.noindex/SwiftSQLite.build/Debug-watchos/SwiftSQLCipher.build/DerivedSources/armv7k -Xcc -I/Users/admin/builder/spi-builder-workspace/.derivedData/Build/Intermediates.noindex/SwiftSQLite.build/Debug-watchos/SwiftSQLCipher.build/DerivedSources -Xcc -DSWIFT_PACKAGE -Xcc -DDEBUG\=1 -Xcc -DSQLCIPHER_CRYPTO_CC -Xcc -DSQLITE_HAS_CODEC -Xcc -DNDEBUG -Xcc -DSQLITE_TEMP_STORE\=3 -Xcc -DSQLITE_DEFAULT_MEMSTATUS\=0 -Xcc -DSQLITE_DISABLE_PAGECACHE_OVERFLOW_STATS -Xcc -DSQLITE_DQS\=0 -Xcc -DSQLITE_ENABLE_API_ARMOR -Xcc -DSQLITE_ENABLE_COLUMN_METADATA -Xcc -DSQLITE_ENABLE_DBSTAT_VTAB -Xcc -DSQLITE_ENABLE_FTS3 -Xcc -DSQLITE_ENABLE_FTS3_PARENTHESIS -Xcc -DSQLITE_ENABLE_FTS3_TOKENIZER -Xcc -DSQLITE_ENABLE_FTS4 -Xcc -DSQLITE_ENABLE_FTS5 -Xcc -DSQLITE_ENABLE_NULL_TRIM -Xcc -DSQLITE_ENABLE_RTREE -Xcc -DSQLITE_ENABLE_SESSION -Xcc -DSQLITE_ENABLE_STMTVTAB -Xcc -DSQLITE_ENABLE_UNKNOWN_SQL_FUNCTION -Xcc -DSQLITE_ENABLE_UNLOCK_NOTIFY -Xcc -DSQLITE_MAX_VARIABLE_NUMBER\=250000 -Xcc -DSQLITE_LIKE_DOESNT_MATCH_BLOBS -Xcc -DSQLITE_OMIT_AUTHORIZATION -Xcc -DSQLITE_OMIT_COMPLETE -Xcc -DSQLITE_OMIT_DEPRECATED -Xcc -DSQLITE_OMIT_DESERIALIZE -Xcc -DSQLITE_OMIT_GET_TABLE -Xcc -DSQLITE_OMIT_LOAD_EXTENSION -Xcc -DSQLITE_OMIT_PROGRESS_CALLBACK -Xcc -DSQLITE_OMIT_SHARED_CACHE -Xcc -DSQLITE_OMIT_TCL_VARIABLE -Xcc -DSQLITE_OMIT_TRACE -Xcc -DSQLITE_SECURE_DELETE -Xcc -DSQLITE_THREADSAFE\=1 -Xcc -DSQLITE_UNTESTABLE -Xcc -DSQLITE_USE_URI -emit-objc-header -emit-objc-header-path /Users/admin/builder/spi-builder-workspace/.derivedData/Build/Intermediates.noindex/SwiftSQLite.build/Debug-watchos/SwiftSQLCipher.build/Objects-normal/armv7k/SwiftSQLCipher-Swift.h -working-directory /Users/admin/builder/spi-builder-workspace/.swiftpm/xcode -experimental-emit-module-separately -disable-cmo
Copy /Users/admin/builder/spi-builder-workspace/.derivedData/Build/Products/Debug-watchos/SwiftSQLCipher.swiftmodule/arm64-apple-watchos.abi.json /Users/admin/builder/spi-builder-workspace/.derivedData/Build/Intermediates.noindex/SwiftSQLite.build/Debug-watchos/SwiftSQLCipher.build/Objects-normal/arm64/SwiftSQLCipher.abi.json (in target 'SwiftSQLCipher' from project 'SwiftSQLite')
    cd /Users/admin/builder/spi-builder-workspace
    builtin-copy -exclude .DS_Store -exclude CVS -exclude .svn -exclude .git -exclude .hg -resolve-src-symlinks -rename /Users/admin/builder/spi-builder-workspace/.derivedData/Build/Intermediates.noindex/SwiftSQLite.build/Debug-watchos/SwiftSQLCipher.build/Objects-normal/arm64/SwiftSQLCipher.abi.json /Users/admin/builder/spi-builder-workspace/.derivedData/Build/Products/Debug-watchos/SwiftSQLCipher.swiftmodule/arm64-apple-watchos.abi.json
Copy /Users/admin/builder/spi-builder-workspace/.derivedData/Build/Products/Debug-watchos/SwiftSQLCipher.swiftmodule/armv7k-apple-watchos.abi.json /Users/admin/builder/spi-builder-workspace/.derivedData/Build/Intermediates.noindex/SwiftSQLite.build/Debug-watchos/SwiftSQLCipher.build/Objects-normal/armv7k/SwiftSQLCipher.abi.json (in target 'SwiftSQLCipher' from project 'SwiftSQLite')
    cd /Users/admin/builder/spi-builder-workspace
    builtin-copy -exclude .DS_Store -exclude CVS -exclude .svn -exclude .git -exclude .hg -resolve-src-symlinks -rename /Users/admin/builder/spi-builder-workspace/.derivedData/Build/Intermediates.noindex/SwiftSQLite.build/Debug-watchos/SwiftSQLCipher.build/Objects-normal/armv7k/SwiftSQLCipher.abi.json /Users/admin/builder/spi-builder-workspace/.derivedData/Build/Products/Debug-watchos/SwiftSQLCipher.swiftmodule/armv7k-apple-watchos.abi.json
SwiftDriverJobDiscovery normal arm64_32 Emitting module for SwiftSQLCipher (in target 'SwiftSQLCipher' from project 'SwiftSQLite')
SwiftDriver\ Compilation\ Requirements SwiftSQLCipher normal arm64_32 com.apple.xcode.tools.swift.compiler (in target 'SwiftSQLCipher' from project 'SwiftSQLite')
    cd /Users/admin/builder/spi-builder-workspace/.swiftpm/xcode
    builtin-Swift-Compilation-Requirements -- /Applications/Xcode-16.3.0.app/Contents/Developer/Toolchains/XcodeDefault.xctoolchain/usr/bin/swiftc -module-name SwiftSQLCipher -Onone -enforce-exclusivity\=checked @/Users/admin/builder/spi-builder-workspace/.derivedData/Build/Intermediates.noindex/SwiftSQLite.build/Debug-watchos/SwiftSQLCipher.build/Objects-normal/arm64_32/SwiftSQLCipher.SwiftFileList -DSWIFT_PACKAGE -DDEBUG -DSWIFT_SQLITE_CIPHER -Xcc -fmodule-map-file\=/Users/admin/builder/spi-builder-workspace/.derivedData/Build/Intermediates.noindex/GeneratedModuleMaps-watchos/CSQLCipher.modulemap -DXcode -plugin-path /Applications/Xcode-16.3.0.app/Contents/Developer/Toolchains/XcodeDefault.xctoolchain/usr/lib/swift/host/plugins/testing -enable-experimental-feature DebugDescriptionMacro -sdk /Applications/Xcode-16.3.0.app/Contents/Developer/Platforms/WatchOS.platform/Developer/SDKs/WatchOS11.4.sdk -target arm64_32-apple-watchos5.0 -g -module-cache-path /Users/admin/builder/spi-builder-workspace/.derivedData/ModuleCache.noindex -Xfrontend -serialize-debugging-options -profile-coverage-mapping -profile-generate -enable-testing -index-store-path /Users/admin/builder/spi-builder-workspace/.derivedData/Index.noindex/DataStore -swift-version 5 -I /Users/admin/builder/spi-builder-workspace/.derivedData/Build/Products/Debug-watchos -I /Applications/Xcode-16.3.0.app/Contents/Developer/Platforms/WatchOS.platform/Developer/usr/lib -F /Users/admin/builder/spi-builder-workspace/.derivedData/Build/Products/Debug-watchos/PackageFrameworks -F /Users/admin/builder/spi-builder-workspace/.derivedData/Build/Products/Debug-watchos -F /Applications/Xcode-16.3.0.app/Contents/Developer/Platforms/WatchOS.platform/Developer/Library/Frameworks -F /Applications/Xcode-16.3.0.app/Contents/Developer/Platforms/WatchOS.platform/Developer/SDKs/WatchOS11.4.sdk/Developer/Library/Frameworks -c -j10 -enable-batch-mode -incremental -Xcc -ivfsstatcache -Xcc /Users/admin/builder/spi-builder-workspace/.derivedData/SDKStatCaches.noindex/watchos11.4-22T246-43efb940ff07ba2497b70ec94253f576.sdkstatcache -output-file-map /Users/admin/builder/spi-builder-workspace/.derivedData/Build/Intermediates.noindex/SwiftSQLite.build/Debug-watchos/SwiftSQLCipher.build/Objects-normal/arm64_32/SwiftSQLCipher-OutputFileMap.json -use-frontend-parseable-output -save-temps -no-color-diagnostics -serialize-diagnostics -emit-dependencies -emit-module -emit-module-path /Users/admin/builder/spi-builder-workspace/.derivedData/Build/Intermediates.noindex/SwiftSQLite.build/Debug-watchos/SwiftSQLCipher.build/Objects-normal/arm64_32/SwiftSQLCipher.swiftmodule -validate-clang-modules-once -clang-build-session-file /Users/admin/builder/spi-builder-workspace/.derivedData/ModuleCache.noindex/Session.modulevalidation -Xcc -I/Users/admin/builder/spi-builder-workspace/.derivedData/Build/Intermediates.noindex/SwiftSQLite.build/Debug-watchos/SwiftSQLCipher.build/swift-overrides.hmap -emit-const-values -Xfrontend -const-gather-protocols-file -Xfrontend /Users/admin/builder/spi-builder-workspace/.derivedData/Build/Intermediates.noindex/SwiftSQLite.build/Debug-watchos/SwiftSQLCipher.build/Objects-normal/arm64_32/SwiftSQLCipher_const_extract_protocols.json -Xcc -I/Users/admin/builder/spi-builder-workspace/Sources/CSQLCipher/include -Xcc -I/Users/admin/builder/spi-builder-workspace/.derivedData/Build/Products/Debug-watchos/include -Xcc -I/Users/admin/builder/spi-builder-workspace/.derivedData/Build/Intermediates.noindex/SwiftSQLite.build/Debug-watchos/SwiftSQLCipher.build/DerivedSources-normal/arm64_32 -Xcc -I/Users/admin/builder/spi-builder-workspace/.derivedData/Build/Intermediates.noindex/SwiftSQLite.build/Debug-watchos/SwiftSQLCipher.build/DerivedSources/arm64_32 -Xcc -I/Users/admin/builder/spi-builder-workspace/.derivedData/Build/Intermediates.noindex/SwiftSQLite.build/Debug-watchos/SwiftSQLCipher.build/DerivedSources -Xcc -DSWIFT_PACKAGE -Xcc -DDEBUG\=1 -Xcc -DSQLCIPHER_CRYPTO_CC -Xcc -DSQLITE_HAS_CODEC -Xcc -DNDEBUG -Xcc -DSQLITE_TEMP_STORE\=3 -Xcc -DSQLITE_DEFAULT_MEMSTATUS\=0 -Xcc -DSQLITE_DISABLE_PAGECACHE_OVERFLOW_STATS -Xcc -DSQLITE_DQS\=0 -Xcc -DSQLITE_ENABLE_API_ARMOR -Xcc -DSQLITE_ENABLE_COLUMN_METADATA -Xcc -DSQLITE_ENABLE_DBSTAT_VTAB -Xcc -DSQLITE_ENABLE_FTS3 -Xcc -DSQLITE_ENABLE_FTS3_PARENTHESIS -Xcc -DSQLITE_ENABLE_FTS3_TOKENIZER -Xcc -DSQLITE_ENABLE_FTS4 -Xcc -DSQLITE_ENABLE_FTS5 -Xcc -DSQLITE_ENABLE_NULL_TRIM -Xcc -DSQLITE_ENABLE_RTREE -Xcc -DSQLITE_ENABLE_SESSION -Xcc -DSQLITE_ENABLE_STMTVTAB -Xcc -DSQLITE_ENABLE_UNKNOWN_SQL_FUNCTION -Xcc -DSQLITE_ENABLE_UNLOCK_NOTIFY -Xcc -DSQLITE_MAX_VARIABLE_NUMBER\=250000 -Xcc -DSQLITE_LIKE_DOESNT_MATCH_BLOBS -Xcc -DSQLITE_OMIT_AUTHORIZATION -Xcc -DSQLITE_OMIT_COMPLETE -Xcc -DSQLITE_OMIT_DEPRECATED -Xcc -DSQLITE_OMIT_DESERIALIZE -Xcc -DSQLITE_OMIT_GET_TABLE -Xcc -DSQLITE_OMIT_LOAD_EXTENSION -Xcc -DSQLITE_OMIT_PROGRESS_CALLBACK -Xcc -DSQLITE_OMIT_SHARED_CACHE -Xcc -DSQLITE_OMIT_TCL_VARIABLE -Xcc -DSQLITE_OMIT_TRACE -Xcc -DSQLITE_SECURE_DELETE -Xcc -DSQLITE_THREADSAFE\=1 -Xcc -DSQLITE_UNTESTABLE -Xcc -DSQLITE_USE_URI -emit-objc-header -emit-objc-header-path /Users/admin/builder/spi-builder-workspace/.derivedData/Build/Intermediates.noindex/SwiftSQLite.build/Debug-watchos/SwiftSQLCipher.build/Objects-normal/arm64_32/SwiftSQLCipher-Swift.h -working-directory /Users/admin/builder/spi-builder-workspace/.swiftpm/xcode -experimental-emit-module-separately -disable-cmo
SwiftCompile normal armv7k Compiling\ Database+Function.swift /Users/admin/builder/spi-builder-workspace/Sources/SwiftSQLite/Database+Function.swift (in target 'SwiftSQLite' from project 'SwiftSQLite')
SwiftCompile normal armv7k /Users/admin/builder/spi-builder-workspace/Sources/SwiftSQLite/Database+Function.swift (in target 'SwiftSQLite' from project 'SwiftSQLite')
    cd /Users/admin/builder/spi-builder-workspace/.swiftpm/xcode

SwiftCompile normal armv7k Compiling\ Database+Cipher.swift /Users/admin/builder/spi-builder-workspace/Sources/SwiftSQLite/Database+Cipher.swift (in target 'SwiftSQLite' from project 'SwiftSQLite')
SwiftCompile normal armv7k /Users/admin/builder/spi-builder-workspace/Sources/SwiftSQLite/Database+Cipher.swift (in target 'SwiftSQLite' from project 'SwiftSQLite')
    cd /Users/admin/builder/spi-builder-workspace/.swiftpm/xcode

Copy /Users/admin/builder/spi-builder-workspace/.derivedData/Build/Products/Debug-watchos/SwiftSQLCipher.swiftmodule/arm64_32-apple-watchos.abi.json /Users/admin/builder/spi-builder-workspace/.derivedData/Build/Intermediates.noindex/SwiftSQLite.build/Debug-watchos/SwiftSQLCipher.build/Objects-normal/arm64_32/SwiftSQLCipher.abi.json (in target 'SwiftSQLCipher' from project 'SwiftSQLite')
    cd /Users/admin/builder/spi-builder-workspace
    builtin-copy -exclude .DS_Store -exclude CVS -exclude .svn -exclude .git -exclude .hg -resolve-src-symlinks -rename /Users/admin/builder/spi-builder-workspace/.derivedData/Build/Intermediates.noindex/SwiftSQLite.build/Debug-watchos/SwiftSQLCipher.build/Objects-normal/arm64_32/SwiftSQLCipher.abi.json /Users/admin/builder/spi-builder-workspace/.derivedData/Build/Products/Debug-watchos/SwiftSQLCipher.swiftmodule/arm64_32-apple-watchos.abi.json
SwiftDriverJobDiscovery normal arm64_32 Compiling Database+Function.swift (in target 'SwiftSQLite' from project 'SwiftSQLite')
SwiftCompile normal armv7k Compiling\ DatabaseError.swift /Users/admin/builder/spi-builder-workspace/Sources/SwiftSQLite/DatabaseError.swift (in target 'SwiftSQLite' from project 'SwiftSQLite')
SwiftCompile normal armv7k /Users/admin/builder/spi-builder-workspace/Sources/SwiftSQLite/DatabaseError.swift (in target 'SwiftSQLite' from project 'SwiftSQLite')
    cd /Users/admin/builder/spi-builder-workspace/.swiftpm/xcode

SwiftCompile normal armv7k Compiling\ SQLResult.swift /Users/admin/builder/spi-builder-workspace/Sources/SwiftSQLite/SQLResult.swift (in target 'SwiftSQLite' from project 'SwiftSQLite')
SwiftCompile normal armv7k /Users/admin/builder/spi-builder-workspace/Sources/SwiftSQLite/SQLResult.swift (in target 'SwiftSQLite' from project 'SwiftSQLite')
    cd /Users/admin/builder/spi-builder-workspace/.swiftpm/xcode

SwiftDriverJobDiscovery normal armv7k Compiling Date+SQL.swift (in target 'SwiftSQLite' from project 'SwiftSQLite')
SwiftCompile normal armv7k Compiling\ Statement.swift /Users/admin/builder/spi-builder-workspace/Sources/SwiftSQLite/Statement.swift (in target 'SwiftSQLite' from project 'SwiftSQLite')
SwiftCompile normal armv7k /Users/admin/builder/spi-builder-workspace/Sources/SwiftSQLite/Statement.swift (in target 'SwiftSQLite' from project 'SwiftSQLite')
    cd /Users/admin/builder/spi-builder-workspace/.swiftpm/xcode

SwiftDriverJobDiscovery normal armv7k Compiling Database+Keychain.swift (in target 'SwiftSQLite' from project 'SwiftSQLite')
SwiftCompile normal arm64 Compiling\ Database+Cipher.swift /Users/admin/builder/spi-builder-workspace/Sources/SwiftSQLite/Database+Cipher.swift (in target 'SwiftSQLite' from project 'SwiftSQLite')
SwiftCompile normal arm64 /Users/admin/builder/spi-builder-workspace/Sources/SwiftSQLite/Database+Cipher.swift (in target 'SwiftSQLite' from project 'SwiftSQLite')
    cd /Users/admin/builder/spi-builder-workspace/.swiftpm/xcode

SwiftDriverJobDiscovery normal armv7k Compiling Database+Cipher.swift (in target 'SwiftSQLite' from project 'SwiftSQLite')
SwiftCompile normal arm64 Compiling\ Date+SQL.swift /Users/admin/builder/spi-builder-workspace/Sources/SwiftSQLite/Date+SQL.swift (in target 'SwiftSQLite' from project 'SwiftSQLite')
SwiftCompile normal arm64 /Users/admin/builder/spi-builder-workspace/Sources/SwiftSQLite/Date+SQL.swift (in target 'SwiftSQLite' from project 'SwiftSQLite')
    cd /Users/admin/builder/spi-builder-workspace/.swiftpm/xcode

SwiftDriverJobDiscovery normal armv7k Compiling SQLValue.swift (in target 'SwiftSQLite' from project 'SwiftSQLite')
SwiftCompile normal arm64_32 Compiling\ Log.swift /Users/admin/builder/spi-builder-workspace/Sources/SwiftSQLite/Log.swift (in target 'SwiftSQLite' from project 'SwiftSQLite')
SwiftCompile normal arm64_32 /Users/admin/builder/spi-builder-workspace/Sources/SwiftSQLite/Log.swift (in target 'SwiftSQLite' from project 'SwiftSQLite')
    cd /Users/admin/builder/spi-builder-workspace/.swiftpm/xcode

SwiftDriverJobDiscovery normal armv7k Compiling DatabaseError.swift (in target 'SwiftSQLite' from project 'SwiftSQLite')
SwiftCompile normal armv7k Compiling\ Log.swift /Users/admin/builder/spi-builder-workspace/Sources/SwiftSQLite/Log.swift (in target 'SwiftSQLite' from project 'SwiftSQLite')
SwiftCompile normal armv7k /Users/admin/builder/spi-builder-workspace/Sources/SwiftSQLite/Log.swift (in target 'SwiftSQLite' from project 'SwiftSQLite')
    cd /Users/admin/builder/spi-builder-workspace/.swiftpm/xcode

SwiftDriverJobDiscovery normal arm64_32 Compiling Statement.swift (in target 'SwiftSQLite' from project 'SwiftSQLite')
SwiftCompile normal arm64_32 Compiling\ Database+Cipher.swift /Users/admin/builder/spi-builder-workspace/Sources/SwiftSQLite/Database+Cipher.swift (in target 'SwiftSQLite' from project 'SwiftSQLite')
SwiftCompile normal arm64_32 /Users/admin/builder/spi-builder-workspace/Sources/SwiftSQLite/Database+Cipher.swift (in target 'SwiftSQLite' from project 'SwiftSQLite')
    cd /Users/admin/builder/spi-builder-workspace/.swiftpm/xcode

SwiftDriverJobDiscovery normal armv7k Compiling Database+Function.swift (in target 'SwiftSQLite' from project 'SwiftSQLite')
SwiftCompile normal arm64_32 Compiling\ Date+SQL.swift /Users/admin/builder/spi-builder-workspace/Sources/SwiftSQLite/Date+SQL.swift (in target 'SwiftSQLite' from project 'SwiftSQLite')
SwiftCompile normal arm64_32 /Users/admin/builder/spi-builder-workspace/Sources/SwiftSQLite/Date+SQL.swift (in target 'SwiftSQLite' from project 'SwiftSQLite')
    cd /Users/admin/builder/spi-builder-workspace/.swiftpm/xcode

SwiftDriverJobDiscovery normal arm64 Compiling Database+Cipher.swift (in target 'SwiftSQLite' from project 'SwiftSQLite')
SwiftCompile normal arm64 Compiling\ Database+Keychain.swift /Users/admin/builder/spi-builder-workspace/Sources/SwiftSQLite/Database+Keychain.swift (in target 'SwiftSQLite' from project 'SwiftSQLite')
SwiftCompile normal arm64 /Users/admin/builder/spi-builder-workspace/Sources/SwiftSQLite/Database+Keychain.swift (in target 'SwiftSQLite' from project 'SwiftSQLite')
    cd /Users/admin/builder/spi-builder-workspace/.swiftpm/xcode

SwiftDriverJobDiscovery normal armv7k Compiling SQLResult.swift (in target 'SwiftSQLite' from project 'SwiftSQLite')
SwiftCompile normal armv7k Compiling\ Database.swift /Users/admin/builder/spi-builder-workspace/Sources/SwiftSQLite/Database.swift (in target 'SwiftSQLite' from project 'SwiftSQLite')
SwiftCompile normal armv7k /Users/admin/builder/spi-builder-workspace/Sources/SwiftSQLite/Database.swift (in target 'SwiftSQLite' from project 'SwiftSQLite')
    cd /Users/admin/builder/spi-builder-workspace/.swiftpm/xcode

SwiftDriverJobDiscovery normal arm64 Compiling Date+SQL.swift (in target 'SwiftSQLite' from project 'SwiftSQLite')
SwiftCompile normal arm64_32 Compiling\ Database.swift /Users/admin/builder/spi-builder-workspace/Sources/SwiftSQLite/Database.swift (in target 'SwiftSQLite' from project 'SwiftSQLite')
SwiftCompile normal arm64_32 /Users/admin/builder/spi-builder-workspace/Sources/SwiftSQLite/Database.swift (in target 'SwiftSQLite' from project 'SwiftSQLite')
    cd /Users/admin/builder/spi-builder-workspace/.swiftpm/xcode

SwiftDriverJobDiscovery normal arm64_32 Compiling Log.swift (in target 'SwiftSQLite' from project 'SwiftSQLite')
SwiftCompile normal arm64_32 Compiling\ Database+Keychain.swift /Users/admin/builder/spi-builder-workspace/Sources/SwiftSQLite/Database+Keychain.swift (in target 'SwiftSQLite' from project 'SwiftSQLite')
SwiftCompile normal arm64_32 /Users/admin/builder/spi-builder-workspace/Sources/SwiftSQLite/Database+Keychain.swift (in target 'SwiftSQLite' from project 'SwiftSQLite')
    cd /Users/admin/builder/spi-builder-workspace/.swiftpm/xcode

SwiftDriverJobDiscovery normal armv7k Compiling Log.swift (in target 'SwiftSQLite' from project 'SwiftSQLite')
SwiftCompile normal arm64_32 Compiling\ SQLResult.swift /Users/admin/builder/spi-builder-workspace/Sources/SwiftSQLite/SQLResult.swift (in target 'SwiftSQLite' from project 'SwiftSQLite')
SwiftCompile normal arm64_32 /Users/admin/builder/spi-builder-workspace/Sources/SwiftSQLite/SQLResult.swift (in target 'SwiftSQLite' from project 'SwiftSQLite')
    cd /Users/admin/builder/spi-builder-workspace/.swiftpm/xcode

SwiftDriverJobDiscovery normal arm64_32 Compiling Database+Cipher.swift (in target 'SwiftSQLite' from project 'SwiftSQLite')
SwiftCompile normal arm64_32 Compiling\ DatabaseError.swift /Users/admin/builder/spi-builder-workspace/Sources/SwiftSQLite/DatabaseError.swift (in target 'SwiftSQLite' from project 'SwiftSQLite')
SwiftCompile normal arm64_32 /Users/admin/builder/spi-builder-workspace/Sources/SwiftSQLite/DatabaseError.swift (in target 'SwiftSQLite' from project 'SwiftSQLite')
    cd /Users/admin/builder/spi-builder-workspace/.swiftpm/xcode

SwiftDriverJobDiscovery normal armv7k Compiling Statement.swift (in target 'SwiftSQLite' from project 'SwiftSQLite')
SwiftCompile normal arm64 Compiling\ DatabaseError.swift /Users/admin/builder/spi-builder-workspace/Sources/SwiftSQLite/DatabaseError.swift (in target 'SwiftSQLite' from project 'SwiftSQLite')
SwiftCompile normal arm64 /Users/admin/builder/spi-builder-workspace/Sources/SwiftSQLite/DatabaseError.swift (in target 'SwiftSQLite' from project 'SwiftSQLite')
    cd /Users/admin/builder/spi-builder-workspace/.swiftpm/xcode

SwiftDriverJobDiscovery normal arm64_32 Compiling Date+SQL.swift (in target 'SwiftSQLite' from project 'SwiftSQLite')
SwiftCompile normal armv7k Compiling\ Date+SQL.swift /Users/admin/builder/spi-builder-workspace/Sources/SwiftSQLite/Date+SQL.swift (in target 'SwiftSQLCipher' from project 'SwiftSQLite')
SwiftCompile normal armv7k /Users/admin/builder/spi-builder-workspace/Sources/SwiftSQLite/Date+SQL.swift (in target 'SwiftSQLCipher' from project 'SwiftSQLite')
    cd /Users/admin/builder/spi-builder-workspace/.swiftpm/xcode

SwiftDriverJobDiscovery normal arm64 Compiling Database+Keychain.swift (in target 'SwiftSQLite' from project 'SwiftSQLite')
SwiftCompile normal arm64_32 Compiling\ Database+Cipher.swift /Users/admin/builder/spi-builder-workspace/Sources/SwiftSQLite/Database+Cipher.swift (in target 'SwiftSQLCipher' from project 'SwiftSQLite')
SwiftCompile normal arm64_32 /Users/admin/builder/spi-builder-workspace/Sources/SwiftSQLite/Database+Cipher.swift (in target 'SwiftSQLCipher' from project 'SwiftSQLite')
    cd /Users/admin/builder/spi-builder-workspace/.swiftpm/xcode

SwiftDriverJobDiscovery normal arm64_32 Compiling Database+Keychain.swift (in target 'SwiftSQLite' from project 'SwiftSQLite')
SwiftCompile normal arm64_32 Compiling\ DatabaseError.swift /Users/admin/builder/spi-builder-workspace/Sources/SwiftSQLite/DatabaseError.swift (in target 'SwiftSQLCipher' from project 'SwiftSQLite')
SwiftCompile normal arm64_32 /Users/admin/builder/spi-builder-workspace/Sources/SwiftSQLite/DatabaseError.swift (in target 'SwiftSQLCipher' from project 'SwiftSQLite')
    cd /Users/admin/builder/spi-builder-workspace/.swiftpm/xcode

SwiftDriverJobDiscovery normal arm64_32 Compiling DatabaseError.swift (in target 'SwiftSQLite' from project 'SwiftSQLite')
SwiftCompile normal arm64_32 Compiling\ Date+SQL.swift /Users/admin/builder/spi-builder-workspace/Sources/SwiftSQLite/Date+SQL.swift (in target 'SwiftSQLCipher' from project 'SwiftSQLite')
SwiftCompile normal arm64_32 /Users/admin/builder/spi-builder-workspace/Sources/SwiftSQLite/Date+SQL.swift (in target 'SwiftSQLCipher' from project 'SwiftSQLite')
    cd /Users/admin/builder/spi-builder-workspace/.swiftpm/xcode

SwiftDriverJobDiscovery normal arm64 Compiling DatabaseError.swift (in target 'SwiftSQLite' from project 'SwiftSQLite')
SwiftDriver\ Compilation SwiftSQLite normal arm64 com.apple.xcode.tools.swift.compiler (in target 'SwiftSQLite' from project 'SwiftSQLite')
    cd /Users/admin/builder/spi-builder-workspace/.swiftpm/xcode
    builtin-Swift-Compilation -- /Applications/Xcode-16.3.0.app/Contents/Developer/Toolchains/XcodeDefault.xctoolchain/usr/bin/swiftc -module-name SwiftSQLite -Onone -enforce-exclusivity\=checked @/Users/admin/builder/spi-builder-workspace/.derivedData/Build/Intermediates.noindex/SwiftSQLite.build/Debug-watchos/SwiftSQLite.build/Objects-normal/arm64/SwiftSQLite.SwiftFileList -DSWIFT_PACKAGE -DDEBUG -DXcode -plugin-path /Applications/Xcode-16.3.0.app/Contents/Developer/Toolchains/XcodeDefault.xctoolchain/usr/lib/swift/host/plugins/testing -enable-experimental-feature DebugDescriptionMacro -sdk /Applications/Xcode-16.3.0.app/Contents/Developer/Platforms/WatchOS.platform/Developer/SDKs/WatchOS11.4.sdk -target arm64-apple-watchos5.0 -g -module-cache-path /Users/admin/builder/spi-builder-workspace/.derivedData/ModuleCache.noindex -Xfrontend -serialize-debugging-options -profile-coverage-mapping -profile-generate -enable-testing -index-store-path /Users/admin/builder/spi-builder-workspace/.derivedData/Index.noindex/DataStore -swift-version 5 -I /Users/admin/builder/spi-builder-workspace/.derivedData/Build/Products/Debug-watchos -I /Applications/Xcode-16.3.0.app/Contents/Developer/Platforms/WatchOS.platform/Developer/usr/lib -F /Users/admin/builder/spi-builder-workspace/.derivedData/Build/Products/Debug-watchos -F /Applications/Xcode-16.3.0.app/Contents/Developer/Platforms/WatchOS.platform/Developer/Library/Frameworks -F /Applications/Xcode-16.3.0.app/Contents/Developer/Platforms/WatchOS.platform/Developer/SDKs/WatchOS11.4.sdk/Developer/Library/Frameworks -c -j10 -enable-batch-mode -incremental -Xcc -ivfsstatcache -Xcc /Users/admin/builder/spi-builder-workspace/.derivedData/SDKStatCaches.noindex/watchos11.4-22T246-43efb940ff07ba2497b70ec94253f576.sdkstatcache -output-file-map /Users/admin/builder/spi-builder-workspace/.derivedData/Build/Intermediates.noindex/SwiftSQLite.build/Debug-watchos/SwiftSQLite.build/Objects-normal/arm64/SwiftSQLite-OutputFileMap.json -use-frontend-parseable-output -save-temps -no-color-diagnostics -serialize-diagnostics -emit-dependencies -emit-module -emit-module-path /Users/admin/builder/spi-builder-workspace/.derivedData/Build/Intermediates.noindex/SwiftSQLite.build/Debug-watchos/SwiftSQLite.build/Objects-normal/arm64/SwiftSQLite.swiftmodule -validate-clang-modules-once -clang-build-session-file /Users/admin/builder/spi-builder-workspace/.derivedData/ModuleCache.noindex/Session.modulevalidation -Xcc -I/Users/admin/builder/spi-builder-workspace/.derivedData/Build/Intermediates.noindex/SwiftSQLite.build/Debug-watchos/SwiftSQLite.build/swift-overrides.hmap -emit-const-values -Xfrontend -const-gather-protocols-file -Xfrontend /Users/admin/builder/spi-builder-workspace/.derivedData/Build/Intermediates.noindex/SwiftSQLite.build/Debug-watchos/SwiftSQLite.build/Objects-normal/arm64/SwiftSQLite_const_extract_protocols.json -Xcc -I/Users/admin/builder/spi-builder-workspace/.derivedData/Build/Products/Debug-watchos/include -Xcc -I/Users/admin/builder/spi-builder-workspace/.derivedData/Build/Intermediates.noindex/SwiftSQLite.build/Debug-watchos/SwiftSQLite.build/DerivedSources-normal/arm64 -Xcc -I/Users/admin/builder/spi-builder-workspace/.derivedData/Build/Intermediates.noindex/SwiftSQLite.build/Debug-watchos/SwiftSQLite.build/DerivedSources/arm64 -Xcc -I/Users/admin/builder/spi-builder-workspace/.derivedData/Build/Intermediates.noindex/SwiftSQLite.build/Debug-watchos/SwiftSQLite.build/DerivedSources -Xcc -DSWIFT_PACKAGE -Xcc -DDEBUG\=1 -emit-objc-header -emit-objc-header-path /Users/admin/builder/spi-builder-workspace/.derivedData/Build/Intermediates.noindex/SwiftSQLite.build/Debug-watchos/SwiftSQLite.build/Objects-normal/arm64/SwiftSQLite-Swift.h -working-directory /Users/admin/builder/spi-builder-workspace/.swiftpm/xcode -experimental-emit-module-separately -disable-cmo
SwiftDriverJobDiscovery normal armv7k Compiling Date+SQL.swift (in target 'SwiftSQLCipher' from project 'SwiftSQLite')
SwiftCompile normal arm64 Compiling\ Database+Function.swift /Users/admin/builder/spi-builder-workspace/Sources/SwiftSQLite/Database+Function.swift (in target 'SwiftSQLCipher' from project 'SwiftSQLite')
SwiftCompile normal arm64 /Users/admin/builder/spi-builder-workspace/Sources/SwiftSQLite/Database+Function.swift (in target 'SwiftSQLCipher' from project 'SwiftSQLite')
    cd /Users/admin/builder/spi-builder-workspace/.swiftpm/xcode

SwiftCompile normal arm64 Compiling\ SQLResult.swift /Users/admin/builder/spi-builder-workspace/Sources/SwiftSQLite/SQLResult.swift (in target 'SwiftSQLCipher' from project 'SwiftSQLite')
SwiftCompile normal arm64 /Users/admin/builder/spi-builder-workspace/Sources/SwiftSQLite/SQLResult.swift (in target 'SwiftSQLCipher' from project 'SwiftSQLite')
    cd /Users/admin/builder/spi-builder-workspace/.swiftpm/xcode

SwiftDriverJobDiscovery normal arm64_32 Compiling SQLResult.swift (in target 'SwiftSQLite' from project 'SwiftSQLite')
SwiftCompile normal armv7k Compiling\ SQLResult.swift /Users/admin/builder/spi-builder-workspace/Sources/SwiftSQLite/SQLResult.swift (in target 'SwiftSQLCipher' from project 'SwiftSQLite')
SwiftCompile normal armv7k /Users/admin/builder/spi-builder-workspace/Sources/SwiftSQLite/SQLResult.swift (in target 'SwiftSQLCipher' from project 'SwiftSQLite')
    cd /Users/admin/builder/spi-builder-workspace/.swiftpm/xcode

SwiftDriverJobDiscovery normal armv7k Compiling Database.swift (in target 'SwiftSQLite' from project 'SwiftSQLite')
SwiftDriver\ Compilation SwiftSQLite normal armv7k com.apple.xcode.tools.swift.compiler (in target 'SwiftSQLite' from project 'SwiftSQLite')
    cd /Users/admin/builder/spi-builder-workspace/.swiftpm/xcode
    builtin-Swift-Compilation -- /Applications/Xcode-16.3.0.app/Contents/Developer/Toolchains/XcodeDefault.xctoolchain/usr/bin/swiftc -module-name SwiftSQLite -Onone -enforce-exclusivity\=checked @/Users/admin/builder/spi-builder-workspace/.derivedData/Build/Intermediates.noindex/SwiftSQLite.build/Debug-watchos/SwiftSQLite.build/Objects-normal/armv7k/SwiftSQLite.SwiftFileList -DSWIFT_PACKAGE -DDEBUG -DXcode -plugin-path /Applications/Xcode-16.3.0.app/Contents/Developer/Toolchains/XcodeDefault.xctoolchain/usr/lib/swift/host/plugins/testing -enable-experimental-feature DebugDescriptionMacro -sdk /Applications/Xcode-16.3.0.app/Contents/Developer/Platforms/WatchOS.platform/Developer/SDKs/WatchOS11.4.sdk -target armv7k-apple-watchos5.0 -g -module-cache-path /Users/admin/builder/spi-builder-workspace/.derivedData/ModuleCache.noindex -Xfrontend -serialize-debugging-options -profile-coverage-mapping -profile-generate -enable-testing -index-store-path /Users/admin/builder/spi-builder-workspace/.derivedData/Index.noindex/DataStore -swift-version 5 -I /Users/admin/builder/spi-builder-workspace/.derivedData/Build/Products/Debug-watchos -I /Applications/Xcode-16.3.0.app/Contents/Developer/Platforms/WatchOS.platform/Developer/usr/lib -F /Users/admin/builder/spi-builder-workspace/.derivedData/Build/Products/Debug-watchos -F /Applications/Xcode-16.3.0.app/Contents/Developer/Platforms/WatchOS.platform/Developer/Library/Frameworks -F /Applications/Xcode-16.3.0.app/Contents/Developer/Platforms/WatchOS.platform/Developer/SDKs/WatchOS11.4.sdk/Developer/Library/Frameworks -c -j10 -enable-batch-mode -incremental -Xcc -ivfsstatcache -Xcc /Users/admin/builder/spi-builder-workspace/.derivedData/SDKStatCaches.noindex/watchos11.4-22T246-43efb940ff07ba2497b70ec94253f576.sdkstatcache -output-file-map /Users/admin/builder/spi-builder-workspace/.derivedData/Build/Intermediates.noindex/SwiftSQLite.build/Debug-watchos/SwiftSQLite.build/Objects-normal/armv7k/SwiftSQLite-OutputFileMap.json -use-frontend-parseable-output -save-temps -no-color-diagnostics -serialize-diagnostics -emit-dependencies -emit-module -emit-module-path /Users/admin/builder/spi-builder-workspace/.derivedData/Build/Intermediates.noindex/SwiftSQLite.build/Debug-watchos/SwiftSQLite.build/Objects-normal/armv7k/SwiftSQLite.swiftmodule -validate-clang-modules-once -clang-build-session-file /Users/admin/builder/spi-builder-workspace/.derivedData/ModuleCache.noindex/Session.modulevalidation -Xcc -I/Users/admin/builder/spi-builder-workspace/.derivedData/Build/Intermediates.noindex/SwiftSQLite.build/Debug-watchos/SwiftSQLite.build/swift-overrides.hmap -emit-const-values -Xfrontend -const-gather-protocols-file -Xfrontend /Users/admin/builder/spi-builder-workspace/.derivedData/Build/Intermediates.noindex/SwiftSQLite.build/Debug-watchos/SwiftSQLite.build/Objects-normal/armv7k/SwiftSQLite_const_extract_protocols.json -Xcc -I/Users/admin/builder/spi-builder-workspace/.derivedData/Build/Products/Debug-watchos/include -Xcc -I/Users/admin/builder/spi-builder-workspace/.derivedData/Build/Intermediates.noindex/SwiftSQLite.build/Debug-watchos/SwiftSQLite.build/DerivedSources-normal/armv7k -Xcc -I/Users/admin/builder/spi-builder-workspace/.derivedData/Build/Intermediates.noindex/SwiftSQLite.build/Debug-watchos/SwiftSQLite.build/DerivedSources/armv7k -Xcc -I/Users/admin/builder/spi-builder-workspace/.derivedData/Build/Intermediates.noindex/SwiftSQLite.build/Debug-watchos/SwiftSQLite.build/DerivedSources -Xcc -DSWIFT_PACKAGE -Xcc -DDEBUG\=1 -emit-objc-header -emit-objc-header-path /Users/admin/builder/spi-builder-workspace/.derivedData/Build/Intermediates.noindex/SwiftSQLite.build/Debug-watchos/SwiftSQLite.build/Objects-normal/armv7k/SwiftSQLite-Swift.h -working-directory /Users/admin/builder/spi-builder-workspace/.swiftpm/xcode -experimental-emit-module-separately -disable-cmo
SwiftDriverJobDiscovery normal arm64_32 Compiling Database.swift (in target 'SwiftSQLite' from project 'SwiftSQLite')
SwiftCompile normal armv7k Compiling\ Log.swift /Users/admin/builder/spi-builder-workspace/Sources/SwiftSQLite/Log.swift (in target 'SwiftSQLCipher' from project 'SwiftSQLite')
SwiftCompile normal armv7k /Users/admin/builder/spi-builder-workspace/Sources/SwiftSQLite/Log.swift (in target 'SwiftSQLCipher' from project 'SwiftSQLite')
    cd /Users/admin/builder/spi-builder-workspace/.swiftpm/xcode

SwiftDriver\ Compilation SwiftSQLite normal arm64_32 com.apple.xcode.tools.swift.compiler (in target 'SwiftSQLite' from project 'SwiftSQLite')
    cd /Users/admin/builder/spi-builder-workspace/.swiftpm/xcode
    builtin-Swift-Compilation -- /Applications/Xcode-16.3.0.app/Contents/Developer/Toolchains/XcodeDefault.xctoolchain/usr/bin/swiftc -module-name SwiftSQLite -Onone -enforce-exclusivity\=checked @/Users/admin/builder/spi-builder-workspace/.derivedData/Build/Intermediates.noindex/SwiftSQLite.build/Debug-watchos/SwiftSQLite.build/Objects-normal/arm64_32/SwiftSQLite.SwiftFileList -DSWIFT_PACKAGE -DDEBUG -DXcode -plugin-path /Applications/Xcode-16.3.0.app/Contents/Developer/Toolchains/XcodeDefault.xctoolchain/usr/lib/swift/host/plugins/testing -enable-experimental-feature DebugDescriptionMacro -sdk /Applications/Xcode-16.3.0.app/Contents/Developer/Platforms/WatchOS.platform/Developer/SDKs/WatchOS11.4.sdk -target arm64_32-apple-watchos5.0 -g -module-cache-path /Users/admin/builder/spi-builder-workspace/.derivedData/ModuleCache.noindex -Xfrontend -serialize-debugging-options -profile-coverage-mapping -profile-generate -enable-testing -index-store-path /Users/admin/builder/spi-builder-workspace/.derivedData/Index.noindex/DataStore -swift-version 5 -I /Users/admin/builder/spi-builder-workspace/.derivedData/Build/Products/Debug-watchos -I /Applications/Xcode-16.3.0.app/Contents/Developer/Platforms/WatchOS.platform/Developer/usr/lib -F /Users/admin/builder/spi-builder-workspace/.derivedData/Build/Products/Debug-watchos -F /Applications/Xcode-16.3.0.app/Contents/Developer/Platforms/WatchOS.platform/Developer/Library/Frameworks -F /Applications/Xcode-16.3.0.app/Contents/Developer/Platforms/WatchOS.platform/Developer/SDKs/WatchOS11.4.sdk/Developer/Library/Frameworks -c -j10 -enable-batch-mode -incremental -Xcc -ivfsstatcache -Xcc /Users/admin/builder/spi-builder-workspace/.derivedData/SDKStatCaches.noindex/watchos11.4-22T246-43efb940ff07ba2497b70ec94253f576.sdkstatcache -output-file-map /Users/admin/builder/spi-builder-workspace/.derivedData/Build/Intermediates.noindex/SwiftSQLite.build/Debug-watchos/SwiftSQLite.build/Objects-normal/arm64_32/SwiftSQLite-OutputFileMap.json -use-frontend-parseable-output -save-temps -no-color-diagnostics -serialize-diagnostics -emit-dependencies -emit-module -emit-module-path /Users/admin/builder/spi-builder-workspace/.derivedData/Build/Intermediates.noindex/SwiftSQLite.build/Debug-watchos/SwiftSQLite.build/Objects-normal/arm64_32/SwiftSQLite.swiftmodule -validate-clang-modules-once -clang-build-session-file /Users/admin/builder/spi-builder-workspace/.derivedData/ModuleCache.noindex/Session.modulevalidation -Xcc -I/Users/admin/builder/spi-builder-workspace/.derivedData/Build/Intermediates.noindex/SwiftSQLite.build/Debug-watchos/SwiftSQLite.build/swift-overrides.hmap -emit-const-values -Xfrontend -const-gather-protocols-file -Xfrontend /Users/admin/builder/spi-builder-workspace/.derivedData/Build/Intermediates.noindex/SwiftSQLite.build/Debug-watchos/SwiftSQLite.build/Objects-normal/arm64_32/SwiftSQLite_const_extract_protocols.json -Xcc -I/Users/admin/builder/spi-builder-workspace/.derivedData/Build/Products/Debug-watchos/include -Xcc -I/Users/admin/builder/spi-builder-workspace/.derivedData/Build/Intermediates.noindex/SwiftSQLite.build/Debug-watchos/SwiftSQLite.build/DerivedSources-normal/arm64_32 -Xcc -I/Users/admin/builder/spi-builder-workspace/.derivedData/Build/Intermediates.noindex/SwiftSQLite.build/Debug-watchos/SwiftSQLite.build/DerivedSources/arm64_32 -Xcc -I/Users/admin/builder/spi-builder-workspace/.derivedData/Build/Intermediates.noindex/SwiftSQLite.build/Debug-watchos/SwiftSQLite.build/DerivedSources -Xcc -DSWIFT_PACKAGE -Xcc -DDEBUG\=1 -emit-objc-header -emit-objc-header-path /Users/admin/builder/spi-builder-workspace/.derivedData/Build/Intermediates.noindex/SwiftSQLite.build/Debug-watchos/SwiftSQLite.build/Objects-normal/arm64_32/SwiftSQLite-Swift.h -working-directory /Users/admin/builder/spi-builder-workspace/.swiftpm/xcode -experimental-emit-module-separately -disable-cmo
SwiftDriverJobDiscovery normal arm64_32 Compiling DatabaseError.swift (in target 'SwiftSQLCipher' from project 'SwiftSQLite')
SwiftCompile normal arm64 Compiling\ Log.swift /Users/admin/builder/spi-builder-workspace/Sources/SwiftSQLite/Log.swift (in target 'SwiftSQLCipher' from project 'SwiftSQLite')
SwiftCompile normal arm64 /Users/admin/builder/spi-builder-workspace/Sources/SwiftSQLite/Log.swift (in target 'SwiftSQLCipher' from project 'SwiftSQLite')
    cd /Users/admin/builder/spi-builder-workspace/.swiftpm/xcode

SwiftCompile normal arm64 Compiling\ Statement.swift /Users/admin/builder/spi-builder-workspace/Sources/SwiftSQLite/Statement.swift (in target 'SwiftSQLCipher' from project 'SwiftSQLite')
SwiftCompile normal arm64 /Users/admin/builder/spi-builder-workspace/Sources/SwiftSQLite/Statement.swift (in target 'SwiftSQLCipher' from project 'SwiftSQLite')
    cd /Users/admin/builder/spi-builder-workspace/.swiftpm/xcode

SwiftDriverJobDiscovery normal arm64_32 Compiling Date+SQL.swift (in target 'SwiftSQLCipher' from project 'SwiftSQLite')
SwiftCompile normal armv7k Compiling\ Database+Function.swift /Users/admin/builder/spi-builder-workspace/Sources/SwiftSQLite/Database+Function.swift (in target 'SwiftSQLCipher' from project 'SwiftSQLite')
SwiftCompile normal armv7k /Users/admin/builder/spi-builder-workspace/Sources/SwiftSQLite/Database+Function.swift (in target 'SwiftSQLCipher' from project 'SwiftSQLite')
    cd /Users/admin/builder/spi-builder-workspace/.swiftpm/xcode

SwiftDriverJobDiscovery normal armv7k Compiling Log.swift (in target 'SwiftSQLCipher' from project 'SwiftSQLite')
SwiftCompile normal arm64 Compiling\ DatabaseError.swift /Users/admin/builder/spi-builder-workspace/Sources/SwiftSQLite/DatabaseError.swift (in target 'SwiftSQLCipher' from project 'SwiftSQLite')
SwiftCompile normal arm64 /Users/admin/builder/spi-builder-workspace/Sources/SwiftSQLite/DatabaseError.swift (in target 'SwiftSQLCipher' from project 'SwiftSQLite')
    cd /Users/admin/builder/spi-builder-workspace/.swiftpm/xcode

SwiftDriverJobDiscovery normal arm64 Compiling SQLResult.swift (in target 'SwiftSQLCipher' from project 'SwiftSQLite')
SwiftCompile normal arm64 Compiling\ SQLValue.swift /Users/admin/builder/spi-builder-workspace/Sources/SwiftSQLite/SQLValue.swift (in target 'SwiftSQLCipher' from project 'SwiftSQLite')
SwiftCompile normal arm64 /Users/admin/builder/spi-builder-workspace/Sources/SwiftSQLite/SQLValue.swift (in target 'SwiftSQLCipher' from project 'SwiftSQLite')
    cd /Users/admin/builder/spi-builder-workspace/.swiftpm/xcode

SwiftDriverJobDiscovery normal arm64 Compiling Log.swift (in target 'SwiftSQLCipher' from project 'SwiftSQLite')
SwiftCompile normal arm64 Compiling\ Date+SQL.swift /Users/admin/builder/spi-builder-workspace/Sources/SwiftSQLite/Date+SQL.swift (in target 'SwiftSQLCipher' from project 'SwiftSQLite')
SwiftCompile normal arm64 /Users/admin/builder/spi-builder-workspace/Sources/SwiftSQLite/Date+SQL.swift (in target 'SwiftSQLCipher' from project 'SwiftSQLite')
    cd /Users/admin/builder/spi-builder-workspace/.swiftpm/xcode

SwiftDriverJobDiscovery normal arm64 Compiling Database+Function.swift (in target 'SwiftSQLCipher' from project 'SwiftSQLite')
SwiftDriver SwiftSQLCipherTest normal arm64_32 com.apple.xcode.tools.swift.compiler (in target 'SwiftSQLCipherTest' from project 'SwiftSQLite')
    cd /Users/admin/builder/spi-builder-workspace/.swiftpm/xcode
    builtin-SwiftDriver -- /Applications/Xcode-16.3.0.app/Contents/Developer/Toolchains/XcodeDefault.xctoolchain/usr/bin/swiftc -module-name SwiftSQLCipherTest -Onone -enforce-exclusivity\=checked @/Users/admin/builder/spi-builder-workspace/.derivedData/Build/Intermediates.noindex/SwiftSQLite.build/Debug-watchos/SwiftSQLCipherTest.build/Objects-normal/arm64_32/SwiftSQLCipherTest.SwiftFileList -DSWIFT_PACKAGE -DDEBUG -Xcc -fmodule-map-file\=/Users/admin/builder/spi-builder-workspace/.derivedData/Build/Intermediates.noindex/GeneratedModuleMaps-watchos/CSQLCipher.modulemap -DXcode -plugin-path /Applications/Xcode-16.3.0.app/Contents/Developer/Toolchains/XcodeDefault.xctoolchain/usr/lib/swift/host/plugins/testing -enable-experimental-feature DebugDescriptionMacro -sdk /Applications/Xcode-16.3.0.app/Contents/Developer/Platforms/WatchOS.platform/Developer/SDKs/WatchOS11.4.sdk -target arm64_32-apple-watchos5.0 -g -module-cache-path /Users/admin/builder/spi-builder-workspace/.derivedData/ModuleCache.noindex -Xfrontend -serialize-debugging-options -profile-coverage-mapping -profile-generate -enable-testing -index-store-path /Users/admin/builder/spi-builder-workspace/.derivedData/Index.noindex/DataStore -swift-version 5 -I /Users/admin/builder/spi-builder-workspace/.derivedData/Build/Products/Debug-watchos -I /Applications/Xcode-16.3.0.app/Contents/Developer/Platforms/WatchOS.platform/Developer/usr/lib -F /Users/admin/builder/spi-builder-workspace/.derivedData/Build/Products/Debug-watchos/PackageFrameworks -F /Users/admin/builder/spi-builder-workspace/.derivedData/Build/Products/Debug-watchos/PackageFrameworks -F /Users/admin/builder/spi-builder-workspace/.derivedData/Build/Products/Debug-watchos -F /Applications/Xcode-16.3.0.app/Contents/Developer/Platforms/WatchOS.platform/Developer/Library/Frameworks -F /Applications/Xcode-16.3.0.app/Contents/Developer/Platforms/WatchOS.platform/Developer/SDKs/WatchOS11.4.sdk/Developer/Library/Frameworks -c -j10 -enable-batch-mode -incremental -Xcc -ivfsstatcache -Xcc /Users/admin/builder/spi-builder-workspace/.derivedData/SDKStatCaches.noindex/watchos11.4-22T246-43efb940ff07ba2497b70ec94253f576.sdkstatcache -output-file-map /Users/admin/builder/spi-builder-workspace/.derivedData/Build/Intermediates.noindex/SwiftSQLite.build/Debug-watchos/SwiftSQLCipherTest.build/Objects-normal/arm64_32/SwiftSQLCipherTest-OutputFileMap.json -use-frontend-parseable-output -save-temps -no-color-diagnostics -serialize-diagnostics -emit-dependencies -emit-module -emit-module-path /Users/admin/builder/spi-builder-workspace/.derivedData/Build/Intermediates.noindex/SwiftSQLite.build/Debug-watchos/SwiftSQLCipherTest.build/Objects-normal/arm64_32/SwiftSQLCipherTest.swiftmodule -validate-clang-modules-once -clang-build-session-file /Users/admin/builder/spi-builder-workspace/.derivedData/ModuleCache.noindex/Session.modulevalidation -emit-const-values -Xfrontend -const-gather-protocols-file -Xfrontend /Users/admin/builder/spi-builder-workspace/.derivedData/Build/Intermediates.noindex/SwiftSQLite.build/Debug-watchos/SwiftSQLCipherTest.build/Objects-normal/arm64_32/SwiftSQLCipherTest_const_extract_protocols.json -Xcc -I/Users/admin/builder/spi-builder-workspace/Sources/CSQLCipher/include -Xcc -I/Users/admin/builder/spi-builder-workspace/.derivedData/Build/Products/Debug-watchos/include -Xcc -I/Users/admin/builder/spi-builder-workspace/.derivedData/Build/Intermediates.noindex/SwiftSQLite.build/Debug-watchos/SwiftSQLCipherTest.build/DerivedSources-normal/arm64_32 -Xcc -I/Users/admin/builder/spi-builder-workspace/.derivedData/Build/Intermediates.noindex/SwiftSQLite.build/Debug-watchos/SwiftSQLCipherTest.build/DerivedSources/arm64_32 -Xcc -I/Users/admin/builder/spi-builder-workspace/.derivedData/Build/Intermediates.noindex/SwiftSQLite.build/Debug-watchos/SwiftSQLCipherTest.build/DerivedSources -Xcc -DSWIFT_PACKAGE -Xcc -DDEBUG\=1 -working-directory /Users/admin/builder/spi-builder-workspace/.swiftpm/xcode -experimental-emit-module-separately -disable-cmo
SwiftDriverJobDiscovery normal armv7k Compiling SQLResult.swift (in target 'SwiftSQLCipher' from project 'SwiftSQLite')
SwiftDriver SwiftSQLCipherTest normal arm64 com.apple.xcode.tools.swift.compiler (in target 'SwiftSQLCipherTest' from project 'SwiftSQLite')
    cd /Users/admin/builder/spi-builder-workspace/.swiftpm/xcode
    builtin-SwiftDriver -- /Applications/Xcode-16.3.0.app/Contents/Developer/Toolchains/XcodeDefault.xctoolchain/usr/bin/swiftc -module-name SwiftSQLCipherTest -Onone -enforce-exclusivity\=checked @/Users/admin/builder/spi-builder-workspace/.derivedData/Build/Intermediates.noindex/SwiftSQLite.build/Debug-watchos/SwiftSQLCipherTest.build/Objects-normal/arm64/SwiftSQLCipherTest.SwiftFileList -DSWIFT_PACKAGE -DDEBUG -Xcc -fmodule-map-file\=/Users/admin/builder/spi-builder-workspace/.derivedData/Build/Intermediates.noindex/GeneratedModuleMaps-watchos/CSQLCipher.modulemap -DXcode -plugin-path /Applications/Xcode-16.3.0.app/Contents/Developer/Toolchains/XcodeDefault.xctoolchain/usr/lib/swift/host/plugins/testing -enable-experimental-feature DebugDescriptionMacro -sdk /Applications/Xcode-16.3.0.app/Contents/Developer/Platforms/WatchOS.platform/Developer/SDKs/WatchOS11.4.sdk -target arm64-apple-watchos5.0 -g -module-cache-path /Users/admin/builder/spi-builder-workspace/.derivedData/ModuleCache.noindex -Xfrontend -serialize-debugging-options -profile-coverage-mapping -profile-generate -enable-testing -index-store-path /Users/admin/builder/spi-builder-workspace/.derivedData/Index.noindex/DataStore -swift-version 5 -I /Users/admin/builder/spi-builder-workspace/.derivedData/Build/Products/Debug-watchos -I /Applications/Xcode-16.3.0.app/Contents/Developer/Platforms/WatchOS.platform/Developer/usr/lib -F /Users/admin/builder/spi-builder-workspace/.derivedData/Build/Products/Debug-watchos/PackageFrameworks -F /Users/admin/builder/spi-builder-workspace/.derivedData/Build/Products/Debug-watchos/PackageFrameworks -F /Users/admin/builder/spi-builder-workspace/.derivedData/Build/Products/Debug-watchos -F /Applications/Xcode-16.3.0.app/Contents/Developer/Platforms/WatchOS.platform/Developer/Library/Frameworks -F /Applications/Xcode-16.3.0.app/Contents/Developer/Platforms/WatchOS.platform/Developer/SDKs/WatchOS11.4.sdk/Developer/Library/Frameworks -c -j10 -enable-batch-mode -incremental -Xcc -ivfsstatcache -Xcc /Users/admin/builder/spi-builder-workspace/.derivedData/SDKStatCaches.noindex/watchos11.4-22T246-43efb940ff07ba2497b70ec94253f576.sdkstatcache -output-file-map /Users/admin/builder/spi-builder-workspace/.derivedData/Build/Intermediates.noindex/SwiftSQLite.build/Debug-watchos/SwiftSQLCipherTest.build/Objects-normal/arm64/SwiftSQLCipherTest-OutputFileMap.json -use-frontend-parseable-output -save-temps -no-color-diagnostics -serialize-diagnostics -emit-dependencies -emit-module -emit-module-path /Users/admin/builder/spi-builder-workspace/.derivedData/Build/Intermediates.noindex/SwiftSQLite.build/Debug-watchos/SwiftSQLCipherTest.build/Objects-normal/arm64/SwiftSQLCipherTest.swiftmodule -validate-clang-modules-once -clang-build-session-file /Users/admin/builder/spi-builder-workspace/.derivedData/ModuleCache.noindex/Session.modulevalidation -emit-const-values -Xfrontend -const-gather-protocols-file -Xfrontend /Users/admin/builder/spi-builder-workspace/.derivedData/Build/Intermediates.noindex/SwiftSQLite.build/Debug-watchos/SwiftSQLCipherTest.build/Objects-normal/arm64/SwiftSQLCipherTest_const_extract_protocols.json -Xcc -I/Users/admin/builder/spi-builder-workspace/Sources/CSQLCipher/include -Xcc -I/Users/admin/builder/spi-builder-workspace/.derivedData/Build/Products/Debug-watchos/include -Xcc -I/Users/admin/builder/spi-builder-workspace/.derivedData/Build/Intermediates.noindex/SwiftSQLite.build/Debug-watchos/SwiftSQLCipherTest.build/DerivedSources-normal/arm64 -Xcc -I/Users/admin/builder/spi-builder-workspace/.derivedData/Build/Intermediates.noindex/SwiftSQLite.build/Debug-watchos/SwiftSQLCipherTest.build/DerivedSources/arm64 -Xcc -I/Users/admin/builder/spi-builder-workspace/.derivedData/Build/Intermediates.noindex/SwiftSQLite.build/Debug-watchos/SwiftSQLCipherTest.build/DerivedSources -Xcc -DSWIFT_PACKAGE -Xcc -DDEBUG\=1 -working-directory /Users/admin/builder/spi-builder-workspace/.swiftpm/xcode -experimental-emit-module-separately -disable-cmo
SwiftEmitModule normal arm64_32 Emitting\ module\ for\ SwiftSQLCipherTest (in target 'SwiftSQLCipherTest' from project 'SwiftSQLite')
Failed frontend command:
/Applications/Xcode-16.3.0.app/Contents/Developer/Toolchains/XcodeDefault.xctoolchain/usr/bin/swift-frontend -frontend -emit-module -experimental-skip-non-inlinable-function-bodies-without-types /Users/admin/builder/spi-builder-workspace/Sources/SwiftSQLCipherTest/main.swift -target arm64_32-apple-watchos5.0 -enable-objc-interop -sdk /Applications/Xcode-16.3.0.app/Contents/Developer/Platforms/WatchOS.platform/Developer/SDKs/WatchOS11.4.sdk -I /Users/admin/builder/spi-builder-workspace/.derivedData/Build/Products/Debug-watchos -I /Applications/Xcode-16.3.0.app/Contents/Developer/Platforms/WatchOS.platform/Developer/usr/lib -F /Users/admin/builder/spi-builder-workspace/.derivedData/Build/Products/Debug-watchos/PackageFrameworks -F /Users/admin/builder/spi-builder-workspace/.derivedData/Build/Products/Debug-watchos/PackageFrameworks -F /Users/admin/builder/spi-builder-workspace/.derivedData/Build/Products/Debug-watchos -F /Applications/Xcode-16.3.0.app/Contents/Developer/Platforms/WatchOS.platform/Developer/Library/Frameworks -F /Applications/Xcode-16.3.0.app/Contents/Developer/Platforms/WatchOS.platform/Developer/SDKs/WatchOS11.4.sdk/Developer/Library/Frameworks -no-color-diagnostics -enable-testing -g -debug-info-format\=dwarf -dwarf-version\=4 -module-cache-path /Users/admin/builder/spi-builder-workspace/.derivedData/ModuleCache.noindex -profile-generate -profile-coverage-mapping -swift-version 5 -enforce-exclusivity\=checked -Onone -D SWIFT_PACKAGE -D DEBUG -D Xcode -serialize-debugging-options -const-gather-protocols-file /Users/admin/builder/spi-builder-workspace/.derivedData/Build/Intermediates.noindex/SwiftSQLite.build/Debug-watchos/SwiftSQLCipherTest.build/Objects-normal/arm64_32/SwiftSQLCipherTest_const_extract_protocols.json -enable-experimental-feature DebugDescriptionMacro -empty-abi-descriptor -plugin-path /Applications/Xcode-16.3.0.app/Contents/Developer/Toolchains/XcodeDefault.xctoolchain/usr/lib/swift/host/plugins/testing -validate-clang-modules-once -clang-build-session-file /Users/admin/builder/spi-builder-workspace/.derivedData/ModuleCache.noindex/Session.modulevalidation -Xcc -working-directory -Xcc /Users/admin/builder/spi-builder-workspace/.swiftpm/xcode -resource-dir /Applications/Xcode-16.3.0.app/Contents/Developer/Toolchains/XcodeDefault.xctoolchain/usr/lib/swift -enable-anonymous-context-mangled-names -file-compilation-dir /Users/admin/builder/spi-builder-workspace/.swiftpm/xcode -Xcc -fmodule-map-file\=/Users/admin/builder/spi-builder-workspace/.derivedData/Build/Intermediates.noindex/GeneratedModuleMaps-watchos/CSQLCipher.modulemap -Xcc -ivfsstatcache -Xcc /Users/admin/builder/spi-builder-workspace/.derivedData/SDKStatCaches.noindex/watchos11.4-22T246-43efb940ff07ba2497b70ec94253f576.sdkstatcache -Xcc -I/Users/admin/builder/spi-builder-workspace/Sources/CSQLCipher/include -Xcc -I/Users/admin/builder/spi-builder-workspace/.derivedData/Build/Products/Debug-watchos/include -Xcc -I/Users/admin/builder/spi-builder-workspace/.derivedData/Build/Intermediates.noindex/SwiftSQLite.build/Debug-watchos/SwiftSQLCipherTest.build/DerivedSources-normal/arm64_32 -Xcc -I/Users/admin/builder/spi-builder-workspace/.derivedData/Build/Intermediates.noindex/SwiftSQLite.build/Debug-watchos/SwiftSQLCipherTest.build/DerivedSources/arm64_32 -Xcc -I/Users/admin/builder/spi-builder-workspace/.derivedData/Build/Intermediates.noindex/SwiftSQLite.build/Debug-watchos/SwiftSQLCipherTest.build/DerivedSources -Xcc -DSWIFT_PACKAGE -Xcc -DDEBUG\=1 -module-name SwiftSQLCipherTest -frontend-parseable-output -disable-clang-spi -target-sdk-version 11.4 -target-sdk-name watchos11.4 -external-plugin-path /Applications/Xcode-16.3.0.app/Contents/Developer/Platforms/WatchOS.platform/Developer/usr/lib/swift/host/plugins\#/Applications/Xcode-16.3.0.app/Contents/Developer/Platforms/WatchOS.platform/Developer/usr/bin/swift-plugin-server -external-plugin-path /Applications/Xcode-16.3.0.app/Contents/Developer/Platforms/WatchOS.platform/Developer/usr/local/lib/swift/host/plugins\#/Applications/Xcode-16.3.0.app/Contents/Developer/Platforms/WatchOS.platform/Developer/usr/bin/swift-plugin-server -in-process-plugin-server-path /Applications/Xcode-16.3.0.app/Contents/Developer/Toolchains/XcodeDefault.xctoolchain/usr/lib/swift/host/libSwiftInProcPluginServer.dylib -plugin-path /Applications/Xcode-16.3.0.app/Contents/Developer/Toolchains/XcodeDefault.xctoolchain/usr/lib/swift/host/plugins -plugin-path /Applications/Xcode-16.3.0.app/Contents/Developer/Toolchains/XcodeDefault.xctoolchain/usr/local/lib/swift/host/plugins -emit-module-doc-path /Users/admin/builder/spi-builder-workspace/.derivedData/Build/Intermediates.noindex/SwiftSQLite.build/Debug-watchos/SwiftSQLCipherTest.build/Objects-normal/arm64_32/SwiftSQLCipherTest.swiftdoc -emit-module-source-info-path /Users/admin/builder/spi-builder-workspace/.derivedData/Build/Intermediates.noindex/SwiftSQLite.build/Debug-watchos/SwiftSQLCipherTest.build/Objects-normal/arm64_32/SwiftSQLCipherTest.swiftsourceinfo -serialize-diagnostics-path /Users/admin/builder/spi-builder-workspace/.derivedData/Build/Intermediates.noindex/SwiftSQLite.build/Debug-watchos/SwiftSQLCipherTest.build/Objects-normal/arm64_32/SwiftSQLCipherTest-master-emit-module.dia -emit-dependencies-path /Users/admin/builder/spi-builder-workspace/.derivedData/Build/Intermediates.noindex/SwiftSQLite.build/Debug-watchos/SwiftSQLCipherTest.build/Objects-normal/arm64_32/SwiftSQLCipherTest-master-emit-module.d -o /Users/admin/builder/spi-builder-workspace/.derivedData/Build/Intermediates.noindex/SwiftSQLite.build/Debug-watchos/SwiftSQLCipherTest.build/Objects-normal/arm64_32/SwiftSQLCipherTest.swiftmodule -emit-abi-descriptor-path /Users/admin/builder/spi-builder-workspace/.derivedData/Build/Intermediates.noindex/SwiftSQLite.build/Debug-watchos/SwiftSQLCipherTest.build/Objects-normal/arm64_32/SwiftSQLCipherTest.abi.json
SwiftCompile normal arm64_32 /Users/admin/builder/spi-builder-workspace/Sources/SwiftSQLCipherTest/main.swift (in target 'SwiftSQLCipherTest' from project 'SwiftSQLite')
    cd /Users/admin/builder/spi-builder-workspace/.swiftpm/xcode

/Users/admin/builder/spi-builder-workspace/Sources/SwiftSQLCipherTest/main.swift:72:23: error: 'Logger' is only available in watchOS 7.0 or newer
    private var log = Logger()
                      ^
/Users/admin/builder/spi-builder-workspace/Sources/SwiftSQLCipherTest/main.swift:54:8: note: add @available attribute to enclosing struct
struct SQLLogger : SwiftSQLCipher.Log {
       ^
SwiftEmitModule normal arm64 Emitting\ module\ for\ SwiftSQLCipherTest (in target 'SwiftSQLCipherTest' from project 'SwiftSQLite')
SwiftDriverJobDiscovery normal arm64 Compiling DatabaseError.swift (in target 'SwiftSQLCipher' from project 'SwiftSQLite')
SwiftDriver SwiftSQLCipherTest normal armv7k com.apple.xcode.tools.swift.compiler (in target 'SwiftSQLCipherTest' from project 'SwiftSQLite')
    cd /Users/admin/builder/spi-builder-workspace/.swiftpm/xcode
    builtin-SwiftDriver -- /Applications/Xcode-16.3.0.app/Contents/Developer/Toolchains/XcodeDefault.xctoolchain/usr/bin/swiftc -module-name SwiftSQLCipherTest -Onone -enforce-exclusivity\=checked @/Users/admin/builder/spi-builder-workspace/.derivedData/Build/Intermediates.noindex/SwiftSQLite.build/Debug-watchos/SwiftSQLCipherTest.build/Objects-normal/armv7k/SwiftSQLCipherTest.SwiftFileList -DSWIFT_PACKAGE -DDEBUG -Xcc -fmodule-map-file\=/Users/admin/builder/spi-builder-workspace/.derivedData/Build/Intermediates.noindex/GeneratedModuleMaps-watchos/CSQLCipher.modulemap -DXcode -plugin-path /Applications/Xcode-16.3.0.app/Contents/Developer/Toolchains/XcodeDefault.xctoolchain/usr/lib/swift/host/plugins/testing -enable-experimental-feature DebugDescriptionMacro -sdk /Applications/Xcode-16.3.0.app/Contents/Developer/Platforms/WatchOS.platform/Developer/SDKs/WatchOS11.4.sdk -target armv7k-apple-watchos5.0 -g -module-cache-path /Users/admin/builder/spi-builder-workspace/.derivedData/ModuleCache.noindex -Xfrontend -serialize-debugging-options -profile-coverage-mapping -profile-generate -enable-testing -index-store-path /Users/admin/builder/spi-builder-workspace/.derivedData/Index.noindex/DataStore -swift-version 5 -I /Users/admin/builder/spi-builder-workspace/.derivedData/Build/Products/Debug-watchos -I /Applications/Xcode-16.3.0.app/Contents/Developer/Platforms/WatchOS.platform/Developer/usr/lib -F /Users/admin/builder/spi-builder-workspace/.derivedData/Build/Products/Debug-watchos/PackageFrameworks -F /Users/admin/builder/spi-builder-workspace/.derivedData/Build/Products/Debug-watchos/PackageFrameworks -F /Users/admin/builder/spi-builder-workspace/.derivedData/Build/Products/Debug-watchos -F /Applications/Xcode-16.3.0.app/Contents/Developer/Platforms/WatchOS.platform/Developer/Library/Frameworks -F /Applications/Xcode-16.3.0.app/Contents/Developer/Platforms/WatchOS.platform/Developer/SDKs/WatchOS11.4.sdk/Developer/Library/Frameworks -c -j10 -enable-batch-mode -incremental -Xcc -ivfsstatcache -Xcc /Users/admin/builder/spi-builder-workspace/.derivedData/SDKStatCaches.noindex/watchos11.4-22T246-43efb940ff07ba2497b70ec94253f576.sdkstatcache -output-file-map /Users/admin/builder/spi-builder-workspace/.derivedData/Build/Intermediates.noindex/SwiftSQLite.build/Debug-watchos/SwiftSQLCipherTest.build/Objects-normal/armv7k/SwiftSQLCipherTest-OutputFileMap.json -use-frontend-parseable-output -save-temps -no-color-diagnostics -serialize-diagnostics -emit-dependencies -emit-module -emit-module-path /Users/admin/builder/spi-builder-workspace/.derivedData/Build/Intermediates.noindex/SwiftSQLite.build/Debug-watchos/SwiftSQLCipherTest.build/Objects-normal/armv7k/SwiftSQLCipherTest.swiftmodule -validate-clang-modules-once -clang-build-session-file /Users/admin/builder/spi-builder-workspace/.derivedData/ModuleCache.noindex/Session.modulevalidation -emit-const-values -Xfrontend -const-gather-protocols-file -Xfrontend /Users/admin/builder/spi-builder-workspace/.derivedData/Build/Intermediates.noindex/SwiftSQLite.build/Debug-watchos/SwiftSQLCipherTest.build/Objects-normal/armv7k/SwiftSQLCipherTest_const_extract_protocols.json -Xcc -I/Users/admin/builder/spi-builder-workspace/Sources/CSQLCipher/include -Xcc -I/Users/admin/builder/spi-builder-workspace/.derivedData/Build/Products/Debug-watchos/include -Xcc -I/Users/admin/builder/spi-builder-workspace/.derivedData/Build/Intermediates.noindex/SwiftSQLite.build/Debug-watchos/SwiftSQLCipherTest.build/DerivedSources-normal/armv7k -Xcc -I/Users/admin/builder/spi-builder-workspace/.derivedData/Build/Intermediates.noindex/SwiftSQLite.build/Debug-watchos/SwiftSQLCipherTest.build/DerivedSources/armv7k -Xcc -I/Users/admin/builder/spi-builder-workspace/.derivedData/Build/Intermediates.noindex/SwiftSQLite.build/Debug-watchos/SwiftSQLCipherTest.build/DerivedSources -Xcc -DSWIFT_PACKAGE -Xcc -DDEBUG\=1 -working-directory /Users/admin/builder/spi-builder-workspace/.swiftpm/xcode -experimental-emit-module-separately -disable-cmo
SwiftDriverJobDiscovery normal arm64 Compiling Date+SQL.swift (in target 'SwiftSQLCipher' from project 'SwiftSQLite')
SwiftCompile normal arm64_32 Compiling\ main.swift /Users/admin/builder/spi-builder-workspace/Sources/SwiftSQLCipherTest/main.swift (in target 'SwiftSQLCipherTest' from project 'SwiftSQLite')
SwiftEmitModule normal armv7k Emitting\ module\ for\ SwiftSQLCipherTest (in target 'SwiftSQLCipherTest' from project 'SwiftSQLite')
SwiftDriverJobDiscovery normal arm64 Compiling SQLValue.swift (in target 'SwiftSQLCipher' from project 'SwiftSQLite')
SwiftCompile normal armv7k Compiling\ main.swift /Users/admin/builder/spi-builder-workspace/Sources/SwiftSQLCipherTest/main.swift (in target 'SwiftSQLCipherTest' from project 'SwiftSQLite')
SwiftDriverJobDiscovery normal arm64 Compiling Statement.swift (in target 'SwiftSQLCipher' from project 'SwiftSQLite')
SwiftCompile normal arm64 Compiling\ main.swift /Users/admin/builder/spi-builder-workspace/Sources/SwiftSQLCipherTest/main.swift (in target 'SwiftSQLCipherTest' from project 'SwiftSQLite')
Command SwiftCompile failed with a nonzero exit code
** BUILD FAILED **
The following build commands failed:
	SwiftEmitModule normal arm64_32 Emitting\ module\ for\ SwiftSQLCipherTest (in target 'SwiftSQLCipherTest' from project 'SwiftSQLite')
	SwiftCompile normal arm64_32 /Users/admin/builder/spi-builder-workspace/Sources/SwiftSQLCipherTest/main.swift (in target 'SwiftSQLCipherTest' from project 'SwiftSQLite')
	SwiftCompile normal arm64 Compiling\ main.swift /Users/admin/builder/spi-builder-workspace/Sources/SwiftSQLCipherTest/main.swift (in target 'SwiftSQLCipherTest' from project 'SwiftSQLite')
	Building workspace spi-builder-workspace with scheme SwiftSQLite-Package
(4 failures)
BUILD FAILURE 6.1 watchOS