The Swift Package Index logo.Swift Package Index

Build Information

Failed to build Keychain, reference main (ee10cb), with Swift 6.2 for Wasm on 17 Oct 2026 14:40:17 UTC.

Build Command

bash -c docker run --pull=always --rm -v "checkouts-54344847-0":/host -w "$PWD" -e JAVA_HOME="/root/.sdkman/candidates/java/current" -e SPI_BUILD="1" -e SPI_PROCESSING="1" registry.gitlab.com/saguaro1/spi-images:wasm-6.2-latest swift build --swift-sdk swift-6.2-RELEASE_wasm 2>&1

Build Log

========================================
RunAll
========================================
Builder version: 5.1.3
Interrupt handler set up.
========================================
Checkout
========================================
Clone URL: https://github.com/elegantchaos/Keychain.git
Reference: main
Initialized empty Git repository in /host/spi-builder-workspace/.git/
hint: Using 'master' as the name for the initial branch. This default branch name
hint: is subject to change. To configure the initial branch name to use in all
hint: of your new repositories, which will suppress this warning, call:
hint:
hint: 	git config --global init.defaultBranch <name>
hint:
hint: Names commonly chosen instead of 'master' are 'main', 'trunk' and
hint: 'development'. The just-created branch can be renamed via this command:
hint:
hint: 	git branch -m <name>
From https://github.com/elegantchaos/Keychain
 * branch            main       -> FETCH_HEAD
 * [new branch]      main       -> origin/main
HEAD is now at ee10cbe Merge pull request #4 from elegantchaos/integration/bookish
Cloned https://github.com/elegantchaos/Keychain.git
Revision (git rev-parse @):
ee10cbe4639a7d3f6bdf8fe5f178f47f44b02a99
SUCCESS checkout https://github.com/elegantchaos/Keychain.git at main
========================================
Build
========================================
Selected platform:         wasm
Swift version:             6.2
Building package at path:  $PWD
https://github.com/elegantchaos/Keychain.git
Running build ...
bash -c docker run --pull=always --rm -v "checkouts-54344847-0":/host -w "$PWD" -e JAVA_HOME="/root/.sdkman/candidates/java/current" -e SPI_BUILD="1" -e SPI_PROCESSING="1" registry.gitlab.com/saguaro1/spi-images:wasm-6.2-latest swift build --swift-sdk swift-6.2-RELEASE_wasm 2>&1
wasm-6.2-latest: Pulling from saguaro1/spi-images
Digest: sha256:0563b842faffea9ddc6fe15fbd2051d02dff3ef29dc4b5bfe0a0910a084eee81
Status: Image is up to date for registry.gitlab.com/saguaro1/spi-images:wasm-6.2-latest
Building for debugging...
[0/2] Write sources
[1/2] Write swift-version-24593BA9C3E375BF.txt
error: emit-module command failed with exit code 1 (use -v to see invocation)
[3/4] Emitting module Keychain
/host/spi-builder-workspace/Sources/Keychain/Keychain.swift:7:8: error: no such module 'Security'
  5 |
  6 | import Foundation
  7 | import Security
    |        `- error: no such module 'Security'
  8 |
  9 | public struct Keychain {
[4/4] Compiling Keychain Keychain.swift
/host/spi-builder-workspace/Sources/Keychain/Keychain.swift:7:8: error: no such module 'Security'
  5 |
  6 | import Foundation
  7 | import Security
    |        `- error: no such module 'Security'
  8 |
  9 | public struct Keychain {
BUILD FAILURE 6.2 wasm