Build Information
Failed to build Alchemy, reference 0.2.0 (985898), with Swift 6.4 for macOS (Xcode) using Xcode 27.0 on 15 Sep 2026 19:21:00 UTC.
Build Command
env DEVELOPER_DIR=/Applications/Xcode-27.0.0-Release.Candidate.app xcrun xcodebuild -IDEClonedSourcePackagesDirPathOverride=$PWD/.dependencies -skipMacroValidation -skipPackagePluginValidation -derivedDataPath $PWD/.derivedData build -scheme Alchemy-Package -destination platform=macOS,arch=arm64Build Log
========================================
RunAll
========================================
Builder version: 5.1.0
Interrupt handler set up.
========================================
Checkout
========================================
Clone URL: https://github.com/typelift/alchemy.git
Reference: 0.2.0
Initialized empty Git repository in /Users/admin/builder/spi-builder-workspace/.git/
From https://github.com/typelift/alchemy
* tag 0.2.0 -> FETCH_HEAD
HEAD is now at 9858986 Merge pull request #9 from CodaFi/bump
Cloned https://github.com/typelift/alchemy.git
Revision (git rev-parse @):
98589869f2fb60f29159e164241f1c2d0e47e430
SUCCESS checkout https://github.com/typelift/alchemy.git at 0.2.0
========================================
Build
========================================
Selected platform: macosXcodebuild
Swift version: 6.4
Building package at path: $PWD
https://github.com/typelift/alchemy.git
Command line invocation:
/Applications/Xcode-27.0.0-Release.Candidate.app/Contents/Developer/usr/bin/xcodebuild -IDEClonedSourcePackagesDirPathOverride=/Users/admin/builder/spi-builder-workspace/.dependencies -resolvePackageDependencies
resolved source packages:
{
"dependencies" : [
{
"identity" : "swiftcheck",
"requirement" : {
"range" : [
{
"lower_bound" : "0.9.0",
"upper_bound" : "1.0.0"
}
]
},
"type" : "sourceControl",
"url" : "https://github.com/typelift/SwiftCheck.git"
}
],
"manifest_display_name" : "Alchemy",
"name" : "Alchemy",
"path" : "/Users/admin/builder/spi-builder-workspace",
"platforms" : [
],
"products" : [
{
"name" : "Alchemy",
"targets" : [
"Alchemy"
],
"type" : {
"library" : [
"automatic"
]
}
}
],
"targets" : [
{
"c99name" : "AlchemyTests",
"module_type" : "SwiftTarget",
"name" : "AlchemyTests",
"path" : "Tests/AlchemyTests",
"product_dependencies" : [
"SwiftCheck"
],
"sources" : [
"AlchemySpec.swift",
"FileSpec.swift"
],
"target_dependencies" : [
"Alchemy"
],
"type" : "test"
},
{
"c99name" : "Alchemy",
"module_type" : "SwiftTarget",
"name" : "Alchemy",
"path" : "Sources/Alchemy",
"product_memberships" : [
"Alchemy"
],
"sources" : [
"Builder.swift",
"Get.swift",
"Put.swift",
"Serialize.swift"
],
"type" : "library"
}
],
"tools_version" : "4.0"
}
{
"project" : {
"configurations" : [
"Debug",
"Release"
],
"name" : "Alchemy",
"schemes" : [
"Alchemy",
"Alchemy-iOS",
"Alchemy-Package",
"Alchemy-tvOS",
"Alchemy-watchOS",
"AlchemyPackageDescription",
"AlchemyPackageTests"
],
"targets" : [
"Alchemy",
"AlchemyPackageDescription",
"AlchemyPackageTests",
"AlchemyTests"
]
}
}
Running build ...
env DEVELOPER_DIR=/Applications/Xcode-27.0.0-Release.Candidate.app xcrun xcodebuild -IDEClonedSourcePackagesDirPathOverride=$PWD/.dependencies -skipMacroValidation -skipPackagePluginValidation -derivedDataPath $PWD/.derivedData build -scheme Alchemy-Package -destination platform=macOS,arch=arm64
Command line invocation:
/Applications/Xcode-27.0.0-Release.Candidate.app/Contents/Developer/usr/bin/xcodebuild -IDEClonedSourcePackagesDirPathOverride=/Users/admin/builder/spi-builder-workspace/.dependencies -skipMacroValidation -skipPackagePluginValidation -derivedDataPath /Users/admin/builder/spi-builder-workspace/.derivedData build -scheme Alchemy-Package -destination platform=macOS,arch=arm64
ComputePackagePrebuildTargetDependencyGraph
Prepare packages
CreateBuildRequest
SendProjectDescription
CreateBuildOperation
ComputeTargetDependencyGraph
note: Building targets in dependency order
note: Target dependency graph (1 target)
Target 'Alchemy' in project 'Alchemy' (no dependencies)
GatherProvisioningInputs
CreateBuildDescription
ExecuteExternalTool /Applications/Xcode-27.0.0-Release.Candidate.app/Contents/Developer/Toolchains/XcodeDefault.xctoolchain/usr/bin/clang -v -E -dM -isysroot /Applications/Xcode-27.0.0-Release.Candidate.app/Contents/Developer/Platforms/MacOSX.platform/Developer/SDKs/MacOSX27.0.sdk -x c -c /dev/null
ExecuteExternalTool /Applications/Xcode-27.0.0-Release.Candidate.app/Contents/Developer/Toolchains/XcodeDefault.xctoolchain/usr/bin/swiftc --version
ExecuteExternalTool /Applications/Xcode-27.0.0-Release.Candidate.app/Contents/Developer/Toolchains/XcodeDefault.xctoolchain/usr/bin/ld -version_details
Build description signature: 243b903e900f494b2c37955b2ac40e00
Build description path: /Users/admin/builder/spi-builder-workspace/.derivedData/Build/Intermediates.noindex/XCBuildData/243b903e900f494b2c37955b2ac40e00.xcbuilddata
/Users/admin/builder/spi-builder-workspace/Alchemy.xcodeproj: error: The macOS deployment target 'MACOSX_DEPLOYMENT_TARGET' is set to 10.10, but the range of supported deployment target versions is 12.0 to 27.0.x. (in target 'Alchemy' from project 'Alchemy')
** BUILD FAILED **
The following build commands failed:
Building project Alchemy with scheme Alchemy-Package
(1 failure)
Command line invocation:
/Applications/Xcode-27.0.0-Release.Candidate.app/Contents/Developer/usr/bin/xcodebuild -IDEClonedSourcePackagesDirPathOverride=/Users/admin/builder/spi-builder-workspace/.dependencies -resolvePackageDependencies
resolved source packages:
{
"dependencies" : [
{
"identity" : "swiftcheck",
"requirement" : {
"range" : [
{
"lower_bound" : "0.9.0",
"upper_bound" : "1.0.0"
}
]
},
"type" : "sourceControl",
"url" : "https://github.com/typelift/SwiftCheck.git"
}
],
"manifest_display_name" : "Alchemy",
"name" : "Alchemy",
"path" : "/Users/admin/builder/spi-builder-workspace",
"platforms" : [
],
"products" : [
{
"name" : "Alchemy",
"targets" : [
"Alchemy"
],
"type" : {
"library" : [
"automatic"
]
}
}
],
"targets" : [
{
"c99name" : "AlchemyTests",
"module_type" : "SwiftTarget",
"name" : "AlchemyTests",
"path" : "Tests/AlchemyTests",
"product_dependencies" : [
"SwiftCheck"
],
"sources" : [
"AlchemySpec.swift",
"FileSpec.swift"
],
"target_dependencies" : [
"Alchemy"
],
"type" : "test"
},
{
"c99name" : "Alchemy",
"module_type" : "SwiftTarget",
"name" : "Alchemy",
"path" : "Sources/Alchemy",
"product_memberships" : [
"Alchemy"
],
"sources" : [
"Builder.swift",
"Get.swift",
"Put.swift",
"Serialize.swift"
],
"type" : "library"
}
],
"tools_version" : "4.0"
}
{
"project" : {
"configurations" : [
"Debug",
"Release"
],
"name" : "Alchemy",
"schemes" : [
"Alchemy",
"Alchemy-iOS",
"Alchemy-Package",
"Alchemy-tvOS",
"Alchemy-watchOS",
"AlchemyPackageDescription",
"AlchemyPackageTests"
],
"targets" : [
"Alchemy",
"AlchemyPackageDescription",
"AlchemyPackageTests",
"AlchemyTests"
]
}
}
Running build ...
env DEVELOPER_DIR=/Applications/Xcode-27.0.0-Release.Candidate.app xcrun xcodebuild -IDEClonedSourcePackagesDirPathOverride=$PWD/.dependencies -skipMacroValidation -skipPackagePluginValidation -derivedDataPath $PWD/.derivedData build -scheme Alchemy-Package -destination platform=macOS,arch=arm64
Command line invocation:
/Applications/Xcode-27.0.0-Release.Candidate.app/Contents/Developer/usr/bin/xcodebuild -IDEClonedSourcePackagesDirPathOverride=/Users/admin/builder/spi-builder-workspace/.dependencies -skipMacroValidation -skipPackagePluginValidation -derivedDataPath /Users/admin/builder/spi-builder-workspace/.derivedData build -scheme Alchemy-Package -destination platform=macOS,arch=arm64
ComputePackagePrebuildTargetDependencyGraph
Prepare packages
CreateBuildRequest
SendProjectDescription
CreateBuildOperation
ComputeTargetDependencyGraph
note: Building targets in dependency order
note: Target dependency graph (1 target)
Target 'Alchemy' in project 'Alchemy' (no dependencies)
GatherProvisioningInputs
CreateBuildDescription
/Users/admin/builder/spi-builder-workspace/Alchemy.xcodeproj: error: The macOS deployment target 'MACOSX_DEPLOYMENT_TARGET' is set to 10.10, but the range of supported deployment target versions is 12.0 to 27.0.x. (in target 'Alchemy' from project 'Alchemy')
** BUILD FAILED **
The following build commands failed:
Building project Alchemy with scheme Alchemy-Package
(1 failure)
BUILD FAILURE 6.4 macosXcodebuild