The Swift Package Index logo.Swift Package Index

Build Information

Failed to build servedocc, reference 1.0.0 (08c29b), with Swift 6.4 for visionOS using Xcode 27.0 on 17 Sep 2026 18:48:58 UTC.

Build Command

No build command. This typically means the build failed at an early stage where we determine the build command.

Build Log

========================================
RunAll
========================================
Builder version: 5.1.0
Interrupt handler set up.
========================================
Checkout
========================================
Clone URL: https://github.com/DoccZz/servedocc.git
Reference: 1.0.0
Initialized empty Git repository in /Users/admin/builder/spi-builder-workspace/.git/
From https://github.com/DoccZz/servedocc
 * tag               1.0.0      -> FETCH_HEAD
HEAD is now at 08c29be New icon
Cloned https://github.com/DoccZz/servedocc.git
Revision (git rev-parse @):
08c29be3129ae6b8b3233d5cb0721ce11d381078
SUCCESS checkout https://github.com/DoccZz/servedocc.git at 1.0.0
========================================
Build
========================================
Selected platform:         visionOS
Swift version:             6.4
Building package at path:  $PWD
https://github.com/DoccZz/servedocc.git
Command line invocation:
    /Applications/Xcode-27.0.0-Release.Candidate.app/Contents/Developer/usr/bin/xcodebuild -IDEClonedSourcePackagesDirPathOverride=/Users/admin/builder/spi-builder-workspace/.dependencies -resolvePackageDependencies
Resolve Package Graph
Fetching from https://github.com/Macro-swift/MacroExpress.git
Fetching from https://github.com/AlwaysRightInstitute/mustache.git
Fetching from https://github.com/Macro-swift/Macro.git
Fetching from https://github.com/apple/swift-atomics.git
Fetching from https://github.com/apple/swift-nio.git
Fetching from https://github.com/apple/swift-log.git
Fetching from https://github.com/apple/swift-system.git
Fetching from https://github.com/apple/swift-collections.git
Creating working copy of package ‘swift-system’
Checking out 1.8.1 of package ‘swift-system’
Creating working copy of package ‘swift-log’
Checking out 1.15.1 of package ‘swift-log’
Creating working copy of package ‘Macro’
Checking out 0.9.0 of package ‘Macro’
Creating working copy of package ‘MacroExpress’
Checking out 0.9.0 of package ‘MacroExpress’
Creating working copy of package ‘swift-atomics’
Checking out 1.3.1 of package ‘swift-atomics’
Creating working copy of package ‘swift-collections’
Checking out 1.6.0 of package ‘swift-collections’
Creating working copy of package ‘mustache’
Checking out 1.0.4 of package ‘mustache’
Creating working copy of package ‘swift-nio’
Checking out 2.103.0 of package ‘swift-nio’
product 'mustache' required by package 'macroexpress' target 'express' not found. Did you mean '.product(name: "Mustache", package: "mustache")'?Resolve Package Graph
product 'mustache' required by package 'macroexpress' target 'express' not found. Did you mean '.product(name: "Mustache", package: "mustache")'?
Resolved source packages:
  spi-builder-workspace: (null)
2026-09-17 14:48:57.335 xcodebuild[528:3025] Writing error result bundle to /var/folders/xq/y_g06wb113726d38xsyx71_h0000gn/T/ResultBundle_2026-17-09_14-48-0057.xcresult
xcodebuild: error: Could not resolve package dependencies:
  product 'mustache' required by package 'macroexpress' target 'express' not found. Did you mean '.product(name: "Mustache", package: "mustache")'?
Command line invocation:
    /Applications/Xcode-27.0.0-Release.Candidate.app/Contents/Developer/usr/bin/xcodebuild -IDEClonedSourcePackagesDirPathOverride=/Users/admin/builder/spi-builder-workspace/.dependencies -resolvePackageDependencies
Resolve Package Graph
product 'mustache' required by package 'macroexpress' target 'express' not found. Did you mean '.product(name: "Mustache", package: "mustache")'?
Resolved source packages:
  spi-builder-workspace: (null)
2026-09-17 14:48:58.518 xcodebuild[897:4955] Writing error result bundle to /var/folders/xq/y_g06wb113726d38xsyx71_h0000gn/T/ResultBundle_2026-17-09_14-48-0058.xcresult
xcodebuild: error: Could not resolve package dependencies:
  product 'mustache' required by package 'macroexpress' target 'express' not found. Did you mean '.product(name: "Mustache", package: "mustache")'?
BUILD FAILURE 6.4 visionOS