The Swift Package Index logo.Swift Package Index

Build Information

Failed to build AMAImageProcessor, reference 2.0.5 (46012b), with Swift 6.4 for watchOS using Xcode 27.0 on 27 Sep 2026 10:43:25 UTC.

Build Command

env DEVELOPER_DIR=/Applications/Xcode-27.0.0-Release.Candidate.app xcrun xcodebuild -IDEClonedSourcePackagesDirPathOverride=$PWD/.dependencies -skipMacroValidation -skipPackagePluginValidation -derivedDataPath $PWD/.derivedData build -scheme AMAImageProcessor -destination generic/platform=watchOS

Build Log

========================================
RunAll
========================================
Builder version: 5.1.0
Interrupt handler set up.
========================================
Checkout
========================================
Clone URL: https://github.com/vbmobile/VBImageProcessor.git
Reference: 2.0.5
Initialized empty Git repository in /Users/admin/builder/spi-builder-workspace/.git/
From https://github.com/vbmobile/VBImageProcessor
 * tag               2.0.5      -> FETCH_HEAD
HEAD is now at 46012b4 AMAImageProcessor 2.0.5 — Matomo-free rebuild against AMAUtils 3.0.5
Cloned https://github.com/vbmobile/VBImageProcessor.git
Revision (git rev-parse @):
46012b4143d72fef0aa38f87e5f7158114270c88
SUCCESS checkout https://github.com/vbmobile/VBImageProcessor.git at 2.0.5
========================================
Build
========================================
Selected platform:         watchOS
Swift version:             6.4
Building package at path:  $PWD
https://github.com/vbmobile/VBImageProcessor.git
Command line invocation:
    /Applications/Xcode-27.0.0-Release.Candidate.app/Contents/Developer/usr/bin/xcodebuild -IDEClonedSourcePackagesDirPathOverride=/Users/admin/builder/spi-builder-workspace/.dependencies -resolvePackageDependencies
Resolve Package Graph
Fetching from https://github.com/vbmobile/AMAUtils
Creating working copy of package ‘AMAUtils’
Checking out 3.0.5 of package ‘AMAUtils’
Resolve Package Graph
Resolved source packages:
  AMAUtils: https://github.com/vbmobile/AMAUtils @ 3.0.5
  AMAImageProcessor: /Users/admin/builder/spi-builder-workspace
resolved source packages: AMAUtils, AMAImageProcessor
2026-09-27 06:42:46.871 xcodebuild[563:3090] [MT] IDERunDestination: Supported platforms for the buildables in the current scheme is empty.
{
  "dependencies" : [
    {
      "identity" : "amautils",
      "requirement" : {
        "exact" : [
          "3.0.5"
        ]
      },
      "type" : "sourceControl",
      "url" : "https://github.com/vbmobile/AMAUtils"
    }
  ],
  "manifest_display_name" : "AMAImageProcessor",
  "name" : "AMAImageProcessor",
  "path" : "/Users/admin/builder/spi-builder-workspace",
  "platforms" : [
    {
      "name" : "ios",
      "version" : "15.0"
    }
  ],
  "products" : [
    {
      "name" : "AMAImageProcessor",
      "targets" : [
        "AMAImageProcessorWrapper"
      ],
      "type" : {
        "library" : [
          "automatic"
        ]
      }
    }
  ],
  "swift_languages_versions" : [
    "5"
  ],
  "targets" : [
    {
      "c99name" : "AMAImageProcessorWrapper",
      "module_type" : "SwiftTarget",
      "name" : "AMAImageProcessorWrapper",
      "path" : "Sources",
      "product_dependencies" : [
        "AMAUtils"
      ],
      "product_memberships" : [
        "AMAImageProcessor"
      ],
      "sources" : [
        "dummy.swift"
      ],
      "target_dependencies" : [
        "AMAImageProcessor"
      ],
      "type" : "library"
    },
    {
      "c99name" : "AMAImageProcessor",
      "module_type" : "BinaryTarget",
      "name" : "AMAImageProcessor",
      "path" : "remote/archive/AMAImageProcessor-2.0.5.zip",
      "product_memberships" : [
        "AMAImageProcessor"
      ],
      "sources" : [
      ],
      "type" : "binary"
    }
  ],
  "tools_version" : "5.10"
}
{
  "workspace" : {
    "name" : "AMAImageProcessor",
    "schemes" : [
      "AMAImageProcessor"
    ]
  }
}
2026-09-27 06:43:19.349 xcodebuild[742:4309] [MT] IDERunDestination: Supported platforms for the buildables in the current scheme is empty.
Running build ...
env DEVELOPER_DIR=/Applications/Xcode-27.0.0-Release.Candidate.app xcrun xcodebuild -IDEClonedSourcePackagesDirPathOverride=$PWD/.dependencies -skipMacroValidation -skipPackagePluginValidation -derivedDataPath $PWD/.derivedData build -scheme AMAImageProcessor -destination generic/platform=watchOS
Command line invocation:
    /Applications/Xcode-27.0.0-Release.Candidate.app/Contents/Developer/usr/bin/xcodebuild -IDEClonedSourcePackagesDirPathOverride=/Users/admin/builder/spi-builder-workspace/.dependencies -skipMacroValidation -skipPackagePluginValidation -derivedDataPath /Users/admin/builder/spi-builder-workspace/.derivedData build -scheme AMAImageProcessor -destination generic/platform=watchOS
Resolve Package Graph
Resolve Package Graph
Resolved source packages:
  AMAImageProcessor: /Users/admin/builder/spi-builder-workspace
  AMAUtils: https://github.com/vbmobile/AMAUtils @ 3.0.5
ComputePackagePrebuildTargetDependencyGraph
Prepare packages
CreateBuildRequest
SendProjectDescription
CreateBuildOperation
ComputeTargetDependencyGraph
note: Building targets in dependency order
note: Target dependency graph (4 targets)
    Target 'AMAImageProcessor-product' in project 'AMAImageProcessor'
        ➜ Explicit dependency on target 'AMAImageProcessorWrapper' in project 'AMAImageProcessor'
        ➜ Explicit dependency on target 'AMAUtils-product' in project 'AMAUtils'
    Target 'AMAImageProcessorWrapper' in project 'AMAImageProcessor'
        ➜ Explicit dependency on target 'AMAUtils-product' in project 'AMAUtils'
    Target 'AMAUtils-product' in project 'AMAUtils'
        ➜ Explicit dependency on target 'AMAUtilsWrapper' in project 'AMAUtils'
    Target 'AMAUtilsWrapper' in project 'AMAUtils' (no dependencies)
GatherProvisioningInputs
CreateBuildDescription
ExecuteExternalTool /Applications/Xcode-27.0.0-Release.Candidate.app/Contents/Developer/Toolchains/XcodeDefault.xctoolchain/usr/bin/clang -v -E -dM -isysroot /Applications/Xcode-27.0.0-Release.Candidate.app/Contents/Developer/Platforms/WatchOS.platform/Developer/SDKs/WatchOS27.0.sdk -x c -c /dev/null
ExecuteExternalTool /Applications/Xcode-27.0.0-Release.Candidate.app/Contents/Developer/Toolchains/XcodeDefault.xctoolchain/usr/bin/swiftc --version
ExecuteExternalTool /Applications/Xcode-27.0.0-Release.Candidate.app/Contents/Developer/Toolchains/XcodeDefault.xctoolchain/usr/bin/ld -version_details
Build description signature: 19f200e8b77a087481a6c29686bcd788
Build description path: /Users/admin/builder/spi-builder-workspace/.derivedData/Build/Intermediates.noindex/XCBuildData/19f200e8b77a087481a6c29686bcd788.xcbuilddata
/Users/admin/builder/spi-builder-workspace/.dependencies/artifacts/amautils/AMAUtils/AMAUtils.xcframework:1:1: error: While building for watchOS, no library for this platform was found in '/Users/admin/builder/spi-builder-workspace/.dependencies/artifacts/amautils/AMAUtils/AMAUtils.xcframework'. (in target 'AMAUtils-product' from project 'AMAUtils')
/Users/admin/builder/spi-builder-workspace/.dependencies/artifacts/spi-builder-workspace/AMAImageProcessor/AMAImageProcessor.xcframework:1:1: error: While building for watchOS, no library for this platform was found in '/Users/admin/builder/spi-builder-workspace/.dependencies/artifacts/spi-builder-workspace/AMAImageProcessor/AMAImageProcessor.xcframework'. (in target 'AMAImageProcessor-product' from project 'AMAImageProcessor')
/Users/admin/builder/spi-builder-workspace/.dependencies/artifacts/amautils/AMAUtils/AMAUtils.xcframework:1:1: error: While building for watchOS, no library for this platform was found in '/Users/admin/builder/spi-builder-workspace/.dependencies/artifacts/amautils/AMAUtils/AMAUtils.xcframework'. (in target 'AMAImageProcessor-product' from project 'AMAImageProcessor')
/Users/admin/builder/spi-builder-workspace/.dependencies/artifacts/amautils/AMAUtils/AMAUtils.xcframework:1:1: error: While building for watchOS, no library for this platform was found in '/Users/admin/builder/spi-builder-workspace/.dependencies/artifacts/amautils/AMAUtils/AMAUtils.xcframework'. (in target 'AMAUtilsWrapper' from project 'AMAUtils')
/Users/admin/builder/spi-builder-workspace/.dependencies/artifacts/spi-builder-workspace/AMAImageProcessor/AMAImageProcessor.xcframework:1:1: error: While building for watchOS, no library for this platform was found in '/Users/admin/builder/spi-builder-workspace/.dependencies/artifacts/spi-builder-workspace/AMAImageProcessor/AMAImageProcessor.xcframework'. (in target 'AMAImageProcessorWrapper' from project 'AMAImageProcessor')
2026-09-27 06:43:21.533 xcodebuild[743:4360] [MT] IDERunDestination: Supported platforms for the buildables in the current scheme is empty.
** BUILD FAILED **
The following build commands failed:
	Building workspace AMAImageProcessor with scheme AMAImageProcessor
(1 failure)
Command line invocation:
    /Applications/Xcode-27.0.0-Release.Candidate.app/Contents/Developer/usr/bin/xcodebuild -IDEClonedSourcePackagesDirPathOverride=/Users/admin/builder/spi-builder-workspace/.dependencies -resolvePackageDependencies
Resolve Package Graph
Resolved source packages:
  AMAImageProcessor: /Users/admin/builder/spi-builder-workspace
  AMAUtils: https://github.com/vbmobile/AMAUtils @ 3.0.5
resolved source packages: AMAImageProcessor, AMAUtils
2026-09-27 06:43:23.297 xcodebuild[765:4499] [MT] IDERunDestination: Supported platforms for the buildables in the current scheme is empty.
{
  "dependencies" : [
    {
      "identity" : "amautils",
      "requirement" : {
        "exact" : [
          "3.0.5"
        ]
      },
      "type" : "sourceControl",
      "url" : "https://github.com/vbmobile/AMAUtils"
    }
  ],
  "manifest_display_name" : "AMAImageProcessor",
  "name" : "AMAImageProcessor",
  "path" : "/Users/admin/builder/spi-builder-workspace",
  "platforms" : [
    {
      "name" : "ios",
      "version" : "15.0"
    }
  ],
  "products" : [
    {
      "name" : "AMAImageProcessor",
      "targets" : [
        "AMAImageProcessorWrapper"
      ],
      "type" : {
        "library" : [
          "automatic"
        ]
      }
    }
  ],
  "swift_languages_versions" : [
    "5"
  ],
  "targets" : [
    {
      "c99name" : "AMAImageProcessorWrapper",
      "module_type" : "SwiftTarget",
      "name" : "AMAImageProcessorWrapper",
      "path" : "Sources",
      "product_dependencies" : [
        "AMAUtils"
      ],
      "product_memberships" : [
        "AMAImageProcessor"
      ],
      "sources" : [
        "dummy.swift"
      ],
      "target_dependencies" : [
        "AMAImageProcessor"
      ],
      "type" : "library"
    },
    {
      "c99name" : "AMAImageProcessor",
      "module_type" : "BinaryTarget",
      "name" : "AMAImageProcessor",
      "path" : "remote/archive/AMAImageProcessor-2.0.5.zip",
      "product_memberships" : [
        "AMAImageProcessor"
      ],
      "sources" : [
      ],
      "type" : "binary"
    }
  ],
  "tools_version" : "5.10"
}
{
  "workspace" : {
    "name" : "AMAImageProcessor",
    "schemes" : [
      "AMAImageProcessor"
    ]
  }
}
2026-09-27 06:43:24.519 xcodebuild[773:4557] [MT] IDERunDestination: Supported platforms for the buildables in the current scheme is empty.
Running build ...
env DEVELOPER_DIR=/Applications/Xcode-27.0.0-Release.Candidate.app xcrun xcodebuild -IDEClonedSourcePackagesDirPathOverride=$PWD/.dependencies -skipMacroValidation -skipPackagePluginValidation -derivedDataPath $PWD/.derivedData build -scheme AMAImageProcessor -destination generic/platform=watchOS
Command line invocation:
    /Applications/Xcode-27.0.0-Release.Candidate.app/Contents/Developer/usr/bin/xcodebuild -IDEClonedSourcePackagesDirPathOverride=/Users/admin/builder/spi-builder-workspace/.dependencies -skipMacroValidation -skipPackagePluginValidation -derivedDataPath /Users/admin/builder/spi-builder-workspace/.derivedData build -scheme AMAImageProcessor -destination generic/platform=watchOS
Resolve Package Graph
Resolved source packages:
  AMAUtils: https://github.com/vbmobile/AMAUtils @ 3.0.5
  AMAImageProcessor: /Users/admin/builder/spi-builder-workspace
ComputePackagePrebuildTargetDependencyGraph
Prepare packages
CreateBuildRequest
SendProjectDescription
CreateBuildOperation
ComputeTargetDependencyGraph
note: Building targets in dependency order
note: Target dependency graph (4 targets)
    Target 'AMAImageProcessor-product' in project 'AMAImageProcessor'
        ➜ Explicit dependency on target 'AMAImageProcessorWrapper' in project 'AMAImageProcessor'
        ➜ Explicit dependency on target 'AMAUtils-product' in project 'AMAUtils'
    Target 'AMAImageProcessorWrapper' in project 'AMAImageProcessor'
        ➜ Explicit dependency on target 'AMAUtils-product' in project 'AMAUtils'
    Target 'AMAUtils-product' in project 'AMAUtils'
        ➜ Explicit dependency on target 'AMAUtilsWrapper' in project 'AMAUtils'
    Target 'AMAUtilsWrapper' in project 'AMAUtils' (no dependencies)
GatherProvisioningInputs
CreateBuildDescription
/Users/admin/builder/spi-builder-workspace/.dependencies/artifacts/amautils/AMAUtils/AMAUtils.xcframework:1:1: error: While building for watchOS, no library for this platform was found in '/Users/admin/builder/spi-builder-workspace/.dependencies/artifacts/amautils/AMAUtils/AMAUtils.xcframework'. (in target 'AMAUtils-product' from project 'AMAUtils')
/Users/admin/builder/spi-builder-workspace/.dependencies/artifacts/spi-builder-workspace/AMAImageProcessor/AMAImageProcessor.xcframework:1:1: error: While building for watchOS, no library for this platform was found in '/Users/admin/builder/spi-builder-workspace/.dependencies/artifacts/spi-builder-workspace/AMAImageProcessor/AMAImageProcessor.xcframework'. (in target 'AMAImageProcessorWrapper' from project 'AMAImageProcessor')
/Users/admin/builder/spi-builder-workspace/.dependencies/artifacts/amautils/AMAUtils/AMAUtils.xcframework:1:1: error: While building for watchOS, no library for this platform was found in '/Users/admin/builder/spi-builder-workspace/.dependencies/artifacts/amautils/AMAUtils/AMAUtils.xcframework'. (in target 'AMAImageProcessor-product' from project 'AMAImageProcessor')
/Users/admin/builder/spi-builder-workspace/.dependencies/artifacts/spi-builder-workspace/AMAImageProcessor/AMAImageProcessor.xcframework:1:1: error: While building for watchOS, no library for this platform was found in '/Users/admin/builder/spi-builder-workspace/.dependencies/artifacts/spi-builder-workspace/AMAImageProcessor/AMAImageProcessor.xcframework'. (in target 'AMAImageProcessor-product' from project 'AMAImageProcessor')
/Users/admin/builder/spi-builder-workspace/.dependencies/artifacts/amautils/AMAUtils/AMAUtils.xcframework:1:1: error: While building for watchOS, no library for this platform was found in '/Users/admin/builder/spi-builder-workspace/.dependencies/artifacts/amautils/AMAUtils/AMAUtils.xcframework'. (in target 'AMAUtilsWrapper' from project 'AMAUtils')
2026-09-27 06:43:25.508 xcodebuild[774:4588] [MT] IDERunDestination: Supported platforms for the buildables in the current scheme is empty.
** BUILD FAILED **
The following build commands failed:
	Building workspace AMAImageProcessor with scheme AMAImageProcessor
(1 failure)
BUILD FAILURE 6.4 watchOS